000
CDUS46 KOTX 072359
CLIGEG


CLIMATE REPORT
NATIONAL WEATHER SERVICE SPOKANE, WA
448 PM PDT TUE JUL 7 2015


...................................

...THE SPOKANE WA AIRPORT CLIMATE SUMMARY FOR JULY 7 2015...
VALID AS OF 0400 PM LOCAL TIME.

CLIMATE NORMAL PERIOD 1981 TO 2010
CLIMATE RECORD PERIOD 1881 TO 2015


WEATHER ITEM   OBSERVED TIME   RECORD YEAR NORMAL DEPARTURE LAST
                VALUE   (LST)  VALUE       VALUE  FROM      YEAR
                                                  NORMAL
..................................................................
TEMPERATURE (F)
 TODAY
  MAXIMUM         91    251 PM  99    1968  81     10       90
                                      1960
  MINIMUM         66    454 AM  38    1971  55     11       64
  AVERAGE         79                        68     11       77

PRECIPITATION (IN)
  TODAY            0.00          0.41 1923   0.02  -0.02     0.00
  MONTH TO DATE    0.00                      0.18  -0.18     0.00
  SINCE OCT 1     11.56                     14.84  -3.28    11.57
  SINCE JAN 1      6.83                      9.06  -2.23     9.24

SNOWFALL (IN)
  TODAY            0.0           0.0  2002   0.0    0.0      0.0
                                      2000
  MONTH TO DATE    0.0                       0.0    0.0      0.0
  SINCE JUN 1      0.0                       0.0    0.0      0.0
  SINCE JUL 1      0.0                       0.0    0.0      0.0
  SNOW DEPTH       0

DEGREE DAYS
 HEATING
  TODAY            0                         2     -2        0
  MONTH TO DATE    0                        14    -14        0
  SINCE JUN 1     25                       150   -125      106
  SINCE JUL 1      0                        14    -14        0

 COOLING
  TODAY           14                         4     10       12
  MONTH TO DATE  109                        26     83       69
  SINCE JUN 1    334                        75    259       83
  SINCE JAN 1    366                        89    277       89
..................................................................


WIND (MPH)
  HIGHEST WIND SPEED    17   HIGHEST WIND DIRECTION     E (80)
  HIGHEST GUST SPEED    21   HIGHEST GUST DIRECTION    NE (40)
  AVERAGE WIND SPEED     7.7


SKY COVER
  POSSIBLE SUNSHINE  MM
  AVERAGE SKY COVER 0.7


WEATHER CONDITIONS
 THE FOLLOWING WEATHER WAS RECORDED TODAY.
  NO SIGNIFICANT WEATHER WAS OBSERVED.


RELATIVE HUMIDITY (PERCENT)
 HIGHEST    48           500 AM
 LOWEST     23           200 PM
 AVERAGE    36

..........................................................


THE SPOKANE WA AIRPORT CLIMATE NORMALS FOR TOMORROW
                         NORMAL    RECORD    YEAR
 MAXIMUM TEMPERATURE (F)   81        99      1970
 MINIMUM TEMPERATURE (F)   55        37      1981


SUNRISE AND SUNSET
JULY  7 2015..........SUNRISE   500 AM PDT   SUNSET   849 PM PDT
JULY  8 2015..........SUNRISE   501 AM PDT   SUNSET   849 PM PDT


-  INDICATES NEGATIVE NUMBERS.
R  INDICATES RECORD WAS SET OR TIED.
MM INDICATES DATA IS MISSING.
T  INDICATES TRACE AMOUNT.




$$
