000
CDUS46 KOTX 170831
CLIGEG


CLIMATE REPORT
NATIONAL WEATHER SERVICE SPOKANE, WA
126 AM PDT THU APR 17 2014


...................................

...THE SPOKANE WA AIRPORT CLIMATE SUMMARY FOR APRIL 16 2014...

CLIMATE NORMAL PERIOD 1981 TO 2010
CLIMATE RECORD PERIOD 1881 TO 2014


WEATHER ITEM   OBSERVED TIME   RECORD YEAR NORMAL DEPARTURE LAST
                VALUE   (LST)  VALUE       VALUE  FROM      YEAR
                                                  NORMAL
..................................................................
TEMPERATURE (F)
 YESTERDAY
  MAXIMUM         51    551 PM  83    1936  57     -6       47
  MINIMUM         38   1254 AM  24    1968  37      1       27
  AVERAGE         45                        47     -2       37

PRECIPITATION (IN)
  YESTERDAY        0.04        0.43   1948  0.04   0.00     0.00
                                      1886
  MONTH TO DATE    0.13                     0.72  -0.59     0.69
  SINCE OCT 1      8.16                    11.23  -3.07    11.24
  SINCE JAN 1      5.83                     5.45   0.38     3.88

SNOWFALL (IN)
  YESTERDAY        0.0         1.7    1964  0.0    0.0      0.0
  MONTH TO DATE    0.0                      0.8   -0.8       T
  SINCE MAR 1      5.8                      4.3    1.5      0.9
  SINCE JUL 1     37.6                     44.6   -7.0     43.5
  SNOW DEPTH       0

DEGREE DAYS
 HEATING
  YESTERDAY       20                        18      2       28
  MONTH TO DATE  283                       311    -28      308
  SINCE MAR 1   1063                      1078    -15     1038
  SINCE JUL 1   6106                      5907    199     5575

 COOLING
  YESTERDAY        0                         0      0        0
  MONTH TO DATE    0                         0      0        0
  SINCE MAR 1      0                         0      0        0
  SINCE JAN 1      0                         0      0        0
..................................................................


WIND (MPH)
  HIGHEST WIND SPEED    20   HIGHEST WIND DIRECTION    SW (230)
  HIGHEST GUST SPEED    23   HIGHEST GUST DIRECTION    SW (230)
  AVERAGE WIND SPEED     9.7


SKY COVER
  POSSIBLE SUNSHINE  MM
  AVERAGE SKY COVER 0.9


WEATHER CONDITIONS
 THE FOLLOWING WEATHER WAS RECORDED YESTERDAY.
  LIGHT RAIN
  FOG


RELATIVE HUMIDITY (PERCENT)
 HIGHEST    83          1100 AM
 LOWEST     54          1200 AM
 AVERAGE    69

..........................................................


THE SPOKANE WA AIRPORT CLIMATE NORMALS FOR TODAY
                         NORMAL    RECORD    YEAR
 MAXIMUM TEMPERATURE (F)   57        86      1936
 MINIMUM TEMPERATURE (F)   37        21      2013
                                             1968


SUNRISE AND SUNSET
APRIL 17 2014.........SUNRISE   557 AM PDT   SUNSET   743 PM PDT
APRIL 18 2014.........SUNRISE   556 AM PDT   SUNSET   744 PM PDT


-  INDICATES NEGATIVE NUMBERS.
R  INDICATES RECORD WAS SET OR TIED.
MM INDICATES DATA IS MISSING.
T  INDICATES TRACE AMOUNT.

$$
