000
CDUS46 KOTX 070830
CLIGEG


CLIMATE REPORT
NATIONAL WEATHER SERVICE SPOKANE, WA
1230 AM PST SUN FEB 7 2016


...................................

...THE SPOKANE WA AIRPORT CLIMATE SUMMARY FOR FEBRUARY 6 2016...

CLIMATE NORMAL PERIOD 1981 TO 2010
CLIMATE RECORD PERIOD 1881 TO 2016


WEATHER ITEM   OBSERVED TIME   RECORD YEAR NORMAL DEPARTURE LAST
                VALUE   (LST)  VALUE       VALUE  FROM      YEAR
                                                  NORMAL
..................................................................
TEMPERATURE (F)
 YESTERDAY
  MAXIMUM         44   1224 AM  57    2015  38      6       57
  MINIMUM         31   1156 PM -18    1883  26      5       43
  AVERAGE         38                        32      6       50

PRECIPITATION (IN)
  YESTERDAY        0.00          0.90 1940   0.05  -0.05     0.14
  MONTH TO DATE    0.14                      0.28  -0.14     0.73
  SINCE OCT 1      9.24                      7.85   1.39     7.37
  SINCE JAN 1      2.88                      2.07   0.81     2.64

SNOWFALL (IN)
  YESTERDAY        0.0           6.5  1939   0.2   -0.2      0.0
  MONTH TO DATE    1.3                       1.7   -0.4      1.1
  SINCE DEC 1     32.1                      27.7    4.4     15.2
  SINCE JUL 1     33.6                      35.2   -1.6     15.7
  SNOW DEPTH       0

DEGREE DAYS
 HEATING
  YESTERDAY       27                        33     -6       15
  MONTH TO DATE  196                       200     -4      154
  SINCE DEC 1   2298                      2466   -168     2194
  SINCE JUL 1   3732                      4133   -401     3563

 COOLING
  YESTERDAY        0                         0      0        0
  MONTH TO DATE    0                         0      0        0
  SINCE DEC 1      0                         0      0        0
  SINCE JAN 1      0                         0      0        0
..................................................................


WIND (MPH)
  HIGHEST WIND SPEED    29   HIGHEST WIND DIRECTION    SW (240)
  HIGHEST GUST SPEED    37   HIGHEST GUST DIRECTION    SW (220)
  AVERAGE WIND SPEED    12.9


SKY COVER
  POSSIBLE SUNSHINE  MM
  AVERAGE SKY COVER 0.5


WEATHER CONDITIONS
 THE FOLLOWING WEATHER WAS RECORDED YESTERDAY.
  NO SIGNIFICANT WEATHER WAS OBSERVED.


RELATIVE HUMIDITY (PERCENT)
 HIGHEST    92           900 PM
 LOWEST     70           100 AM
 AVERAGE    81

..........................................................


THE SPOKANE WA AIRPORT CLIMATE NORMALS FOR TODAY
                         NORMAL    RECORD    YEAR
 MAXIMUM TEMPERATURE (F)   38        54      2015
 MINIMUM TEMPERATURE (F)   26       -15      1883


SUNRISE AND SUNSET
FEBRUARY  7 2016......SUNRISE   709 AM PST   SUNSET   500 PM PST
FEBRUARY  8 2016......SUNRISE   707 AM PST   SUNSET   502 PM PST


-  INDICATES NEGATIVE NUMBERS.
R  INDICATES RECORD WAS SET OR TIED.
MM INDICATES DATA IS MISSING.
T  INDICATES TRACE AMOUNT.




$$
