000
CDUS46 KOTX 300824
CLIGEG


CLIMATE REPORT
NATIONAL WEATHER SERVICE SPOKANE, WA
123 AM PDT SAT AUG 30 2014


...................................

...THE SPOKANE WA AIRPORT CLIMATE SUMMARY FOR AUGUST 29 2014...

CLIMATE NORMAL PERIOD 1981 TO 2010
CLIMATE RECORD PERIOD 1881 TO 2014


WEATHER ITEM   OBSERVED TIME   RECORD YEAR NORMAL DEPARTURE LAST
                VALUE   (LST)  VALUE       VALUE  FROM      YEAR
                                                  NORMAL
..................................................................
TEMPERATURE (F)
 YESTERDAY
  MAXIMUM         82    206 PM  98    1929  79      3       84
  MINIMUM         56    531 AM  35    1965  53      3       61
  AVERAGE         69                        66      3       73

PRECIPITATION (IN)
  YESTERDAY        0.00          1.08 1920   0.02  -0.02     0.00
  MONTH TO DATE    0.58                      0.55   0.03     0.68
  SINCE OCT 1     12.33                     15.85  -3.52    14.83
  SINCE JAN 1     10.00                     10.07  -0.07     7.47

SNOWFALL (IN)
  YESTERDAY        0.0           0.0  2002   0.0    0.0      0.0
                                      2001
                                      1999
  MONTH TO DATE    0.0                       0.0    0.0      0.0
  SINCE JUN 1      0.0                       0.0    0.0      0.0
  SINCE JUL 1      0.0                       0.0    0.0      0.0
  SNOW DEPTH       0

DEGREE DAYS
 HEATING
  YESTERDAY        0                         2     -2        0
  MONTH TO DATE    1                        29    -28        7
  SINCE JUN 1    114                       197    -83      147
  SINCE JUL 1      8                        61    -53        7

 COOLING
  YESTERDAY        4                         3      1        8
  MONTH TO DATE  238                       161     77      231
  SINCE JUN 1    600                       390    210      563
  SINCE JAN 1    606                       404    202      593
..................................................................


WIND (MPH)
  HIGHEST WIND SPEED    26   HIGHEST WIND DIRECTION    SW (230)
  HIGHEST GUST SPEED    37   HIGHEST GUST DIRECTION    SW (220)
  AVERAGE WIND SPEED    11.5


SKY COVER
  POSSIBLE SUNSHINE  MM
  AVERAGE SKY COVER 0.6


WEATHER CONDITIONS
 THE FOLLOWING WEATHER WAS RECORDED YESTERDAY.
  NO SIGNIFICANT WEATHER WAS OBSERVED.


RELATIVE HUMIDITY (PERCENT)
 HIGHEST    57           400 AM
 LOWEST     23           100 PM
 AVERAGE    40

..........................................................


THE SPOKANE WA AIRPORT CLIMATE NORMALS FOR TODAY
                         NORMAL    RECORD    YEAR
 MAXIMUM TEMPERATURE (F)   79        98      1929
 MINIMUM TEMPERATURE (F)   53        38      1965
                                             1881


SUNRISE AND SUNSET
AUGUST 30 2014........SUNRISE   606 AM PDT   SUNSET   734 PM PDT
AUGUST 31 2014........SUNRISE   607 AM PDT   SUNSET   732 PM PDT


-  INDICATES NEGATIVE NUMBERS.
R  INDICATES RECORD WAS SET OR TIED.
MM INDICATES DATA IS MISSING.
T  INDICATES TRACE AMOUNT.




$$
