000
CDUS46 KOTX 160824
CLIGEG


CLIMATE REPORT
NATIONAL WEATHER SERVICE SPOKANE, WA
124 AM PDT WED AUG 16 2017


...................................

...THE SPOKANE WA AIRPORT CLIMATE SUMMARY FOR AUGUST 15 2017...

CLIMATE NORMAL PERIOD 1981 TO 2010
CLIMATE RECORD PERIOD 1881 TO 2017


WEATHER ITEM   OBSERVED TIME   RECORD YEAR NORMAL DEPARTURE LAST
                VALUE   (LST)  VALUE       VALUE  FROM      YEAR
                                                  NORMAL
..................................................................
TEMPERATURE (F)
 YESTERDAY
  MAXIMUM         80    508 PM  99    1901  84     -4       92
  MINIMUM         54    601 AM  42    1881  56     -2       62
  AVERAGE         67                        70     -3       77

PRECIPITATION (IN)
  YESTERDAY        0.00          0.74 1978   0.02  -0.02     0.00
  MONTH TO DATE    T                         0.27  -0.27     0.16
  SINCE OCT 1     23.26                     15.57   7.69    15.16
  SINCE JAN 1     13.97                      9.79   4.18     8.80

SNOWFALL (IN)
  YESTERDAY        0.0           0.0  2002   0.0    0.0      0.0
                                      2001
                                      1999
  MONTH TO DATE    0.0                       0.0    0.0      0.0
  SINCE JUN 1      0.0                       0.0    0.0      0.0
  SINCE JUL 1      0.0                       0.0    0.0      0.0
  SNOW DEPTH       0

DEGREE DAYS
 HEATING
  YESTERDAY        0                         1     -1        0
  MONTH TO DATE    2                        10     -8        9
  SINCE JUN 1     68                       178   -110      139
  SINCE JUL 1      2                        42    -40       29

 COOLING
  YESTERDAY        2                         6     -4       12
  MONTH TO DATE  177                       100     77       94
  SINCE JUN 1    566                       329    237      360
  SINCE JAN 1    601                       343    258      372
..................................................................


WIND (MPH)
  HIGHEST WIND SPEED    13   HIGHEST WIND DIRECTION    SW (230)
  HIGHEST GUST SPEED    17   HIGHEST GUST DIRECTION    SW (240)
  AVERAGE WIND SPEED     6.0


SKY COVER
  POSSIBLE SUNSHINE  MM
  AVERAGE SKY COVER 0.4


WEATHER CONDITIONS
 THE FOLLOWING WEATHER WAS RECORDED YESTERDAY.
  NO SIGNIFICANT WEATHER WAS OBSERVED.


RELATIVE HUMIDITY (PERCENT)
 HIGHEST    57           700 AM
 LOWEST     17           300 PM
 AVERAGE    37

..........................................................


THE SPOKANE WA AIRPORT CLIMATE NORMALS FOR TODAY
                         NORMAL    RECORD    YEAR
 MAXIMUM TEMPERATURE (F)   83       100      1967
 MINIMUM TEMPERATURE (F)   56        41      1935
                                             1913


SUNRISE AND SUNSET
AUGUST 16 2017........SUNRISE   548 AM PDT   SUNSET   800 PM PDT
AUGUST 17 2017........SUNRISE   549 AM PDT   SUNSET   758 PM PDT


-  INDICATES NEGATIVE NUMBERS.
R  INDICATES RECORD WAS SET OR TIED.
MM INDICATES DATA IS MISSING.
T  INDICATES TRACE AMOUNT.




$$
