000
CDUS46 KOTX 240447
CLIGEG


CLIMATE REPORT
NATIONAL WEATHER SERVICE SPOKANE, WA
947 PM PDT FRI JUN 23 2017


...................................

...THE SPOKANE WA AIRPORT CLIMATE SUMMARY FOR JUNE 23 2017...
VALID TODAY AS OF 0800 PM LOCAL TIME.

CLIMATE NORMAL PERIOD 1981 TO 2010
CLIMATE RECORD PERIOD 1881 TO 2017


WEATHER ITEM   OBSERVED TIME   RECORD YEAR NORMAL DEPARTURE LAST
                VALUE   (LST)  VALUE       VALUE  FROM      YEAR
                                                  NORMAL
..................................................................
TEMPERATURE (F)
 TODAY
  MAXIMUM         81    515 PM 101    1992  76      5       74
  MINIMUM         51    429 AM  39    1993  52     -1       59
  AVERAGE         66                        64      2       67

PRECIPITATION (IN)
  TODAY            0.00          0.68 1983   0.03  -0.03      T
  MONTH TO DATE    0.50                      1.04  -0.54     0.34
  SINCE OCT 1     23.05                     14.45   8.60    14.56
  SINCE JAN 1     13.76                      8.67   5.09     8.20

DEGREE DAYS
 HEATING
  TODAY            0                         3     -3        0
  MONTH TO DATE   66                       116    -50       95
  SINCE JUN 1     66                       116    -50       95
  SINCE JUL 1   6628                      6573     55     5573

 COOLING
  TODAY            1                         2     -1        2
  MONTH TO DATE   44                        30     14       65
  SINCE JUN 1     44                        30     14       65
  SINCE JAN 1     79                        44     35       77
..................................................................


WIND (MPH)
  HIGHEST WIND SPEED    17   HIGHEST WIND DIRECTION    NW (330)
  HIGHEST GUST SPEED    23   HIGHEST GUST DIRECTION     N (360)
  AVERAGE WIND SPEED     5.3


SKY COVER
  POSSIBLE SUNSHINE  MM
  AVERAGE SKY COVER 0.1


WEATHER CONDITIONS
 THE FOLLOWING WEATHER WAS RECORDED TODAY.
  NO SIGNIFICANT WEATHER WAS OBSERVED.


RELATIVE HUMIDITY (PERCENT)
 HIGHEST    59           300 AM
 LOWEST     15           400 PM
 AVERAGE    37

..........................................................


THE SPOKANE WA AIRPORT CLIMATE NORMALS FOR TOMORROW
                         NORMAL    RECORD    YEAR
 MAXIMUM TEMPERATURE (F)   76        98      1912
 MINIMUM TEMPERATURE (F)   52        36      1985


SUNRISE AND SUNSET
JUNE 23 2017..........SUNRISE   453 AM PDT   SUNSET   852 PM PDT
JUNE 24 2017..........SUNRISE   453 AM PDT   SUNSET   852 PM PDT


-  INDICATES NEGATIVE NUMBERS.
R  INDICATES RECORD WAS SET OR TIED.
MM INDICATES DATA IS MISSING.
T  INDICATES TRACE AMOUNT.




$$
