023
CDUS46 KOTX 300847
CLIGEG


CLIMATE REPORT
NATIONAL WEATHER SERVICE SPOKANE, WA
147 AM PDT SUN APR 30 2017


...................................

...THE SPOKANE WA AIRPORT CLIMATE SUMMARY FOR APRIL 29 2017...

CLIMATE NORMAL PERIOD 1981 TO 2010
CLIMATE RECORD PERIOD 1881 TO 2017


WEATHER ITEM   OBSERVED TIME   RECORD YEAR NORMAL DEPARTURE LAST
                VALUE   (LST)  VALUE       VALUE  FROM      YEAR
                                                  NORMAL
..................................................................
TEMPERATURE (F)
 YESTERDAY
  MAXIMUM         58    408 PM  90    1926  61     -3       52
  MINIMUM         38    544 AM  25    1954  39     -1       47
  AVERAGE         48                        50     -2       50

PRECIPITATION (IN)
  YESTERDAY        T             0.58 1948   0.03  -0.03     0.07
  MONTH TO DATE    1.60                      1.24   0.36     0.32
  SINCE OCT 1     21.24                     11.75   9.49    13.44
  SINCE JAN 1     11.95                      5.97   5.98     7.08

SNOWFALL (IN)
  YESTERDAY        0.0           0.4  1969   0.0    0.0      0.0
  MONTH TO DATE    0.5                       1.0   -0.5      0.0
  SINCE MAR 1      5.9                       4.5    1.4      0.6
  SINCE JUL 1     61.5                      44.8   16.7     34.2
  SNOW DEPTH       0

DEGREE DAYS
 HEATING
  YESTERDAY       17                        15      2       15
  MONTH TO DATE  543                       526     17      298
  SINCE MAR 1   1284                      1293     -9      981
  SINCE JUL 1   6277                      6122    155     5270

 COOLING
  YESTERDAY        0                         0      0        0
  MONTH TO DATE    0                         0      0        6
  SINCE MAR 1      0                         0      0        6
  SINCE JAN 1      0                         0      0        6
..................................................................


WIND (MPH)
  HIGHEST WIND SPEED    21   HIGHEST WIND DIRECTION    SW (210)
  HIGHEST GUST SPEED    27   HIGHEST GUST DIRECTION    SW (230)
  AVERAGE WIND SPEED    11.2


SKY COVER
  POSSIBLE SUNSHINE  MM
  AVERAGE SKY COVER 0.7


WEATHER CONDITIONS
 THE FOLLOWING WEATHER WAS RECORDED YESTERDAY.
  LIGHT RAIN


RELATIVE HUMIDITY (PERCENT)
 HIGHEST    85           500 AM
 LOWEST     30           600 PM
 AVERAGE    58

..........................................................


THE SPOKANE WA AIRPORT CLIMATE NORMALS FOR TODAY
                         NORMAL    RECORD    YEAR
 MAXIMUM TEMPERATURE (F)   62        82      1981
 MINIMUM TEMPERATURE (F)   39        26      1972
                                             1881


SUNRISE AND SUNSET
APRIL 30 2017.........SUNRISE   534 AM PDT   SUNSET   801 PM PDT
MAY  1 2017...........SUNRISE   532 AM PDT   SUNSET   803 PM PDT


-  INDICATES NEGATIVE NUMBERS.
R  INDICATES RECORD WAS SET OR TIED.
MM INDICATES DATA IS MISSING.
T  INDICATES TRACE AMOUNT.




$$
