000
CDUS46 KOTX 232330
CLIGEG


CLIMATE REPORT
NATIONAL WEATHER SERVICE SPOKANE, WA
429 PM PDT TUE SEP 23 2014


...................................

...THE SPOKANE WA AIRPORT CLIMATE SUMMARY FOR SEPTEMBER 23 2014...
VALID AS OF 0400 PM LOCAL TIME.

CLIMATE NORMAL PERIOD 1981 TO 2010
CLIMATE RECORD PERIOD 1881 TO 2014


WEATHER ITEM   OBSERVED TIME   RECORD YEAR NORMAL DEPARTURE LAST
                VALUE   (LST)  VALUE       VALUE  FROM      YEAR
                                                  NORMAL
..................................................................
TEMPERATURE (F)
 TODAY
  MAXIMUM         77    240 PM  91    1905  70      7       60
  MINIMUM         58    611 AM  22    2000  45     13       47
  AVERAGE         68                        57     11       54

PRECIPITATION (IN)
  TODAY            0.02          1.15 1892   0.03  -0.01     0.00
  MONTH TO DATE    0.25                      0.51  -0.26     0.55
  SINCE OCT 1     12.58                     16.40  -3.82    15.38
  SINCE JAN 1     10.25                     10.62  -0.37     8.02

SNOWFALL (IN)
  TODAY           MM             1.4  1926   0.0   MM        0.0
  MONTH TO DATE    0.0                       0.0    0.0      0.0
  SINCE SEP 1      0.0                       0.0    0.0      0.0
  SINCE JUL 1      0.0                       0.0    0.0      0.0
  SNOW DEPTH      MM

DEGREE DAYS
 HEATING
  TODAY            0                         8     -8       11
  MONTH TO DATE   68                       117    -49       58
  SINCE SEP 1     68                       117    -49       58
  SINCE JUL 1     80                       182   -102       65

 COOLING
  TODAY            3                         1      2        0
  MONTH TO DATE   45                        36      9      108
  SINCE SEP 1     45                        36      9      108
  SINCE JAN 1    651                       447    204      709
..................................................................


WIND (MPH)
  HIGHEST WIND SPEED    17   HIGHEST WIND DIRECTION    SW (220)
  HIGHEST GUST SPEED    20   HIGHEST GUST DIRECTION    SW (220)
  AVERAGE WIND SPEED     7.7


SKY COVER
  POSSIBLE SUNSHINE  MM
  AVERAGE SKY COVER 0.9


WEATHER CONDITIONS
 THE FOLLOWING WEATHER WAS RECORDED TODAY.
  LIGHT RAIN


RELATIVE HUMIDITY (PERCENT)
 HIGHEST    86           600 AM
 LOWEST     43           300 PM
 AVERAGE    65

..........................................................


THE SPOKANE WA AIRPORT CLIMATE NORMALS FOR TOMORROW
                         NORMAL    RECORD    YEAR
 MAXIMUM TEMPERATURE (F)   70        90      2011
 MINIMUM TEMPERATURE (F)   44        22      1926


SUNRISE AND SUNSET
SEPTEMBER 23 2014.....SUNRISE   638 AM PDT   SUNSET   646 PM PDT
SEPTEMBER 24 2014.....SUNRISE   640 AM PDT   SUNSET   644 PM PDT


-  INDICATES NEGATIVE NUMBERS.
R  INDICATES RECORD WAS SET OR TIED.
MM INDICATES DATA IS MISSING.
T  INDICATES TRACE AMOUNT.




$$
