000
CDUS46 KOTX 290829
CLIGEG


CLIMATE REPORT
NATIONAL WEATHER SERVICE SPOKANE, WA
129 AM PDT SUN MAR 29 2015


...................................

...THE SPOKANE WA AIRPORT CLIMATE SUMMARY FOR MARCH 28 2015...

CLIMATE NORMAL PERIOD 1981 TO 2010
CLIMATE RECORD PERIOD 1881 TO 2015


WEATHER ITEM   OBSERVED TIME   RECORD YEAR NORMAL DEPARTURE LAST
                VALUE   (LST)  VALUE       VALUE  FROM      YEAR
                                                  NORMAL
..................................................................
TEMPERATURE (F)
 YESTERDAY
  MAXIMUM         58   1219 PM  72    1941  53      5       48
  MINIMUM         43   1159 PM  15    1965  34      9       33
                                      1954
  AVERAGE         51                        43      8       41

PRECIPITATION (IN)
  YESTERDAY        0.24          0.56 1934   0.06   0.18     0.29
  MONTH TO DATE    2.43                      1.46   0.97     2.88
  SINCE OCT 1     10.11                     10.36  -0.25     8.03
  SINCE JAN 1      5.38                      4.58   0.80     5.70

SNOWFALL (IN)
  YESTERDAY        0.0           3.1  2008   0.1   -0.1      0.0
  MONTH TO DATE    0.9                       3.2   -2.3      5.8
  SINCE MAR 1      0.9                       3.2   -2.3      5.8
  SINCE JUL 1     16.6                      43.5  -26.9     37.6
  SNOW DEPTH       0

DEGREE DAYS
 HEATING
  YESTERDAY       14                        22     -8       24
  MONTH TO DATE  550                       704   -154      716
  SINCE MAR 1    550                       704   -154      716
  SINCE JUL 1   4672                      5533   -861     5759

 COOLING
  YESTERDAY        0                         0      0        0
  MONTH TO DATE    0                         0      0        0
  SINCE MAR 1      0                         0      0        0
  SINCE JAN 1      0                         0      0        0
..................................................................


WIND (MPH)
  HIGHEST WIND SPEED    37   HIGHEST WIND DIRECTION    SW (240)
  HIGHEST GUST SPEED    45   HIGHEST GUST DIRECTION    SW (240)
  AVERAGE WIND SPEED    22.2


SKY COVER
  POSSIBLE SUNSHINE  MM
  AVERAGE SKY COVER 0.7


WEATHER CONDITIONS
 THE FOLLOWING WEATHER WAS RECORDED YESTERDAY.
  LIGHT RAIN
  FOG


RELATIVE HUMIDITY (PERCENT)
 HIGHEST   100           300 AM
 LOWEST     43           400 PM
 AVERAGE    72

..........................................................


THE SPOKANE WA AIRPORT CLIMATE NORMALS FOR TODAY
                         NORMAL    RECORD    YEAR
 MAXIMUM TEMPERATURE (F)   53        70      2004
                                             1966
                                             1881
 MINIMUM TEMPERATURE (F)   35        16      1954


SUNRISE AND SUNSET
MARCH 29 2015.........SUNRISE   635 AM PDT   SUNSET   716 PM PDT
MARCH 30 2015.........SUNRISE   633 AM PDT   SUNSET   717 PM PDT


-  INDICATES NEGATIVE NUMBERS.
R  INDICATES RECORD WAS SET OR TIED.
MM INDICATES DATA IS MISSING.
T  INDICATES TRACE AMOUNT.




$$
