000
CDUS45 KRIW 270742
CLIGEY


CLIMATE REPORT
NATIONAL WEATHER SERVICE RIVERTON WY
142 AM MDT WED AUG 27 2014


...................................

...THE GREYBULL WY CLIMATE SUMMARY FOR AUGUST 26 2014...

CLIMATE NORMAL PERIOD 1981 TO 2010
CLIMATE RECORD PERIOD 1998 TO 2014


WEATHER ITEM   OBSERVED TIME   RECORD YEAR NORMAL DEPARTURE LAST
                VALUE   (LST)  VALUE       VALUE  FROM      YEAR
                                                  NORMAL
..................................................................
TEMPERATURE (F)
 YESTERDAY
  MAXIMUM         81    413 PM 100    2007  86     -5       94
  MINIMUM         48    533 AM  41    2005  52     -4       69
                                      2004
  AVERAGE         65                        69     -4       82

PRECIPITATION (IN)
  YESTERDAY        0.00          0.08 2011   0.02  -0.02      T
  MONTH TO DATE    0.98                      0.31   0.67      T
  SINCE JUN 1      2.13                      2.17  -0.04     0.72
  SINCE JAN 1      3.83                      5.34  -1.51     2.62

DEGREE DAYS
 HEATING
  YESTERDAY        0                         1     -1        0
  MONTH TO DATE   24                         4     20        0
  SINCE JUN 1     80                        80      0       36
  SINCE JUL 1     24                        10     14        0

 COOLING
  YESTERDAY        0                         5     -5       17
  MONTH TO DATE  204                       207     -3      268
  SINCE JUN 1    597                       590      7      824
  SINCE JAN 1    639                       610     29      851
..................................................................


WIND (MPH)
  HIGHEST WIND SPEED     9   HIGHEST WIND DIRECTION    SE (130)
  HIGHEST GUST SPEED    15   HIGHEST GUST DIRECTION     E (70)
  AVERAGE WIND SPEED     2.7


SKY COVER
  POSSIBLE SUNSHINE  MM
  AVERAGE SKY COVER 0.1


WEATHER CONDITIONS
 THE FOLLOWING WEATHER WAS RECORDED YESTERDAY.
  NO SIGNIFICANT WEATHER WAS OBSERVED.


RELATIVE HUMIDITY (PERCENT)
 HIGHEST   100           600 AM
 LOWEST     26           400 PM
 AVERAGE    63

..........................................................


THE GREYBULL WY CLIMATE NORMALS FOR TODAY
                         NORMAL    RECORD    YEAR
 MAXIMUM TEMPERATURE (F)   86        99      2011
 MINIMUM TEMPERATURE (F)   52        42      2005


SUNRISE AND SUNSET
AUGUST 27 2014........SUNRISE   629 AM MDT   SUNSET   757 PM MDT
AUGUST 28 2014........SUNRISE   630 AM MDT   SUNSET   756 PM MDT


-  INDICATES NEGATIVE NUMBERS.
R  INDICATES RECORD WAS SET OR TIED.
MM INDICATES DATA IS MISSING.
T  INDICATES TRACE AMOUNT.




$$
