000
CDUS45 KRIW 260052
CLIGEY


CLIMATE REPORT
NATIONAL WEATHER SERVICE RIVERTON WY
645 PM MDT SAT MAR 25 2017


...................................

...THE GREYBULL WY CLIMATE SUMMARY FOR MARCH 25 2017...
VALID TODAY AS OF 0500 PM LOCAL TIME.

CLIMATE NORMAL PERIOD 1981 TO 2010
CLIMATE RECORD PERIOD 1998 TO 2017


WEATHER ITEM   OBSERVED TIME   RECORD YEAR NORMAL DEPARTURE LAST
                VALUE   (LST)  VALUE       VALUE  FROM      YEAR
                                                  NORMAL
..................................................................
TEMPERATURE (F)
 TODAY
  MAXIMUM         55        MM  75    1999  55      0       45
  MINIMUM         38        MM  12    2013  26     12       29
  AVERAGE         47

PRECIPITATION (IN)
  TODAY            0.04R         T    2010   0.02   0.02      T
                                      2010
                                      2016
  MONTH TO DATE    0.27                      0.29  -0.02     0.08
  SINCE MAR 1      0.27                      0.29  -0.02     0.08
  SINCE JAN 1      0.48                      0.70  -0.22     0.19

DEGREE DAYS
 HEATING
  TODAY           18                        25     -7       28
  MONTH TO DATE  535                       729   -194      602
  SINCE MAR 1    535                       729   -194      602
  SINCE JUL 1   6576                      6700   -124     5755

 COOLING
  TODAY            0                         0      0        0
  MONTH TO DATE    0                         0      0        0
  SINCE MAR 1      0                         0      0        0
  SINCE JAN 1      0                         0      0        0
..................................................................


WIND (MPH)
  HIGHEST WIND SPEED     8   HIGHEST WIND DIRECTION     E (90)
  HIGHEST GUST SPEED    MM   HIGHEST GUST DIRECTION    MM
  AVERAGE WIND SPEED     4.1


SKY COVER
  POSSIBLE SUNSHINE  MM
  AVERAGE SKY COVER 0.6


WEATHER CONDITIONS
 THE FOLLOWING WEATHER WAS RECORDED TODAY.
  LIGHT RAIN


RELATIVE HUMIDITY (PERCENT)
 HIGHEST    79           700 AM
 LOWEST     50          1100 AM
 AVERAGE    65

..........................................................


THE GREYBULL WY CLIMATE NORMALS FOR TOMORROW
                         NORMAL    RECORD    YEAR
 MAXIMUM TEMPERATURE (F)   55        74      2012
                                             2004
 MINIMUM TEMPERATURE (F)   26        14      2009


SUNRISE AND SUNSET
MARCH 25 2017.........SUNRISE   706 AM MDT   SUNSET   731 PM MDT
MARCH 26 2017.........SUNRISE   704 AM MDT   SUNSET   733 PM MDT


-  INDICATES NEGATIVE NUMBERS.
R  INDICATES RECORD WAS SET OR TIED.
MM INDICATES DATA IS MISSING.
T  INDICATES TRACE AMOUNT.




$$
