000
CDUS45 KRIW 030735
CLIGEY


CLIMATE REPORT
NATIONAL WEATHER SERVICE RIVERTON WY
133 AM MDT MON AUG 3 2015


...................................

...THE GREYBULL WY CLIMATE SUMMARY FOR AUGUST 2 2015...

CLIMATE NORMAL PERIOD 1981 TO 2010
CLIMATE RECORD PERIOD 1998 TO 2015


WEATHER ITEM   OBSERVED TIME   RECORD YEAR NORMAL DEPARTURE LAST
                VALUE   (LST)  VALUE       VALUE  FROM      YEAR
                                                  NORMAL
..................................................................
TEMPERATURE (F)
 YESTERDAY
  MAXIMUM         99    247 PM 102    2001  92      7       95
  MINIMUM         56    530 AM  50    2006  58     -2       64
  AVERAGE         78                        75      3       80

PRECIPITATION (IN)
  YESTERDAY        0.00          0.02 2009   0.01  -0.01      T
  MONTH TO DATE    0.00                      0.02  -0.02      T
  SINCE JUN 1      0.25                      1.88  -1.63     1.15
  SINCE JAN 1      1.83                      5.05  -3.22     2.85

DEGREE DAYS
 HEATING
  YESTERDAY        0                         0      0        0
  MONTH TO DATE    0                         0      0        0
  SINCE JUN 1      3                        76    -73       56
  SINCE JUL 1      3                         6     -3        0

 COOLING
  YESTERDAY       13                        10      3       15
  MONTH TO DATE   26                        20      6       26
  SINCE JUN 1    533                       403    130      419
  SINCE JAN 1    538                       423    115      461
..................................................................


WIND (MPH)
  HIGHEST WIND SPEED    21   HIGHEST WIND DIRECTION    NW (330)
  HIGHEST GUST SPEED    24   HIGHEST GUST DIRECTION    NW (330)
  AVERAGE WIND SPEED     5.9


SKY COVER
  POSSIBLE SUNSHINE  MM
  AVERAGE SKY COVER 0.0


WEATHER CONDITIONS
 THE FOLLOWING WEATHER WAS RECORDED YESTERDAY.
  NO SIGNIFICANT WEATHER WAS OBSERVED.


RELATIVE HUMIDITY (PERCENT)
 HIGHEST    53           400 AM
 LOWEST      8           100 PM
 AVERAGE    31

..........................................................


THE GREYBULL WY CLIMATE NORMALS FOR TODAY
                         NORMAL    RECORD    YEAR
 MAXIMUM TEMPERATURE (F)   92       105      2001
 MINIMUM TEMPERATURE (F)   58        52      2006


SUNRISE AND SUNSET
AUGUST  3 2015........SUNRISE   601 AM MDT   SUNSET   835 PM MDT
AUGUST  4 2015........SUNRISE   602 AM MDT   SUNSET   834 PM MDT


-  INDICATES NEGATIVE NUMBERS.
R  INDICATES RECORD WAS SET OR TIED.
MM INDICATES DATA IS MISSING.
T  INDICATES TRACE AMOUNT.




$$
