000
CDUS45 KRIW 020736
CLIGEY


CLIMATE REPORT
NATIONAL WEATHER SERVICE RIVERTON WY
135 AM MDT MON MAY 2 2016


...................................

...THE GREYBULL WY CLIMATE SUMMARY FOR MAY 1 2016...

CLIMATE NORMAL PERIOD 1981 TO 2010
CLIMATE RECORD PERIOD 1998 TO 2016


WEATHER ITEM   OBSERVED TIME   RECORD YEAR NORMAL DEPARTURE LAST
                VALUE   (LST)  VALUE       VALUE  FROM      YEAR
                                                  NORMAL
..................................................................
TEMPERATURE (F)
 YESTERDAY
  MAXIMUM         62    243 PM  83    2007  66     -4       76
  MINIMUM         33    300 AM  27    2005  38     -5       37
  AVERAGE         48                        52     -4       57

PRECIPITATION (IN)
  YESTERDAY        0.00          0.09 2003   0.03  -0.03     0.00
  MONTH TO DATE    0.00                      0.03  -0.03     0.00
  SINCE MAR 1      0.82                      1.14  -0.32     0.25
  SINCE JAN 1      0.93                      1.55  -0.62     0.51

DEGREE DAYS
 HEATING
  YESTERDAY       17                        14      3        8
  MONTH TO DATE   17                        14      3        8
  SINCE MAR 1   1212                      1442   -230     1209
  SINCE JUL 1   6365                      7413  -1048     6853

 COOLING
  YESTERDAY        0                         0      0        0
  MONTH TO DATE    0                         0      0        0
  SINCE MAR 1      0                         1     -1        0
  SINCE JAN 1      0                         1     -1        0
..................................................................


WIND (MPH)
  HIGHEST WIND SPEED    15   HIGHEST WIND DIRECTION    NW (320)
  HIGHEST GUST SPEED    26   HIGHEST GUST DIRECTION    SW (230)
  AVERAGE WIND SPEED     4.6


SKY COVER
  POSSIBLE SUNSHINE  MM
  AVERAGE SKY COVER 0.2


WEATHER CONDITIONS
 THE FOLLOWING WEATHER WAS RECORDED YESTERDAY.
  NO SIGNIFICANT WEATHER WAS OBSERVED.


RELATIVE HUMIDITY (PERCENT)
 HIGHEST    89           100 AM
 LOWEST     23           400 PM
 AVERAGE    56

..........................................................


THE GREYBULL WY CLIMATE NORMALS FOR TODAY
                         NORMAL    RECORD    YEAR
 MAXIMUM TEMPERATURE (F)   66        85      2000
 MINIMUM TEMPERATURE (F)   38        26      2013
                                             2005


SUNRISE AND SUNSET
MAY  2 2016...........SUNRISE   600 AM MDT   SUNSET   819 PM MDT
MAY  3 2016...........SUNRISE   559 AM MDT   SUNSET   820 PM MDT


-  INDICATES NEGATIVE NUMBERS.
R  INDICATES RECORD WAS SET OR TIED.
MM INDICATES DATA IS MISSING.
T  INDICATES TRACE AMOUNT.




$$
