000
CDUS45 KRIW 090037
CLIGEY


CLIMATE REPORT
NATIONAL WEATHER SERVICE RIVERTON WY
536 PM MST MON FEB 8 2016


...................................

...THE GREYBULL WY CLIMATE SUMMARY FOR FEBRUARY 8 2016...
VALID TODAY AS OF 0500 PM LOCAL TIME.

CLIMATE NORMAL PERIOD 1981 TO 2010
CLIMATE RECORD PERIOD 1998 TO 2016


WEATHER ITEM   OBSERVED TIME   RECORD YEAR NORMAL DEPARTURE LAST
                VALUE   (LST)  VALUE       VALUE  FROM      YEAR
                                                  NORMAL
..................................................................
TEMPERATURE (F)
 TODAY
  MAXIMUM         44        MM  57    2015  33     11       57
  MINIMUM         18        MM -22    2001   9      9       33
  AVERAGE         31

PRECIPITATION (IN)
  TODAY            0.00          0.03 2004   0.01  -0.01     0.00
  MONTH TO DATE    T                         0.05  -0.05      T
  SINCE DEC 1      0.12                      0.56  -0.44     0.43
  SINCE JAN 1      0.11                      0.28  -0.17     0.22

DEGREE DAYS
 HEATING
  TODAY           34                        44    -10       20
  MONTH TO DATE  308                       363    -55      254
  SINCE DEC 1   3078                      3320   -242     3167
  SINCE JUL 1   4595                      5177   -582     5000

 COOLING
  TODAY            0                         0      0        0
  MONTH TO DATE    0                         0      0        0
  SINCE DEC 1      0                         0      0        0
  SINCE JAN 1      0                         0      0        0
..................................................................


WIND (MPH)
  HIGHEST WIND SPEED     6   HIGHEST WIND DIRECTION     S (160)
  HIGHEST GUST SPEED    MM   HIGHEST GUST DIRECTION    MM
  AVERAGE WIND SPEED     3.2


SKY COVER
  POSSIBLE SUNSHINE  MM
  AVERAGE SKY COVER 0.1


WEATHER CONDITIONS
 THE FOLLOWING WEATHER WAS RECORDED TODAY.
  NO SIGNIFICANT WEATHER WAS OBSERVED.


RELATIVE HUMIDITY (PERCENT)
 HIGHEST    84           500 AM
 LOWEST     36           200 PM
 AVERAGE    60

..........................................................


THE GREYBULL WY CLIMATE NORMALS FOR TOMORROW
                         NORMAL    RECORD    YEAR
 MAXIMUM TEMPERATURE (F)   33        62      1999
 MINIMUM TEMPERATURE (F)    9       -25      2001


SUNRISE AND SUNSET
FEBRUARY  8 2016......SUNRISE   723 AM MST   SUNSET   531 PM MST
FEBRUARY  9 2016......SUNRISE   721 AM MST   SUNSET   532 PM MST


-  INDICATES NEGATIVE NUMBERS.
R  INDICATES RECORD WAS SET OR TIED.
MM INDICATES DATA IS MISSING.
T  INDICATES TRACE AMOUNT.




$$
