000
CDUS43 KIND 180532
CLIGEZ


CLIMATE REPORT
NATIONAL WEATHER SERVICE INDIANAPOLIS IN
1231 AM EST WED JAN 18 2017


...................................

...THE SHELBYVILLE IN CLIMATE SUMMARY FOR JANUARY 17 2017...

CLIMATE NORMAL PERIOD 1981 TO 2010
CLIMATE RECORD PERIOD 9999 TO 9999


WEATHER ITEM   OBSERVED TIME   NORMAL DEPARTURE LAST
                VALUE   (LST)  VALUE  FROM      YEAR
                                      NORMAL
......................................................
TEMPERATURE (F)
 YESTERDAY
  MAXIMUM         58    719 AM  36     22       29
  MINIMUM         42   1159 PM  21     21        8
  AVERAGE         50            29     21       19

PRECIPITATION (IN)
  YESTERDAY        0.22          0.09   0.13      T
  MONTH TO DATE    2.58          1.56   1.02     1.12
  SINCE DEC 1      4.77          4.83  -0.06     7.28
  SINCE JAN 1      2.58          1.56   1.02     1.12

DEGREE DAYS
 HEATING
  YESTERDAY       15            36    -21       46
  MONTH TO DATE  540           612    -72      506
  SINCE DEC 1   1569          1641    -72     1139
  SINCE JUL 1   2255          2716   -461     1866

 COOLING
  YESTERDAY        0             0      0        0
  MONTH TO DATE    0             0      0        0
  SINCE DEC 1      0             0      0        1
  SINCE JAN 1      0             0      0        0
......................................................


WIND (MPH)
  HIGHEST WIND SPEED    23   HIGHEST WIND DIRECTION     W (260)
  HIGHEST GUST SPEED    27   HIGHEST GUST DIRECTION     S (180)
  AVERAGE WIND SPEED    13.2


SKY COVER
  AVERAGE SKY COVER 1.0


WEATHER CONDITIONS
 THE FOLLOWING WEATHER WAS RECORDED YESTERDAY.
  THUNDERSTORM
  RAIN
  LIGHT RAIN
  FOG


RELATIVE HUMIDITY (PERCENT)
 HIGHEST    93           100 AM
 LOWEST     71           400 PM
 AVERAGE    82

..........................................................


THE SHELBYVILLE IN CLIMATE NORMALS FOR TODAY
                         NORMAL
 MAXIMUM TEMPERATURE (F)   36
 MINIMUM TEMPERATURE (F)   21


SUNRISE AND SUNSET
JANUARY 18 2017.......SUNRISE   801 AM EST   SUNSET   547 PM EST
JANUARY 19 2017.......SUNRISE   800 AM EST   SUNSET   548 PM EST


-  INDICATES NEGATIVE NUMBERS.
R  INDICATES RECORD WAS SET OR TIED.
MM INDICATES DATA IS MISSING.
T  INDICATES TRACE AMOUNT.




$$
