000
CDUS43 KIND 230532
CLIGEZ


CLIMATE REPORT
NATIONAL WEATHER SERVICE INDIANAPOLIS IN
132 AM EDT MON OCT 23 2017


...................................

...THE SHELBYVILLE IN CLIMATE SUMMARY FOR OCTOBER 22 2017...

CLIMATE NORMAL PERIOD 1981 TO 2010
CLIMATE RECORD PERIOD 9999 TO 9999


WEATHER ITEM   OBSERVED TIME   NORMAL DEPARTURE LAST
                VALUE   (LST)  VALUE  FROM      YEAR
                                      NORMAL
......................................................
TEMPERATURE (F)
 YESTERDAY
  MAXIMUM         79    231 PM  64     15       60
  MINIMUM         57    352 AM  41     16       38
  AVERAGE         68            52     16       49

PRECIPITATION (IN)
  YESTERDAY        T             0.10  -0.10     0.00
  MONTH TO DATE    3.78          2.28   1.50     1.99
  SINCE SEP 1      5.54          5.45   0.09     5.79
  SINCE JAN 1     38.43         35.73   2.70    38.98

DEGREE DAYS
 HEATING
  YESTERDAY        0            13    -13       16
  MONTH TO DATE   59           222   -163       86
  SINCE SEP 1    109           301   -192       99
  SINCE JUL 1    109           307   -198      101

 COOLING
  YESTERDAY        3             0      3        0
  MONTH TO DATE   50            11     39       63
  SINCE SEP 1    196           104     92      281
  SINCE JAN 1   1132           910    222     1460
......................................................


WIND (MPH)
  HIGHEST WIND SPEED    25   HIGHEST WIND DIRECTION     S (180)
  HIGHEST GUST SPEED    34   HIGHEST GUST DIRECTION     S (180)
  AVERAGE WIND SPEED    13.0


SKY COVER
  AVERAGE SKY COVER 0.1


WEATHER CONDITIONS
 THE FOLLOWING WEATHER WAS RECORDED YESTERDAY.
  LIGHT RAIN


RELATIVE HUMIDITY (PERCENT)
 HIGHEST    67           300 AM
 LOWEST     45           200 PM
 AVERAGE    56

..........................................................


THE SHELBYVILLE IN CLIMATE NORMALS FOR TODAY
                         NORMAL
 MAXIMUM TEMPERATURE (F)   63
 MINIMUM TEMPERATURE (F)   41


SUNRISE AND SUNSET
OCTOBER 23 2017.......SUNRISE   802 AM EDT   SUNSET   652 PM EDT
OCTOBER 24 2017.......SUNRISE   803 AM EDT   SUNSET   651 PM EDT


-  INDICATES NEGATIVE NUMBERS.
R  INDICATES RECORD WAS SET OR TIED.
MM INDICATES DATA IS MISSING.
T  INDICATES TRACE AMOUNT.




$$
