000
CDUS43 KIND 290533
CLIGEZ


CLIMATE REPORT
NATIONAL WEATHER SERVICE INDIANAPOLIS IN
1233 AM EST MON DEC 29 2014


...................................

...THE SHELBYVILLE IN CLIMATE SUMMARY FOR DECEMBER 28 2014...

CLIMATE NORMAL PERIOD 1981 TO 2010
CLIMATE RECORD PERIOD 9999 TO 9999


WEATHER ITEM   OBSERVED TIME   NORMAL DEPARTURE LAST
                VALUE   (LST)  VALUE  FROM      YEAR
                                      NORMAL
......................................................
TEMPERATURE (F)
 YESTERDAY
  MAXIMUM         39   1229 AM  37      2       51
  MINIMUM         28   1154 PM  22      6       32
  AVERAGE         34            29      5       42

PRECIPITATION (IN)
  YESTERDAY        0.01          0.11  -0.10     0.00
  MONTH TO DATE    2.98          2.94   0.04     5.88
  SINCE DEC 1      2.98          2.94   0.04     5.88
  SINCE JAN 1     39.94         43.23  -3.29    35.12

DEGREE DAYS
 HEATING
  YESTERDAY       31            36     -5       23
  MONTH TO DATE  778           923   -145      912
  SINCE DEC 1    778           923   -145      912
  SINCE JUL 1   1962          1998    -36     1978

 COOLING
  YESTERDAY        0             0      0        0
  MONTH TO DATE    0             0      0        0
  SINCE DEC 1      0             0      0        0
  SINCE JAN 1   1080           913    167     1179
......................................................


WIND (MPH)
  HIGHEST WIND SPEED    16   HIGHEST WIND DIRECTION    NW (320)
  HIGHEST GUST SPEED    19   HIGHEST GUST DIRECTION    NW (320)
  AVERAGE WIND SPEED     7.5


SKY COVER
  AVERAGE SKY COVER 1.0


WEATHER CONDITIONS
 THE FOLLOWING WEATHER WAS RECORDED YESTERDAY.
  LIGHT RAIN
  FOG


RELATIVE HUMIDITY (PERCENT)
 HIGHEST    85          1200 AM
 LOWEST     72           800 PM
 AVERAGE    79

..........................................................


THE SHELBYVILLE IN CLIMATE NORMALS FOR TODAY
                         NORMAL
 MAXIMUM TEMPERATURE (F)   37
 MINIMUM TEMPERATURE (F)   22


SUNRISE AND SUNSET
DECEMBER 29 2014......SUNRISE   803 AM EST   SUNSET   527 PM EST
DECEMBER 30 2014......SUNRISE   803 AM EST   SUNSET   528 PM EST


-  INDICATES NEGATIVE NUMBERS.
R  INDICATES RECORD WAS SET OR TIED.
MM INDICATES DATA IS MISSING.
T  INDICATES TRACE AMOUNT.




$$
