000
CDUS43 KFGF 270723
CLIGFK


CLIMATE REPORT
NATIONAL WEATHER SERVICE EASTERN NORTH DAKOTA/GRAND FORKS
223 AM CDT THU JUL 27 2017


...................................

...THE GRAND FORKS INTL AP ND CLIMATE SUMMARY FOR JULY 26 2017...

CLIMATE NORMAL PERIOD 1981 TO 2010
CLIMATE RECORD PERIOD 1948 TO 2017


WEATHER ITEM   OBSERVED TIME   RECORD YEAR NORMAL DEPARTURE LAST
                VALUE   (LST)  VALUE       VALUE  FROM      YEAR
                                                  NORMAL
..................................................................
TEMPERATURE (F)
 YESTERDAY
  MAXIMUM         84    249 PM  97    1954  82      2       88
  MINIMUM         60    453 AM  39    1981  56      4       65
  AVERAGE         72                        69      3       77

PRECIPITATION (IN)
  YESTERDAY        0.00          0.90 1955   0.09  -0.09     0.07
  MONTH TO DATE    1.17                      2.71  -1.54     5.27
  SINCE JUN 1      5.74                      6.19  -0.45     8.57
  SINCE JAN 1      9.89                     11.91  -2.02    14.96

SNOWFALL (IN)
  YESTERDAY        0.0          MM      MM   0.0    0.0      0.0
  MONTH TO DATE    0.0                       0.0    0.0      0.0
  SINCE JUN 1      0.0                       0.0    0.0      0.0
  SINCE JUL 1      0.0                       0.0    0.0      0.0
  SNOW DEPTH       0

DEGREE DAYS
 HEATING
  YESTERDAY        0                         1     -1        0
  MONTH TO DATE    8                        27    -19       12
  SINCE JUN 1     53                       130    -77       66
  SINCE JUL 1      8                        27    -19       12

 COOLING
  YESTERDAY        7                         5      2       12
  MONTH TO DATE  163                       120     43      143
  SINCE JUN 1    261                       195     66      221
  SINCE JAN 1    263                       212     51      243
..................................................................


WIND (MPH)
  HIGHEST WIND SPEED    18   HIGHEST WIND DIRECTION     N (350)
  HIGHEST GUST SPEED    26   HIGHEST GUST DIRECTION    NW (330)
  AVERAGE WIND SPEED     8.7


SKY COVER
  POSSIBLE SUNSHINE  MM
  AVERAGE SKY COVER 0.2


WEATHER CONDITIONS
 THE FOLLOWING WEATHER WAS RECORDED YESTERDAY.
  NO SIGNIFICANT WEATHER WAS OBSERVED.


RELATIVE HUMIDITY (PERCENT)
 HIGHEST    97           300 AM
 LOWEST     47           300 PM
 AVERAGE    72

..........................................................


THE GRAND FORKS INTL AP ND CLIMATE NORMALS FOR TODAY
                         NORMAL    RECORD    YEAR
 MAXIMUM TEMPERATURE (F)   82       100      1988
 MINIMUM TEMPERATURE (F)   56        45      2013


SUNRISE AND SUNSET
JULY 27 2017..........SUNRISE   559 AM CDT   SUNSET   911 PM CDT
JULY 28 2017..........SUNRISE   600 AM CDT   SUNSET   909 PM CDT


-  INDICATES NEGATIVE NUMBERS.
R  INDICATES RECORD WAS SET OR TIED.
MM INDICATES DATA IS MISSING.
T  INDICATES TRACE AMOUNT.




$$
