000
CDUS43 KFGF 152217
CLIGFK


CLIMATE REPORT
NATIONAL WEATHER SERVICE EASTERN NORTH DAKOTA/GRAND FORKS
517 PM CDT MON SEP 15 2014


...................................

...THE GRAND FORKS INTL AP ND CLIMATE SUMMARY FOR SEPTEMBER 15 2014...
VALID TODAY AS OF 0400 PM LOCAL TIME.

CLIMATE NORMAL PERIOD 1981 TO 2010
CLIMATE RECORD PERIOD 1941 TO 2014


WEATHER ITEM   OBSERVED TIME   RECORD YEAR NORMAL DEPARTURE LAST
                VALUE   (LST)  VALUE       VALUE  FROM      YEAR
                                                  NORMAL
..................................................................
TEMPERATURE (F)
 TODAY
  MAXIMUM         68    257 PM  86    2006  70     -2       66
  MINIMUM         33    615 AM  29    1949  44    -11       40
  AVERAGE         51                        57     -6       53

PRECIPITATION (IN)
  TODAY            0.00          0.88 1991   0.06  -0.06     0.00
  MONTH TO DATE    0.63                      1.10  -0.47     0.57
  SINCE SEP 1      0.63                      1.10  -0.47     0.57
  SINCE JAN 1     21.31                     16.33   4.98    14.80

SNOWFALL (IN)
  TODAY            0.0           0.0    MM   0.0    0.0      0.0
  MONTH TO DATE    0.0                       0.0    0.0      0.0
  SINCE SEP 1      0.0                       0.0    0.0      0.0
  SINCE JUL 1      0.0                       0.0    0.0      0.0
  SNOW DEPTH       0

DEGREE DAYS
 HEATING
  TODAY           14                         9      5       12
  MONTH TO DATE  113                        92     21       49
  SINCE SEP 1    113                        92     21       49
  SINCE JUL 1    167                       174     -7      131

 COOLING
  TODAY            0                         1     -1        0
  MONTH TO DATE    5                        21    -16       30
  SINCE SEP 1      5                        21    -16       30
  SINCE JAN 1    366                       373     -7      478
..................................................................


WIND (MPH)
  HIGHEST WIND SPEED    17   HIGHEST WIND DIRECTION     W (260)
  HIGHEST GUST SPEED    25   HIGHEST GUST DIRECTION     W (270)
  AVERAGE WIND SPEED     6.9


SKY COVER
  POSSIBLE SUNSHINE  MM
  AVERAGE SKY COVER 0.4


WEATHER CONDITIONS
 THE FOLLOWING WEATHER WAS RECORDED TODAY.
  NO SIGNIFICANT WEATHER WAS OBSERVED.


RELATIVE HUMIDITY (PERCENT)
 HIGHEST    93          1200 AM
 LOWEST     34           200 PM
 AVERAGE    64

..........................................................


THE GRAND FORKS INTL AP ND CLIMATE NORMALS FOR TOMORROW
                         NORMAL    RECORD    YEAR
 MAXIMUM TEMPERATURE (F)   69        92      1979
 MINIMUM TEMPERATURE (F)   44        25      1973


SUNRISE AND SUNSET
SEPTEMBER 15 2014.....SUNRISE   706 AM CDT   SUNSET   741 PM CDT
SEPTEMBER 16 2014.....SUNRISE   707 AM CDT   SUNSET   739 PM CDT


-  INDICATES NEGATIVE NUMBERS.
R  INDICATES RECORD WAS SET OR TIED.
MM INDICATES DATA IS MISSING.
T  INDICATES TRACE AMOUNT.




$$
