000
CDUS43 KFGF 270635
CLIGFK


CLIMATE REPORT
NATIONAL WEATHER SERVICE EASTERN NORTH DAKOTA/GRAND FORKS
1234 AM CST THU NOV 27 2014


...................................

...THE GRAND FORKS INTL AP ND CLIMATE SUMMARY FOR NOVEMBER 26 2014...

CLIMATE NORMAL PERIOD 1981 TO 2010
CLIMATE RECORD PERIOD 1941 TO 2014


WEATHER ITEM   OBSERVED TIME   RECORD YEAR NORMAL DEPARTURE LAST
                VALUE   (LST)  VALUE       VALUE  FROM      YEAR
                                                  NORMAL
..................................................................
TEMPERATURE (F)
 YESTERDAY
  MAXIMUM         11   1205 AM  50    1962  28    -17       18
  MINIMUM        -16   1115 PM -17    1985  11    -27       -3
  AVERAGE         -2                        20    -22        8

PRECIPITATION (IN)
  YESTERDAY        T             0.19 1954   0.02  -0.02      T
  MONTH TO DATE    0.26                      0.86  -0.60     0.15
  SINCE SEP 1      1.92                      4.88  -2.96     4.60
  SINCE JAN 1     22.60                     20.11   2.49    18.83

SNOWFALL (IN)
  YESTERDAY        T             4.7  1994   0.3   -0.3       T
  MONTH TO DATE    3.4                       6.4   -3.0      1.6
  SINCE SEP 1      3.4                       7.9   -4.5      1.6
  SINCE JUL 1      3.4                       7.9   -4.5      1.6
  SNOW DEPTH       1

DEGREE DAYS
 HEATING
  YESTERDAY       67                        45     22       57
  MONTH TO DATE 1085                       982    103     1006
  SINCE SEP 1   1854                      1931    -77     1827
  SINCE JUL 1   1908                      2013   -105     1909

 COOLING
  YESTERDAY        0                         0      0        0
  MONTH TO DATE    0                         0      0        0
  SINCE SEP 1     34                        27      7       39
  SINCE JAN 1    395                       379     16      487
..................................................................


WIND (MPH)
  HIGHEST WIND SPEED    22   HIGHEST WIND DIRECTION     N (350)
  HIGHEST GUST SPEED    26   HIGHEST GUST DIRECTION     N (350)
  AVERAGE WIND SPEED    12.1


SKY COVER
  POSSIBLE SUNSHINE  MM
  AVERAGE SKY COVER 0.4


WEATHER CONDITIONS
 THE FOLLOWING WEATHER WAS RECORDED YESTERDAY.
  LIGHT SNOW
  FOG


RELATIVE HUMIDITY (PERCENT)
 HIGHEST    87          1000 PM
 LOWEST     68           100 PM
 AVERAGE    78

..........................................................


THE GRAND FORKS INTL AP ND CLIMATE NORMALS FOR TODAY
                         NORMAL    RECORD    YEAR
 MAXIMUM TEMPERATURE (F)   28        48      1962
 MINIMUM TEMPERATURE (F)   11       -30      1985


SUNRISE AND SUNSET
NOVEMBER 27 2014......SUNRISE   752 AM CST   SUNSET   440 PM CST
NOVEMBER 28 2014......SUNRISE   753 AM CST   SUNSET   440 PM CST


-  INDICATES NEGATIVE NUMBERS.
R  INDICATES RECORD WAS SET OR TIED.
MM INDICATES DATA IS MISSING.
T  INDICATES TRACE AMOUNT.




$$
