000
CDUS43 KFGF 210634
CLIGFK


CLIMATE REPORT
NATIONAL WEATHER SERVICE EASTERN NORTH DAKOTA/GRAND FORKS
133 AM CDT MON APR 21 2014


...................................

...THE GRAND FORKS INTL AP ND CLIMATE SUMMARY FOR APRIL 20 2014...

CLIMATE NORMAL PERIOD 1981 TO 2010
CLIMATE RECORD PERIOD 1941 TO 2014


WEATHER ITEM   OBSERVED TIME   RECORD YEAR NORMAL DEPARTURE LAST
                VALUE   (LST)  VALUE       VALUE  FROM      YEAR
                                                  NORMAL
..................................................................
TEMPERATURE (F)
 YESTERDAY
  MAXIMUM         72    422 PM  90    1980  57     15       34
  MINIMUM         27    537 AM  17    1981  32     -5       20
  AVERAGE         50                        44      6       27

PRECIPITATION (IN)
  YESTERDAY        T             1.35 1974   0.03  -0.03     0.00
  MONTH TO DATE    0.21                      0.58  -0.37     0.70
  SINCE MAR 1      1.14                      1.54  -0.40     1.68
  SINCE JAN 1      2.21                      2.61  -0.40     2.47

SNOWFALL (IN)
  YESTERDAY        0.0           1.1  1970   0.1   -0.1      0.0
  MONTH TO DATE    1.1                       2.1   -1.0      6.7
  SINCE MAR 1     14.6                       9.3    5.3     20.3
  SINCE JUL 1     60.3                      46.5   13.8     50.2
  SNOW DEPTH       0

DEGREE DAYS
 HEATING
  YESTERDAY       15                        21     -6       38
  MONTH TO DATE  604                       514     90      742
  SINCE MAR 1   2059                      1749    310     2308
  SINCE JUL 1   9954                      8899   1055     9309

 COOLING
  YESTERDAY        0                         0      0        0
  MONTH TO DATE    0                         0      0        0
  SINCE MAR 1      0                         0      0        0
  SINCE JAN 1      0                         0      0        0
..................................................................


WIND (MPH)
  HIGHEST WIND SPEED    31   HIGHEST WIND DIRECTION     W (270)
  HIGHEST GUST SPEED    40   HIGHEST GUST DIRECTION     W (270)
  AVERAGE WIND SPEED     6.9


SKY COVER
  POSSIBLE SUNSHINE  MM
  AVERAGE SKY COVER 0.5


WEATHER CONDITIONS
 THE FOLLOWING WEATHER WAS RECORDED YESTERDAY.
  LIGHT RAIN


RELATIVE HUMIDITY (PERCENT)
 HIGHEST    92           100 AM
 LOWEST     28           500 PM
 AVERAGE    60

..........................................................


THE GRAND FORKS INTL AP ND CLIMATE NORMALS FOR TODAY
                         NORMAL    RECORD    YEAR
 MAXIMUM TEMPERATURE (F)   58       100      1980
 MINIMUM TEMPERATURE (F)   32        13      1945


SUNRISE AND SUNSET
APRIL 21 2014.........SUNRISE   628 AM CDT   SUNSET   828 PM CDT
APRIL 22 2014.........SUNRISE   626 AM CDT   SUNSET   829 PM CDT


-  INDICATES NEGATIVE NUMBERS.
R  INDICATES RECORD WAS SET OR TIED.
MM INDICATES DATA IS MISSING.
T  INDICATES TRACE AMOUNT.




$$
