000
CDUS43 KFGF 200633
CLIGFK


CLIMATE REPORT
NATIONAL WEATHER SERVICE EASTERN NORTH DAKOTA/GRAND FORKS
131 AM CDT MON OCT 20 2014


...................................

...THE GRAND FORKS INTL AP ND CLIMATE SUMMARY FOR OCTOBER 19 2014...

CLIMATE NORMAL PERIOD 1981 TO 2010
CLIMATE RECORD PERIOD 1941 TO 2014


WEATHER ITEM   OBSERVED TIME   RECORD YEAR NORMAL DEPARTURE LAST
                VALUE   (LST)  VALUE       VALUE  FROM      YEAR
                                                  NORMAL
..................................................................
TEMPERATURE (F)
 YESTERDAY
  MAXIMUM         67    350 PM  79    1956  53     14       42
  MINIMUM         35    700 AM  15    1972  31      4       33
  AVERAGE         51                        42      9       38

PRECIPITATION (IN)
  YESTERDAY        0.00          1.11 1984   0.07  -0.07     0.02
  MONTH TO DATE    0.33                      1.31  -0.98     2.31
  SINCE SEP 1      1.62                      3.36  -1.74     4.28
  SINCE JAN 1     22.30                     18.59   3.71    18.51

SNOWFALL (IN)
  YESTERDAY        0.0           0.2  1984   0.1   -0.1       T
  MONTH TO DATE    0.0                       0.6   -0.6       T
  SINCE SEP 1      0.0                       0.6   -0.6       T
  SINCE JUL 1      0.0                       0.6   -0.6       T
  SNOW DEPTH       0

DEGREE DAYS
 HEATING
  YESTERDAY       14                        23     -9       27
  MONTH TO DATE  329                       362    -33      328
  SINCE SEP 1    521                       631   -110      460
  SINCE JUL 1    575                       713   -138      542

 COOLING
  YESTERDAY        0                         0      0        0
  MONTH TO DATE    0                         0      0        0
  SINCE SEP 1     34                        26      8       39
  SINCE JAN 1    395                       378     17      487
..................................................................


WIND (MPH)
  HIGHEST WIND SPEED    21   HIGHEST WIND DIRECTION     N (350)
  HIGHEST GUST SPEED    26   HIGHEST GUST DIRECTION     N (340)
  AVERAGE WIND SPEED     9.0


SKY COVER
  POSSIBLE SUNSHINE  MM
  AVERAGE SKY COVER 0.1


WEATHER CONDITIONS
 THE FOLLOWING WEATHER WAS RECORDED YESTERDAY.
  NO SIGNIFICANT WEATHER WAS OBSERVED.


RELATIVE HUMIDITY (PERCENT)
 HIGHEST   100           500 AM
 LOWEST     42           200 PM
 AVERAGE    71

..........................................................


THE GRAND FORKS INTL AP ND CLIMATE NORMALS FOR TODAY
                         NORMAL    RECORD    YEAR
 MAXIMUM TEMPERATURE (F)   52        79      1978
 MINIMUM TEMPERATURE (F)   31        17      2002


SUNRISE AND SUNSET
OCTOBER 20 2014.......SUNRISE   755 AM CDT   SUNSET   631 PM CDT
OCTOBER 21 2014.......SUNRISE   757 AM CDT   SUNSET   629 PM CDT


-  INDICATES NEGATIVE NUMBERS.
R  INDICATES RECORD WAS SET OR TIED.
MM INDICATES DATA IS MISSING.
T  INDICATES TRACE AMOUNT.




$$
