000
CDUS43 KFGF 312205
CLIGFK


CLIMATE REPORT
NATIONAL WEATHER SERVICE EASTERN NORTH DAKOTA/GRAND FORKS
503 PM CDT FRI JUL 31 2015


...................................

...THE GRAND FORKS INTL AP ND CLIMATE SUMMARY FOR JULY 31 2015...
VALID TODAY AS OF 0400 PM LOCAL TIME.

CLIMATE NORMAL PERIOD 1981 TO 2010
CLIMATE RECORD PERIOD 1941 TO 2015


WEATHER ITEM   OBSERVED TIME   RECORD YEAR NORMAL DEPARTURE LAST
                VALUE   (LST)  VALUE       VALUE  FROM      YEAR
                                                  NORMAL
..................................................................
TEMPERATURE (F)
 TODAY
  MAXIMUM         83    258 PM  96    1957  82      1       84
  MINIMUM         55   1242 AM  43    1985  56     -1       57
  AVERAGE         69                        69      0       71

PRECIPITATION (IN)
  TODAY            0.00          1.95 2001   0.08  -0.08     0.00
  MONTH TO DATE    5.10                      3.15   1.95     3.70
  SINCE JUN 1      7.61                      6.63   0.98    10.30
  SINCE JAN 1     13.92                     12.35   1.57    17.48

SNOWFALL (IN)
  TODAY            0.0          MM      MM   0.0    0.0      0.0
  MONTH TO DATE    0.0                       0.0    0.0      0.0
  SINCE JUN 1      0.0                       0.0    0.0      0.0
  SINCE JUL 1      0.0                       0.0    0.0      0.0
  SNOW DEPTH       0

DEGREE DAYS
 HEATING
  TODAY            0                         1     -1        0
  MONTH TO DATE   14                        32    -18       29
  SINCE JUN 1     72                       131    -59       75
  SINCE JUL 1     14                        28    -14       29

 COOLING
  TODAY            4                         5     -1        6
  MONTH TO DATE  195                       141     54      111
  SINCE JUN 1    260                       216     44      178
  SINCE JAN 1    266                       233     33      231
..................................................................


WIND (MPH)
  HIGHEST WIND SPEED    22   HIGHEST WIND DIRECTION    NW (330)
  HIGHEST GUST SPEED    30   HIGHEST GUST DIRECTION    NW (320)
  AVERAGE WIND SPEED    11.7


SKY COVER
  POSSIBLE SUNSHINE  MM
  AVERAGE SKY COVER 0.1


WEATHER CONDITIONS
 THE FOLLOWING WEATHER WAS RECORDED TODAY.
  NO SIGNIFICANT WEATHER WAS OBSERVED.


RELATIVE HUMIDITY (PERCENT)
 HIGHEST    86           100 AM
 LOWEST     31           200 PM
 AVERAGE    59

..........................................................


THE GRAND FORKS INTL AP ND CLIMATE NORMALS FOR TOMORROW
                         NORMAL    RECORD    YEAR
 MAXIMUM TEMPERATURE (F)   82       100      1989
 MINIMUM TEMPERATURE (F)   56        44      1972


SUNRISE AND SUNSET
JULY 31 2015..........SUNRISE   604 AM CDT   SUNSET   906 PM CDT
AUGUST  1 2015........SUNRISE   605 AM CDT   SUNSET   904 PM CDT


-  INDICATES NEGATIVE NUMBERS.
R  INDICATES RECORD WAS SET OR TIED.
MM INDICATES DATA IS MISSING.
T  INDICATES TRACE AMOUNT.




$$
