000
CDUS41 KALY 312048
CLIGFL


CLIMATE REPORT
NATIONAL WEATHER SERVICE ALBANY NY
448 PM EDT TUE MAY 31 2016


...................................

...THE GLENS FALLS NY CLIMATE SUMMARY FOR MAY 31 2016...
VALID TODAY AS OF 0400 PM LOCAL TIME.

CLIMATE NORMAL PERIOD 1981 TO 2010
CLIMATE RECORD PERIOD 1949 TO 2016


WEATHER ITEM   OBSERVED TIME   RECORD YEAR NORMAL DEPARTURE LAST
                VALUE   (LST)  VALUE       VALUE  FROM      YEAR
                                                  NORMAL
..................................................................
TEMPERATURE (F)
 TODAY
  MAXIMUM         85    240 PM  91    2013  72     13       68
  MINIMUM         56    423 AM  30    1967  48      8       50
  AVERAGE         71                        60     11       59

PRECIPITATION (IN)
  TODAY            0.00          2.30 1992   0.12  -0.12     0.30
  MONTH TO DATE    3.09                      3.61  -0.52     2.61
  SINCE MAR 1      6.83                      9.55  -2.72     5.26
  SINCE JAN 1     11.62                     14.49  -2.87     7.31

DEGREE DAYS
 HEATING
  TODAY            0                         6     -6        6
  MONTH TO DATE  256                       310    -54      134
  SINCE MAR 1   1703                      1966   -263     1916
  SINCE JUL 1   5883                      7586  -1703     7597

 COOLING
  TODAY            6                         1      5        0
  MONTH TO DATE   56                        11     45       76
  SINCE MAR 1     56                        12     44       76
  SINCE JAN 1     56                        12     44       76
..................................................................


WIND (MPH)
  HIGHEST WIND SPEED    17   HIGHEST WIND DIRECTION    NW (300)
  HIGHEST GUST SPEED    24   HIGHEST GUST DIRECTION     W (290)
  AVERAGE WIND SPEED     7.1


SKY COVER
  AVERAGE SKY COVER 0.0



RELATIVE HUMIDITY (PERCENT)
 HIGHEST    87          1200 AM
 LOWEST     27           300 PM
 AVERAGE    57

..........................................................


THE GLENS FALLS NY CLIMATE NORMALS FOR TOMORROW
                         NORMAL    RECORD    YEAR
 MAXIMUM TEMPERATURE (F)   73        90      2013
 MINIMUM TEMPERATURE (F)   48        32      2009


SUNRISE AND SUNSET
MAY 31 2016...........SUNRISE   517 AM EDT   SUNSET   828 PM EDT
JUNE  1 2016..........SUNRISE   517 AM EDT   SUNSET   828 PM EDT


-  INDICATES NEGATIVE NUMBERS.
R  INDICATES RECORD WAS SET OR TIED.
MM INDICATES DATA IS MISSING.
T  INDICATES TRACE AMOUNT.




$$
