000
CDUS41 KALY 280621
CLIGFL


CLIMATE REPORT
NATIONAL WEATHER SERVICE ALBANY NY
221 AM EDT FRI AUG 28 2015


...................................

...THE GLENS FALLS NY CLIMATE SUMMARY FOR AUGUST 27 2015...

CLIMATE NORMAL PERIOD 1981 TO 2010
CLIMATE RECORD PERIOD 1949 TO 2015


WEATHER ITEM   OBSERVED TIME   RECORD YEAR NORMAL DEPARTURE LAST
                VALUE   (LST)  VALUE       VALUE  FROM      YEAR
                                                  NORMAL
..................................................................
TEMPERATURE (F)
 YESTERDAY
  MAXIMUM         75    407 PM  96    1952  77     -2       85
  MINIMUM         55   1158 PM  40    1954  53      2       61
  AVERAGE         65                        65      0       73

PRECIPITATION (IN)
  YESTERDAY        T             1.24 1972   0.10  -0.10      T
  MONTH TO DATE    1.77                      3.28  -1.51     2.20
  SINCE JUN 1     10.21                     10.92  -0.71    12.30
  SINCE JAN 1     17.52                     25.41  -7.89    25.41

DEGREE DAYS
 HEATING
  YESTERDAY        0                         2     -2        0
  MONTH TO DATE    1                        34    -33       13
  SINCE JUN 1     91                       145    -54       46
  SINCE JUL 1     12                        55    -43       14

 COOLING
  YESTERDAY        0                         2     -2        8
  MONTH TO DATE  167                        96     71       77
  SINCE JUN 1    410                       304    106      310
  SINCE JAN 1    486                       316    170      330
..................................................................


WIND (MPH)
  HIGHEST WIND SPEED    12   HIGHEST WIND DIRECTION     W (290)
  HIGHEST GUST SPEED    17   HIGHEST GUST DIRECTION     W (280)
  AVERAGE WIND SPEED     3.4


SKY COVER
  AVERAGE SKY COVER 0.7



RELATIVE HUMIDITY (PERCENT)
 HIGHEST    86           400 AM
 LOWEST     46           400 PM
 AVERAGE    66

..........................................................


THE GLENS FALLS NY CLIMATE NORMALS FOR TODAY
                         NORMAL    RECORD    YEAR
 MAXIMUM TEMPERATURE (F)   77        92      1977
 MINIMUM TEMPERATURE (F)   53        39      1957


SUNRISE AND SUNSET
AUGUST 28 2015........SUNRISE   614 AM EDT   SUNSET   737 PM EDT
AUGUST 29 2015........SUNRISE   615 AM EDT   SUNSET   735 PM EDT


-  INDICATES NEGATIVE NUMBERS.
R  INDICATES RECORD WAS SET OR TIED.
MM INDICATES DATA IS MISSING.
T  INDICATES TRACE AMOUNT.




$$
