000
CDUS41 KALY 302052
CLIGFL


CLIMATE REPORT
NATIONAL WEATHER SERVICE ALBANY NY
452 PM EDT MON MAR 30 2015


...................................

...THE GLENS FALLS NY CLIMATE SUMMARY FOR MARCH 30 2015...
VALID TODAY AS OF 0400 PM LOCAL TIME.

CLIMATE NORMAL PERIOD 1981 TO 2010
CLIMATE RECORD PERIOD 1949 TO 2015


WEATHER ITEM   OBSERVED TIME   RECORD YEAR NORMAL DEPARTURE LAST
                VALUE   (LST)  VALUE       VALUE  FROM      YEAR
                                                  NORMAL
..................................................................
TEMPERATURE (F)
 TODAY
  MAXIMUM         42    345 PM  85    1998  49     -7       40
  MINIMUM         29   1201 AM  10    2008  26      3       33
  AVERAGE         36                        37     -1       37

PRECIPITATION (IN)
  TODAY            T             1.15 1989   0.10  -0.10     0.53
  MONTH TO DATE    0.68                      2.85  -2.17     2.72
  SINCE MAR 1      0.68                      2.85  -2.17     2.72
  SINCE JAN 1      2.73                      7.79  -5.06     7.25

DEGREE DAYS
 HEATING
  TODAY           29                        28      1       28
  MONTH TO DATE 1154                      1016    138     1282
  SINCE MAR 1   1154                      1016    138     1282
  SINCE JUL 1   6835                      6636    199     7051

 COOLING
  TODAY            0                         0      0        0
  MONTH TO DATE    0                         0      0        0
  SINCE MAR 1      0                         0      0        0
  SINCE JAN 1      0                         0      0        0
..................................................................


WIND (MPH)
  HIGHEST WIND SPEED    18   HIGHEST WIND DIRECTION     S (200)
  HIGHEST GUST SPEED    24   HIGHEST GUST DIRECTION     S (180)
  AVERAGE WIND SPEED     8.3


SKY COVER
  AVERAGE SKY COVER 0.7



RELATIVE HUMIDITY (PERCENT)
 HIGHEST    82          1000 AM
 LOWEST     39           200 AM
 AVERAGE    61

..........................................................


THE GLENS FALLS NY CLIMATE NORMALS FOR TOMORROW
                         NORMAL    RECORD    YEAR
 MAXIMUM TEMPERATURE (F)   49        86      1998
 MINIMUM TEMPERATURE (F)   27         8      1954


SUNRISE AND SUNSET
MARCH 30 2015.........SUNRISE   640 AM EDT   SUNSET   718 PM EDT
MARCH 31 2015.........SUNRISE   639 AM EDT   SUNSET   719 PM EDT


-  INDICATES NEGATIVE NUMBERS.
R  INDICATES RECORD WAS SET OR TIED.
MM INDICATES DATA IS MISSING.
T  INDICATES TRACE AMOUNT.




$$
