600
CDUS41 KALY 290622
CLIGFL


CLIMATE REPORT
NATIONAL WEATHER SERVICE ALBANY NY
221 AM EDT FRI APR 29 2016


...................................

...THE GLENS FALLS NY CLIMATE SUMMARY FOR APRIL 28 2016...

CLIMATE NORMAL PERIOD 1981 TO 2010
CLIMATE RECORD PERIOD 1949 TO 2016


WEATHER ITEM   OBSERVED TIME   RECORD YEAR NORMAL DEPARTURE LAST
                VALUE   (LST)  VALUE       VALUE  FROM      YEAR
                                                  NORMAL
..................................................................
TEMPERATURE (F)
 YESTERDAY
  MAXIMUM         55    153 PM  90    1990  62     -7       63
  MINIMUM         29    331 AM  22    1972  37     -8       40
  AVERAGE         42                        50     -8       52

PRECIPITATION (IN)
  YESTERDAY        0.00          1.47 1988   0.11  -0.11     0.00
  MONTH TO DATE    1.46                      2.77  -1.31     1.97
  SINCE MAR 1      3.74                      5.71  -1.97     2.65
  SINCE JAN 1      8.53                     10.65  -2.12     4.70

DEGREE DAYS
 HEATING
  YESTERDAY       23                        16      7       13
  MONTH TO DATE  604                       583     21      576
  SINCE MAR 1   1418                      1626   -208     1758
  SINCE JUL 1   5598                      7246  -1648     7439

 COOLING
  YESTERDAY        0                         0      0        0
  MONTH TO DATE    0                         0      0        0
  SINCE MAR 1      0                         0      0        0
  SINCE JAN 1      0                         0      0        0
..................................................................


WIND (MPH)
  HIGHEST WIND SPEED    15   HIGHEST WIND DIRECTION    NE (40)
  HIGHEST GUST SPEED    20   HIGHEST GUST DIRECTION    NE (40)
  AVERAGE WIND SPEED     6.3


SKY COVER
  AVERAGE SKY COVER 0.0



RELATIVE HUMIDITY (PERCENT)
 HIGHEST    69           200 AM
 LOWEST     28           900 AM
 AVERAGE    49

..........................................................


THE GLENS FALLS NY CLIMATE NORMALS FOR TODAY
                         NORMAL    RECORD    YEAR
 MAXIMUM TEMPERATURE (F)   63        83      1986
 MINIMUM TEMPERATURE (F)   37        26      2012


SUNRISE AND SUNSET
APRIL 29 2016.........SUNRISE   550 AM EDT   SUNSET   754 PM EDT
APRIL 30 2016.........SUNRISE   548 AM EDT   SUNSET   756 PM EDT


-  INDICATES NEGATIVE NUMBERS.
R  INDICATES RECORD WAS SET OR TIED.
MM INDICATES DATA IS MISSING.
T  INDICATES TRACE AMOUNT.




$$
