000
CDUS41 KALY 210623
CLIGFL


CLIMATE REPORT
NATIONAL WEATHER SERVICE ALBANY NY
222 AM EDT FRI JUL 21 2017


...................................

...THE GLENS FALLS NY CLIMATE SUMMARY FOR JULY 20 2017...

CLIMATE NORMAL PERIOD 1981 TO 2010
CLIMATE RECORD PERIOD 1949 TO 2017


WEATHER ITEM   OBSERVED TIME   RECORD YEAR NORMAL DEPARTURE LAST
                VALUE   (LST)  VALUE       VALUE  FROM      YEAR
                                                  NORMAL
..................................................................
TEMPERATURE (F)
 YESTERDAY
  MAXIMUM         86   1257 PM  94    1991  81      5       81
  MINIMUM         60   1159 PM  45    1965  57      3       50
  AVERAGE         73                        69      4       66

PRECIPITATION (IN)
  YESTERDAY        0.00          0.66 1953   0.13  -0.13     0.00
  MONTH TO DATE    4.93                      2.58   2.35     3.25
  SINCE JUN 1      8.67                      6.13   2.54     6.36
  SINCE JAN 1     25.01                     20.62   4.39    17.98

DEGREE DAYS
 HEATING
  YESTERDAY        0                         1     -1        0
  MONTH TO DATE    3                        20    -17        0
  SINCE JUN 1     96                       110    -14       44
  SINCE JUL 1      3                        20    -17        0

 COOLING
  YESTERDAY        8                         5      3        1
  MONTH TO DATE  101                        92      9      121
  SINCE JUN 1    189                       161     28      224
  SINCE JAN 1    210                       173     37      280
..................................................................


WIND (MPH)
  HIGHEST WIND SPEED    13   HIGHEST WIND DIRECTION     W (290)
  HIGHEST GUST SPEED    17   HIGHEST GUST DIRECTION     S (160)
  AVERAGE WIND SPEED     3.3


SKY COVER
  AVERAGE SKY COVER 0.2



RELATIVE HUMIDITY (PERCENT)
 HIGHEST    93           100 AM
 LOWEST     48           100 PM
 AVERAGE    71

..........................................................


THE GLENS FALLS NY CLIMATE NORMALS FOR TODAY
                         NORMAL    RECORD    YEAR
 MAXIMUM TEMPERATURE (F)   81        96      2011
 MINIMUM TEMPERATURE (F)   57        40      1966


SUNRISE AND SUNSET
JULY 21 2017..........SUNRISE   533 AM EDT   SUNSET   828 PM EDT
JULY 22 2017..........SUNRISE   534 AM EDT   SUNSET   827 PM EDT


-  INDICATES NEGATIVE NUMBERS.
R  INDICATES RECORD WAS SET OR TIED.
MM INDICATES DATA IS MISSING.
T  INDICATES TRACE AMOUNT.




$$
