000
CDUS41 KALY 200633
CLIGFL


CLIMATE REPORT
NATIONAL WEATHER SERVICE ALBANY NY
132 AM EST TUE FEB 20 2018


...................................

...THE GLENS FALLS NY CLIMATE SUMMARY FOR FEBRUARY 19 2018...

CLIMATE NORMAL PERIOD 1981 TO 2010
CLIMATE RECORD PERIOD 1949 TO 2018


WEATHER ITEM   OBSERVED TIME   RECORD YEAR NORMAL DEPARTURE LAST
                VALUE   (LST)  VALUE       VALUE  FROM      YEAR
                                                  NORMAL
..................................................................
TEMPERATURE (F)
 YESTERDAY
  MAXIMUM         42    337 PM  62    1981  34      8       59
  MINIMUM         12    530 AM -15    1993  11      1       22
  AVERAGE         27                        22      5       41

PRECIPITATION (IN)
  YESTERDAY        0.07          0.89 1960   0.07   0.00     0.00
  MONTH TO DATE    1.64                      1.39   0.25     1.85
  SINCE DEC 1      6.23                      7.30  -1.07     6.90
  SINCE JAN 1      3.91                      4.25  -0.34     4.03

DEGREE DAYS
 HEATING
  YESTERDAY       38                        43     -5       24
  MONTH TO DATE  816                       853    -37      739
  SINCE DEC 1   3634                      3551     83     2992
  SINCE JUL 1   5045                      5249   -204     4308

 COOLING
  YESTERDAY        0                         0      0        0
  MONTH TO DATE    0                         0      0        0
  SINCE DEC 1      0                         0      0        0
  SINCE JAN 1      0                         0      0        0
..................................................................


WIND (MPH)
  HIGHEST WIND SPEED    21   HIGHEST WIND DIRECTION     S (190)
  HIGHEST GUST SPEED    30   HIGHEST GUST DIRECTION     S (190)
  AVERAGE WIND SPEED     6.4


SKY COVER
  AVERAGE SKY COVER 0.4



RELATIVE HUMIDITY (PERCENT)
 HIGHEST   100           900 PM
 LOWEST     60           100 PM
 AVERAGE    80

..........................................................


THE GLENS FALLS NY CLIMATE NORMALS FOR TODAY
                         NORMAL    RECORD    YEAR
 MAXIMUM TEMPERATURE (F)   34        58      1981
 MINIMUM TEMPERATURE (F)   11       -23      1966


SUNRISE AND SUNSET
FEBRUARY 20 2018......SUNRISE   645 AM EST   SUNSET   532 PM EST
FEBRUARY 21 2018......SUNRISE   644 AM EST   SUNSET   533 PM EST


-  INDICATES NEGATIVE NUMBERS.
R  INDICATES RECORD WAS SET OR TIED.
MM INDICATES DATA IS MISSING.
T  INDICATES TRACE AMOUNT.




$$
