000
CDUS44 KSHV 060902
CLIGGG


CLIMATE REPORT
NATIONAL WEATHER SERVICE SHREVEPORT, LA
302 AM CST FRI MAR 6 2015


...................................

...THE LONGVIEW CLIMATE SUMMARY FOR MARCH 5 2015...

CLIMATE NORMAL PERIOD 1981 TO 2010
CLIMATE RECORD PERIOD 1902 TO 2015


WEATHER ITEM   OBSERVED TIME   RECORD YEAR NORMAL DEPARTURE LAST
                VALUE   (LST)  VALUE       VALUE  FROM      YEAR
                                                  NORMAL
..................................................................
TEMPERATURE (F)
 YESTERDAY
  MAXIMUM         43    438 PM  82    2009  67    -24       46
                                      1908
  MINIMUM         28   1154 PM  22    1960  44    -16       28
  AVERAGE         36                        55    -19       37

PRECIPITATION (IN)
  YESTERDAY        0.35          1.78 1983   0.14   0.21     0.01
  MONTH TO DATE    1.93                      0.68   1.25     0.82
  SINCE DEC 1     13.04                     12.53   0.51     7.95
  SINCE JAN 1     10.74                      8.04   2.70     3.80

SNOWFALL (IN)
  YESTERDAY       MM
  MONTH TO DATE    0.0
  SINCE MAR 1      0.0
  SINCE JUL 1      2.9
  SNOW DEPTH       0

DEGREE DAYS
 HEATING
  YESTERDAY       29                        11     18       28
  MONTH TO DATE   95                        56     39      117
  SINCE MAR 1     95                        56     39      117
  SINCE JUL 1   2073                      1960    113     2241

 COOLING
  YESTERDAY        0                         1     -1        0
  MONTH TO DATE    0                         5     -5        3
  SINCE MAR 1      0                         5     -5        3
  SINCE JAN 1      0                        17    -17        8
..................................................................


WIND (MPH)
  HIGHEST WIND SPEED    23   HIGHEST WIND DIRECTION     N (360)
  HIGHEST GUST SPEED    32   HIGHEST GUST DIRECTION    NE (60)
  AVERAGE WIND SPEED     8.8


SKY COVER
  POSSIBLE SUNSHINE  MM
  AVERAGE SKY COVER 0.5


WEATHER CONDITIONS
 THE FOLLOWING WEATHER WAS RECORDED YESTERDAY.
  HEAVY RAIN
  RAIN
  LIGHT RAIN
  LIGHT SNOW
  FOG


RELATIVE HUMIDITY (PERCENT)
 HIGHEST    96           200 AM
 LOWEST     43           300 PM
 AVERAGE    70

..........................................................


THE LONGVIEW CLIMATE NORMALS FOR TODAY
                         NORMAL    RECORD    YEAR
 MAXIMUM TEMPERATURE (F)   67        90      1991
 MINIMUM TEMPERATURE (F)   44        26      1963


SUNRISE AND SUNSET
MARCH  6 2015.........SUNRISE   641 AM CST   SUNSET   620 PM CST
MARCH  7 2015.........SUNRISE   639 AM CST   SUNSET   621 PM CST


-  INDICATES NEGATIVE NUMBERS.
R  INDICATES RECORD WAS SET OR TIED.
MM INDICATES DATA IS MISSING.
T  INDICATES TRACE AMOUNT.




$$
