000
CDUS44 KSHV 020746
CLIGGG


CLIMATE REPORT
NATIONAL WEATHER SERVICE SHREVEPORT, LA
245 AM CDT MON MAY 2 2016


...................................

...THE LONGVIEW CLIMATE SUMMARY FOR MAY 1 2016...

CLIMATE NORMAL PERIOD 1981 TO 2010
CLIMATE RECORD PERIOD 1902 TO 2016


WEATHER ITEM   OBSERVED TIME   RECORD YEAR NORMAL DEPARTURE LAST
                VALUE   (LST)  VALUE       VALUE  FROM      YEAR
                                                  NORMAL
..................................................................
TEMPERATURE (F)
 YESTERDAY
  MAXIMUM         81    419 PM  95    1943  80      1       83
  MINIMUM         62    544 AM  39    2014  58      4       56
  AVERAGE         72                        69      3       70

PRECIPITATION (IN)
  YESTERDAY        0.08          3.10 1944   0.17  -0.09     0.00
  MONTH TO DATE    0.08                      0.17  -0.09     0.00
  SINCE DEC 1     30.43                     19.59  10.84    25.54
  SINCE JAN 1     24.37                     15.10   9.27    23.24

SNOWFALL (IN)
  YESTERDAY        0.0
  MONTH TO DATE    0.0
  SINCE MAR 1      0.0
  SINCE JUL 1      0.0
  SNOW DEPTH       0

DEGREE DAYS
 HEATING
  YESTERDAY        0                         1     -1        0
  MONTH TO DATE    0                         1     -1        0
  SINCE MAR 1    190                       346   -156      309
  SINCE JUL 1   1639                      2250   -611     2282

 COOLING
  YESTERDAY        7                         5      2        5
  MONTH TO DATE    7                         5      2        5
  SINCE MAR 1    144                       116     28      168
  SINCE JAN 1    150                       128     22      168
..................................................................


WIND (MPH)
  HIGHEST WIND SPEED    14   HIGHEST WIND DIRECTION     N (350)
  HIGHEST GUST SPEED    21   HIGHEST GUST DIRECTION     N (360)
  AVERAGE WIND SPEED     7.3


SKY COVER
  POSSIBLE SUNSHINE  MM
  AVERAGE SKY COVER 0.5


WEATHER CONDITIONS
 THE FOLLOWING WEATHER WAS RECORDED YESTERDAY.
  LIGHT RAIN


RELATIVE HUMIDITY (PERCENT)
 HIGHEST    93           500 AM
 LOWEST     54           300 PM
 AVERAGE    74

..........................................................


THE LONGVIEW CLIMATE NORMALS FOR TODAY
                         NORMAL    RECORD    YEAR
 MAXIMUM TEMPERATURE (F)   80        92      1938
 MINIMUM TEMPERATURE (F)   58        41      1909


SUNRISE AND SUNSET
MAY  2 2016...........SUNRISE   631 AM CDT   SUNSET   801 PM CDT
MAY  3 2016...........SUNRISE   630 AM CDT   SUNSET   802 PM CDT


-  INDICATES NEGATIVE NUMBERS.
R  INDICATES RECORD WAS SET OR TIED.
MM INDICATES DATA IS MISSING.
T  INDICATES TRACE AMOUNT.




$$
