000
CDUS44 KSHV 210737
CLIGGG


CLIMATE REPORT
NATIONAL WEATHER SERVICE SHREVEPORT, LA
233 AM CDT TUE OCT 21 2014


...................................

...THE LONGVIEW CLIMATE SUMMARY FOR OCTOBER 20 2014...

CLIMATE NORMAL PERIOD 1981 TO 2010
CLIMATE RECORD PERIOD 1902 TO 2014


WEATHER ITEM   OBSERVED TIME   RECORD YEAR NORMAL DEPARTURE LAST
                VALUE   (LST)  VALUE       VALUE  FROM      YEAR
                                                  NORMAL
..................................................................
TEMPERATURE (F)
 YESTERDAY
  MAXIMUM         80    308 PM  97    1947  77      3       71
  MINIMUM         50    646 AM  34    1966  53     -3       40
  AVERAGE         65                        65      0       56

PRECIPITATION (IN)
  YESTERDAY        0.00          1.54 1993   0.16  -0.16     0.00
  MONTH TO DATE    5.26                      3.04   2.22     1.51
  SINCE DEC 1     36.16                     41.52  -5.36    32.73
  SINCE JAN 1     32.01                     37.03  -5.02    28.38

SNOWFALL (IN)
  YESTERDAY        0.0
  MONTH TO DATE    0.0
  SINCE SEP 1      0.0
  SINCE JUL 1      0.0
  SNOW DEPTH       0

DEGREE DAYS
 HEATING
  YESTERDAY        0                         3     -3        9
  MONTH TO DATE    8                        35    -27       33
  SINCE SEP 1      8                        41    -33       33
  SINCE JUL 1      8                        41    -33       33

 COOLING
  YESTERDAY        0                         3     -3        0
  MONTH TO DATE  129                        87     42      118
  SINCE SEP 1    555                       426    129      603
  SINCE JAN 1   2409                      2366     43     2698
..................................................................


WIND (MPH)
  HIGHEST WIND SPEED     8   HIGHEST WIND DIRECTION     N (350)
  HIGHEST GUST SPEED    10   HIGHEST GUST DIRECTION     N (340)
  AVERAGE WIND SPEED     1.5


SKY COVER
  POSSIBLE SUNSHINE  MM
  AVERAGE SKY COVER 0.0


WEATHER CONDITIONS
 THE FOLLOWING WEATHER WAS RECORDED YESTERDAY.
  NO SIGNIFICANT WEATHER WAS OBSERVED.


RELATIVE HUMIDITY (PERCENT)
 HIGHEST    96           400 AM
 LOWEST     39           400 PM
 AVERAGE    68

..........................................................


THE LONGVIEW CLIMATE NORMALS FOR TODAY
                         NORMAL    RECORD    YEAR
 MAXIMUM TEMPERATURE (F)   77        94      1934
 MINIMUM TEMPERATURE (F)   53        34      1966


SUNRISE AND SUNSET
OCTOBER 21 2014.......SUNRISE   727 AM CDT   SUNSET   639 PM CDT
OCTOBER 22 2014.......SUNRISE   728 AM CDT   SUNSET   638 PM CDT


-  INDICATES NEGATIVE NUMBERS.
R  INDICATES RECORD WAS SET OR TIED.
MM INDICATES DATA IS MISSING.
T  INDICATES TRACE AMOUNT.




$$
