923
CDUS44 KSHV 072344
CLIGGG


CLIMATE REPORT
NATIONAL WEATHER SERVICE SHREVEPORT, LA
543 PM CST SUN FEB 7 2016


...................................

...THE LONGVIEW CLIMATE SUMMARY FOR FEBRUARY 7 2016...
VALID TODAY AS OF 0500 PM LOCAL TIME.

CLIMATE NORMAL PERIOD 1981 TO 2010
CLIMATE RECORD PERIOD 1902 TO 2016


WEATHER ITEM   OBSERVED TIME   RECORD YEAR NORMAL DEPARTURE LAST
                VALUE   (LST)  VALUE       VALUE  FROM      YEAR
                                                  NORMAL
..................................................................
TEMPERATURE (F)
 TODAY
  MAXIMUM         63    345 PM  81    1911  60      3       68
  MINIMUM         28    649 AM   4    1933  37     -9       39
  AVERAGE         46                        48     -2       54

PRECIPITATION (IN)
  TODAY            0.00          1.12 1927   0.14  -0.14     0.00
  MONTH TO DATE    0.24                      0.92  -0.68     0.25
  SINCE DEC 1      8.02                      8.73  -0.71     7.97
  SINCE JAN 1      1.96                      4.24  -2.28     5.67

SNOWFALL (IN)
  TODAY            0.0
  MONTH TO DATE    0.0
  SINCE DEC 1      0.0
  SINCE JUL 1      0.0
  SNOW DEPTH       0

DEGREE DAYS
 HEATING
  TODAY           19                        17      2       11
  MONTH TO DATE  118                       121     -3      129
  SINCE DEC 1   1037                      1232   -195     1178
  SINCE JUL 1   1237                      1604   -367     1588

 COOLING
  TODAY            0                         0      0        0
  MONTH TO DATE    0                         0      0        0
  SINCE DEC 1     22                        10     12        5
  SINCE JAN 1      0                         4     -4        0
..................................................................


WIND (MPH)
  HIGHEST WIND SPEED    15   HIGHEST WIND DIRECTION    SW (210)
  HIGHEST GUST SPEED    20   HIGHEST GUST DIRECTION    SW (210)
  AVERAGE WIND SPEED     5.1


SKY COVER
  POSSIBLE SUNSHINE  MM
  AVERAGE SKY COVER 0.0


WEATHER CONDITIONS
 THE FOLLOWING WEATHER WAS RECORDED TODAY.
  FOG


RELATIVE HUMIDITY (PERCENT)
 HIGHEST   100           400 AM
 LOWEST     32           400 PM
 AVERAGE    66

..........................................................


THE LONGVIEW CLIMATE NORMALS FOR TOMORROW
                         NORMAL    RECORD    YEAR
 MAXIMUM TEMPERATURE (F)   60        84      1932
 MINIMUM TEMPERATURE (F)   37        10      1933


SUNRISE AND SUNSET
FEBRUARY  7 2016......SUNRISE   709 AM CST   SUNSET   557 PM CST
FEBRUARY  8 2016......SUNRISE   708 AM CST   SUNSET   558 PM CST


-  INDICATES NEGATIVE NUMBERS.
R  INDICATES RECORD WAS SET OR TIED.
MM INDICATES DATA IS MISSING.
T  INDICATES TRACE AMOUNT.




$$
