000
CDUS45 KGGW 010016
CLIGGW


CLIMATE REPORT
NATIONAL WEATHER SERVICE GLASGOW MT
616 PM MDT FRI JUL 31 2015


...................................

...THE GLASGOW MT CLIMATE SUMMARY FOR JULY 31 2015...
VALID TODAY AS OF 0500 PM LOCAL TIME.

CLIMATE NORMAL PERIOD 1981 TO 2010
CLIMATE RECORD PERIOD 1893 TO 2015


WEATHER ITEM   OBSERVED TIME   RECORD YEAR NORMAL DEPARTURE LAST
                VALUE   (LST)  VALUE       VALUE  FROM      YEAR
                                                  NORMAL
..................................................................
TEMPERATURE (F)
 TODAY
  MAXIMUM         94        MM 113    1900  87      7       99
  MINIMUM         57        MM  41    1894  59     -2       64
  AVERAGE         76                        73      3       82

PRECIPITATION (IN)
  TODAY            0.00          0.90 1914   0.05  -0.05     0.00
  MONTH TO DATE    1.75                      1.78  -0.03     0.58
  SINCE OCT 1      9.91                      9.48   0.43     7.68
  SINCE JAN 1      8.65                      7.93   0.72     6.23

SNOWFALL (IN)
  TODAY            0.0           0.0  2002   0.0    0.0      0.0
                                      2001
                                      2000
  MONTH TO DATE    0.0                       0.0    0.0      0.0
  SINCE JUN 1      0.0                       0.0    0.0      0.0
  SINCE JUL 1      0.0                       0.0    0.0      0.0
  SNOW DEPTH       0

DEGREE DAYS
 HEATING
  TODAY            0                         0      0        0
  MONTH TO DATE    5                        15    -10        4
  SINCE JUN 1     51                       123    -72      112
  SINCE JUL 1      5                        18    -13        4

 COOLING
  TODAY           11                         8      3       17
  MONTH TO DATE  221                       207     14      217
  SINCE JUN 1    348                       282     66      237
  SINCE JAN 1    348                       299     49      271
..................................................................


WIND (MPH)
  HIGHEST WIND SPEED    12   HIGHEST WIND DIRECTION     E (70)
  HIGHEST GUST SPEED    23   HIGHEST GUST DIRECTION     W (250)
  AVERAGE WIND SPEED     8.1


SKY COVER
  POSSIBLE SUNSHINE  MM
  AVERAGE SKY COVER 0.0


WEATHER CONDITIONS
 THE FOLLOWING WEATHER WAS RECORDED TODAY.
  NO SIGNIFICANT WEATHER WAS OBSERVED.


RELATIVE HUMIDITY (PERCENT)
 HIGHEST    77           300 AM
 LOWEST     17           100 PM
 AVERAGE    47

..........................................................


THE GLASGOW MT CLIMATE NORMALS FOR TOMORROW
                         NORMAL    RECORD    YEAR
 MAXIMUM TEMPERATURE (F)   87       104      1900
 MINIMUM TEMPERATURE (F)   59        39      1923


SUNRISE AND SUNSET
JULY 31 2015..........SUNRISE   541 AM MDT   SUNSET   844 PM MDT
AUGUST  1 2015........SUNRISE   542 AM MDT   SUNSET   843 PM MDT


-  INDICATES NEGATIVE NUMBERS.
R  INDICATES RECORD WAS SET OR TIED.
MM INDICATES DATA IS MISSING.
T  INDICATES TRACE AMOUNT.




$$
