000
CDUS45 KGGW 260741
CLIGGW


CLIMATE REPORT
NATIONAL WEATHER SERVICE GLASGOW MT
1241 AM MST WED NOV 26 2014


...................................

...THE GLASGOW MT CLIMATE SUMMARY FOR NOVEMBER 25 2014...

CLIMATE NORMAL PERIOD 1981 TO 2010
CLIMATE RECORD PERIOD 1893 TO 2014


WEATHER ITEM   OBSERVED TIME   RECORD YEAR NORMAL DEPARTURE LAST
                VALUE   (LST)  VALUE       VALUE  FROM      YEAR
                                                  NORMAL
..................................................................
TEMPERATURE (F)
 YESTERDAY
  MAXIMUM         38   1102 AM  62    1949  34      4       35
  MINIMUM         21   1159 PM -20    1985  14      7       18
  AVERAGE         30                        24      6       27

PRECIPITATION (IN)
  YESTERDAY        0.09          0.30 1896   0.01   0.08     0.00
  MONTH TO DATE    0.44                      0.34   0.10     0.34
  SINCE OCT 1      0.85                      1.09  -0.24     0.58
  SINCE JAN 1     14.59                     11.20   3.39    15.00

SNOWFALL (IN)
  YESTERDAY        0.8           3.0  1896   0.1    0.7      0.0
  MONTH TO DATE    8.0                       4.0    4.0      3.6
  SINCE SEP 1      8.0                       5.5    2.5      3.7
  SINCE JUL 1      8.0                       5.5    2.5      3.7
  SNOW DEPTH       1  (12Z/5AM MST)

DEGREE DAYS
 HEATING
  YESTERDAY       35                        41     -6       38
  MONTH TO DATE 1043                       858    185      909
  SINCE SEP 1   1763                      1729     34     1699
  SINCE JUL 1   1816                      1782     34     1714

 COOLING
  YESTERDAY        0                         0      0        0
  MONTH TO DATE    0                         0      0        0
  SINCE SEP 1     23                        38    -15       86
  SINCE JAN 1    495                       533    -38      563
..................................................................


WIND (MPH)
  HIGHEST WIND SPEED    29   HIGHEST WIND DIRECTION     N (340)
  HIGHEST GUST SPEED    35   HIGHEST GUST DIRECTION     N (340)
  AVERAGE WIND SPEED    12.8


SKY COVER
  POSSIBLE SUNSHINE  MM
  AVERAGE SKY COVER 0.9


WEATHER CONDITIONS
 THE FOLLOWING WEATHER WAS RECORDED YESTERDAY.
  LIGHT SNOW
  FOG
  HAZE


RELATIVE HUMIDITY (PERCENT)
 HIGHEST    92           500 AM
 LOWEST     70          1100 AM
 AVERAGE    81

..........................................................


THE GLASGOW MT CLIMATE NORMALS FOR TODAY
                         NORMAL    RECORD    YEAR
 MAXIMUM TEMPERATURE (F)   34        70      1914
 MINIMUM TEMPERATURE (F)   14       -30      1897


SUNRISE AND SUNSET
NOVEMBER 26 2014......SUNRISE   730 AM MST   SUNSET   418 PM MST
NOVEMBER 27 2014......SUNRISE   731 AM MST   SUNSET   417 PM MST


-  INDICATES NEGATIVE NUMBERS.
R  INDICATES RECORD WAS SET OR TIED.
MM INDICATES DATA IS MISSING.
T  INDICATES TRACE AMOUNT.




$$
