000
CDUS45 KGGW 250743
CLIGGW


CLIMATE REPORT
NATIONAL WEATHER SERVICE GLASGOW MT
143 AM MDT SAT OCT 25 2014


...................................

...THE GLASGOW MT CLIMATE SUMMARY FOR OCTOBER 24 2014...

CLIMATE NORMAL PERIOD 1981 TO 2010
CLIMATE RECORD PERIOD 1893 TO 2014


WEATHER ITEM   OBSERVED TIME   RECORD YEAR NORMAL DEPARTURE LAST
                VALUE   (LST)  VALUE       VALUE  FROM      YEAR
                                                  NORMAL
..................................................................
TEMPERATURE (F)
 YESTERDAY
  MAXIMUM         60    326 PM  80    1915  53      7       51
  MINIMUM         38    744 PM  -1    1919  29      9       23
  AVERAGE         49                        41      8       37

PRECIPITATION (IN)
  YESTERDAY        T             0.23 1942   0.02  -0.02     0.00
  MONTH TO DATE    0.34                      0.64  -0.30     0.23
  SINCE OCT 1      0.34                      0.64  -0.30     0.23
  SINCE JAN 1     14.08                     10.75   3.33    14.65

SNOWFALL (IN)
  YESTERDAY        0.0           2.9  1942   0.1   -0.1      0.0
  MONTH TO DATE    0.0                       0.9   -0.9       T
  SINCE SEP 1      0.0                       1.1   -1.1       T
  SINCE JUL 1      0.0                       1.1   -1.1       T
  SNOW DEPTH       0

DEGREE DAYS
 HEATING
  YESTERDAY       16                        24     -8       28
  MONTH TO DATE  331                       450   -119      470
  SINCE SEP 1    562                       691   -129      593
  SINCE JUL 1    615                       744   -129      608

 COOLING
  YESTERDAY        0                         0      0        0
  MONTH TO DATE    0                         0      0        0
  SINCE SEP 1     23                        37    -14       86
  SINCE JAN 1    495                       532    -37      563
..................................................................


WIND (MPH)
  HIGHEST WIND SPEED    28   HIGHEST WIND DIRECTION     W (280)
  HIGHEST GUST SPEED    36   HIGHEST GUST DIRECTION     W (280)
  AVERAGE WIND SPEED    10.3


SKY COVER
  POSSIBLE SUNSHINE  MM
  AVERAGE SKY COVER 0.2


WEATHER CONDITIONS
 THE FOLLOWING WEATHER WAS RECORDED YESTERDAY.
  LIGHT RAIN


RELATIVE HUMIDITY (PERCENT)
 HIGHEST    71           300 AM
 LOWEST     28           400 PM
 AVERAGE    50

..........................................................


THE GLASGOW MT CLIMATE NORMALS FOR TODAY
                         NORMAL    RECORD    YEAR
 MAXIMUM TEMPERATURE (F)   52        80      1990
                                             1924
 MINIMUM TEMPERATURE (F)   29        -7      1919


SUNRISE AND SUNSET
OCTOBER 25 2014.......SUNRISE   741 AM MDT   SUNSET   559 PM MDT
OCTOBER 26 2014.......SUNRISE   743 AM MDT   SUNSET   557 PM MDT


-  INDICATES NEGATIVE NUMBERS.
R  INDICATES RECORD WAS SET OR TIED.
MM INDICATES DATA IS MISSING.
T  INDICATES TRACE AMOUNT.

$$
