285
CDUS45 KGGW 270740
CLIGGW


CLIMATE REPORT
NATIONAL WEATHER SERVICE GLASGOW MT
140 AM MDT WED JUL 27 2016


...................................

...THE GLASGOW MT CLIMATE SUMMARY FOR JULY 26 2016...

CLIMATE NORMAL PERIOD 1981 TO 2010
CLIMATE RECORD PERIOD 1893 TO 2016


WEATHER ITEM   OBSERVED TIME   RECORD YEAR NORMAL DEPARTURE LAST
                VALUE   (LST)  VALUE       VALUE  FROM      YEAR
                                                  NORMAL
..................................................................
TEMPERATURE (F)
 YESTERDAY
  MAXIMUM         84    350 PM 106    1929  87     -3       92
  MINIMUM         61   1159 PM  38    1913  59      2       64
  AVERAGE         73                        73      0       78

PRECIPITATION (IN)
  YESTERDAY        0.16          1.41 2011   0.05   0.11     0.01
  MONTH TO DATE    3.00                      1.55   1.45     0.58
  SINCE OCT 1     17.70                      9.25   8.45     8.74
  SINCE JAN 1     14.72                      7.70   7.02     7.48

SNOWFALL (IN)
  YESTERDAY        0.0           0.0  2002   0.0    0.0      0.0
                                      2001
                                      2000
  MONTH TO DATE    0.0                       0.0    0.0      0.0
  SINCE JUN 1      0.0                       0.0    0.0      0.0
  SINCE JUL 1      0.0                       0.0    0.0      0.0
  SNOW DEPTH       0

DEGREE DAYS
 HEATING
  YESTERDAY        0                         0      0        0
  MONTH TO DATE    8                        15     -7        2
  SINCE JUN 1     40                       120    -80       48
  SINCE JUL 1      8                        15     -7        2

 COOLING
  YESTERDAY        8                         8      0       13
  MONTH TO DATE  133                       167    -34      197
  SINCE JUN 1    202                       242    -40      324
  SINCE JAN 1    213                       259    -46      324
..................................................................


WIND (MPH)
  HIGHEST WIND SPEED    26   HIGHEST WIND DIRECTION    SW (220)
  HIGHEST GUST SPEED    45   HIGHEST GUST DIRECTION     S (200)
  AVERAGE WIND SPEED    13.8


SKY COVER
  POSSIBLE SUNSHINE  MM
  AVERAGE SKY COVER 0.2


WEATHER CONDITIONS
 THE FOLLOWING WEATHER WAS RECORDED YESTERDAY.
  THUNDERSTORM
  HEAVY RAIN
  RAIN
  LIGHT RAIN
  FOG


RELATIVE HUMIDITY (PERCENT)
 HIGHEST    87           400 AM
 LOWEST     43           300 PM
 AVERAGE    65

..........................................................


THE GLASGOW MT CLIMATE NORMALS FOR TODAY
                         NORMAL    RECORD    YEAR
 MAXIMUM TEMPERATURE (F)   87       106      1951
                                             1933
 MINIMUM TEMPERATURE (F)   59        41      1894


SUNRISE AND SUNSET
JULY 27 2016..........SUNRISE   536 AM MDT   SUNSET   849 PM MDT
JULY 28 2016..........SUNRISE   538 AM MDT   SUNSET   847 PM MDT


-  INDICATES NEGATIVE NUMBERS.
R  INDICATES RECORD WAS SET OR TIED.
MM INDICATES DATA IS MISSING.
T  INDICATES TRACE AMOUNT.




$$
