000
CDUS45 KGGW 010016
CLIGGW


CLIMATE REPORT
NATIONAL WEATHER SERVICE GLASGOW MT
615 PM MDT FRI OCT 31 2014


...................................

...THE GLASGOW MT CLIMATE SUMMARY FOR OCTOBER 31 2014...
VALID TODAY AS OF 0500 PM LOCAL TIME.

CLIMATE NORMAL PERIOD 1981 TO 2010
CLIMATE RECORD PERIOD 1893 TO 2014


WEATHER ITEM   OBSERVED TIME   RECORD YEAR NORMAL DEPARTURE LAST
                VALUE   (LST)  VALUE       VALUE  FROM      YEAR
                                                  NORMAL
..................................................................
TEMPERATURE (F)
 TODAY
  MAXIMUM         55        MM  79    1999  49      6       52
  MINIMUM         32    700 AM  -6    1935  26      6       27
  AVERAGE         44                        38      6       40

PRECIPITATION (IN)
  TODAY            0.00          0.99 1893   0.01  -0.01      T
  MONTH TO DATE    0.41                      0.75  -0.34     0.24
  SINCE OCT 1      0.41                      0.75  -0.34     0.24
  SINCE JAN 1     14.15                     10.86   3.29    14.66

SNOWFALL (IN)
  TODAY            0.0           1.2  1942   0.1   -0.1      0.0
  MONTH TO DATE    T                         1.3   -1.3      0.1
  SINCE SEP 1      T                         1.5   -1.5      0.1
  SINCE JUL 1      T                         1.5   -1.5      0.1
  SNOW DEPTH       0

DEGREE DAYS
 HEATING
  TODAY           21                        27     -6       25
  MONTH TO DATE  485                       630   -145      667
  SINCE SEP 1    716                       871   -155      790
  SINCE JUL 1    769                       924   -155      805

 COOLING
  TODAY            0                         0      0        0
  MONTH TO DATE    0                         1     -1        0
  SINCE SEP 1     23                        38    -15       86
  SINCE JAN 1    495                       533    -38      563
..................................................................


WIND (MPH)
  HIGHEST WIND SPEED    27   HIGHEST WIND DIRECTION    SE (140)
  HIGHEST GUST SPEED    35   HIGHEST GUST DIRECTION    SE (150)
  AVERAGE WIND SPEED    21.9


SKY COVER
  POSSIBLE SUNSHINE  MM
  AVERAGE SKY COVER 0.1


WEATHER CONDITIONS
 THE FOLLOWING WEATHER WAS RECORDED TODAY.
  FOG


RELATIVE HUMIDITY (PERCENT)
 HIGHEST    85           600 AM
 LOWEST     46           300 PM
 AVERAGE    66

..........................................................


THE GLASGOW MT CLIMATE NORMALS FOR TOMORROW
                         NORMAL    RECORD    YEAR
 MAXIMUM TEMPERATURE (F)   48        76      1901
 MINIMUM TEMPERATURE (F)   26       -10      1984


SUNRISE AND SUNSET
OCTOBER 31 2014.......SUNRISE   751 AM MDT   SUNSET   549 PM MDT
NOVEMBER  1 2014......SUNRISE   752 AM MDT   SUNSET   549 PM MDT


-  INDICATES NEGATIVE NUMBERS.
R  INDICATES RECORD WAS SET OR TIED.
MM INDICATES DATA IS MISSING.
T  INDICATES TRACE AMOUNT.




$$
