000
CDUS45 KGGW 070017
CLIGGW


CLIMATE REPORT
NATIONAL WEATHER SERVICE GLASGOW MT
616 PM MDT MON JUL 6 2015


...................................

...THE GLASGOW MT CLIMATE SUMMARY FOR JULY 6 2015...
VALID TODAY AS OF 0500 PM LOCAL TIME.

CLIMATE NORMAL PERIOD 1981 TO 2010
CLIMATE RECORD PERIOD 1893 TO 2015


WEATHER ITEM   OBSERVED TIME   RECORD YEAR NORMAL DEPARTURE LAST
                VALUE   (LST)  VALUE       VALUE  FROM      YEAR
                                                  NORMAL
..................................................................
TEMPERATURE (F)
 TODAY
  MAXIMUM         75        MM 107    1936  83     -8       92
  MINIMUM         55        MM  35    1934  56     -1       57
  AVERAGE         65                        69     -4       75

PRECIPITATION (IN)
  TODAY           MM             1.05 2009   0.06  MM        0.00
  MONTH TO DATE    0.29                      0.38  -0.09     0.00
  SINCE OCT 1      8.45                      8.08   0.37     7.10
  SINCE JAN 1      7.19                      6.53   0.66     5.65

SNOWFALL (IN)
  TODAY            0.0           T    2000   0.0    0.0      0.0
  MONTH TO DATE    0.0                       0.0    0.0      0.0
  SINCE JUN 1      0.0                       0.0    0.0      0.0
  SINCE JUL 1      0.0                       0.0    0.0      0.0
  SNOW DEPTH       0

DEGREE DAYS
 HEATING
  TODAY            0                         1     -1        0
  MONTH TO DATE    0                         6     -6        0
  SINCE JUN 1     46                       111    -65      108
  SINCE JUL 1      0                         6     -6        0

 COOLING
  TODAY            0                         5     -5       10
  MONTH TO DATE   34                        29      5       41
  SINCE JUN 1    161                       104     57       61
  SINCE JAN 1    161                       121     40       95
..................................................................


WIND (MPH)
  HIGHEST WIND SPEED    10   HIGHEST WIND DIRECTION    SW (210)
  HIGHEST GUST SPEED    16   HIGHEST GUST DIRECTION     W (250)
  AVERAGE WIND SPEED     6.3


SKY COVER
  POSSIBLE SUNSHINE  MM
  AVERAGE SKY COVER 0.4


WEATHER CONDITIONS
 THE FOLLOWING WEATHER WAS RECORDED TODAY.
  LIGHT RAIN


RELATIVE HUMIDITY (PERCENT)
 HIGHEST    86          1200 AM
 LOWEST     33           200 PM
 AVERAGE    60

..........................................................


THE GLASGOW MT CLIMATE NORMALS FOR TOMORROW
                         NORMAL    RECORD    YEAR
 MAXIMUM TEMPERATURE (F)   83       103      1894
 MINIMUM TEMPERATURE (F)   56        43      1940
                                             1901


SUNRISE AND SUNSET
JULY  6 2015..........SUNRISE   513 AM MDT   SUNSET   909 PM MDT
JULY  7 2015..........SUNRISE   514 AM MDT   SUNSET   908 PM MDT


-  INDICATES NEGATIVE NUMBERS.
R  INDICATES RECORD WAS SET OR TIED.
MM INDICATES DATA IS MISSING.
T  INDICATES TRACE AMOUNT.




$$
