868
CDUS45 KGGW 220740
CLIGGW


CLIMATE REPORT
NATIONAL WEATHER SERVICE GLASGOW MT
140 AM MDT SAT JUL 22 2017


...................................

...THE GLASGOW MT CLIMATE SUMMARY FOR JULY 21 2017...

CLIMATE NORMAL PERIOD 1981 TO 2010
CLIMATE RECORD PERIOD 1893 TO 2017


WEATHER ITEM   OBSERVED TIME   RECORD YEAR NORMAL DEPARTURE LAST
                VALUE   (LST)  VALUE       VALUE  FROM      YEAR
                                                  NORMAL
..................................................................
TEMPERATURE (F)
 YESTERDAY
  MAXIMUM         89    313 PM 108    1936  86      3       90
  MINIMUM         61   1125 PM  36    1896  58      3       58
  AVERAGE         75                        72      3       74

PRECIPITATION (IN)
  YESTERDAY        0.00          1.15 1923   0.05  -0.05     0.00
  MONTH TO DATE    0.48                      1.29  -0.81     2.84
  SINCE OCT 1      6.76                      8.99  -2.23    17.54
  SINCE JAN 1      3.23                      7.44  -4.21    14.56

SNOWFALL (IN)
  YESTERDAY        0.0           T    1999   0.0    0.0      0.0
  MONTH TO DATE    0.0                       0.0    0.0      0.0
  SINCE JUN 1      0.0                       0.0    0.0      0.0
  SINCE JUL 1      0.0                       0.0    0.0      0.0
  SNOW DEPTH       0

DEGREE DAYS
 HEATING
  YESTERDAY        0                         0      0        0
  MONTH TO DATE    0                        15    -15        8
  SINCE JUN 1     47                       120    -73       40
  SINCE JUL 1      0                        15    -15        8

 COOLING
  YESTERDAY       10                         8      2        9
  MONTH TO DATE  263                       127    136       89
  SINCE JUN 1    343                       202    141      158
  SINCE JAN 1    358                       219    139      169
..................................................................


WIND (MPH)
  HIGHEST WIND SPEED    26   HIGHEST WIND DIRECTION    NW (300)
  HIGHEST GUST SPEED    33   HIGHEST GUST DIRECTION     W (290)
  AVERAGE WIND SPEED    13.9


SKY COVER
  POSSIBLE SUNSHINE  MM
  AVERAGE SKY COVER 0.0


WEATHER CONDITIONS
 THE FOLLOWING WEATHER WAS RECORDED YESTERDAY.
  NO SIGNIFICANT WEATHER WAS OBSERVED.


RELATIVE HUMIDITY (PERCENT)
 HIGHEST    68           600 AM
 LOWEST     11           600 PM
 AVERAGE    40

..........................................................


THE GLASGOW MT CLIMATE NORMALS FOR TODAY
                         NORMAL    RECORD    YEAR
 MAXIMUM TEMPERATURE (F)   87       103      2007
                                             1963
 MINIMUM TEMPERATURE (F)   58        45      1950
                                             1926
                                             1913


SUNRISE AND SUNSET
JULY 22 2017..........SUNRISE   530 AM MDT   SUNSET   855 PM MDT
JULY 23 2017..........SUNRISE   531 AM MDT   SUNSET   854 PM MDT


-  INDICATES NEGATIVE NUMBERS.
R  INDICATES RECORD WAS SET OR TIED.
MM INDICATES DATA IS MISSING.
T  INDICATES TRACE AMOUNT.




$$
