000
CDUS45 KGGW 280741
CLIGGW


CLIMATE REPORT
NATIONAL WEATHER SERVICE GLASGOW MT
141 AM MDT SUN MAY 28 2017


...................................

...THE GLASGOW MT CLIMATE SUMMARY FOR MAY 27 2017...

CLIMATE NORMAL PERIOD 1981 TO 2010
CLIMATE RECORD PERIOD 1893 TO 2017


WEATHER ITEM   OBSERVED TIME   RECORD YEAR NORMAL DEPARTURE LAST
                VALUE   (LST)  VALUE       VALUE  FROM      YEAR
                                                  NORMAL
..................................................................
TEMPERATURE (F)
 YESTERDAY
  MAXIMUM         79    435 PM  96    1934  71      8       70
                                      1919
  MINIMUM         46   1250 AM  28    1947  46      0       47
  AVERAGE         63                        58      5       59

PRECIPITATION (IN)
  YESTERDAY        0.00          1.15 1912   0.08  -0.08     0.00
  MONTH TO DATE    0.58                      1.59  -1.01     4.08
  SINCE OCT 1      6.14                      5.04   1.10    10.81
  SINCE JAN 1      2.61                      3.49  -0.88     7.83

SNOWFALL (IN)
  YESTERDAY        0.0           3.7  1911   0.0    0.0      0.0
  MONTH TO DATE    0.0                       1.2   -1.2      0.0
  SINCE MAR 1      6.2                       7.8   -1.6      6.1
  SINCE JUL 1     37.7                      34.8    2.9     27.6
  SNOW DEPTH       0

DEGREE DAYS
 HEATING
  YESTERDAY        2                         7     -5        6
  MONTH TO DATE  244                       297    -53      240
  SINCE MAR 1   1781                      1934   -153     1563
  SINCE JUL 1   7888                      8304   -416     7028

 COOLING
  YESTERDAY        0                         1     -1        0
  MONTH TO DATE   15                         7      8       11
  SINCE MAR 1     15                         8      7       11
  SINCE JAN 1     15                         8      7       11
..................................................................


WIND (MPH)
  HIGHEST WIND SPEED    31   HIGHEST WIND DIRECTION    NW (330)
  HIGHEST GUST SPEED    39   HIGHEST GUST DIRECTION    NW (320)
  AVERAGE WIND SPEED    11.9


SKY COVER
  POSSIBLE SUNSHINE  MM
  AVERAGE SKY COVER 0.5


WEATHER CONDITIONS
 THE FOLLOWING WEATHER WAS RECORDED YESTERDAY.
  NO SIGNIFICANT WEATHER WAS OBSERVED.


RELATIVE HUMIDITY (PERCENT)
 HIGHEST    76           100 AM
 LOWEST     19           400 PM
 AVERAGE    48

..........................................................


THE GLASGOW MT CLIMATE NORMALS FOR TODAY
                         NORMAL    RECORD    YEAR
 MAXIMUM TEMPERATURE (F)   71        97      1934
                                             1919
 MINIMUM TEMPERATURE (F)   47        20      1947


SUNRISE AND SUNSET
MAY 28 2017...........SUNRISE   513 AM MDT   SUNSET   855 PM MDT
MAY 29 2017...........SUNRISE   512 AM MDT   SUNSET   856 PM MDT


-  INDICATES NEGATIVE NUMBERS.
R  INDICATES RECORD WAS SET OR TIED.
MM INDICATES DATA IS MISSING.
T  INDICATES TRACE AMOUNT.




$$
