000
CDUS45 KGGW 240020
CLIGGW


CLIMATE REPORT
NATIONAL WEATHER SERVICE GLASGOW MT
519 PM MST FRI FEB 23 2018


...................................

...THE GLASGOW MT CLIMATE SUMMARY FOR FEBRUARY 23 2018...
VALID TODAY AS OF 0500 PM LOCAL TIME.

CLIMATE NORMAL PERIOD 1981 TO 2010
CLIMATE RECORD PERIOD 1893 TO 2018


WEATHER ITEM   OBSERVED TIME   RECORD YEAR NORMAL DEPARTURE LAST
                VALUE   (LST)  VALUE       VALUE  FROM      YEAR
                                                  NORMAL
..................................................................
TEMPERATURE (F)
 TODAY
  MAXIMUM          7    426 PM  59    1976  32    -25       30
  MINIMUM        -18    500 AM -27    1917  12    -30       23
  AVERAGE         -5                        22    -27       27

PRECIPITATION (IN)
  TODAY            0.00          0.18 1994   0.01  -0.01      T
  MONTH TO DATE    0.76                      0.21   0.55     0.49
  SINCE OCT 1      2.93                      2.13   0.80     4.49
  SINCE JAN 1      1.13                      0.58   0.55     0.96

SNOWFALL (IN)
  TODAY            0.0           4.2  1994   0.2   -0.2       T
  MONTH TO DATE   16.3                       3.6   12.7      7.6
  SINCE DEC 1     36.6                      19.6   17.0     29.5
  SINCE JUL 1     38.2                      26.2   12.0     29.9
  SNOW DEPTH       6

DEGREE DAYS
 HEATING
  TODAY           70                        43     27       38
  MONTH TO DATE 1539                      1072    467      954
  SINCE DEC 1   4685                      4168    517     4268
  SINCE JUL 1   6620                      6161    459     5887

 COOLING
  TODAY            0                         0      0        0
  MONTH TO DATE    0                         0      0        0
  SINCE DEC 1      0                         0      0        0
  SINCE JAN 1      0                         0      0        0
..................................................................


WIND (MPH)
  HIGHEST WIND SPEED    15   HIGHEST WIND DIRECTION    SE (120)
  HIGHEST GUST SPEED    17   HIGHEST GUST DIRECTION    SE (120)
  AVERAGE WIND SPEED     8.2


SKY COVER
  POSSIBLE SUNSHINE  MM
  AVERAGE SKY COVER 0.0


WEATHER CONDITIONS
 THE FOLLOWING WEATHER WAS RECORDED TODAY.
  HAZE


RELATIVE HUMIDITY (PERCENT)
 HIGHEST    81          1200 AM
 LOWEST     70           700 AM
 AVERAGE    76

..........................................................


THE GLASGOW MT CLIMATE NORMALS FOR TOMORROW
                         NORMAL    RECORD    YEAR
 MAXIMUM TEMPERATURE (F)   32        58      1921
 MINIMUM TEMPERATURE (F)   12       -36      1922


SUNRISE AND SUNSET
FEBRUARY 23 2018......SUNRISE   659 AM MST   SUNSET   542 PM MST
FEBRUARY 24 2018......SUNRISE   657 AM MST   SUNSET   543 PM MST


-  INDICATES NEGATIVE NUMBERS.
R  INDICATES RECORD WAS SET OR TIED.
MM INDICATES DATA IS MISSING.
T  INDICATES TRACE AMOUNT.




$$
