000
CDUS45 KGGW 220031
CLIGGW


CLIMATE REPORT
NATIONAL WEATHER SERVICE GLASGOW MT
530 PM MST TUE NOV 21 2017


...................................

...THE GLASGOW MT CLIMATE SUMMARY FOR NOVEMBER 21 2017...
VALID TODAY AS OF 0500 PM LOCAL TIME.

CLIMATE NORMAL PERIOD 1981 TO 2010
CLIMATE RECORD PERIOD 1893 TO 2017


WEATHER ITEM   OBSERVED TIME   RECORD YEAR NORMAL DEPARTURE LAST
                VALUE   (LST)  VALUE       VALUE  FROM      YEAR
                                                  NORMAL
..................................................................
TEMPERATURE (F)
 TODAY
  MAXIMUM         18    343 PM  67    1917  36    -18       44
  MINIMUM          1    724 AM -26    1896  16    -15       32
  AVERAGE         10                        26    -16       38

PRECIPITATION (IN)
  TODAY            0.00          0.17 1940   0.01  -0.01     0.00
  MONTH TO DATE    0.11                      0.29  -0.18     0.06
  SINCE OCT 1      1.02                      1.04  -0.02     3.17
  SINCE JAN 1      5.86                     11.15  -5.29    20.50

SNOWFALL (IN)
  TODAY            0.0           2.2  2003   0.2   -0.2      0.0
  MONTH TO DATE    0.9                       3.3   -2.4       T
  SINCE SEP 1      1.6                       4.8   -3.2      0.4
  SINCE JUL 1      1.6                       4.8   -3.2      0.4
  SNOW DEPTH       0  (12Z / 5AM MST)

DEGREE DAYS
 HEATING
  TODAY           55                        39     16       27
  MONTH TO DATE  858                       698    160      448
  SINCE SEP 1   1705                      1569    136     1287
  SINCE JUL 1   1712                      1622     90     1321

 COOLING
  TODAY            0                         0      0        0
  MONTH TO DATE    0                         0      0        0
  SINCE SEP 1     54                        38     16       29
  SINCE JAN 1    684                       533    151      434
..................................................................


WIND (MPH)
  HIGHEST WIND SPEED    18   HIGHEST WIND DIRECTION    NW (330)
  HIGHEST GUST SPEED    24   HIGHEST GUST DIRECTION    NW (320)
  AVERAGE WIND SPEED     7.2


SKY COVER
  POSSIBLE SUNSHINE  MM
  AVERAGE SKY COVER 0.3


WEATHER CONDITIONS
 THE FOLLOWING WEATHER WAS RECORDED TODAY.
  NO SIGNIFICANT WEATHER WAS OBSERVED.


RELATIVE HUMIDITY (PERCENT)
 HIGHEST    87           500 AM
 LOWEST     46           200 PM
 AVERAGE    67

..........................................................


THE GLASGOW MT CLIMATE NORMALS FOR TOMORROW
                         NORMAL    RECORD    YEAR
 MAXIMUM TEMPERATURE (F)   36        69      1954
 MINIMUM TEMPERATURE (F)   16       -25      1900


SUNRISE AND SUNSET
NOVEMBER 21 2017......SUNRISE   723 AM MST   SUNSET   422 PM MST
NOVEMBER 22 2017......SUNRISE   724 AM MST   SUNSET   421 PM MST


-  INDICATES NEGATIVE NUMBERS.
R  INDICATES RECORD WAS SET OR TIED.
MM INDICATES DATA IS MISSING.
T  INDICATES TRACE AMOUNT.




$$
