000
CDUS45 KGGW 311230
CLIGGW


CLIMATE REPORT
NATIONAL WEATHER SERVICE GLASGOW MT
530 AM MST SAT JAN 31 2015


...................................

...THE GLASGOW MT CLIMATE SUMMARY FOR JANUARY 31 2015...
VALID AS OF 0500 AM LOCAL TIME.

CLIMATE NORMAL PERIOD 1981 TO 2010
CLIMATE RECORD PERIOD 1893 TO 2015


WEATHER ITEM   OBSERVED TIME   RECORD YEAR NORMAL DEPARTURE LAST
                VALUE   (LST)  VALUE       VALUE  FROM      YEAR
                                                  NORMAL
..................................................................
TEMPERATURE (F)
 TODAY
  MINIMUM         22    500 AM -46    1918   6     16      -12

PRECIPITATION (IN)
  TODAY            0.00          0.41 1939   0.01  -0.01      T
  MONTH TO DATE    0.63                      0.37   0.26     0.13
  SINCE OCT 1      1.89                      1.92  -0.03     1.58
  SINCE JAN 1      0.63                      0.37   0.26     0.13

SNOWFALL (IN)
  TODAY            0.0           4.3  1939   0.2   -0.2       T
  MONTH TO DATE   16.1                       8.0    8.1      1.1
  SINCE DEC 1     16.3                      16.0    0.3     16.2
  SINCE JUL 1     27.7                      22.6    5.1     19.9
  SNOW DEPTH       0  (12Z / 5 AM MST)

DEGREE DAYS
 HEATING
  TODAY           39                        50    -11       62
  MONTH TO DATE 1396                      1590   -194     1442
  SINCE DEC 1   2711                      3096   -385     3221
  SINCE JUL 1   4796                      5089   -293     5132

 COOLING
  TODAY            0                         0      0        0
  MONTH TO DATE    0                         0      0        0
  SINCE DEC 1      0                         0      0        0
  SINCE JAN 1      0                         0      0        0
..................................................................





WEATHER CONDITIONS
 THE FOLLOWING WEATHER WAS RECORDED TODAY.
  FOG


RELATIVE HUMIDITY (PERCENT)
 HIGHEST    92           100 AM

..........................................................


THE GLASGOW MT CLIMATE NORMALS FOR TOMORROW
                         NORMAL    RECORD    YEAR
 MAXIMUM TEMPERATURE (F)   25        57      1992
 MINIMUM TEMPERATURE (F)    6       -46      1905


SUNRISE AND SUNSET
JANUARY 31 2015.......SUNRISE   736 AM MST   SUNSET   504 PM MST
FEBRUARY  1 2015......SUNRISE   735 AM MST   SUNSET   506 PM MST


-  INDICATES NEGATIVE NUMBERS.
R  INDICATES RECORD WAS SET OR TIED.
MM INDICATES DATA IS MISSING.
T  INDICATES TRACE AMOUNT.




$$
