000
CDUS45 KGGW 240020
CLIGGW


CLIMATE REPORT
NATIONAL WEATHER SERVICE GLASGOW MT
618 PM MDT WED JUL 23 2014


...................................

...THE GLASGOW MT CLIMATE SUMMARY FOR JULY 23 2014...
VALID TODAY AS OF 0500 PM LOCAL TIME.

CLIMATE NORMAL PERIOD 1981 TO 2010
CLIMATE RECORD PERIOD 1893 TO 2014


WEATHER ITEM   OBSERVED TIME   RECORD YEAR NORMAL DEPARTURE LAST
                VALUE   (LST)  VALUE       VALUE  FROM      YEAR
                                                  NORMAL
..................................................................
TEMPERATURE (F)
 TODAY
  MAXIMUM         93        MM 106    1931  87      6       84
  MINIMUM         60        MM  36    1911  58      2       55
  AVERAGE         77                        72      5       70

PRECIPITATION (IN)
  TODAY            0.00          1.03 2012   0.05  -0.05      T
  MONTH TO DATE    0.54                      1.40  -0.86     0.73
  SINCE OCT 1      7.64                      9.10  -1.46    14.39
  SINCE JAN 1      6.19                      7.55  -1.36    12.19

SNOWFALL (IN)
  TODAY            0.0           0.0  2002   0.0    0.0      0.0
                                      2001
                                      2000
  MONTH TO DATE    0.0                       0.0    0.0      0.0
  SINCE JUN 1      0.0                       0.0    0.0      0.0
  SINCE JUL 1      0.0                       0.0    0.0      0.0
  SNOW DEPTH       0

DEGREE DAYS
 HEATING
  TODAY            0                         0      0        0
  MONTH TO DATE    4                        15    -11        3
  SINCE JUN 1    112                       120     -8       87
  SINCE JUL 1      4                        15    -11        3

 COOLING
  TODAY           12                         8      4        5
  MONTH TO DATE  155                       143     12      153
  SINCE JUN 1    175                       218    -43      202
  SINCE JAN 1    209                       235    -26      211
..................................................................


WIND (MPH)
  HIGHEST WIND SPEED    25   HIGHEST WIND DIRECTION    SE (130)
  HIGHEST GUST SPEED    35   HIGHEST GUST DIRECTION    SE (140)
  AVERAGE WIND SPEED    15.0


SKY COVER
  POSSIBLE SUNSHINE  MM
  AVERAGE SKY COVER 0.0


WEATHER CONDITIONS
 THE FOLLOWING WEATHER WAS RECORDED TODAY.
  NO SIGNIFICANT WEATHER WAS OBSERVED.


RELATIVE HUMIDITY (PERCENT)
 HIGHEST    90           500 AM
 LOWEST     30           300 PM
 AVERAGE    60

..........................................................


THE GLASGOW MT CLIMATE NORMALS FOR TOMORROW
                         NORMAL    RECORD    YEAR
 MAXIMUM TEMPERATURE (F)   87       108      1929
 MINIMUM TEMPERATURE (F)   58        42      1901


SUNRISE AND SUNSET
JULY 23 2014..........SUNRISE   531 AM MDT   SUNSET   854 PM MDT
JULY 24 2014..........SUNRISE   532 AM MDT   SUNSET   853 PM MDT


-  INDICATES NEGATIVE NUMBERS.
R  INDICATES RECORD WAS SET OR TIED.
MM INDICATES DATA IS MISSING.
T  INDICATES TRACE AMOUNT.




$$
