000
CDUS45 KGGW 250742
CLIGGW


CLIMATE REPORT
NATIONAL WEATHER SERVICE GLASGOW MT
141 AM MDT MON SEP 25 2017


...................................

...THE GLASGOW MT CLIMATE SUMMARY FOR SEPTEMBER 24 2017...

CLIMATE NORMAL PERIOD 1981 TO 2010
CLIMATE RECORD PERIOD 1893 TO 2017


WEATHER ITEM   OBSERVED TIME   RECORD YEAR NORMAL DEPARTURE LAST
                VALUE   (LST)  VALUE       VALUE  FROM      YEAR
                                                  NORMAL
..................................................................
TEMPERATURE (F)
 YESTERDAY
  MAXIMUM         54    354 PM  93    1917  68    -14       54
  MINIMUM         39   1159 PM  20    1926  41     -2       44
  AVERAGE         47                        54     -7       49

PRECIPITATION (IN)
  YESTERDAY        0.00          0.89 1931   0.03  -0.03     0.21
  MONTH TO DATE    1.12                      0.75   0.37     1.67
  SINCE OCT 1      8.37                     11.47  -3.10    20.31
  SINCE JAN 1      4.84                      9.92  -5.08    17.33

SNOWFALL (IN)
  YESTERDAY        0.0           2.3  1951   0.0    0.0      0.0
  MONTH TO DATE    0.0                       0.1   -0.1      0.0
  SINCE SEP 1      0.0                       0.1   -0.1      0.0
  SINCE JUL 1      0.0                       0.1   -0.1      0.0
  SNOW DEPTH       0

DEGREE DAYS
 HEATING
  YESTERDAY       18                        11      7       16
  MONTH TO DATE  181                       167     14      196
  SINCE SEP 1    181                       167     14      196
  SINCE JUL 1    188                       220    -32      230

 COOLING
  YESTERDAY        0                         0      0        0
  MONTH TO DATE   54                        37     17       26
  SINCE SEP 1     54                        37     17       26
  SINCE JAN 1    684                       532    152      431
..................................................................


WIND (MPH)
  HIGHEST WIND SPEED    10   HIGHEST WIND DIRECTION     E (100)
  HIGHEST GUST SPEED    12   HIGHEST GUST DIRECTION     E (100)
  AVERAGE WIND SPEED     2.8


SKY COVER
  POSSIBLE SUNSHINE  MM
  AVERAGE SKY COVER 0.8


WEATHER CONDITIONS
 THE FOLLOWING WEATHER WAS RECORDED YESTERDAY.
  NO SIGNIFICANT WEATHER WAS OBSERVED.


RELATIVE HUMIDITY (PERCENT)
 HIGHEST    92          1000 PM
 LOWEST     50           300 PM
 AVERAGE    71

..........................................................


THE GLASGOW MT CLIMATE NORMALS FOR TODAY
                         NORMAL    RECORD    YEAR
 MAXIMUM TEMPERATURE (F)   67        93      2015
 MINIMUM TEMPERATURE (F)   41        14      1928


SUNRISE AND SUNSET
SEPTEMBER 25 2017.....SUNRISE   658 AM MDT   SUNSET   657 PM MDT
SEPTEMBER 26 2017.....SUNRISE   659 AM MDT   SUNSET   655 PM MDT


-  INDICATES NEGATIVE NUMBERS.
R  INDICATES RECORD WAS SET OR TIED.
MM INDICATES DATA IS MISSING.
T  INDICATES TRACE AMOUNT.

$$
