076
CDUS45 KGJT 290730
CLIGJT


CLIMATE REPORT
NATIONAL WEATHER SERVICE GRAND JUNCTION CO
126 AM MDT FRI APR 29 2016


...................................

...THE GRAND JUNCTION CO CLIMATE SUMMARY FOR APRIL 28 2016...

CLIMATE NORMAL PERIOD 1981 TO 2010
CLIMATE RECORD PERIOD 1893 TO 2016


WEATHER ITEM   OBSERVED TIME   RECORD YEAR NORMAL DEPARTURE LAST
                VALUE   (LST)  VALUE       VALUE  FROM      YEAR
                                                  NORMAL
..................................................................
TEMPERATURE (F)
 YESTERDAY
  MAXIMUM         55    233 PM  86    2000  70    -15       70
  MINIMUM         40   1128 PM  25    1991  42     -2       42
  AVERAGE         48                        56     -8       56

PRECIPITATION (IN)
  YESTERDAY        0.51          0.65 1944   0.03   0.48     0.00
  MONTH TO DATE    1.55                      0.85   0.70     2.12
  SINCE MAR 1      2.62                      1.77   0.85     2.39
  SINCE JAN 1      3.99                      2.89   1.10     3.25

SNOWFALL (IN)
  YESTERDAY        T             0.8  1917   0.0    0.0      0.0
  MONTH TO DATE    T                         0.9   -0.9      2.0
  SINCE MAR 1      1.1                       3.5   -2.4      3.9
  SINCE JUL 1     28.5                      19.0    9.5     12.5
  SNOW DEPTH       0

DEGREE DAYS
 HEATING
  YESTERDAY       17                        10      7        9
  MONTH TO DATE  395                       384     11      426
  SINCE MAR 1   1009                      1037    -28      949
  SINCE JUL 1   5487                      5416     71     4934

 COOLING
  YESTERDAY        0                         0      0        0
  MONTH TO DATE    0                         0      0        0
  SINCE MAR 1      0                         0      0        0
  SINCE JAN 1      0                         0      0        0
..................................................................


WIND (MPH)
  HIGHEST WIND SPEED    18   HIGHEST WIND DIRECTION     W (260)
  HIGHEST GUST SPEED    21   HIGHEST GUST DIRECTION     W (270)
  AVERAGE WIND SPEED     6.6


SKY COVER
  POSSIBLE SUNSHINE  MM
  AVERAGE SKY COVER 0.5


WEATHER CONDITIONS
 THE FOLLOWING WEATHER WAS RECORDED YESTERDAY.
  THUNDERSTORM
  HEAVY RAIN
  RAIN
  LIGHT RAIN
  HAIL
  FOG


RELATIVE HUMIDITY (PERCENT)
 HIGHEST   100           600 AM
 LOWEST     54           200 PM
 AVERAGE    77

..........................................................


THE GRAND JUNCTION CO CLIMATE NORMALS FOR TODAY
                         NORMAL    RECORD    YEAR
 MAXIMUM TEMPERATURE (F)   70        89      1992
 MINIMUM TEMPERATURE (F)   42        24      1996


SUNRISE AND SUNSET
APRIL 29 2016.........SUNRISE   618 AM MDT   SUNSET   806 PM MDT
APRIL 30 2016.........SUNRISE   617 AM MDT   SUNSET   807 PM MDT


-  INDICATES NEGATIVE NUMBERS.
R  INDICATES RECORD WAS SET OR TIED.
MM INDICATES DATA IS MISSING.
T  INDICATES TRACE AMOUNT.




$$
