000
CDUS45 KGJT 250748
CLIGJT


CLIMATE REPORT
NATIONAL WEATHER SERVICE GRAND JUNCTION CO
130 AM MDT FRI JUL 25 2014


...................................

...THE GRAND JUNCTION CO CLIMATE SUMMARY FOR JULY 24 2014...

CLIMATE NORMAL PERIOD 1981 TO 2010
CLIMATE RECORD PERIOD 1893 TO 2014


WEATHER ITEM   OBSERVED TIME   RECORD YEAR NORMAL DEPARTURE LAST
                VALUE   (LST)  VALUE       VALUE  FROM      YEAR
                                                  NORMAL
..................................................................
TEMPERATURE (F)
 YESTERDAY
  MAXIMUM         94    413 PM 103    1940  93      1       89
                                      1931
  MINIMUM         76   1159 PM  53    1957  64     12       71
  AVERAGE         85                        79      6       80

PRECIPITATION (IN)
  YESTERDAY        T             0.62 1948   0.03  -0.03     0.00
  MONTH TO DATE    0.05                      0.44  -0.39     0.64
  SINCE JUN 1      0.18                      0.90  -0.72     0.65
  SINCE JAN 1      3.96                      4.73  -0.77     4.06

SNOWFALL (IN)
  YESTERDAY        0.0           0.0  2013   0.0    0.0      0.0
  MONTH TO DATE    0.0                       0.0    0.0      0.0
  SINCE JUN 1      0.0                       0.0    0.0      0.0
  SINCE JUL 1      0.0                       0.0    0.0      0.0
  SNOW DEPTH       0

DEGREE DAYS
 HEATING
  YESTERDAY        0                         0      0        0
  MONTH TO DATE    0                         0      0        0
  SINCE JUN 1     19                        22     -3        5
  SINCE JUL 1      0                         0      0        0

 COOLING
  YESTERDAY       20                        14      6       15
  MONTH TO DATE  377                       320     57      376
  SINCE JUN 1    575                       551     24      690
  SINCE JAN 1    634                       602     32      745
..................................................................


WIND (MPH)
  HIGHEST WIND SPEED    29   HIGHEST WIND DIRECTION     S (160)
  HIGHEST GUST SPEED    36   HIGHEST GUST DIRECTION     S (160)
  AVERAGE WIND SPEED    14.5


SKY COVER
  POSSIBLE SUNSHINE  MM
  AVERAGE SKY COVER 0.2


WEATHER CONDITIONS
 THE FOLLOWING WEATHER WAS RECORDED YESTERDAY.
  THUNDERSTORM
  LIGHT RAIN


RELATIVE HUMIDITY (PERCENT)
 HIGHEST    40          1100 PM
 LOWEST     20          1200 AM
 AVERAGE    30

..........................................................


THE GRAND JUNCTION CO CLIMATE NORMALS FOR TODAY
                         NORMAL    RECORD    YEAR
 MAXIMUM TEMPERATURE (F)   93       104      1931
 MINIMUM TEMPERATURE (F)   64        55      1986


SUNRISE AND SUNSET
JULY 25 2014..........SUNRISE   609 AM MDT   SUNSET   832 PM MDT
JULY 26 2014..........SUNRISE   609 AM MDT   SUNSET   831 PM MDT


-  INDICATES NEGATIVE NUMBERS.
R  INDICATES RECORD WAS SET OR TIED.
MM INDICATES DATA IS MISSING.
T  INDICATES TRACE AMOUNT.




$$
