000
CDUS45 KGJT 232335
CLIGJT


CLIMATE REPORT
NATIONAL WEATHER SERVICE GRAND JUNCTION CO
534 PM MDT MON OCT 23 2017


...................................

...THE GRAND JUNCTION CO CLIMATE SUMMARY FOR OCTOBER 23 2017...
VALID TODAY AS OF 0500 PM LOCAL TIME.

CLIMATE NORMAL PERIOD 1981 TO 2010
CLIMATE RECORD PERIOD 1893 TO 2017


WEATHER ITEM   OBSERVED TIME   RECORD YEAR NORMAL DEPARTURE LAST
                VALUE   (LST)  VALUE       VALUE  FROM      YEAR
                                                  NORMAL
..................................................................
TEMPERATURE (F)
 TODAY
  MAXIMUM         69    240 PM  78    1954  63      6       75
  MINIMUM         34    639 AM  23    2008  37     -3       46
  AVERAGE         52                        50      2       61

PRECIPITATION (IN)
  TODAY            0.00          0.78 1953   0.03  -0.03     0.00
  MONTH TO DATE    0.28                      0.81  -0.53     0.09
  SINCE SEP 1      1.02                      2.00  -0.98     0.77
  SINCE JAN 1      5.03                      7.85  -2.82     7.02

SNOWFALL (IN)
  TODAY            0.0           3.0  1920   0.0    0.0      0.0
  MONTH TO DATE    0.0                       0.2   -0.2      0.0
  SINCE SEP 1      0.0                       0.2   -0.2      0.0
  SINCE JUL 1      0.0                       0.2   -0.2      0.0
  SNOW DEPTH       0

DEGREE DAYS
 HEATING
  TODAY           13                        15     -2        4
  MONTH TO DATE  316                       239     77      185
  SINCE SEP 1    415                       310    105      232
  SINCE JUL 1    415                       313    102      232

 COOLING
  TODAY            0                         0      0        0
  MONTH TO DATE    0                         1     -1       10
  SINCE SEP 1    183                       104     79      131
  SINCE JAN 1   1479                      1123    356     1245
..................................................................


WIND (MPH)
  HIGHEST WIND SPEED    14   HIGHEST WIND DIRECTION     E (100)
  HIGHEST GUST SPEED    16   HIGHEST GUST DIRECTION     E (90)
  AVERAGE WIND SPEED     5.5


SKY COVER
  POSSIBLE SUNSHINE  MM
  AVERAGE SKY COVER 0.0


WEATHER CONDITIONS
 THE FOLLOWING WEATHER WAS RECORDED TODAY.
  NO SIGNIFICANT WEATHER WAS OBSERVED.


RELATIVE HUMIDITY (PERCENT)
 HIGHEST    64           600 AM
 LOWEST     24           200 PM
 AVERAGE    44

..........................................................


THE GRAND JUNCTION CO CLIMATE NORMALS FOR TOMORROW
                         NORMAL    RECORD    YEAR
 MAXIMUM TEMPERATURE (F)   63        77      1992
 MINIMUM TEMPERATURE (F)   37        18      1975


SUNRISE AND SUNSET
OCTOBER 23 2017.......SUNRISE   732 AM MDT   SUNSET   624 PM MDT
OCTOBER 24 2017.......SUNRISE   733 AM MDT   SUNSET   623 PM MDT


-  INDICATES NEGATIVE NUMBERS.
R  INDICATES RECORD WAS SET OR TIED.
MM INDICATES DATA IS MISSING.
T  INDICATES TRACE AMOUNT.




$$
