000
CDUS44 KJAN 022139
CLIGLH


CLIMATE REPORT
NATIONAL WEATHER SERVICE JACKSON MS
436 PM CDT WED SEP 2 2015


...................................

...THE GREENVILLE CLIMATE SUMMARY FOR SEPTEMBER 2 2015...
VALID TODAY AS OF 0400 PM LOCAL TIME.

CLIMATE NORMAL PERIOD 1981 TO 2010
CLIMATE RECORD PERIOD 1920 TO 2015


WEATHER ITEM   OBSERVED TIME   RECORD YEAR NORMAL DEPARTURE LAST
                VALUE   (LST)  VALUE       VALUE  FROM      YEAR
                                                  NORMAL
..................................................................
TEMPERATURE (F)
 TODAY
  MAXIMUM         91    247 PM 100    1930  91      0       86
                                      1925
  MINIMUM         74    602 AM  55    1967  68      6       71
  AVERAGE         83                        79      4       79

PRECIPITATION (IN)
  TODAY            T             2.03 2008   0.10  -0.10     0.11
  MONTH TO DATE    T                         0.20  -0.20     0.18
  SINCE SEP 1      T                         0.20  -0.20     0.18
  SINCE JAN 1     27.33                     34.76  -7.43    39.90

SNOWFALL (IN)
  TODAY            0.0

DEGREE DAYS
 HEATING
  TODAY            0                         0      0        0
  MONTH TO DATE    0                         0      0        0
  SINCE SEP 1      0                         0      0        0
  SINCE JUL 1      0                         0      0        0

 COOLING
  TODAY           18                        14      4       14
  MONTH TO DATE   35                        28      7       32
  SINCE SEP 1     35                        28      7       32
  SINCE JAN 1   1999                      1807    192     1699
..................................................................


WIND (MPH)
  HIGHEST WIND SPEED     8   HIGHEST WIND DIRECTION    SE (130)
  HIGHEST GUST SPEED    11   HIGHEST GUST DIRECTION    SE (120)
  AVERAGE WIND SPEED     3.1


SKY COVER
  POSSIBLE SUNSHINE  MM
  AVERAGE SKY COVER 0.2


WEATHER CONDITIONS
 THE FOLLOWING WEATHER WAS RECORDED TODAY.
  LIGHT RAIN
  FOG
  HAZE


RELATIVE HUMIDITY (PERCENT)
 HIGHEST    94           700 AM
 LOWEST     56           200 PM
 AVERAGE    75

..........................................................


THE GREENVILLE CLIMATE NORMALS FOR TOMORROW
                         NORMAL    RECORD    YEAR
 MAXIMUM TEMPERATURE (F)   90       102      1925
 MINIMUM TEMPERATURE (F)   68        55      1952


SUNRISE AND SUNSET
SEPTEMBER  2 2015.....SUNRISE   638 AM CDT   SUNSET   728 PM CDT
SEPTEMBER  3 2015.....SUNRISE   639 AM CDT   SUNSET   727 PM CDT


-  INDICATES NEGATIVE NUMBERS.
R  INDICATES RECORD WAS SET OR TIED.
MM INDICATES DATA IS MISSING.
T  INDICATES TRACE AMOUNT.




$$
