000
CDUS44 KJAN 180758
CLIGLH


CLIMATE REPORT
NATIONAL WEATHER SERVICE JACKSON MS
151 AM CST SUN FEB 18 2018


...................................

...THE GREENVILLE CLIMATE SUMMARY FOR FEBRUARY 17 2018...

CLIMATE NORMAL PERIOD 1981 TO 2010
CLIMATE RECORD PERIOD 1903 TO 2018


WEATHER ITEM   OBSERVED TIME   RECORD YEAR NORMAL DEPARTURE LAST
                VALUE   (LST)  VALUE       VALUE  FROM      YEAR
                                                  NORMAL
..................................................................
TEMPERATURE (F)
 YESTERDAY
  MAXIMUM         52    916 AM  80    1911  57     -5       66
  MINIMUM         46   1159 PM  15    1903  37      9       37
  AVERAGE         49                        47      2       52

PRECIPITATION (IN)
  YESTERDAY        0.20          2.00 1991   0.18   0.02      T
  MONTH TO DATE    4.01                      3.38   0.63     2.07
  SINCE DEC 1     10.99                     13.97  -2.98    10.04
  SINCE JAN 1      6.13                      8.35  -2.22     7.18

SNOWFALL (IN)
  YESTERDAY        0.0

DEGREE DAYS
 HEATING
  YESTERDAY       16                        18     -2       13
  MONTH TO DATE  314                       342    -28      211
  SINCE DEC 1   1737                      1669     68     1191
  SINCE JUL 1   2151                      2131     20     1460

 COOLING
  YESTERDAY        0                         0      0        0
  MONTH TO DATE    6                         0      6       10
  SINCE DEC 1     10                         4      6       33
  SINCE JAN 1      6                         1      5       21
..................................................................


WIND (MPH)
  HIGHEST WIND SPEED    23   HIGHEST WIND DIRECTION     W (290)
  HIGHEST GUST SPEED    29   HIGHEST GUST DIRECTION    NW (300)
  AVERAGE WIND SPEED     6.7


SKY COVER
  POSSIBLE SUNSHINE  MM
  AVERAGE SKY COVER 1.0


WEATHER CONDITIONS
 THE FOLLOWING WEATHER WAS RECORDED YESTERDAY.
  HEAVY RAIN
  RAIN
  LIGHT RAIN


RELATIVE HUMIDITY (PERCENT)
 HIGHEST    93           500 AM
 LOWEST     80           100 PM
 AVERAGE    87

..........................................................


THE GREENVILLE CLIMATE NORMALS FOR TODAY
                         NORMAL    RECORD    YEAR
 MAXIMUM TEMPERATURE (F)   58        81      1911
 MINIMUM TEMPERATURE (F)   37        11      1936


SUNRISE AND SUNSET
FEBRUARY 18 2018......SUNRISE   645 AM CST   SUNSET   551 PM CST
FEBRUARY 19 2018......SUNRISE   644 AM CST   SUNSET   552 PM CST


-  INDICATES NEGATIVE NUMBERS.
R  INDICATES RECORD WAS SET OR TIED.
MM INDICATES DATA IS MISSING.
T  INDICATES TRACE AMOUNT.




$$
