710
CDUS44 KJAN 172226
CLIGLH


CLIMATE REPORT
NATIONAL WEATHER SERVICE JACKSON MS
525 PM CDT TUE OCT 17 2017


...................................

...THE GREENVILLE CLIMATE SUMMARY FOR OCTOBER 17 2017...
VALID AS OF 0500 PM LOCAL TIME.

CLIMATE NORMAL PERIOD 1981 TO 2010
CLIMATE RECORD PERIOD 1903 TO 2017


WEATHER ITEM   OBSERVED TIME   RECORD YEAR NORMAL DEPARTURE LAST
                VALUE   (LST)  VALUE       VALUE  FROM      YEAR
                                                  NORMAL
..................................................................
TEMPERATURE (F)
 TODAY
  MAXIMUM         75    310 PM  90    1929  77     -2
                                      1915
  MINIMUM         41    611 AM  32    1948  52    -11
  AVERAGE         58                        64     -6       77

PRECIPITATION (IN)
  TODAY            0.00          4.58 1984   0.16  -0.16     0.00
  MONTH TO DATE    0.42                      2.47  -2.05     0.10
  SINCE SEP 1      2.14                      5.55  -3.41     0.78
  SINCE JAN 1     31.33                     40.11  -8.78    42.67

SNOWFALL (IN)
  TODAY            0.0

DEGREE DAYS
 HEATING
  TODAY            7                         3      4        0
  MONTH TO DATE   14                        34    -20        0
  SINCE SEP 1     17                        40    -23        0
  SINCE JUL 1     17                        40    -23        0

 COOLING
  TODAY            0                         3     -3       12
  MONTH TO DATE  133                        65     68      119
  SINCE SEP 1    443                       366     77      573
  SINCE JAN 1   2186                      2145     41     2585
..................................................................


WIND (MPH)
  HIGHEST WIND SPEED    12   HIGHEST WIND DIRECTION    NE (40)
  HIGHEST GUST SPEED    16   HIGHEST GUST DIRECTION    NE (40)
  AVERAGE WIND SPEED     7.1


SKY COVER
  POSSIBLE SUNSHINE  MM
  AVERAGE SKY COVER 0.0


WEATHER CONDITIONS
 THE FOLLOWING WEATHER WAS RECORDED TODAY.
  NO SIGNIFICANT WEATHER WAS OBSERVED.


RELATIVE HUMIDITY (PERCENT)
 HIGHEST    86           500 AM
 LOWEST     35           200 PM
 AVERAGE    61

..........................................................


THE GREENVILLE CLIMATE NORMALS FOR TOMORROW
                         NORMAL    RECORD    YEAR
 MAXIMUM TEMPERATURE (F)   76        91      1926
 MINIMUM TEMPERATURE (F)   52        32      1948


SUNRISE AND SUNSET
OCTOBER 17 2017.......SUNRISE   710 AM CDT   SUNSET   628 PM CDT
OCTOBER 18 2017.......SUNRISE   711 AM CDT   SUNSET   626 PM CDT


-  INDICATES NEGATIVE NUMBERS.
R  INDICATES RECORD WAS SET OR TIED.
MM INDICATES DATA IS MISSING.
T  INDICATES TRACE AMOUNT.




$$
