000
CDUS44 KJAN 140745
CLIGLH


CLIMATE REPORT
NATIONAL WEATHER SERVICE JACKSON MS
141 AM CST THU DEC 14 2017


...................................

...THE GREENVILLE CLIMATE SUMMARY FOR DECEMBER 13 2017...

CLIMATE NORMAL PERIOD 1981 TO 2010
CLIMATE RECORD PERIOD 1903 TO 2017


WEATHER ITEM   OBSERVED TIME   RECORD YEAR NORMAL DEPARTURE LAST
                VALUE   (LST)  VALUE       VALUE  FROM      YEAR
                                                  NORMAL
..................................................................
TEMPERATURE (F)
 YESTERDAY
  MAXIMUM         60    315 PM  77    2015  55      5       54
                                      1933
                                      1921
  MINIMUM         25    603 AM   7    1962  36    -11       44
  AVERAGE         43                        45     -2       49

PRECIPITATION (IN)
  YESTERDAY        0.00          3.24 1928   0.19  -0.19      T
  MONTH TO DATE    0.61                      2.65  -2.04     1.53
  SINCE DEC 1      0.61                      2.65  -2.04     1.53
  SINCE JAN 1     34.18                     49.67 -15.49    48.79

SNOWFALL (IN)
  YESTERDAY        0.0

DEGREE DAYS
 HEATING
  YESTERDAY       22                        20      2       16
  MONTH TO DATE  227                       241    -14      252
  SINCE DEC 1    227                       241    -14      252
  SINCE JUL 1    641                       703    -62      521

 COOLING
  YESTERDAY        0                         0      0        0
  MONTH TO DATE    0                         0      0        0
  SINCE DEC 1      0                         0      0        0
  SINCE JAN 1   2244                      2186     58     2672
..................................................................


WIND (MPH)
  HIGHEST WIND SPEED    26   HIGHEST WIND DIRECTION    SW (210)
  HIGHEST GUST SPEED    31   HIGHEST GUST DIRECTION    SW (210)
  AVERAGE WIND SPEED    11.2


SKY COVER
  POSSIBLE SUNSHINE  MM
  AVERAGE SKY COVER 0.0


WEATHER CONDITIONS
 THE FOLLOWING WEATHER WAS RECORDED YESTERDAY.
  NO SIGNIFICANT WEATHER WAS OBSERVED.


RELATIVE HUMIDITY (PERCENT)
 HIGHEST    85           800 AM
 LOWEST     23           200 PM
 AVERAGE    54

..........................................................


THE GREENVILLE CLIMATE NORMALS FOR TODAY
                         NORMAL    RECORD    YEAR
 MAXIMUM TEMPERATURE (F)   54        81      1933
 MINIMUM TEMPERATURE (F)   36         9      1958


SUNRISE AND SUNSET
DECEMBER 14 2017......SUNRISE   700 AM CST   SUNSET   457 PM CST
DECEMBER 15 2017......SUNRISE   701 AM CST   SUNSET   458 PM CST


-  INDICATES NEGATIVE NUMBERS.
R  INDICATES RECORD WAS SET OR TIED.
MM INDICATES DATA IS MISSING.
T  INDICATES TRACE AMOUNT.




$$
