000
CDUS44 KJAN 302124
CLIGLH


CLIMATE REPORT
NATIONAL WEATHER SERVICE JACKSON MS
423 PM CDT TUE SEP 30 2014


...................................

...THE GREENVILLE CLIMATE SUMMARY FOR SEPTEMBER 30 2014...
VALID TODAY AS OF 0400 PM LOCAL TIME.

CLIMATE NORMAL PERIOD 1981 TO 2010
CLIMATE RECORD PERIOD 1920 TO 2014


WEATHER ITEM   OBSERVED TIME   RECORD YEAR NORMAL DEPARTURE LAST
                VALUE   (LST)  VALUE       VALUE  FROM      YEAR
                                                  NORMAL
..................................................................
TEMPERATURE (F)
 TODAY
  MAXIMUM         91    223 PM  96    1986  82      9       85
  MINIMUM         60    551 AM  41    1967  57      3       70
  AVERAGE         76                        70      6       78

PRECIPITATION (IN)
  TODAY            0.00          3.48 2012   0.12  -0.12     0.10
  MONTH TO DATE    0.77                      3.08  -2.31     7.73
  SINCE SEP 1      0.77                      3.08  -2.31     7.73
  SINCE JAN 1     40.49                     37.64   2.85    36.71

SNOWFALL (IN)
  TODAY            0.0

DEGREE DAYS
 HEATING
  TODAY            0                         1     -1        0
  MONTH TO DATE    0                         5     -5        0
  SINCE SEP 1      0                         6     -6        0
  SINCE JUL 1      0                         6     -6        0

 COOLING
  TODAY           11                         6      5       13
  MONTH TO DATE  381                       301     80      392
  SINCE SEP 1    381                       301     80      392
  SINCE JAN 1   2048                      2080    -32     2119
..................................................................


WIND (MPH)
  HIGHEST WIND SPEED     9   HIGHEST WIND DIRECTION     S (180)
  HIGHEST GUST SPEED    12   HIGHEST GUST DIRECTION     S (180)
  AVERAGE WIND SPEED     2.2


SKY COVER
  POSSIBLE SUNSHINE  MM
  AVERAGE SKY COVER 0.1


WEATHER CONDITIONS
 THE FOLLOWING WEATHER WAS RECORDED TODAY.
  NO SIGNIFICANT WEATHER WAS OBSERVED.


RELATIVE HUMIDITY (PERCENT)
 HIGHEST    90           600 AM
 LOWEST     29           300 PM
 AVERAGE    60

..........................................................


THE GREENVILLE CLIMATE NORMALS FOR TOMORROW
                         NORMAL    RECORD    YEAR
 MAXIMUM TEMPERATURE (F)   82        96      1998
                                             1986
                                             1926
 MINIMUM TEMPERATURE (F)   57        36      1924


SUNRISE AND SUNSET
SEPTEMBER 30 2014.....SUNRISE   658 AM CDT   SUNSET   650 PM CDT
OCTOBER  1 2014.......SUNRISE   658 AM CDT   SUNSET   648 PM CDT


-  INDICATES NEGATIVE NUMBERS.
R  INDICATES RECORD WAS SET OR TIED.
MM INDICATES DATA IS MISSING.
T  INDICATES TRACE AMOUNT.




$$
