000
CDUS44 KJAN 260755
CLIGLH


CLIMATE REPORT
NATIONAL WEATHER SERVICE JACKSON MS
253 AM CDT THU MAY 26 2016


...................................

...THE GREENVILLE CLIMATE SUMMARY FOR MAY 25 2016...

CLIMATE NORMAL PERIOD 1981 TO 2010
CLIMATE RECORD PERIOD 1920 TO 2016


WEATHER ITEM   OBSERVED TIME   RECORD YEAR NORMAL DEPARTURE LAST
                VALUE   (LST)  VALUE       VALUE  FROM      YEAR
                                                  NORMAL
..................................................................
TEMPERATURE (F)
 YESTERDAY
  MAXIMUM         89    234 PM  94    1921  84      5       86
  MINIMUM         67    242 AM  49    1925  65      2       64
  AVERAGE         78                        75      3       75

PRECIPITATION (IN)
  YESTERDAY        0.00          2.03 1939   0.14  -0.14     0.25
  MONTH TO DATE    0.26                      4.19  -3.93     3.38
  SINCE MAR 1     20.55                     13.55   7.00    12.27
  SINCE JAN 1     27.06                     23.54   3.52    18.72

SNOWFALL (IN)
  YESTERDAY        0.0

DEGREE DAYS
 HEATING
  YESTERDAY        0                         0      0        0
  MONTH TO DATE    7                        10     -3        8
  SINCE MAR 1    245                       462   -217      382
  SINCE JUL 1   1925                      2771   -846     2869

 COOLING
  YESTERDAY       13                        10      3       10
  MONTH TO DATE  134                       175    -41      222
  SINCE MAR 1    256                       256      0      320
  SINCE JAN 1    260                       261     -1      320
..................................................................


WIND (MPH)
  HIGHEST WIND SPEED    23   HIGHEST WIND DIRECTION    SW (210)
  HIGHEST GUST SPEED    29   HIGHEST GUST DIRECTION    SW (230)
  AVERAGE WIND SPEED     9.9


SKY COVER
  POSSIBLE SUNSHINE  MM
  AVERAGE SKY COVER 0.3


WEATHER CONDITIONS
 THE FOLLOWING WEATHER WAS RECORDED YESTERDAY.
  THUNDERSTORM
  FOG


RELATIVE HUMIDITY (PERCENT)
 HIGHEST    90           600 AM
 LOWEST     51           100 PM
 AVERAGE    71

..........................................................


THE GREENVILLE CLIMATE NORMALS FOR TODAY
                         NORMAL    RECORD    YEAR
 MAXIMUM TEMPERATURE (F)   85        95      1985
 MINIMUM TEMPERATURE (F)   65        47      1925


SUNRISE AND SUNSET
MAY 26 2016...........SUNRISE   557 AM CDT   SUNSET   805 PM CDT
MAY 27 2016...........SUNRISE   557 AM CDT   SUNSET   806 PM CDT


-  INDICATES NEGATIVE NUMBERS.
R  INDICATES RECORD WAS SET OR TIED.
MM INDICATES DATA IS MISSING.
T  INDICATES TRACE AMOUNT.




$$
