000
CDUS44 KHGX 260718
CLIGLS


CLIMATE REPORT
NATIONAL WEATHER SERVICE HOUSTON/GALVESTON TX
118 AM CST SUN FEB 26 2017


...................................

...THE GALVESTON CLIMATE SUMMARY FOR FEBRUARY 25 2017...

CLIMATE NORMAL PERIOD 1981 TO 2010
CLIMATE RECORD PERIOD 1875 TO 2017


WEATHER ITEM   OBSERVED TIME   RECORD YEAR NORMAL DEPARTURE LAST
                VALUE   (LST)  VALUE       VALUE  FROM      YEAR
                                                  NORMAL
..................................................................
TEMPERATURE (F)
 YESTERDAY
  MAXIMUM         68    456 PM  79    2001  66      2       71
  MINIMUM         56    755 AM  27    1960  53      3       45
  AVERAGE         62                        59      3       58

PRECIPITATION (IN)
  YESTERDAY        0.00          1.85 1987   0.11  -0.11     0.00
                                      1882
  MONTH TO DATE    3.38                      2.30   1.08     0.89
  SINCE DEC 1     15.35                     10.02   5.33     7.45
  SINCE JAN 1      4.27                      6.50  -2.23     3.96

SNOWFALL (IN)
  YESTERDAY        0.0           0.5  1914  MM     MM        0.0
  MONTH TO DATE    0.0                      MM     MM        0.0
  SINCE DEC 1      0.0                       0.0    0.0      0.0
  SINCE JUL 1      0.0                       0.0    0.0      0.0
  SNOW DEPTH       0

DEGREE DAYS
 HEATING
  YESTERDAY        3                         6     -3        7
  MONTH TO DATE   30                       200   -170      138
  SINCE DEC 1    298                       766   -468      628
  SINCE JUL 1    310                       869   -559      681

 COOLING
  YESTERDAY        0                         1     -1        0
  MONTH TO DATE   91                         5     86        9
  SINCE DEC 1    238                        29    209       60
  SINCE JAN 1    160                        10    150       10
..................................................................


WIND (MPH)
  RESULTANT WIND SPEED  13   RESULTANT WIND DIRECTION   N (20)
  HIGHEST WIND SPEED    29   HIGHEST WIND DIRECTION     N (20)
  HIGHEST GUST SPEED    36   HIGHEST GUST DIRECTION    NE (30)
  AVERAGE WIND SPEED    13.2


SKY COVER
  AVERAGE SKY COVER 0.0


WEATHER CONDITIONS
 THE FOLLOWING WEATHER WAS RECORDED YESTERDAY.
  NO SIGNIFICANT WEATHER WAS OBSERVED.


RELATIVE HUMIDITY (PERCENT)
 HIGHEST    64
 LOWEST     32
 AVERAGE    48

..........................................................


THE GALVESTON CLIMATE NORMALS FOR TODAY
                         NORMAL    RECORD    YEAR
 MAXIMUM TEMPERATURE (F)   67        79      1971
 MINIMUM TEMPERATURE (F)   53        33      1935


SUNRISE AND SUNSET
FEBRUARY 26 2017......SUNRISE   648 AM CST   SUNSET   617 PM CST
FEBRUARY 27 2017......SUNRISE   647 AM CST   SUNSET   618 PM CST


-  INDICATES NEGATIVE NUMBERS.
R  INDICATES RECORD WAS SET OR TIED.
MM INDICATES DATA IS MISSING.
T  INDICATES TRACE AMOUNT.




$$
