000
CDUS44 KHGX 210826
CLIGLS


CLIMATE REPORT
NATIONAL WEATHER SERVICE HOUSTON/GALVESTON TX
226 AM CST SUN JAN 21 2018


...................................

...THE GALVESTON CLIMATE SUMMARY FOR JANUARY 20 2018...

CLIMATE NORMAL PERIOD 1981 TO 2010
CLIMATE RECORD PERIOD 1875 TO 2018


WEATHER ITEM   OBSERVED TIME   RECORD YEAR NORMAL DEPARTURE LAST
                VALUE   (LST)  VALUE       VALUE  FROM      YEAR
                                                  NORMAL
..................................................................
TEMPERATURE (F)
 YESTERDAY
  MAXIMUM         68    310 PM  76    2017  62      6       76
  MINIMUM         55   1234 AM  22    1883  49      6       60
  AVERAGE         62                        55      7       68

PRECIPITATION (IN)
  YESTERDAY        0.02          4.10 1993   0.15  -0.13      T
  MONTH TO DATE    0.85                      2.72  -1.87     0.86
  SINCE DEC 1      7.99                      6.24   1.75    11.94
  SINCE JAN 1      0.85                      2.72  -1.87     0.86

SNOWFALL (IN)
  YESTERDAY        0.0           T    1978  MM     MM        0.0
  MONTH TO DATE    T                         0.0    0.0      0.0
  SINCE DEC 1      T                         0.0    0.0      0.0
  SINCE JUL 1      T                         0.0    0.0      0.0
  SNOW DEPTH       0

DEGREE DAYS
 HEATING
  YESTERDAY        3                        10     -7        0
  MONTH TO DATE  329                       200    129       92
  SINCE DEC 1    584                       457    127      227
  SINCE JUL 1    627                       560     67      239

 COOLING
  YESTERDAY        0                         0      0        3
  MONTH TO DATE    0                         0      0       54
  SINCE DEC 1     26                        19      7      132
  SINCE JAN 1      0                         0      0       54
..................................................................


WIND (MPH)
  RESULTANT WIND SPEED  11   RESULTANT WIND DIRECTION  SE (140)
  HIGHEST WIND SPEED    22   HIGHEST WIND DIRECTION    SE (150)
  HIGHEST GUST SPEED    26   HIGHEST GUST DIRECTION    SE (150)
  AVERAGE WIND SPEED    12.6


SKY COVER
  AVERAGE SKY COVER 0.9


WEATHER CONDITIONS
 THE FOLLOWING WEATHER WAS RECORDED YESTERDAY.
  FOG
  FOG W/VISIBILITY <= 1/4 MILE
  HAZE


RELATIVE HUMIDITY (PERCENT)
 HIGHEST   100
 LOWEST     87
 AVERAGE    94

..........................................................


THE GALVESTON CLIMATE NORMALS FOR TODAY
                         NORMAL    RECORD    YEAR
 MAXIMUM TEMPERATURE (F)   62        77      2010
 MINIMUM TEMPERATURE (F)   49        20      1985
                                             1883


SUNRISE AND SUNSET
JANUARY 21 2018.......SUNRISE   713 AM CST   SUNSET   549 PM CST
JANUARY 22 2018.......SUNRISE   713 AM CST   SUNSET   549 PM CST


-  INDICATES NEGATIVE NUMBERS.
R  INDICATES RECORD WAS SET OR TIED.
MM INDICATES DATA IS MISSING.
T  INDICATES TRACE AMOUNT.




$$
