000
CDUS44 KHGX 222134
CLIGLS


CLIMATE REPORT
NATIONAL WEATHER SERVICE HOUSTON/GALVESTON TX
433 PM CDT FRI AUG 22 2014


...................................

...THE GALVESTON CLIMATE SUMMARY FOR AUGUST 22 2014...
VALID TODAY AS OF 400 PM LOCAL TIME.

CLIMATE NORMAL PERIOD 1981 TO 2010
CLIMATE RECORD PERIOD 1875 TO 2014


WEATHER ITEM   OBSERVED TIME   RECORD YEAR NORMAL DEPARTURE LAST
                VALUE   (LST)  VALUE       VALUE  FROM      YEAR
                                                  NORMAL
..................................................................
TEMPERATURE (F)
 TODAY
  MAXIMUM         91    237 PM  96    1921  90      1       90
  MINIMUM         83    633 AM  68    1891  80      3       76
  AVERAGE         87                        85      2       83

PRECIPITATION (IN)
  TODAY            0.00          3.13 1901   0.18  -0.18      T
  MONTH TO DATE    1.16                      2.52  -1.36     1.49
  SINCE JUN 1      3.77                     12.01  -8.24     7.15
  SINCE JAN 1     12.46                     29.31 -16.85    21.87

SNOWFALL (IN)
  TODAY            0.0          MM      MM  MM     MM        0.0
  MONTH TO DATE    0.0                      MM     MM        0.0
  SINCE JUN 1      0.0                      MM     MM        0.0
  SINCE JUL 1      0.0                      MM     MM        0.0
  SNOW DEPTH       0

DEGREE DAYS
 HEATING
  TODAY            0                         0      0        0
  MONTH TO DATE    0                         0      0        0
  SINCE JUN 1      0                         0      0        0
  SINCE JUL 1      0                         0      0        0

 COOLING
  TODAY           22                        20      2       18
  MONTH TO DATE  468                       440     28      463
  SINCE JUN 1   1646                      1579     67     1686
  SINCE JAN 1   2154                      2214    -60     2237
..................................................................


WIND (MPH)
  RESULTANT WIND SPEED  11   RESULTANT WIND DIRECTION   S (180)
  HIGHEST WIND SPEED    17   HIGHEST WIND DIRECTION     S (190)
  HIGHEST GUST SPEED    21   HIGHEST GUST DIRECTION     S (180)
  AVERAGE WIND SPEED    11.2


SKY COVER
  AVERAGE SKY COVER 0.2


WEATHER CONDITIONS
 THE FOLLOWING WEATHER WAS RECORDED TODAY.
  HAZE


RELATIVE HUMIDITY (PERCENT)
 HIGHEST    85           600 AM
 LOWEST     64           200 PM
 AVERAGE    75

..........................................................


THE GALVESTON CLIMATE NORMALS FOR TOMORROW
                         NORMAL    RECORD    YEAR
 MAXIMUM TEMPERATURE (F)   90        96      1980
 MINIMUM TEMPERATURE (F)   80        68      1964


SUNRISE AND SUNSET
AUGUST 22 2014........SUNRISE   652 AM CDT   SUNSET   752 PM CDT
AUGUST 23 2014........SUNRISE   652 AM CDT   SUNSET   751 PM CDT


-  INDICATES NEGATIVE NUMBERS.
R  INDICATES RECORD WAS SET OR TIED.
MM INDICATES DATA IS MISSING.
T  INDICATES TRACE AMOUNT.


$$
