000
CDUS44 KHGX 210831
CLIGLS


CLIMATE REPORT
NATIONAL WEATHER SERVICE HOUSTON/GALVESTON TX
220 AM CST SUN DEC 21 2014


...................................

...THE GALVESTON CLIMATE SUMMARY FOR DECEMBER 20 2014...

CLIMATE NORMAL PERIOD 1981 TO 2010
CLIMATE RECORD PERIOD 1875 TO 2014


WEATHER ITEM   OBSERVED TIME   RECORD YEAR NORMAL DEPARTURE LAST
                VALUE   (LST)  VALUE       VALUE  FROM      YEAR
                                                  NORMAL
..................................................................
TEMPERATURE (F)
 YESTERDAY
  MAXIMUM         55    321 PM  80    2007  63     -8       70
  MINIMUM         51    830 AM  28    1945  50      1       63
                                      1924
  AVERAGE         53                        56     -3       67

PRECIPITATION (IN)
  YESTERDAY        T             2.21 1881   0.11  -0.11      T
  MONTH TO DATE    3.11                      2.41   0.70     0.19
  SINCE DEC 1      3.11                      2.41   0.70     0.19
  SINCE JAN 1     31.13                     49.65 -18.52    38.78

SNOWFALL (IN)
  YESTERDAY        0.0           0.2  1924  MM     MM        0.0
  MONTH TO DATE    0.0                      MM     MM        0.0
  SINCE DEC 1      0.0                      MM     MM        0.0
  SINCE JUL 1      0.0                      MM     MM        0.0
  SNOW DEPTH       0

DEGREE DAYS
 HEATING
  YESTERDAY       12                         9      3        0
  MONTH TO DATE   77                       155    -78      223
  SINCE DEC 1     77                       155    -78      223
  SINCE JUL 1    228                       258    -30      401

 COOLING
  YESTERDAY        0                         0      0        2
  MONTH TO DATE   18                        14      4       13
  SINCE DEC 1     18                        14      4       13
  SINCE JAN 1   3256                      3303    -47     3324
..................................................................


WIND (MPH)
  RESULTANT WIND SPEED  14   RESULTANT WIND DIRECTION   N (10)
  HIGHEST WIND SPEED    24   HIGHEST WIND DIRECTION     N (360)
  HIGHEST GUST SPEED    30   HIGHEST GUST DIRECTION     N (360)
  AVERAGE WIND SPEED    13.7


SKY COVER
  AVERAGE SKY COVER 1.0


WEATHER CONDITIONS
 THE FOLLOWING WEATHER WAS RECORDED YESTERDAY.
  LIGHT RAIN
  FOG


RELATIVE HUMIDITY (PERCENT)
 HIGHEST   100
 LOWEST     89
 AVERAGE    95

..........................................................


THE GALVESTON CLIMATE NORMALS FOR TODAY
                         NORMAL    RECORD    YEAR
 MAXIMUM TEMPERATURE (F)   63        76      1971
 MINIMUM TEMPERATURE (F)   50        28      1924


SUNRISE AND SUNSET
DECEMBER 21 2014......SUNRISE   709 AM CST   SUNSET   526 PM CST
DECEMBER 22 2014......SUNRISE   710 AM CST   SUNSET   526 PM CST


-  INDICATES NEGATIVE NUMBERS.
R  INDICATES RECORD WAS SET OR TIED.
MM INDICATES DATA IS MISSING.
T  INDICATES TRACE AMOUNT.




$$
