000
CDUS42 KJAX 190553
CLIGNV


CLIMATE REPORT
NATIONAL WEATHER SERVICE JACKSONVILLE
151 AM EDT SAT APR 19 2014


...................................

...THE GAINESVILLE CLIMATE SUMMARY FOR APRIL 18 2014...

CLIMATE NORMAL PERIOD 1981 TO 2010
CLIMATE RECORD PERIOD 1890 TO 2014


WEATHER ITEM   OBSERVED TIME   RECORD YEAR NORMAL DEPARTURE LAST
                VALUE   (LST)  VALUE       VALUE  FROM      YEAR
                                                  NORMAL
..................................................................
TEMPERATURE (F)
 YESTERDAY
  MAXIMUM         73    356 PM  91    1967  81     -8       88
                                      1960
                                      1930
  MINIMUM         62    128 AM  40    2001  55      7       60
                                      1999
  AVERAGE         68                        68      0       74

PRECIPITATION (IN)
  YESTERDAY        0.14          0.95 1912   0.08   0.06     0.00
  MONTH TO DATE    1.37                      1.72  -0.35     2.47
  SINCE MAR 1      6.87                      6.05   0.82     3.45
  SINCE JAN 1     16.44                     12.56   3.88     5.42

SNOWFALL (IN)
  YESTERDAY        0.0           0.0    MM   0.0    0.0      0.0
  MONTH TO DATE    0.0                       0.0    0.0      0.0
  SINCE MAR 1      0.0                       0.0    0.0      0.0
  SINCE JUL 1      0.0                       0.0    0.0      0.0
  SNOW DEPTH       0

DEGREE DAYS
 HEATING
  YESTERDAY        0                         1     -1        0
  MONTH TO DATE   15                        33    -18        9
  SINCE MAR 1    178                       170      8      289
  SINCE JUL 1   1088                      1204   -116     1021

 COOLING
  YESTERDAY        3                         4     -1        9
  MONTH TO DATE   62                        59      3      105
  SINCE MAR 1     87                       113    -26      123
  SINCE JAN 1    124                       145    -21      223
..................................................................


WIND (MPH)
  HIGHEST WIND SPEED    17   HIGHEST WIND DIRECTION     S (160)
  HIGHEST GUST SPEED    23   HIGHEST GUST DIRECTION    SE (150)
  AVERAGE WIND SPEED     7.5


SKY COVER
  POSSIBLE SUNSHINE  MM
  AVERAGE SKY COVER 0.8


WEATHER CONDITIONS
 THE FOLLOWING WEATHER WAS RECORDED YESTERDAY.
  LIGHT RAIN
  FOG


RELATIVE HUMIDITY (PERCENT)
 HIGHEST   100           200 PM
 LOWEST     87           400 AM
 AVERAGE    94

..........................................................


THE GAINESVILLE CLIMATE NORMALS FOR TODAY
                         NORMAL    RECORD    YEAR
 MAXIMUM TEMPERATURE (F)   81        94      2011
 MINIMUM TEMPERATURE (F)   55        34      2001


SUNRISE AND SUNSET
APRIL 19 2014.........SUNRISE   658 AM EDT   SUNSET   758 PM EDT
APRIL 20 2014.........SUNRISE   657 AM EDT   SUNSET   759 PM EDT


-  INDICATES NEGATIVE NUMBERS.
R  INDICATES RECORD WAS SET OR TIED.
MM INDICATES DATA IS MISSING.
T  INDICATES TRACE AMOUNT.




$$
