000
CDUS42 KJAX 240531
CLIGNV


CLIMATE REPORT
NATIONAL WEATHER SERVICE JACKSONVILLE FL
130 AM EDT FRI OCT 24 2014


...................................

...THE GAINESVILLE CLIMATE SUMMARY FOR OCTOBER 23 2014...

CLIMATE NORMAL PERIOD 1981 TO 2010
CLIMATE RECORD PERIOD 1890 TO 2014


WEATHER ITEM   OBSERVED TIME   RECORD YEAR NORMAL DEPARTURE LAST
                VALUE   (LST)  VALUE       VALUE  FROM      YEAR
                                                  NORMAL
..................................................................
TEMPERATURE (F)
 YESTERDAY
  MAXIMUM         77    305 PM  90    1927  80     -3       78
                                      1919
  MINIMUM         46    435 AM  42    2011  58    -12       51
                                      2006
  AVERAGE         62                        69     -7       65

PRECIPITATION (IN)
  YESTERDAY        0.00          1.42 1890   0.07  -0.07      T
  MONTH TO DATE    0.57                      2.35  -1.78     0.08
  SINCE SEP 1      7.85                      6.77   1.08     3.28
  SINCE JAN 1     44.91                     42.34   2.57    39.98

SNOWFALL (IN)
  YESTERDAY        0.0           0.0    MM   0.0    0.0      0.0
  MONTH TO DATE    0.0                       0.0    0.0      0.0
  SINCE SEP 1      0.0                       0.0    0.0      0.0
  SINCE JUL 1      0.0                       0.0    0.0      0.0
  SNOW DEPTH       0

DEGREE DAYS
 HEATING
  YESTERDAY        3                         1      2        0
  MONTH TO DATE    8                        11     -3        0
  SINCE SEP 1      8                        11     -3        0
  SINCE JUL 1      8                        11     -3        0

 COOLING
  YESTERDAY        0                         5     -5        0
  MONTH TO DATE  159                       176    -17      222
  SINCE SEP 1    566                       572     -6      661
  SINCE JAN 1   2512                      2516     -4     2723
..................................................................


WIND (MPH)
  HIGHEST WIND SPEED    15   HIGHEST WIND DIRECTION    NE (50)
  HIGHEST GUST SPEED    20   HIGHEST GUST DIRECTION    NE (60)
  AVERAGE WIND SPEED     5.2


SKY COVER
  POSSIBLE SUNSHINE  MM
  AVERAGE SKY COVER 0.0


WEATHER CONDITIONS
 THE FOLLOWING WEATHER WAS RECORDED YESTERDAY.
  NO SIGNIFICANT WEATHER WAS OBSERVED.


RELATIVE HUMIDITY (PERCENT)
 HIGHEST    93           400 AM
 LOWEST     38           200 PM
 AVERAGE    66

..........................................................


THE GAINESVILLE CLIMATE NORMALS FOR TODAY
                         NORMAL    RECORD    YEAR
 MAXIMUM TEMPERATURE (F)   80        90      1949
 MINIMUM TEMPERATURE (F)   58        33      1937


SUNRISE AND SUNSET
OCTOBER 24 2014.......SUNRISE   737 AM EDT   SUNSET   649 PM EDT
OCTOBER 25 2014.......SUNRISE   737 AM EDT   SUNSET   648 PM EDT


-  INDICATES NEGATIVE NUMBERS.
R  INDICATES RECORD WAS SET OR TIED.
MM INDICATES DATA IS MISSING.
T  INDICATES TRACE AMOUNT.




$$
