000
CDUS42 KJAX 302125
CLIGNV


CLIMATE REPORT
NATIONAL WEATHER SERVICE JACKSONVILLE FL
525 PM EDT SAT JUL 30 2016


...................................

...THE GAINESVILLE CLIMATE SUMMARY FOR JULY 30 2016...
VALID TODAY AS OF 0500 PM LOCAL TIME.

CLIMATE NORMAL PERIOD 1981 TO 2010
CLIMATE RECORD PERIOD 1890 TO 2016


WEATHER ITEM   OBSERVED TIME   RECORD YEAR NORMAL DEPARTURE LAST
                VALUE   (LST)  VALUE       VALUE  FROM      YEAR
                                                  NORMAL
..................................................................
TEMPERATURE (F)
 TODAY
  MAXIMUM         97   1251 PM 100    1896  91      6       91
                                      1892
  MINIMUM         73    555 AM  62    1924  72      1       72
  AVERAGE         85                        81      4       82

PRECIPITATION (IN)
  TODAY            0.00          1.68 1890   0.18  -0.18     0.02
  MONTH TO DATE    1.48                      5.88  -4.40     8.09
  SINCE JUN 1     11.47                     13.00  -1.53    11.70
  SINCE JAN 1     26.41                     28.99  -2.58    23.89

SNOWFALL (IN)
  TODAY            0.0           0.0    MM   0.0    0.0      0.0
  MONTH TO DATE    0.0                       0.0    0.0      0.0
  SINCE JUN 1      0.0                       0.0    0.0      0.0
  SINCE JUL 1      0.0                       0.0    0.0      0.0
  SNOW DEPTH       0

DEGREE DAYS
 HEATING
  TODAY            0                         0      0        0
  MONTH TO DATE    0                         0      0        0
  SINCE JUN 1      0                         0      0        0
  SINCE JUL 1      0                         0      0        0

 COOLING
  TODAY           20                        16      4       17
  MONTH TO DATE  563                       480     83      523
  SINCE JUN 1   1063                       919    144     1012
  SINCE JAN 1   1668                      1429    239     1748
..................................................................


WIND (MPH)
  HIGHEST WIND SPEED    20   HIGHEST WIND DIRECTION    SE (140)
  HIGHEST GUST SPEED    25   HIGHEST GUST DIRECTION    SE (130)
  AVERAGE WIND SPEED     4.1


SKY COVER
  POSSIBLE SUNSHINE  MM
  AVERAGE SKY COVER 0.3


WEATHER CONDITIONS
 THE FOLLOWING WEATHER WAS RECORDED TODAY.
  THUNDERSTORM


RELATIVE HUMIDITY (PERCENT)
 HIGHEST    94           100 AM
 LOWEST     48           100 PM
 AVERAGE    71

..........................................................


THE GAINESVILLE CLIMATE NORMALS FOR TOMORROW
                         NORMAL    RECORD    YEAR
 MAXIMUM TEMPERATURE (F)   91       100      1892
 MINIMUM TEMPERATURE (F)   72        64      1914
                                             1911


SUNRISE AND SUNSET
JULY 30 2016..........SUNRISE   648 AM EDT   SUNSET   823 PM EDT
JULY 31 2016..........SUNRISE   648 AM EDT   SUNSET   822 PM EDT


-  INDICATES NEGATIVE NUMBERS.
R  INDICATES RECORD WAS SET OR TIED.
MM INDICATES DATA IS MISSING.
T  INDICATES TRACE AMOUNT.




$$
