000
CDUS42 KJAX 270535
CLIGNV


CLIMATE REPORT
NATIONAL WEATHER SERVICE JACKSONVILLE FL
1235 AM EST MON FEB 27 2017


...................................

...THE GAINESVILLE CLIMATE SUMMARY FOR FEBRUARY 26 2017...

CLIMATE NORMAL PERIOD 1981 TO 2010
CLIMATE RECORD PERIOD 1890 TO 2017


WEATHER ITEM   OBSERVED TIME   RECORD YEAR NORMAL DEPARTURE LAST
                VALUE   (LST)  VALUE       VALUE  FROM      YEAR
                                                  NORMAL
..................................................................
TEMPERATURE (F)
 YESTERDAY
  MAXIMUM         74    438 PM  88    1971  72      2       61
                                      1929
  MINIMUM         45   1159 PM  19    1967  47     -2       38
  AVERAGE         60                        59      1       50

PRECIPITATION (IN)
  YESTERDAY        0.00          1.98 1958   0.12  -0.12     0.00
  MONTH TO DATE    0.39                      2.96  -2.57     4.12
  SINCE DEC 1      4.53                      8.75  -4.22     8.82
  SINCE JAN 1      1.84                      6.27  -4.43     6.85

SNOWFALL (IN)
  YESTERDAY        0.0           0.0    MM   0.0    0.0      0.0
  MONTH TO DATE    0.0                       0.0    0.0      0.0
  SINCE DEC 1      0.0                       0.0    0.0      0.0
  SINCE JUL 1      0.0                       0.0    0.0      0.0
  SNOW DEPTH       0

DEGREE DAYS
 HEATING
  YESTERDAY        5                         7     -2       15
  MONTH TO DATE   83                       219   -136      231
  SINCE DEC 1    396                       860   -464      689
  SINCE JUL 1    502                      1021   -519      728

 COOLING
  YESTERDAY        0                         1     -1        0
  MONTH TO DATE   33                        22     11       23
  SINCE DEC 1    155                        56     99      171
  SINCE JAN 1     79                        34     45       25
..................................................................


WIND (MPH)
  HIGHEST WIND SPEED    14   HIGHEST WIND DIRECTION     N (20)
  HIGHEST GUST SPEED    19   HIGHEST GUST DIRECTION    NE (40)
  AVERAGE WIND SPEED     6.8


SKY COVER
  POSSIBLE SUNSHINE  MM
  AVERAGE SKY COVER 0.0


WEATHER CONDITIONS
 THE FOLLOWING WEATHER WAS RECORDED YESTERDAY.
  NO SIGNIFICANT WEATHER WAS OBSERVED.


RELATIVE HUMIDITY (PERCENT)
 HIGHEST    93          1200 AM
 LOWEST     14           500 PM
 AVERAGE    54

..........................................................


THE GAINESVILLE CLIMATE NORMALS FOR TODAY
                         NORMAL    RECORD    YEAR
 MAXIMUM TEMPERATURE (F)   72        87      2011
                                             1997
                                             1971
 MINIMUM TEMPERATURE (F)   47        25      1974


SUNRISE AND SUNSET
FEBRUARY 27 2017......SUNRISE   657 AM EST   SUNSET   627 PM EST
FEBRUARY 28 2017......SUNRISE   656 AM EST   SUNSET   628 PM EST


-  INDICATES NEGATIVE NUMBERS.
R  INDICATES RECORD WAS SET OR TIED.
MM INDICATES DATA IS MISSING.
T  INDICATES TRACE AMOUNT.




$$
