000
CDUS42 KJAX 170533
CLIGNV


CLIMATE REPORT
NATIONAL WEATHER SERVICE JACKSONVILLE FL
1232 AM EST TUE JAN 17 2017


...................................

...THE GAINESVILLE CLIMATE SUMMARY FOR JANUARY 16 2017...

CLIMATE NORMAL PERIOD 1981 TO 2010
CLIMATE RECORD PERIOD 1890 TO 2017


WEATHER ITEM   OBSERVED TIME   RECORD YEAR NORMAL DEPARTURE LAST
                VALUE   (LST)  VALUE       VALUE  FROM      YEAR
                                                  NORMAL
..................................................................
TEMPERATURE (F)
 YESTERDAY
  MAXIMUM         79    400 PM  84    1950  66     13       69
                                      1947
                                      1928
  MINIMUM         53    757 AM  20    1927  42     11       48
  AVERAGE         66                        54     12       59

PRECIPITATION (IN)
  YESTERDAY        0.00          1.96 1930   0.11  -0.11     0.05
  MONTH TO DATE    1.02                      1.53  -0.51     1.21
  SINCE DEC 1      3.71                      4.01  -0.30     3.18
  SINCE JAN 1      1.02                      1.53  -0.51     1.21

SNOWFALL (IN)
  YESTERDAY        0.0           0.0    MM   0.0    0.0      0.0
  MONTH TO DATE    0.0                       0.0    0.0      0.0
  SINCE DEC 1      0.0                       0.0    0.0      0.0
  SINCE JUL 1      0.0                       0.0    0.0      0.0
  SNOW DEPTH       0

DEGREE DAYS
 HEATING
  YESTERDAY        0                        11    -11        6
  MONTH TO DATE   91                       184    -93      176
  SINCE DEC 1    229                       480   -251      248
  SINCE JUL 1    335                       641   -306      287

 COOLING
  YESTERDAY        1                         0      1        0
  MONTH TO DATE   17                         0     17        2
  SINCE DEC 1     93                        22     71      148
  SINCE JAN 1     17                         0     17        2
..................................................................


WIND (MPH)
  HIGHEST WIND SPEED    13   HIGHEST WIND DIRECTION    SE (140)
  HIGHEST GUST SPEED    20   HIGHEST GUST DIRECTION     E (90)
  AVERAGE WIND SPEED     1.7


SKY COVER
  POSSIBLE SUNSHINE  MM
  AVERAGE SKY COVER 0.4


WEATHER CONDITIONS
 THE FOLLOWING WEATHER WAS RECORDED YESTERDAY.
  FOG
  FOG W/VISIBILITY <= 1/4 MILE


RELATIVE HUMIDITY (PERCENT)
 HIGHEST   100           400 AM
 LOWEST     39           400 PM
 AVERAGE    70

..........................................................


THE GAINESVILLE CLIMATE NORMALS FOR TODAY
                         NORMAL    RECORD    YEAR
 MAXIMUM TEMPERATURE (F)   66        87      1943
 MINIMUM TEMPERATURE (F)   42        23      1959


SUNRISE AND SUNSET
JANUARY 17 2017.......SUNRISE   725 AM EST   SUNSET   554 PM EST
JANUARY 18 2017.......SUNRISE   724 AM EST   SUNSET   555 PM EST


-  INDICATES NEGATIVE NUMBERS.
R  INDICATES RECORD WAS SET OR TIED.
MM INDICATES DATA IS MISSING.
T  INDICATES TRACE AMOUNT.




$$
