000
CDUS42 KJAX 140626
CLIGNV


CLIMATE REPORT
NATIONAL WEATHER SERVICE JACKSONVILLE FL
126 AM EST THU DEC 14 2017


...................................

...THE GAINESVILLE CLIMATE SUMMARY FOR DECEMBER 13 2017...

CLIMATE NORMAL PERIOD 1981 TO 2010
CLIMATE RECORD PERIOD 1890 TO 2017


WEATHER ITEM   OBSERVED TIME   RECORD YEAR NORMAL DEPARTURE LAST
                VALUE   (LST)  VALUE       VALUE  FROM      YEAR
                                                  NORMAL
..................................................................
TEMPERATURE (F)
 YESTERDAY
  MAXIMUM         59    321 PM  85    1948  68     -9       82
  MINIMUM         33    731 AM  13    1962  45    -12       61
  AVERAGE         46                        56    -10       72

PRECIPITATION (IN)
  YESTERDAY        0.00          1.67 1963   0.08  -0.08     0.00
  MONTH TO DATE    2.62                      0.98   1.64     1.64
  SINCE DEC 1      2.62                      0.98   1.64     1.64
  SINCE JAN 1     71.28                     45.91  25.37    41.00

SNOWFALL (IN)
  YESTERDAY        0.0           0.0    MM   0.0    0.0      0.0
  MONTH TO DATE    0.0                       0.0    0.0      0.0
  SINCE DEC 1      0.0                       0.0    0.0      0.0
  SINCE JUL 1      0.0                       0.0    0.0      0.0
  SNOW DEPTH       0

DEGREE DAYS
 HEATING
  YESTERDAY       19                         9     10        0
  MONTH TO DATE  122                       106     16       56
  SINCE DEC 1    122                       106     16       56
  SINCE JUL 1    256                       267    -11      162

 COOLING
  YESTERDAY        0                         1     -1        7
  MONTH TO DATE    7                        13     -6       26
  SINCE DEC 1      7                        13     -6       26
  SINCE JAN 1   2895                      2629    266     3060
..................................................................


WIND (MPH)
  HIGHEST WIND SPEED    14   HIGHEST WIND DIRECTION     W (250)
  HIGHEST GUST SPEED    18   HIGHEST GUST DIRECTION     W (250)
  AVERAGE WIND SPEED     6.6


SKY COVER
  POSSIBLE SUNSHINE  MM
  AVERAGE SKY COVER 0.0


WEATHER CONDITIONS
 THE FOLLOWING WEATHER WAS RECORDED YESTERDAY.
  NO SIGNIFICANT WEATHER WAS OBSERVED.


RELATIVE HUMIDITY (PERCENT)
 HIGHEST    96           700 AM
 LOWEST     24           400 PM
 AVERAGE    60

..........................................................


THE GAINESVILLE CLIMATE NORMALS FOR TODAY
                         NORMAL    RECORD    YEAR
 MAXIMUM TEMPERATURE (F)   68        84      1967
                                             1931
 MINIMUM TEMPERATURE (F)   45        19      1962


SUNRISE AND SUNSET
DECEMBER 14 2017......SUNRISE   716 AM EST   SUNSET   532 PM EST
DECEMBER 15 2017......SUNRISE   717 AM EST   SUNSET   532 PM EST


-  INDICATES NEGATIVE NUMBERS.
R  INDICATES RECORD WAS SET OR TIED.
MM INDICATES DATA IS MISSING.
T  INDICATES TRACE AMOUNT.




$$
