000
CDUS42 KJAX 300602
CLIGNV


CLIMATE REPORT
NATIONAL WEATHER SERVICE JACKSONVILLE FL
201 AM EDT TUE AUG 30 2016


...................................

...THE GAINESVILLE CLIMATE SUMMARY FOR AUGUST 29 2016...

CLIMATE NORMAL PERIOD 1981 TO 2010
CLIMATE RECORD PERIOD 1890 TO 2016


WEATHER ITEM   OBSERVED TIME   RECORD YEAR NORMAL DEPARTURE LAST
                VALUE   (LST)  VALUE       VALUE  FROM      YEAR
                                                  NORMAL
..................................................................
TEMPERATURE (F)
 YESTERDAY
  MAXIMUM         94   1244 PM  99    1954  90      4       86
  MINIMUM         74   1159 PM  62    1984  71      3       72
  AVERAGE         84                        80      4       79

PRECIPITATION (IN)
  YESTERDAY        0.37          4.32 1954   0.20   0.17     0.15
  MONTH TO DATE    3.24                      5.99  -2.75     9.62
  SINCE JUN 1     14.72                     19.18  -4.46    21.32
  SINCE JAN 1     29.66                     35.17  -5.51    33.51

SNOWFALL (IN)
  YESTERDAY        0.0           0.0    MM   0.0    0.0      0.0
  MONTH TO DATE    0.0                       0.0    0.0      0.0
  SINCE JUN 1      0.0                       0.0    0.0      0.0
  SINCE JUL 1      0.0                       0.0    0.0      0.0
  SNOW DEPTH       0

DEGREE DAYS
 HEATING
  YESTERDAY        0                         0      0        0
  MONTH TO DATE    0                         0      0        0
  SINCE JUN 1      0                         0      0        0
  SINCE JUL 1      0                         0      0        0

 COOLING
  YESTERDAY       19                        15      4       14
  MONTH TO DATE  525                       461     64      479
  SINCE JUN 1   1609                      1402    207     1508
  SINCE JAN 1   2214                      1912    302     2244
..................................................................


WIND (MPH)
  HIGHEST WIND SPEED    20   HIGHEST WIND DIRECTION    NE (40)
  HIGHEST GUST SPEED    26   HIGHEST GUST DIRECTION    NE (40)
  AVERAGE WIND SPEED     6.8


SKY COVER
  POSSIBLE SUNSHINE  MM
  AVERAGE SKY COVER 0.2


WEATHER CONDITIONS
 THE FOLLOWING WEATHER WAS RECORDED YESTERDAY.
  THUNDERSTORM
  HEAVY RAIN
  RAIN
  LIGHT RAIN
  FOG


RELATIVE HUMIDITY (PERCENT)
 HIGHEST    94           200 AM
 LOWEST     49          1200 PM
 AVERAGE    72

..........................................................


THE GAINESVILLE CLIMATE NORMALS FOR TODAY
                         NORMAL    RECORD    YEAR
 MAXIMUM TEMPERATURE (F)   89        97      1903
 MINIMUM TEMPERATURE (F)   71        63      1896


SUNRISE AND SUNSET
AUGUST 30 2016........SUNRISE   706 AM EDT   SUNSET   753 PM EDT
AUGUST 31 2016........SUNRISE   706 AM EDT   SUNSET   752 PM EDT


-  INDICATES NEGATIVE NUMBERS.
R  INDICATES RECORD WAS SET OR TIED.
MM INDICATES DATA IS MISSING.
T  INDICATES TRACE AMOUNT.




$$
