000
CDUS45 KMSO 162235
CLIGPI


CLIMATE REPORT
NATIONAL WEATHER SERVICE MISSOULA, MT
435 PM MDT WED APR 16 2014


...................................

...THE KALISPELL MT CLIMATE SUMMARY FOR APRIL 16 2014...
VALID TODAY AS OF 0400 PM LOCAL TIME.

CLIMATE NORMAL PERIOD 1981 TO 2010
CLIMATE RECORD PERIOD 1894 TO 2014


WEATHER ITEM   OBSERVED TIME   RECORD YEAR NORMAL DEPARTURE LAST
                VALUE   (LST)  VALUE       VALUE  FROM      YEAR
                                                  NORMAL
..................................................................
TEMPERATURE (F)
 TODAY
  MAXIMUM         51    123 PM  82    1984  56     -5       41
  MINIMUM         27    645 AM  21    1967  31     -4       24
  AVERAGE         39                        44     -5       33

PRECIPITATION (IN)
  TODAY            T             0.68 1978   0.04  -0.04     0.00
  MONTH TO DATE    0.19                      0.64  -0.45     0.70
  SINCE OCT 1      9.52                      8.03   1.49     8.03
  SINCE JAN 1      5.07                      4.03   1.04     2.65

SNOWFALL (IN)
  TODAY            0.0
  MONTH TO DATE    T
  SINCE JAN 1     38.2
  SINCE JUL 1     71.7
  SNOW DEPTH       0

DEGREE DAYS
 HEATING
  TODAY           26                        21      5       32
  MONTH TO DATE  364                       367     -3      395
  SINCE MAR 1   1319                      1286     33     1288
  SINCE JUL 1   7253                      7138    115     6575

 COOLING
  TODAY            0                         0      0        0
  MONTH TO DATE    0                         0      0        0
  SINCE MAR 1      0                         0      0        0
  SINCE JAN 1      0                         0      0        0
..................................................................


WIND (MPH)
  HIGHEST WIND SPEED    17   HIGHEST WIND DIRECTION     S (200)
  HIGHEST GUST SPEED    21   HIGHEST GUST DIRECTION     S (190)
  AVERAGE WIND SPEED     4.0


SKY COVER
  POSSIBLE SUNSHINE  MM
  AVERAGE SKY COVER 0.8


WEATHER CONDITIONS
 THE FOLLOWING WEATHER WAS RECORDED TODAY.
  FOG
  FOG W/VISIBILITY <= 1/4 MILE


RELATIVE HUMIDITY (PERCENT)
 HIGHEST   100           100 AM
 LOWEST     39           200 PM
 AVERAGE    70

..........................................................


THE KALISPELL MT CLIMATE NORMALS FOR TOMORROW
                         NORMAL    RECORD    YEAR
 MAXIMUM TEMPERATURE (F)   57        79      1980
 MINIMUM TEMPERATURE (F)   31        16      2013
                                             1968


SUNRISE AND SUNSET
APRIL 16 2014.........SUNRISE   645 AM MDT   SUNSET   829 PM MDT
APRIL 17 2014.........SUNRISE   643 AM MDT   SUNSET   831 PM MDT


-  INDICATES NEGATIVE NUMBERS.
R  INDICATES RECORD WAS SET OR TIED.
MM INDICATES DATA IS MISSING.
T  INDICATES TRACE AMOUNT.




$$
