000
CDUS45 KMSO 170741
CLIGPI


CLIMATE REPORT
NATIONAL WEATHER SERVICE MISSOULA, MT
1239 AM MST WED JAN 17 2018


...................................

...THE KALISPELL MT CLIMATE SUMMARY FOR JANUARY 16 2018...

CLIMATE NORMAL PERIOD 1981 TO 2010
CLIMATE RECORD PERIOD 1894 TO 2018


WEATHER ITEM   OBSERVED TIME   RECORD YEAR NORMAL DEPARTURE LAST
                VALUE   (LST)  VALUE       VALUE  FROM      YEAR
                                                  NORMAL
..................................................................
TEMPERATURE (F)
 YESTERDAY
  MAXIMUM         31   1056 PM  48    1976  31      0       14
  MINIMUM          8    513 AM -21    1916  17     -9        9
  AVERAGE         20                        24     -4       12

PRECIPITATION (IN)
  YESTERDAY        0.00          0.39 1982   0.04  -0.04      T
  MONTH TO DATE    0.78                      0.78   0.00     0.77
  SINCE OCT 1      5.93                      4.78   1.15     8.00
  SINCE JAN 1      0.78                      0.78   0.00     0.77

SNOWFALL (IN)
  YESTERDAY        0.0
  MONTH TO DATE    5.4
  SINCE JAN 1      5.4
  SINCE JUL 1     47.4
  SNOW DEPTH       7

DEGREE DAYS
 HEATING
  YESTERDAY       45                        41      4       53
  MONTH TO DATE  529                       675   -146      941
  SINCE DEC 1   1868                      1985   -117     2422
  SINCE JUL 1   3881                      4189   -308     4381

 COOLING
  YESTERDAY        0                         0      0        0
  MONTH TO DATE    0                         0      0        0
  SINCE DEC 1      0                         0      0        0
  SINCE JAN 1      0                         0      0        0
..................................................................


WIND (MPH)
  HIGHEST WIND SPEED    10   HIGHEST WIND DIRECTION     S (200)
  HIGHEST GUST SPEED    13   HIGHEST GUST DIRECTION    SW (210)
  AVERAGE WIND SPEED     1.5


SKY COVER
  POSSIBLE SUNSHINE  MM
  AVERAGE SKY COVER 0.8


WEATHER CONDITIONS
 THE FOLLOWING WEATHER WAS RECORDED YESTERDAY.
  FOG
  FOG W/VISIBILITY <= 1/4 MILE


RELATIVE HUMIDITY (PERCENT)
 HIGHEST   100          1200 AM
 LOWEST     85           300 PM
 AVERAGE    93

..........................................................


THE KALISPELL MT CLIMATE NORMALS FOR TODAY
                         NORMAL    RECORD    YEAR
 MAXIMUM TEMPERATURE (F)   31        50      1919
 MINIMUM TEMPERATURE (F)   17       -23      1943


SUNRISE AND SUNSET
JANUARY 17 2018.......SUNRISE   821 AM MST   SUNSET   513 PM MST
JANUARY 18 2018.......SUNRISE   821 AM MST   SUNSET   515 PM MST


-  INDICATES NEGATIVE NUMBERS.
R  INDICATES RECORD WAS SET OR TIED.
MM INDICATES DATA IS MISSING.
T  INDICATES TRACE AMOUNT.




$$
