000
CDUS45 KMSO 262233
CLIGPI


CLIMATE REPORT
NATIONAL WEATHER SERVICE MISSOULA, MT
431 PM MDT TUE JUL 26 2016


...................................

...THE KALISPELL MT CLIMATE SUMMARY FOR JULY 26 2016...
VALID TODAY AS OF 0400 PM LOCAL TIME.

CLIMATE NORMAL PERIOD 1981 TO 2010
CLIMATE RECORD PERIOD 1894 TO 2016


WEATHER ITEM   OBSERVED TIME   RECORD YEAR NORMAL DEPARTURE LAST
                VALUE   (LST)  VALUE       VALUE  FROM      YEAR
                                                  NORMAL
..................................................................
TEMPERATURE (F)
 TODAY
  MAXIMUM         86    254 PM  97    1984  84      2       78
  MINIMUM         53    542 AM  34    1969  49      4       50
  AVERAGE         70                        66      4       64

PRECIPITATION (IN)
  TODAY            0.00          0.89 1977   0.03  -0.03      T
  MONTH TO DATE    1.51                      1.29   0.22     0.36
  SINCE OCT 1     15.19                     14.46   0.73    12.80
  SINCE JAN 1     11.14                     10.46   0.68     6.72

SNOWFALL (IN)
  TODAY            0.0
  MONTH TO DATE    0.0
  SINCE JAN 1     14.6
  SINCE JUL 1      0.0
  SNOW DEPTH       0

DEGREE DAYS
 HEATING
  TODAY            0                         2     -2        1
  MONTH TO DATE   79                        72      7       42
  SINCE JUN 1    258                       288    -30      123
  SINCE JUL 1     79                        72      7       42

 COOLING
  TODAY            5                         3      2        0
  MONTH TO DATE   23                        52    -29       74
  SINCE JUN 1     70                        65      5      160
  SINCE JAN 1     70                        68      2      160
..................................................................


WIND (MPH)
  HIGHEST WIND SPEED    26   HIGHEST WIND DIRECTION     N (360)
  HIGHEST GUST SPEED    35   HIGHEST GUST DIRECTION     N (10)
  AVERAGE WIND SPEED    11.0


SKY COVER
  POSSIBLE SUNSHINE  MM
  AVERAGE SKY COVER 0.1


WEATHER CONDITIONS
 THE FOLLOWING WEATHER WAS RECORDED TODAY.
  NO SIGNIFICANT WEATHER WAS OBSERVED.


RELATIVE HUMIDITY (PERCENT)
 HIGHEST    93           300 AM
 LOWEST     32           200 PM
 AVERAGE    63

..........................................................


THE KALISPELL MT CLIMATE NORMALS FOR TOMORROW
                         NORMAL    RECORD    YEAR
 MAXIMUM TEMPERATURE (F)   84       100      1975
 MINIMUM TEMPERATURE (F)   49        40      1983


SUNRISE AND SUNSET
JULY 26 2016..........SUNRISE   605 AM MDT   SUNSET   921 PM MDT
JULY 27 2016..........SUNRISE   607 AM MDT   SUNSET   920 PM MDT


-  INDICATES NEGATIVE NUMBERS.
R  INDICATES RECORD WAS SET OR TIED.
MM INDICATES DATA IS MISSING.
T  INDICATES TRACE AMOUNT.




$$
