000
CDUS45 KMSO 292231
CLIGPI


CLIMATE REPORT
NATIONAL WEATHER SERVICE MISSOULA, MT
430 PM MDT SUN MAR 29 2015


...................................

...THE KALISPELL MT CLIMATE SUMMARY FOR MARCH 29 2015...
VALID TODAY AS OF 0400 PM LOCAL TIME.

CLIMATE NORMAL PERIOD 1981 TO 2010
CLIMATE RECORD PERIOD 1894 TO 2015


WEATHER ITEM   OBSERVED TIME   RECORD YEAR NORMAL DEPARTURE LAST
                VALUE   (LST)  VALUE       VALUE  FROM      YEAR
                                                  NORMAL
..................................................................
TEMPERATURE (F)
 TODAY
  MAXIMUM         59    223 PM  68    1978  51      8       54
  MINIMUM         36    705 AM   2    1954  29      7       38
  AVERAGE         48                        40      8       46

PRECIPITATION (IN)
  TODAY            0.00          0.43 1934   0.04  -0.04     0.03
  MONTH TO DATE    1.66                      1.02   0.64     2.38
  SINCE OCT 1     11.27                      7.32   3.95     9.27
  SINCE JAN 1      5.19                      3.32   1.87     4.82

SNOWFALL (IN)
  TODAY            0.0
  MONTH TO DATE    T
  SINCE JAN 1     32.9
  SINCE JUL 1     59.4
  SNOW DEPTH       0

DEGREE DAYS
 HEATING
  TODAY           17                        25     -8       19
  MONTH TO DATE  757                       869   -112      905
  SINCE MAR 1    757                       869   -112      905
  SINCE JUL 1   6207                      6721   -514     6839

 COOLING
  TODAY            0                         0      0        0
  MONTH TO DATE    0                         0      0        0
  SINCE MAR 1      0                         0      0        0
  SINCE JAN 1      0                         0      0        0
..................................................................


WIND (MPH)
  HIGHEST WIND SPEED    15   HIGHEST WIND DIRECTION    SW (230)
  HIGHEST GUST SPEED    20   HIGHEST GUST DIRECTION    SE (150)
  AVERAGE WIND SPEED     7.8


SKY COVER
  POSSIBLE SUNSHINE  MM
  AVERAGE SKY COVER 0.7


WEATHER CONDITIONS
 THE FOLLOWING WEATHER WAS RECORDED TODAY.
  NO SIGNIFICANT WEATHER WAS OBSERVED.


RELATIVE HUMIDITY (PERCENT)
 HIGHEST    92           600 AM
 LOWEST     38           200 PM
 AVERAGE    65

..........................................................


THE KALISPELL MT CLIMATE NORMALS FOR TOMORROW
                         NORMAL    RECORD    YEAR
 MAXIMUM TEMPERATURE (F)   51        73      2004
 MINIMUM TEMPERATURE (F)   29         5      1936


SUNRISE AND SUNSET
MARCH 29 2015.........SUNRISE   722 AM MDT   SUNSET   803 PM MDT
MARCH 30 2015.........SUNRISE   720 AM MDT   SUNSET   804 PM MDT


-  INDICATES NEGATIVE NUMBERS.
R  INDICATES RECORD WAS SET OR TIED.
MM INDICATES DATA IS MISSING.
T  INDICATES TRACE AMOUNT.




$$
