000
CDUS45 KMSO 200738
CLIGPI


CLIMATE REPORT
NATIONAL WEATHER SERVICE MISSOULA, MT
138 AM MDT WED AUG 20 2014


...................................

...THE KALISPELL MT CLIMATE SUMMARY FOR AUGUST 19 2014...

CLIMATE NORMAL PERIOD 1981 TO 2010
CLIMATE RECORD PERIOD 1894 TO 2014


WEATHER ITEM   OBSERVED TIME   RECORD YEAR NORMAL DEPARTURE LAST
                VALUE   (LST)  VALUE       VALUE  FROM      YEAR
                                                  NORMAL
..................................................................
TEMPERATURE (F)
 YESTERDAY
  MAXIMUM         82    231 PM  97    1967  81      1       88
  MINIMUM         49    505 AM  34    1998  46      3       46
  AVERAGE         66                        64      2       67

PRECIPITATION (IN)
  YESTERDAY        0.37R         0.29 1975   0.03   0.34     0.00
  MONTH TO DATE    0.79                      0.56   0.23     0.93
  SINCE OCT 1     18.12                     15.18   2.94    15.63
  SINCE JAN 1     13.67                     11.18   2.49    10.25

SNOWFALL (IN)
  YESTERDAY        0.0
  MONTH TO DATE    0.0
  SINCE JAN 1     38.2
  SINCE JUL 1      0.0
  SNOW DEPTH       0

DEGREE DAYS
 HEATING
  YESTERDAY        0                         3     -3        0
  MONTH TO DATE    5                        44    -39       11
  SINCE JUN 1    272                       337    -65      216
  SINCE JUL 1     19                       121   -102       30

 COOLING
  YESTERDAY        1                         2     -1        2
  MONTH TO DATE   85                        49     36       80
  SINCE JUN 1    215                       129     86      221
  SINCE JAN 1    215                       132     83      221
..................................................................


WIND (MPH)
  HIGHEST WIND SPEED    35   HIGHEST WIND DIRECTION     N (360)
  HIGHEST GUST SPEED    43   HIGHEST GUST DIRECTION     N (350)
  AVERAGE WIND SPEED     4.3


SKY COVER
  POSSIBLE SUNSHINE  MM
  AVERAGE SKY COVER 0.3


WEATHER CONDITIONS
 THE FOLLOWING WEATHER WAS RECORDED YESTERDAY.
  HEAVY RAIN
  RAIN
  LIGHT RAIN
  FOG
  HAZE


RELATIVE HUMIDITY (PERCENT)
 HIGHEST   100           200 AM
 LOWEST     36           100 PM
 AVERAGE    68

..........................................................


THE KALISPELL MT CLIMATE NORMALS FOR TODAY
                         NORMAL    RECORD    YEAR
 MAXIMUM TEMPERATURE (F)   81        96      1898
 MINIMUM TEMPERATURE (F)   46        32      2000


SUNRISE AND SUNSET
AUGUST 20 2014........SUNRISE   638 AM MDT   SUNSET   842 PM MDT
AUGUST 21 2014........SUNRISE   640 AM MDT   SUNSET   840 PM MDT


-  INDICATES NEGATIVE NUMBERS.
R  INDICATES RECORD WAS SET OR TIED.
MM INDICATES DATA IS MISSING.
T  INDICATES TRACE AMOUNT.




$$
