701
CDUS45 KMSO 060843
CLIGPI


CLIMATE REPORT
NATIONAL WEATHER SERVICE MISSOULA, MT
143 AM MST SAT FEB 6 2016


...................................

...THE KALISPELL MT CLIMATE SUMMARY FOR FEBRUARY 5 2016...

CLIMATE NORMAL PERIOD 1981 TO 2010
CLIMATE RECORD PERIOD 1894 TO 2016


WEATHER ITEM   OBSERVED TIME   RECORD YEAR NORMAL DEPARTURE LAST
                VALUE   (LST)  VALUE       VALUE  FROM      YEAR
                                                  NORMAL
..................................................................
TEMPERATURE (F)
 YESTERDAY
  MAXIMUM         40    323 PM  51    1963  34      6       39
  MINIMUM         25    424 AM -23    1982  18      7       31
  AVERAGE         33                        26      7       35

PRECIPITATION (IN)
  YESTERDAY        0.00          0.59 1907   0.03  -0.03     0.09
  MONTH TO DATE    0.18                      0.17   0.01     0.29
  SINCE OCT 1      5.71                      5.50   0.21     8.78
  SINCE JAN 1      1.66                      1.50   0.16     2.70

SNOWFALL (IN)
  YESTERDAY        0.0
  MONTH TO DATE    2.5
  SINCE JAN 1     14.1
  SINCE JUL 1     40.9
  SNOW DEPTH       6

DEGREE DAYS
 HEATING
  YESTERDAY       32                        39     -7       30
  MONTH TO DATE  203                       195      8      172
  SINCE DEC 1   2582                      2782   -200     2703
  SINCE JUL 1   4601                      4986   -385     4701

 COOLING
  YESTERDAY        0                         0      0        0
  MONTH TO DATE    0                         0      0        0
  SINCE DEC 1      0                         0      0        0
  SINCE JAN 1      0                         0      0        0
..................................................................


WIND (MPH)
  HIGHEST WIND SPEED    13   HIGHEST WIND DIRECTION     S (200)
  HIGHEST GUST SPEED    15   HIGHEST GUST DIRECTION     S (200)
  AVERAGE WIND SPEED     6.9


SKY COVER
  POSSIBLE SUNSHINE  MM
  AVERAGE SKY COVER 0.8


WEATHER CONDITIONS
 THE FOLLOWING WEATHER WAS RECORDED YESTERDAY.
  NO SIGNIFICANT WEATHER WAS OBSERVED.


RELATIVE HUMIDITY (PERCENT)
 HIGHEST    92           600 AM
 LOWEST     64           300 PM
 AVERAGE    78

..........................................................


THE KALISPELL MT CLIMATE NORMALS FOR TODAY
                         NORMAL    RECORD    YEAR
 MAXIMUM TEMPERATURE (F)   34        49      1944
 MINIMUM TEMPERATURE (F)   18       -23      2014


SUNRISE AND SUNSET
FEBRUARY  6 2016......SUNRISE   759 AM MST   SUNSET   544 PM MST
FEBRUARY  7 2016......SUNRISE   758 AM MST   SUNSET   545 PM MST


-  INDICATES NEGATIVE NUMBERS.
R  INDICATES RECORD WAS SET OR TIED.
MM INDICATES DATA IS MISSING.
T  INDICATES TRACE AMOUNT.




$$
