000
CDUS43 KGRB 240640
CLIGRB


CLIMATE REPORT
NATIONAL WEATHER SERVICE GREEN BAY
1239 AM CST TUE JAN 24 2017


...................................

...THE GREEN BAY WI CLIMATE SUMMARY FOR JANUARY 23 2017...

CLIMATE NORMAL PERIOD 1981 TO 2010
CLIMATE RECORD PERIOD 1886 TO 2017


WEATHER ITEM   OBSERVED TIME   RECORD YEAR NORMAL DEPARTURE LAST
                VALUE   (LST)  VALUE       VALUE  FROM      YEAR
                                                  NORMAL
..................................................................
TEMPERATURE (F)
 YESTERDAY
  MAXIMUM         40    425 PM  46    1989  24     16       27
                                      1942
  MINIMUM         35   1146 PM -27    1963   9     26        7
  AVERAGE         38                        16     22       17

PRECIPITATION (IN)
  YESTERDAY        0.00          0.76 1887   0.03  -0.03     0.00
  MONTH TO DATE    1.79                      0.86   0.93     0.81
  SINCE DEC 1      4.04                      2.37   1.67     6.52
  SINCE JAN 1      1.79                      0.86   0.93     0.81

SNOWFALL (IN)
  YESTERDAY        0.0           8.0  1887   0.5   -0.5      0.0
  MONTH TO DATE    6.2                       9.6   -3.4      3.3
  SINCE DEC 1     29.3                      22.7    6.6     17.0
  SINCE JUL 1     30.2                      26.9    3.3     17.2
  SNOW DEPTH       1

DEGREE DAYS
 HEATING
  YESTERDAY       27                        49    -22       48
  MONTH TO DATE  994                      1117   -123     1110
  SINCE DEC 1   2245                      2467   -222     2048
  SINCE JUL 1   3307                      4207   -900     3320

 COOLING
  YESTERDAY        0                         0      0        0
  MONTH TO DATE    0                         0      0        0
  SINCE DEC 1      0                         0      0        0
  SINCE JAN 1      0                         0      0        0
..................................................................


WIND (MPH)
  HIGHEST WIND SPEED     8   HIGHEST WIND DIRECTION    NW (310)
  HIGHEST GUST SPEED    10   HIGHEST GUST DIRECTION    NW (320)
  AVERAGE WIND SPEED     3.5


SKY COVER
  POSSIBLE SUNSHINE  MM
  AVERAGE SKY COVER 1.0


WEATHER CONDITIONS
 THE FOLLOWING WEATHER WAS RECORDED YESTERDAY.
  FOG


RELATIVE HUMIDITY (PERCENT)
 HIGHEST   100          1200 AM
 LOWEST     85          1100 AM
 AVERAGE    93

..........................................................


THE GREEN BAY WI CLIMATE NORMALS FOR TODAY
                         NORMAL    RECORD    YEAR
 MAXIMUM TEMPERATURE (F)   24        47      1916
 MINIMUM TEMPERATURE (F)    9       -25      1935


SUNRISE AND SUNSET
JANUARY 24 2017.......SUNRISE   719 AM CST   SUNSET   451 PM CST
JANUARY 25 2017.......SUNRISE   718 AM CST   SUNSET   452 PM CST


-  INDICATES NEGATIVE NUMBERS.
R  INDICATES RECORD WAS SET OR TIED.
MM INDICATES DATA IS MISSING.
T  INDICATES TRACE AMOUNT.




$$
