000
CDUS43 KGID 010643
CLIGRI


CLIMATE REPORT
NATIONAL WEATHER SERVICE HASTINGS NE
142 AM CDT TUE SEP 1 2015


...................................

...THE GRAND ISLAND NE CLIMATE SUMMARY FOR AUGUST 31 2015...

CLIMATE NORMAL PERIOD 1981 TO 2010
CLIMATE RECORD PERIOD 1895 TO 2015


WEATHER ITEM   OBSERVED TIME   RECORD YEAR NORMAL DEPARTURE LAST
                VALUE   (LST)  VALUE       VALUE  FROM      YEAR
                                                  NORMAL
..................................................................
TEMPERATURE (F)
 YESTERDAY
  MAXIMUM         91    251 PM 103    1922  83      8       87
  MINIMUM         61    627 AM  43    1967  59      2       61
  AVERAGE         76                        71      5       74

PRECIPITATION (IN)
  YESTERDAY        0.00          1.61 1935   0.09  -0.09     0.00
  MONTH TO DATE    1.24                      3.12  -1.88     5.87
  SINCE JUN 1      9.49                     10.82  -1.33    17.71
  SINCE JAN 1     16.65                     20.77  -4.12    22.20

SNOWFALL (IN)
  YESTERDAY        0.0                       0.0    0.0      0.0
  MONTH TO DATE    0.0                       0.0    0.0      0.0
  SINCE JUN 1      0.0                       0.0    0.0      0.0
  SINCE JUL 1      0.0                       0.0    0.0      0.0
  SNOW DEPTH       0

DEGREE DAYS
 HEATING
  YESTERDAY        0                         1     -1        0
  MONTH TO DATE    8                         4      4        0
  SINCE JUN 1     18                        34    -16       14
  SINCE JUL 1     13                        10      3        4

 COOLING
  YESTERDAY       11                         7      4        9
  MONTH TO DATE  242                       287    -45      289
  SINCE JUN 1    795                       849    -54      811
  SINCE JAN 1    822                       914    -92      930
..................................................................


WIND (MPH)
  HIGHEST WIND SPEED    17   HIGHEST WIND DIRECTION     S (160)
  HIGHEST GUST SPEED    22   HIGHEST GUST DIRECTION     S (160)
  AVERAGE WIND SPEED     9.7


SKY COVER
  AVERAGE SKY COVER 0.0


WEATHER CONDITIONS
 THE FOLLOWING WEATHER WAS RECORDED YESTERDAY.
  FOG


RELATIVE HUMIDITY (PERCENT)
 HIGHEST   100           400 AM
 LOWEST     41           300 PM
 AVERAGE    71

..........................................................


THE GRAND ISLAND NE CLIMATE NORMALS FOR TODAY
                         NORMAL    RECORD    YEAR
 MAXIMUM TEMPERATURE (F)   83       106      1922
 MINIMUM TEMPERATURE (F)   59        43      1956
                                             1949


SUNRISE AND SUNSET
SEPTEMBER  1 2015.....SUNRISE   700 AM CDT   SUNSET   806 PM CDT
SEPTEMBER  2 2015.....SUNRISE   701 AM CDT   SUNSET   804 PM CDT


-  INDICATES NEGATIVE NUMBERS.
R  INDICATES RECORD WAS SET OR TIED.
MM INDICATES DATA IS MISSING.
T  INDICATES TRACE AMOUNT.




$$
