000
CDUS43 KGID 020722
CLIGRI


CLIMATE REPORT
NATIONAL WEATHER SERVICE HASTINGS NE
222 AM CDT TUE SEP 2 2014


...................................

...THE GRAND ISLAND NE CLIMATE SUMMARY FOR SEPTEMBER 1 2014...

CLIMATE NORMAL PERIOD 1981 TO 2010
CLIMATE RECORD PERIOD 1895 TO 2014


WEATHER ITEM   OBSERVED TIME   RECORD YEAR NORMAL DEPARTURE LAST
                VALUE   (LST)  VALUE       VALUE  FROM      YEAR
                                                  NORMAL
..................................................................
TEMPERATURE (F)
 YESTERDAY
  MAXIMUM         79   1243 PM 106    1922  83     -4       87
  MINIMUM         57   1159 PM  43    1956  59     -2       60
                                      1949
  AVERAGE         68                        71     -3       74

PRECIPITATION (IN)
  YESTERDAY        T             5.62 1977   0.09  -0.09     0.00
  MONTH TO DATE    T                         0.09  -0.09     0.00
  SINCE SEP 1      T                         0.09  -0.09     0.00
  SINCE JAN 1     22.20                     20.86   1.34    19.41

SNOWFALL (IN)
  YESTERDAY        0.0                       0.0    0.0      0.0
  MONTH TO DATE    0.0                       0.0    0.0      0.0
  SINCE SEP 1      0.0                       0.0    0.0      0.0
  SINCE JUL 1      0.0                       0.0    0.0      0.0
  SNOW DEPTH       0

DEGREE DAYS
 HEATING
  YESTERDAY        0                         1     -1        0
  MONTH TO DATE    0                         1     -1        0
  SINCE SEP 1      0                         1     -1        0
  SINCE JUL 1      4                        11     -7        3

 COOLING
  YESTERDAY        3                         7     -4        9
  MONTH TO DATE    3                         7     -4        9
  SINCE SEP 1      3                         7     -4        9
  SINCE JAN 1    933                       921     12     1072
..................................................................


WIND (MPH)
  HIGHEST WIND SPEED    28   HIGHEST WIND DIRECTION     N (350)
  HIGHEST GUST SPEED    41   HIGHEST GUST DIRECTION     N (340)
  AVERAGE WIND SPEED     7.5


SKY COVER
  AVERAGE SKY COVER 0.0


WEATHER CONDITIONS
 THE FOLLOWING WEATHER WAS RECORDED YESTERDAY.
  LIGHT RAIN


RELATIVE HUMIDITY (PERCENT)
 HIGHEST    93           700 AM
 LOWEST     47           100 PM
 AVERAGE    70

..........................................................


THE GRAND ISLAND NE CLIMATE NORMALS FOR TODAY
                         NORMAL    RECORD    YEAR
 MAXIMUM TEMPERATURE (F)   83       101      2012
                                             1929
 MINIMUM TEMPERATURE (F)   58        40      1974


SUNRISE AND SUNSET
SEPTEMBER  2 2014.....SUNRISE   701 AM CDT   SUNSET   804 PM CDT
SEPTEMBER  3 2014.....SUNRISE   702 AM CDT   SUNSET   802 PM CDT


-  INDICATES NEGATIVE NUMBERS.
R  INDICATES RECORD WAS SET OR TIED.
MM INDICATES DATA IS MISSING.
T  INDICATES TRACE AMOUNT.




$$
