000
CDUS43 KGID 280632
CLIGRI


CLIMATE REPORT
NATIONAL WEATHER SERVICE HASTINGS NE
130 AM CDT MON JUL 28 2014


...................................

...THE GRAND ISLAND NE CLIMATE SUMMARY FOR JULY 27 2014...

CLIMATE NORMAL PERIOD 1981 TO 2010
CLIMATE RECORD PERIOD 1895 TO 2014


WEATHER ITEM   OBSERVED TIME   RECORD YEAR NORMAL DEPARTURE LAST
                VALUE   (LST)  VALUE       VALUE  FROM      YEAR
                                                  NORMAL
..................................................................
TEMPERATURE (F)
 YESTERDAY
  MAXIMUM         87    407 PM 106    1935  87      0       73
                                      1930
  MINIMUM         62   1159 PM  49    2005  65     -3       56
  AVERAGE         75                        76     -1       65

PRECIPITATION (IN)
  YESTERDAY        0.00          1.14 1993   0.10  -0.10     0.11
  MONTH TO DATE    2.06                      2.97  -0.91     0.96
  SINCE JUN 1     11.71                      7.27   4.44     2.59
  SINCE JAN 1     16.20                     17.22  -1.02    15.96

SNOWFALL (IN)
  YESTERDAY        0.0                       0.0    0.0      0.0
  MONTH TO DATE    0.0                       0.0    0.0      0.0
  SINCE JUN 1      0.0                       0.0    0.0      0.0
  SINCE JUL 1      0.0                       0.0    0.0      0.0
  SNOW DEPTH       0

DEGREE DAYS
 HEATING
  YESTERDAY        0                         0      0        0
  MONTH TO DATE    4                         0      4        0
  SINCE JUN 1     14                        24    -10       21
  SINCE JUL 1      4                         0      4        0

 COOLING
  YESTERDAY       10                        11     -1        0
  MONTH TO DATE  249                       306    -57      347
  SINCE JUN 1    499                       519    -20      606
  SINCE JAN 1    618                       584     34      701
..................................................................


WIND (MPH)
  HIGHEST WIND SPEED    23   HIGHEST WIND DIRECTION    NW (330)
  HIGHEST GUST SPEED    30   HIGHEST GUST DIRECTION     N (350)
  AVERAGE WIND SPEED    10.5


SKY COVER
  AVERAGE SKY COVER 0.0


WEATHER CONDITIONS
 THE FOLLOWING WEATHER WAS RECORDED YESTERDAY.
  NO SIGNIFICANT WEATHER WAS OBSERVED.


RELATIVE HUMIDITY (PERCENT)
 HIGHEST    93           100 AM
 LOWEST     29           300 PM
 AVERAGE    61

..........................................................


THE GRAND ISLAND NE CLIMATE NORMALS FOR TODAY
                         NORMAL    RECORD    YEAR
 MAXIMUM TEMPERATURE (F)   87       106      1917
 MINIMUM TEMPERATURE (F)   65        50      1994


SUNRISE AND SUNSET
JULY 28 2014..........SUNRISE   626 AM CDT   SUNSET   853 PM CDT
JULY 29 2014..........SUNRISE   626 AM CDT   SUNSET   852 PM CDT


-  INDICATES NEGATIVE NUMBERS.
R  INDICATES RECORD WAS SET OR TIED.
MM INDICATES DATA IS MISSING.
T  INDICATES TRACE AMOUNT.

$$

HALBLAUB
