000
CDUS43 KGID 020630
CLIGRI


CLIMATE REPORT
NATIONAL WEATHER SERVICE HASTINGS NE
1228 AM CST MON MAR 2 2015


...................................

...THE GRAND ISLAND NE CLIMATE SUMMARY FOR MARCH 1 2015...

CLIMATE NORMAL PERIOD 1981 TO 2010
CLIMATE RECORD PERIOD 1895 TO 2015


WEATHER ITEM   OBSERVED TIME   RECORD YEAR NORMAL DEPARTURE LAST
                VALUE   (LST)  VALUE       VALUE  FROM      YEAR
                                                  NORMAL
..................................................................
TEMPERATURE (F)
 YESTERDAY
  MAXIMUM         40    451 PM  80    1992  45     -5       17
  MINIMUM         14    739 AM -10    1980  23     -9        0
  AVERAGE         27                        34     -7        9

PRECIPITATION (IN)
  YESTERDAY        0.00          0.50 2002   0.03  -0.03     0.01
  MONTH TO DATE    0.00                      0.03  -0.03     0.01
  SINCE MAR 1      0.00                      0.03  -0.03     0.01
  SINCE JAN 1      1.17                      1.24  -0.07     0.66

SNOWFALL (IN)
  YESTERDAY        0.0          10.0  2002   0.2   -0.2      0.1
  MONTH TO DATE    0.0                       0.2   -0.2      0.1
  SINCE MAR 1      0.0                       0.2   -0.2      0.1
  SINCE JUL 1     22.9                      22.3    0.6     13.6
  SNOW DEPTH       0

DEGREE DAYS
 HEATING
  YESTERDAY       38                        31      7       56
  MONTH TO DATE   38                        31      7       56
  SINCE MAR 1     38                        31      7       56
  SINCE JUL 1   4775                      4792    -17     4891

 COOLING
  YESTERDAY        0                         0      0        0
  MONTH TO DATE    0                         0      0        0
  SINCE MAR 1      0                         0      0        0
  SINCE JAN 1      0                         0      0        0
..................................................................


WIND (MPH)
  HIGHEST WIND SPEED    14   HIGHEST WIND DIRECTION     N (350)
  HIGHEST GUST SPEED    18   HIGHEST GUST DIRECTION     N (340)
  AVERAGE WIND SPEED     6.6


SKY COVER
  AVERAGE SKY COVER 0.2


WEATHER CONDITIONS
 THE FOLLOWING WEATHER WAS RECORDED YESTERDAY.
  FOG
  HAZE


RELATIVE HUMIDITY (PERCENT)
 HIGHEST    88          1200 AM
 LOWEST     32           200 PM
 AVERAGE    60

..........................................................


THE GRAND ISLAND NE CLIMATE NORMALS FOR TODAY
                         NORMAL    RECORD    YEAR
 MAXIMUM TEMPERATURE (F)   45        79      1974
 MINIMUM TEMPERATURE (F)   23        -5      2014
                                             1960


SUNRISE AND SUNSET
MARCH  2 2015.........SUNRISE   706 AM CST   SUNSET   625 PM CST
MARCH  3 2015.........SUNRISE   705 AM CST   SUNSET   626 PM CST


-  INDICATES NEGATIVE NUMBERS.
R  INDICATES RECORD WAS SET OR TIED.
MM INDICATES DATA IS MISSING.
T  INDICATES TRACE AMOUNT.




$$

BRYANT
