000
CDUS43 KGID 180626
CLIGRI


CLIMATE REPORT
NATIONAL WEATHER SERVICE HASTINGS NE
124 AM CDT WED OCT 18 2017


...................................

...THE GRAND ISLAND NE CLIMATE SUMMARY FOR OCTOBER 17 2017...

CLIMATE NORMAL PERIOD 1981 TO 2010
CLIMATE RECORD PERIOD 1895 TO 2017


WEATHER ITEM   OBSERVED TIME   RECORD YEAR NORMAL DEPARTURE LAST
                VALUE   (LST)  VALUE       VALUE  FROM      YEAR
                                                  NORMAL
..................................................................
TEMPERATURE (F)
 YESTERDAY
  MAXIMUM         80    303 PM  90    1910  64     16       79
  MINIMUM         39    701 AM  15    1922  39      0       48
  AVERAGE         60                        52      8       64

PRECIPITATION (IN)
  YESTERDAY        0.00          0.87 1985   0.07  -0.07     0.00
  MONTH TO DATE    5.28                      1.13   4.15     0.12
  SINCE SEP 1      7.96                      3.36   4.60     2.65
  SINCE JAN 1     29.35                     24.13   5.22    22.05

SNOWFALL (IN)
  YESTERDAY        0.0           T    1946   0.0    0.0      0.0
                                      1922
  MONTH TO DATE    0.0                       0.3   -0.3      0.0
  SINCE SEP 1      0.0                       0.4   -0.4      0.0
  SINCE JUL 1      0.0                       0.4   -0.4      0.0
  SNOW DEPTH       0

DEGREE DAYS
 HEATING
  YESTERDAY        5                        13     -8        1
  MONTH TO DATE  141                       180    -39      145
  SINCE SEP 1    197                       285    -88      210
  SINCE JUL 1    201                       295    -94      217

 COOLING
  YESTERDAY        0                         0      0        0
  MONTH TO DATE    3                        10     -7        3
  SINCE SEP 1    150                       119     31      130
  SINCE JAN 1   1061                      1033     28     1144
..................................................................


WIND (MPH)
  HIGHEST WIND SPEED    14   HIGHEST WIND DIRECTION     S (200)
  HIGHEST GUST SPEED    19   HIGHEST GUST DIRECTION     S (190)
  AVERAGE WIND SPEED     5.9


SKY COVER
  AVERAGE SKY COVER 0.0


WEATHER CONDITIONS
 THE FOLLOWING WEATHER WAS RECORDED YESTERDAY.
  HAZE


RELATIVE HUMIDITY (PERCENT)
 HIGHEST    92           700 AM
 LOWEST     19           300 PM
 AVERAGE    56

..........................................................


THE GRAND ISLAND NE CLIMATE NORMALS FOR TODAY
                         NORMAL    RECORD    YEAR
 MAXIMUM TEMPERATURE (F)   64        90      1926
 MINIMUM TEMPERATURE (F)   39        18      1922


SUNRISE AND SUNSET
OCTOBER 18 2017.......SUNRISE   748 AM CDT   SUNSET   648 PM CDT
OCTOBER 19 2017.......SUNRISE   749 AM CDT   SUNSET   646 PM CDT


-  INDICATES NEGATIVE NUMBERS.
R  INDICATES RECORD WAS SET OR TIED.
MM INDICATES DATA IS MISSING.
T  INDICATES TRACE AMOUNT.




$$
