000
CDUS43 KGID 270649
CLIGRI


CLIMATE REPORT
NATIONAL WEATHER SERVICE HASTINGS NE
148 AM CDT WED MAY 27 2015


...................................

...THE GRAND ISLAND NE CLIMATE SUMMARY FOR MAY 26 2015...

CLIMATE NORMAL PERIOD 1981 TO 2010
CLIMATE RECORD PERIOD 1895 TO 2015


WEATHER ITEM   OBSERVED TIME   RECORD YEAR NORMAL DEPARTURE LAST
                VALUE   (LST)  VALUE       VALUE  FROM      YEAR
                                                  NORMAL
..................................................................
TEMPERATURE (F)
 YESTERDAY
  MAXIMUM         72    457 PM 100    2012  76     -4       89
  MINIMUM         53   1042 PM  34    1901  53      0       61
  AVERAGE         63                        64     -1       75

PRECIPITATION (IN)
  YESTERDAY        0.00          2.56 1996   0.15  -0.15     0.00
  MONTH TO DATE    3.43                      3.66  -0.23     0.74
  SINCE MAR 1      5.73                      7.99  -2.26     3.84
  SINCE JAN 1      6.90                      9.20  -2.30     4.49

SNOWFALL (IN)
  YESTERDAY        0.0           T    1953   0.0    0.0      0.0
  MONTH TO DATE    0.0                       0.1   -0.1      0.0
  SINCE MAR 1      1.4                       7.0   -5.6      2.9
  SINCE JUL 1     24.3                      29.1   -4.8     16.4
  6 AM SNOW DEPTH  0

DEGREE DAYS
 HEATING
  YESTERDAY        2                         3     -1        0
  MONTH TO DATE  184                       159     25      171
  SINCE MAR 1   1210                      1400   -190     1421
  SINCE JUL 1   5947                      6161   -214     6256

 COOLING
  YESTERDAY        0                         3     -3       10
  MONTH TO DATE   17                        39    -22       57
  SINCE MAR 1     21                        50    -29       61
  SINCE JAN 1     21                        50    -29       61
..................................................................


WIND (MPH)
  HIGHEST WIND SPEED    23   HIGHEST WIND DIRECTION    NW (320)
  HIGHEST GUST SPEED    27   HIGHEST GUST DIRECTION     N (340)
  AVERAGE WIND SPEED    11.8


SKY COVER
  AVERAGE SKY COVER 0.4


WEATHER CONDITIONS
 THE FOLLOWING WEATHER WAS RECORDED YESTERDAY.
  NO SIGNIFICANT WEATHER WAS OBSERVED.


RELATIVE HUMIDITY (PERCENT)
 HIGHEST    93          1200 AM
 LOWEST     44           500 PM
 AVERAGE    69

..........................................................


THE GRAND ISLAND NE CLIMATE NORMALS FOR TODAY
                         NORMAL    RECORD    YEAR
 MAXIMUM TEMPERATURE (F)   76        97      1912
 MINIMUM TEMPERATURE (F)   53        37      1918
                                             1906


SUNRISE AND SUNSET
MAY 27 2015...........SUNRISE   606 AM CDT   SUNSET   855 PM CDT
MAY 28 2015...........SUNRISE   606 AM CDT   SUNSET   856 PM CDT


-  INDICATES NEGATIVE NUMBERS.
R  INDICATES RECORD WAS SET OR TIED.
MM INDICATES DATA IS MISSING.
T  INDICATES TRACE AMOUNT.




$$
