000
CDUS43 KGID 100640
CLIGRI


CLIMATE REPORT
NATIONAL WEATHER SERVICE HASTINGS NE
1240 AM CST WED FEB 10 2016


...................................

...THE GRAND ISLAND NE CLIMATE SUMMARY FOR FEBRUARY 9 2016...

CLIMATE NORMAL PERIOD 1981 TO 2010
CLIMATE RECORD PERIOD 1895 TO 2016


WEATHER ITEM   OBSERVED TIME   RECORD YEAR NORMAL DEPARTURE LAST
                VALUE   (LST)  VALUE       VALUE  FROM      YEAR
                                                  NORMAL
..................................................................
TEMPERATURE (F)
 YESTERDAY
  MAXIMUM         28    448 PM  70    1996  38    -10       40
  MINIMUM         18    340 AM -21    1994  17      1       29
                                      1936
  AVERAGE         23                        27     -4       35

PRECIPITATION (IN)
  YESTERDAY        0.00          0.65 1965   0.02  -0.02     0.00
  MONTH TO DATE    1.85                      0.19   1.66     0.56
  SINCE DEC 1      4.05                      1.35   2.70     1.79
  SINCE JAN 1      2.17                      0.72   1.45     1.03

SNOWFALL (IN)
  YESTERDAY        0.0           9.1  1965   0.3   -0.3      0.0
  MONTH TO DATE   18.6                       2.2   16.4      8.0
  SINCE DEC 1     25.6                      13.8   11.8     17.6
  SINCE JUL 1     31.2                      18.0   13.2     19.8
  SNOW DEPTH       0

DEGREE DAYS
 HEATING
  YESTERDAY       42                        38      4       30
  MONTH TO DATE  347                       346      1      340
  SINCE DEC 1   2525                      2772   -247     2599
  SINCE JUL 1   3491                      4102   -611     3932

 COOLING
  YESTERDAY        0                         0      0        0
  MONTH TO DATE    0                         0      0        0
  SINCE DEC 1      0                         0      0        0
  SINCE JAN 1      0                         0      0        0
..................................................................


WIND (MPH)
  HIGHEST WIND SPEED    28   HIGHEST WIND DIRECTION     N (340)
  HIGHEST GUST SPEED    32   HIGHEST GUST DIRECTION    NW (330)
  AVERAGE WIND SPEED    11.0


SKY COVER
  AVERAGE SKY COVER 0.7


WEATHER CONDITIONS
 THE FOLLOWING WEATHER WAS RECORDED YESTERDAY.
  NO SIGNIFICANT WEATHER WAS OBSERVED.


RELATIVE HUMIDITY (PERCENT)
 HIGHEST    74           900 PM
 LOWEST     50           300 PM
 AVERAGE    62

..........................................................


THE GRAND ISLAND NE CLIMATE NORMALS FOR TODAY
                         NORMAL    RECORD    YEAR
 MAXIMUM TEMPERATURE (F)   38        72      1999
 MINIMUM TEMPERATURE (F)   17       -16      1981


SUNRISE AND SUNSET
FEBRUARY 10 2016......SUNRISE   734 AM CST   SUNSET   601 PM CST
FEBRUARY 11 2016......SUNRISE   733 AM CST   SUNSET   602 PM CST


-  INDICATES NEGATIVE NUMBERS.
R  INDICATES RECORD WAS SET OR TIED.
MM INDICATES DATA IS MISSING.
T  INDICATES TRACE AMOUNT.




$$
