000
CDUS43 KGID 250629
CLIGRI


CLIMATE REPORT
NATIONAL WEATHER SERVICE HASTINGS NE
129 AM CDT WED MAY 25 2016


...................................

...THE GRAND ISLAND NE CLIMATE SUMMARY FOR MAY 24 2016...

CLIMATE NORMAL PERIOD 1981 TO 2010
CLIMATE RECORD PERIOD 1895 TO 2016


WEATHER ITEM   OBSERVED TIME   RECORD YEAR NORMAL DEPARTURE LAST
                VALUE   (LST)  VALUE       VALUE  FROM      YEAR
                                                  NORMAL
..................................................................
TEMPERATURE (F)
 YESTERDAY
  MAXIMUM         80    326 PM 101    1967  75      5       67
  MINIMUM         58    503 AM  29    1924  52      6       57
  AVERAGE         69                        64      5       62

PRECIPITATION (IN)
  YESTERDAY        T             2.08 1982   0.15  -0.15     0.01
  MONTH TO DATE    4.77                      3.35   1.42     3.41
  SINCE MAR 1     10.43                      7.68   2.75     5.71
  SINCE JAN 1     12.61                      8.89   3.72     6.88

SNOWFALL (IN)
  YESTERDAY        0.0           T    1951   0.0    0.0      0.0
  MONTH TO DATE    0.0                       0.1   -0.1      0.0
  SINCE MAR 1      2.6                       7.0   -4.4      1.4
  SINCE JUL 1     33.8                      29.1    4.7     24.3
  SNOW DEPTH       0

DEGREE DAYS
 HEATING
  YESTERDAY        0                         4     -4        3
  MONTH TO DATE  175                       153     22      182
  SINCE MAR 1   1132                      1394   -262     1208
  SINCE JUL 1   5130                      6155  -1025     5945

 COOLING
  YESTERDAY        4                         2      2        0
  MONTH TO DATE   17                        33    -16       16
  SINCE MAR 1     17                        44    -27       20
  SINCE JAN 1     17                        44    -27       20
..................................................................


WIND (MPH)
  HIGHEST WIND SPEED    17   HIGHEST WIND DIRECTION    SE (120)
  HIGHEST GUST SPEED    22   HIGHEST GUST DIRECTION    SE (120)
  AVERAGE WIND SPEED     7.6


SKY COVER
  AVERAGE SKY COVER 0.1


WEATHER CONDITIONS
 THE FOLLOWING WEATHER WAS RECORDED YESTERDAY.
  LIGHT RAIN
  FOG


RELATIVE HUMIDITY (PERCENT)
 HIGHEST   100           400 AM
 LOWEST     45           200 PM
 AVERAGE    73

..........................................................


THE GRAND ISLAND NE CLIMATE NORMALS FOR TODAY
                         NORMAL    RECORD    YEAR
 MAXIMUM TEMPERATURE (F)   76       100      1967
 MINIMUM TEMPERATURE (F)   53        33      1925


SUNRISE AND SUNSET
MAY 25 2016...........SUNRISE   607 AM CDT   SUNSET   854 PM CDT
MAY 26 2016...........SUNRISE   606 AM CDT   SUNSET   855 PM CDT


-  INDICATES NEGATIVE NUMBERS.
R  INDICATES RECORD WAS SET OR TIED.
MM INDICATES DATA IS MISSING.
T  INDICATES TRACE AMOUNT.




$$
