000
CDUS43 KGID 230724
CLIGRI


CLIMATE REPORT
NATIONAL WEATHER SERVICE HASTINGS NE
122 AM CST MON JAN 23 2017


...................................

...THE GRAND ISLAND NE CLIMATE SUMMARY FOR JANUARY 22 2017...

CLIMATE NORMAL PERIOD 1981 TO 2010
CLIMATE RECORD PERIOD 1895 TO 2017


WEATHER ITEM   OBSERVED TIME   RECORD YEAR NORMAL DEPARTURE LAST
                VALUE   (LST)  VALUE       VALUE  FROM      YEAR
                                                  NORMAL
..................................................................
TEMPERATURE (F)
 YESTERDAY
  MAXIMUM         48    427 PM  70    1950  36     12       26
  MINIMUM         26    745 AM -15    1966  14     12       19
                                      1930
  AVERAGE         37                        25     12       23

PRECIPITATION (IN)
  YESTERDAY        0.00          0.35 1982   0.02  -0.02     0.00
  MONTH TO DATE    1.01                      0.36   0.65     0.31
  SINCE DEC 1      1.82                      0.99   0.83     2.19
  SINCE JAN 1      1.01                      0.36   0.65     0.31

SNOWFALL (IN)
  YESTERDAY        0.0           3.0  1915   0.2   -0.2      0.0
  MONTH TO DATE    1.7                       4.3   -2.6      4.5
  SINCE DEC 1      3.1                       9.4   -6.3      6.9
  SINCE JUL 1      3.5                      13.6  -10.1     12.5
  SNOW DEPTH       0

DEGREE DAYS
 HEATING
  YESTERDAY       28                        40    -12       42
  MONTH TO DATE  897                       880     17      898
  SINCE DEC 1   2098                      2069     29     1906
  SINCE JUL 1   3018                      3399   -381     2872

 COOLING
  YESTERDAY        0                         0      0        0
  MONTH TO DATE    0                         0      0        0
  SINCE DEC 1      0                         0      0        0
  SINCE JAN 1      0                         0      0        0
..................................................................


WIND (MPH)
  HIGHEST WIND SPEED    15   HIGHEST WIND DIRECTION    NW (330)
  HIGHEST GUST SPEED    MM   HIGHEST GUST DIRECTION    MM
  AVERAGE WIND SPEED     8.5


SKY COVER
  AVERAGE SKY COVER 0.0


WEATHER CONDITIONS
 THE FOLLOWING WEATHER WAS RECORDED YESTERDAY.
  NO SIGNIFICANT WEATHER WAS OBSERVED.


RELATIVE HUMIDITY (PERCENT)
 HIGHEST   100           400 AM
 LOWEST     50           400 PM
 AVERAGE    75

..........................................................


THE GRAND ISLAND NE CLIMATE NORMALS FOR TODAY
                         NORMAL    RECORD    YEAR
 MAXIMUM TEMPERATURE (F)   36        69      1981
 MINIMUM TEMPERATURE (F)   14       -22      1915


SUNRISE AND SUNSET
JANUARY 23 2017.......SUNRISE   751 AM CST   SUNSET   540 PM CST
JANUARY 24 2017.......SUNRISE   750 AM CST   SUNSET   541 PM CST


-  INDICATES NEGATIVE NUMBERS.
R  INDICATES RECORD WAS SET OR TIED.
MM INDICATES DATA IS MISSING.
T  INDICATES TRACE AMOUNT.




$$
