000
CDUS43 KGRR 242228
CLIGRR


CLIMATE REPORT
NATIONAL WEATHER SERVICE GRAND RAPIDS, MI
528 PM EST FRI NOV 24 2017


...................................

...THE GRAND RAPIDS MI CLIMATE SUMMARY FOR NOVEMBER 24 2017...
VALID TODAY AS OF 0500 PM LOCAL TIME.

CLIMATE NORMAL PERIOD 1981 TO 2010
CLIMATE RECORD PERIOD 1892 TO 2017


WEATHER ITEM   OBSERVED TIME   RECORD YEAR NORMAL DEPARTURE LAST
                VALUE   (LST)  VALUE       VALUE  FROM      YEAR
                                                  NORMAL
..................................................................
TEMPERATURE (F)
 TODAY
  MAXIMUM         58    353 PM  66    1931  43     15       43
  MINIMUM         31    350 AM  -9    1950  30      1       38
  AVERAGE         45                        37      8       41

PRECIPITATION (IN)
  TODAY            0.00          1.09 1973   0.11  -0.11     0.16
  MONTH TO DATE    2.75                      2.87  -0.12     2.49
  SINCE SEP 1     13.10                     10.41   2.69    11.04
  SINCE JAN 1     37.42                     35.13   2.29    42.58

SNOWFALL (IN)
  TODAY            0.0           9.7  2004   0.3   -0.3      0.0
  MONTH TO DATE    0.2                       4.5   -4.3      0.8
  SINCE SEP 1      0.6                       5.0   -4.4      0.8
  SINCE JUL 1      0.6                       5.0   -4.4      0.8
  SNOW DEPTH       0

DEGREE DAYS
 HEATING
  TODAY           20                        28     -8       24
  MONTH TO DATE  640                       567     73      447
  SINCE SEP 1   1031                      1139   -108      815
  SINCE JUL 1   1047                      1159   -112      815

 COOLING
  TODAY            0                         0      0        0
  MONTH TO DATE    0                         0      0        0
  SINCE SEP 1    147                        74     73      105
  SINCE JAN 1    719                       699     20      936
..................................................................


WIND (MPH)
  RESULTANT WIND SPEED  12   RESULTANT WIND DIRECTION   S (200)
  HIGHEST WIND SPEED    23   HIGHEST WIND DIRECTION    SW (210)
  HIGHEST GUST SPEED    29   HIGHEST GUST DIRECTION    SW (220)
  AVERAGE WIND SPEED    12.3


SKY COVER
  AVERAGE SKY COVER 0.4


WEATHER CONDITIONS
 THE FOLLOWING WEATHER WAS RECORDED TODAY.
  NO SIGNIFICANT WEATHER WAS OBSERVED.


RELATIVE HUMIDITY (PERCENT)
 HIGHEST    78           400 AM
 LOWEST     43           100 PM
 AVERAGE    61

..........................................................


THE GRAND RAPIDS MI CLIMATE NORMALS FOR TOMORROW
                         NORMAL    RECORD    YEAR
 MAXIMUM TEMPERATURE (F)   43        65      1908
 MINIMUM TEMPERATURE (F)   30       -10      1950


SUNRISE AND SUNSET
NOVEMBER 24 2017......SUNRISE   746 AM EST   SUNSET   512 PM EST
NOVEMBER 25 2017......SUNRISE   747 AM EST   SUNSET   511 PM EST


-  INDICATES NEGATIVE NUMBERS.
R  INDICATES RECORD WAS SET OR TIED.
MM INDICATES DATA IS MISSING.
T  INDICATES TRACE AMOUNT.




$$
