000
CDUS42 KRAH 201506
CLIGSO


CLIMATE REPORT
NATIONAL WEATHER SERVICE RALEIGH NC
957 AM EST FRI JAN 20 2017


...................................

...THE PIEDMONT TRIAD INTL AIRPORT NC CLIMATE SUMMARY FOR JANUARY 20 2017...
VALID AS OF 0951 AM LOCAL TIME.

CLIMATE NORMAL PERIOD 1981 TO 2010
CLIMATE RECORD PERIOD 1903 TO 2017


WEATHER ITEM   OBSERVED TIME   RECORD YEAR NORMAL DEPARTURE LAST
                VALUE   (LST)  VALUE       VALUE  FROM      YEAR
                                                  NORMAL
..................................................................
TEMPERATURE (F)
 TODAY
  MAXIMUM         50    616 AM  71    1907  48      2       36
  MINIMUM         47    834 AM  -6    1985  29     18       15
  AVERAGE         49                        39     10       26

PRECIPITATION (IN)
  TODAY            0.33          2.11 1979   0.10   0.23     0.01
  MONTH TO DATE    2.59                      2.01   0.58     1.01
  SINCE DEC 1      4.29                      4.99  -0.70     7.66
  SINCE JAN 1      2.59                      2.01   0.58     1.01

SNOWFALL (IN)
  TODAY            0.0           1.3  2000   0.1   -0.1       T
  MONTH TO DATE    8.0                       2.2    5.8      0.5
  SINCE DEC 1      8.0                       3.0    5.0      0.5
  SINCE JUL 1      8.0                       3.1    4.9      0.5
  SNOW DEPTH       0

..................................................................


WIND (MPH)
  HIGHEST WIND SPEED    14   HIGHEST WIND DIRECTION    NW (310)
  HIGHEST GUST SPEED    16   HIGHEST GUST DIRECTION    NW (320)
  AVERAGE WIND SPEED     5.6


SKY COVER
  POSSIBLE SUNSHINE  MM
  AVERAGE SKY COVER 1.0


WEATHER CONDITIONS
 THE FOLLOWING WEATHER WAS RECORDED TODAY.
  HEAVY RAIN
  RAIN
  LIGHT RAIN
  FOG


RELATIVE HUMIDITY (PERCENT)
 HIGHEST   100           800 AM
 LOWEST     71          1200 AM
 AVERAGE    86

..........................................................


THE PIEDMONT TRIAD INTL AIRPORT NC CLIMATE NORMALS FOR TOMORROW
                         NORMAL    RECORD    YEAR
 MAXIMUM TEMPERATURE (F)   48        73      1927
 MINIMUM TEMPERATURE (F)   29        -8      1985


SUNRISE AND SUNSET
JANUARY 20 2017.......SUNRISE   728 AM EST   SUNSET   534 PM EST
JANUARY 21 2017.......SUNRISE   727 AM EST   SUNSET   535 PM EST


-  INDICATES NEGATIVE NUMBERS.
R  INDICATES RECORD WAS SET OR TIED.
MM INDICATES DATA IS MISSING.
T  INDICATES TRACE AMOUNT.




$$
