000
CDUS42 KRAH 270634
CLIGSO


CLIMATE REPORT
NATIONAL WEATHER SERVICE RALEIGH NC
232 AM EDT WED JUL 27 2016


...................................

...THE PIEDMONT TRIAD INTL AIRPORT NC CLIMATE SUMMARY FOR JULY 26 2016...

CLIMATE NORMAL PERIOD 1981 TO 2010
CLIMATE RECORD PERIOD 1903 TO 2016


WEATHER ITEM   OBSERVED TIME   RECORD YEAR NORMAL DEPARTURE LAST
                VALUE   (LST)  VALUE       VALUE  FROM      YEAR
                                                  NORMAL
..................................................................
TEMPERATURE (F)
 YESTERDAY
  MAXIMUM         98    332 PM 102    1914  88     10       90
  MINIMUM         76    547 AM  57    1947  69      7       69
  AVERAGE         87                        78      9       80

PRECIPITATION (IN)
  YESTERDAY        0.00          1.74 1984   0.15  -0.15     0.00
  MONTH TO DATE    4.31                      3.69   0.62     2.63
  SINCE JUN 1      6.09                      7.42  -1.33     4.69
  SINCE JAN 1     25.06                     24.12   0.94    17.65

DEGREE DAYS
 HEATING
  YESTERDAY        0                         0      0        0
  MONTH TO DATE    0                         0      0        0
  SINCE JUN 1      0                         6     -6        3
  SINCE JUL 1      0                         0      0        0

 COOLING
  YESTERDAY       22                        13      9       15
  MONTH TO DATE  424                       357     67      387
  SINCE JUN 1    791                       664    127      806
  SINCE JAN 1    991                       823    168     1040
..................................................................


WIND (MPH)
  HIGHEST WIND SPEED    16   HIGHEST WIND DIRECTION    NW (330)
  HIGHEST GUST SPEED    22   HIGHEST GUST DIRECTION     N (350)
  AVERAGE WIND SPEED     4.7


SKY COVER
  POSSIBLE SUNSHINE  MM
  AVERAGE SKY COVER 0.7


WEATHER CONDITIONS
 THE FOLLOWING WEATHER WAS RECORDED YESTERDAY.
  THUNDERSTORM


RELATIVE HUMIDITY (PERCENT)
 HIGHEST    82           500 AM
 LOWEST     40           200 PM
 AVERAGE    61

..........................................................


THE PIEDMONT TRIAD INTL AIRPORT NC CLIMATE NORMALS FOR TODAY
                         NORMAL    RECORD    YEAR
 MAXIMUM TEMPERATURE (F)   88       104      1914
 MINIMUM TEMPERATURE (F)   69        53      1962


SUNRISE AND SUNSET
JULY 27 2016..........SUNRISE   623 AM EDT   SUNSET   829 PM EDT
JULY 28 2016..........SUNRISE   624 AM EDT   SUNSET   828 PM EDT


-  INDICATES NEGATIVE NUMBERS.
R  INDICATES RECORD WAS SET OR TIED.
MM INDICATES DATA IS MISSING.
T  INDICATES TRACE AMOUNT.




$$
