311
CDUS42 KRAH 220526
CLIGSO


CLIMATE REPORT
NATIONAL WEATHER SERVICE RALEIGH NC
1224 AM EST THU FEB 22 2018


...................................

...THE PIEDMONT TRIAD INTL AIRPORT NC CLIMATE SUMMARY FOR FEBRUARY 21 2018...

CLIMATE NORMAL PERIOD 1981 TO 2010
CLIMATE RECORD PERIOD 1903 TO 2018


WEATHER ITEM   OBSERVED TIME   RECORD YEAR NORMAL DEPARTURE LAST
                VALUE   (LST)  VALUE       VALUE  FROM      YEAR
                                                  NORMAL
..................................................................
TEMPERATURE (F)
 YESTERDAY
  MAXIMUM         78R   403 PM  74    2011  54     24       63
  MINIMUM         57   1213 AM  13    1959  34     23       47
  AVERAGE         68                        44     24       55

PRECIPITATION (IN)
  YESTERDAY        0.00          1.17 1993   0.11  -0.11     0.00
  MONTH TO DATE    2.53                      2.15   0.38     0.34
  SINCE DEC 1      7.78                      8.19  -0.41     7.16
  SINCE JAN 1      6.18                      5.21   0.97     5.46

SNOWFALL (IN)
  YESTERDAY        0.0           2.9  1929   0.1   -0.1      0.0
  MONTH TO DATE    T                         1.9   -1.9       T
  SINCE DEC 1      9.7                       6.1    3.6      8.0
  SINCE JUL 1      9.7                       6.2    3.5      8.0
  SNOW DEPTH       0

DEGREE DAYS
 HEATING
  YESTERDAY        0                        21    -21       10
  MONTH TO DATE  359                       490   -131      321
  SINCE DEC 1   2008                      2033    -25     1654
  SINCE JUL 1   2635                      2713    -78     2104

 COOLING
  YESTERDAY        3                         0      3        0
  MONTH TO DATE    4                         0      4        4
  SINCE DEC 1      4                         1      3        4
  SINCE JAN 1      4                         0      4        4
..................................................................


WIND (MPH)
  HIGHEST WIND SPEED    18   HIGHEST WIND DIRECTION    SW (220)
  HIGHEST GUST SPEED    24   HIGHEST GUST DIRECTION    SW (230)
  AVERAGE WIND SPEED    10.1


SKY COVER
  POSSIBLE SUNSHINE  MM
  AVERAGE SKY COVER 0.7


WEATHER CONDITIONS
 THE FOLLOWING WEATHER WAS RECORDED YESTERDAY.
  FOG


RELATIVE HUMIDITY (PERCENT)
 HIGHEST   100          1200 AM
 LOWEST     60           300 PM
 AVERAGE    80

..........................................................


THE PIEDMONT TRIAD INTL AIRPORT NC CLIMATE NORMALS FOR TODAY
                         NORMAL    RECORD    YEAR
 MAXIMUM TEMPERATURE (F)   54        74      1925
 MINIMUM TEMPERATURE (F)   34         9      1963


SUNRISE AND SUNSET
FEBRUARY 22 2018......SUNRISE   659 AM EST   SUNSET   608 PM EST
FEBRUARY 23 2018......SUNRISE   658 AM EST   SUNSET   609 PM EST


-  INDICATES NEGATIVE NUMBERS.
R  INDICATES RECORD WAS SET OR TIED.
MM INDICATES DATA IS MISSING.
T  INDICATES TRACE AMOUNT.

$$
