000
CDUS42 KRAH 030824
CLIGSO


CLIMATE REPORT
NATIONAL WEATHER SERVICE RALEIGH NC
422 AM EDT FRI JUL 3 2015


...................................

...THE PIEDMONT TRIAD INTL AIRPORT NC CLIMATE SUMMARY FOR JULY 2 2015...

CLIMATE NORMAL PERIOD 1981 TO 2010
CLIMATE RECORD PERIOD 1903 TO 2015


WEATHER ITEM   OBSERVED TIME   RECORD YEAR NORMAL DEPARTURE LAST
                VALUE   (LST)  VALUE       VALUE  FROM      YEAR
                                                  NORMAL
..................................................................
TEMPERATURE (F)
 YESTERDAY
  MAXIMUM         86    157 PM  98    1954  88     -2       95
                                      1931
  MINIMUM         71   1159 PM  49    1988  69      2       74
  AVERAGE         79                        78      1       85

PRECIPITATION (IN)
  YESTERDAY        0.06          2.88 1927   0.12  -0.06     0.00
  MONTH TO DATE    0.06                      0.24  -0.18     0.00
  SINCE JUN 1      2.12                      3.97  -1.85     3.00
  SINCE JAN 1     15.08                     20.67  -5.59    20.49

DEGREE DAYS
 HEATING
  YESTERDAY        0                         0      0        0
  MONTH TO DATE    0                         0      0        0
  SINCE JUN 1      3                         6     -3        0
  SINCE JUL 1      0                         0      0        0

 COOLING
  YESTERDAY       14                        13      1       20
  MONTH TO DATE   26                        26      0       36
  SINCE JUN 1    445                       333    112      393
  SINCE JAN 1    679                       492    187      590
..................................................................


WIND (MPH)
  HIGHEST WIND SPEED    20   HIGHEST WIND DIRECTION     W (290)
  HIGHEST GUST SPEED    23   HIGHEST GUST DIRECTION     W (280)
  AVERAGE WIND SPEED     6.6


SKY COVER
  POSSIBLE SUNSHINE  MM
  AVERAGE SKY COVER 0.9


WEATHER CONDITIONS
 THE FOLLOWING WEATHER WAS RECORDED YESTERDAY.
  LIGHT RAIN
  FOG
  HAZE


RELATIVE HUMIDITY (PERCENT)
 HIGHEST    93           900 PM
 LOWEST     48          1200 PM
 AVERAGE    71

..........................................................


THE PIEDMONT TRIAD INTL AIRPORT NC CLIMATE NORMALS FOR TODAY
                         NORMAL    RECORD    YEAR
 MAXIMUM TEMPERATURE (F)   88        98      1911
 MINIMUM TEMPERATURE (F)   69        52      1932


SUNRISE AND SUNSET
JULY  3 2015..........SUNRISE   607 AM EDT   SUNSET   841 PM EDT
JULY  4 2015..........SUNRISE   608 AM EDT   SUNSET   840 PM EDT


-  INDICATES NEGATIVE NUMBERS.
R  INDICATES RECORD WAS SET OR TIED.
MM INDICATES DATA IS MISSING.
T  INDICATES TRACE AMOUNT.




$$
