000
CDUS42 KRAH 120534
CLIGSO


CLIMATE REPORT
NATIONAL WEATHER SERVICE RALEIGH NC
134 AM EDT SAT JUL 12 2014


...................................

...THE PIEDMONT TRIAD INTL AIRPORT NC CLIMATE SUMMARY FOR JULY 11 2014...

CLIMATE NORMAL PERIOD 1981 TO 2010
CLIMATE RECORD PERIOD 1903 TO 2014


WEATHER ITEM   OBSERVED TIME   RECORD YEAR NORMAL DEPARTURE LAST
                VALUE   (LST)  VALUE       VALUE  FROM      YEAR
                                                  NORMAL
..................................................................
TEMPERATURE (F)
 YESTERDAY
  MAXIMUM         87    433 PM  98    1990  88     -1       82
                                      1925
                                      1911
  MINIMUM         68    417 AM  50    1963  69     -1       70
  AVERAGE         78                        79     -1       76

PRECIPITATION (IN)
  YESTERDAY        0.00          1.99 1960   0.15  -0.15     0.01
  MONTH TO DATE    0.14                      1.44  -1.30     4.22
  SINCE JUN 1      3.14                      5.17  -2.03    12.59
  SINCE JAN 1     20.63                     21.87  -1.24    30.94

DEGREE DAYS
 HEATING
  YESTERDAY        0                         0      0        0
  MONTH TO DATE    0                         0      0        0
  SINCE JUN 1      0                         6     -6        0
  SINCE JUL 1      0                         0      0        0

 COOLING
  YESTERDAY       13                        14     -1       11
  MONTH TO DATE  155                       148      7      142
  SINCE JUN 1    512                       455     57      441
  SINCE JAN 1    709                       614     95      591
..................................................................


WIND (MPH)
  HIGHEST WIND SPEED    13   HIGHEST WIND DIRECTION    NE (60)
  HIGHEST GUST SPEED    15   HIGHEST GUST DIRECTION    NE (50)
  AVERAGE WIND SPEED     3.4


SKY COVER
  POSSIBLE SUNSHINE  MM
  AVERAGE SKY COVER 0.6


WEATHER CONDITIONS
 THE FOLLOWING WEATHER WAS RECORDED YESTERDAY.
  FOG


RELATIVE HUMIDITY (PERCENT)
 HIGHEST    97           100 AM
 LOWEST     48           400 PM
 AVERAGE    73

..........................................................


THE PIEDMONT TRIAD INTL AIRPORT NC CLIMATE NORMALS FOR TODAY
                         NORMAL    RECORD    YEAR
 MAXIMUM TEMPERATURE (F)   88        98      1930
 MINIMUM TEMPERATURE (F)   69        53      1963


SUNRISE AND SUNSET
JULY 12 2014..........SUNRISE   612 AM EDT   SUNSET   838 PM EDT
JULY 13 2014..........SUNRISE   613 AM EDT   SUNSET   838 PM EDT


-  INDICATES NEGATIVE NUMBERS.
R  INDICATES RECORD WAS SET OR TIED.
MM INDICATES DATA IS MISSING.
T  INDICATES TRACE AMOUNT.




$$
