000
CDUS42 KRAH 230545
CLIGSO


CLIMATE REPORT
NATIONAL WEATHER SERVICE RALEIGH NC
141 AM EDT FRI JUN 23 2017


...................................

...THE PIEDMONT TRIAD INTL AIRPORT NC CLIMATE SUMMARY FOR JUNE 22 2017...

CLIMATE NORMAL PERIOD 1981 TO 2010
CLIMATE RECORD PERIOD 1903 TO 2017


WEATHER ITEM   OBSERVED TIME   RECORD YEAR NORMAL DEPARTURE LAST
                VALUE   (LST)  VALUE       VALUE  FROM      YEAR
                                                  NORMAL
..................................................................
TEMPERATURE (F)
 YESTERDAY
  MAXIMUM         80   1140 AM 100    1914  86     -6       94
  MINIMUM         70    541 AM  47    1992  67      3       69
  AVERAGE         75                        77     -2       82

PRECIPITATION (IN)
  YESTERDAY        T             1.54 1995   0.12  -0.12     0.00
  MONTH TO DATE    9.12                      2.77   6.35     1.20
  SINCE JUN 1      9.12                      2.77   6.35     1.20
  SINCE JAN 1     30.15                     19.47  10.68    20.17

DEGREE DAYS
 HEATING
  YESTERDAY        0                         0      0        0
  MONTH TO DATE    1                         5     -4        0
  SINCE JUN 1      1                         5     -4        0
  SINCE JUL 1   2774                      3617   -843     2906

 COOLING
  YESTERDAY       10                        12     -2       17
  MONTH TO DATE  215                       207      8      261
  SINCE JUN 1    215                       207      8      261
  SINCE JAN 1    449                       366     83      461
..................................................................


WIND (MPH)
  HIGHEST WIND SPEED    15   HIGHEST WIND DIRECTION    SW (230)
  HIGHEST GUST SPEED    19   HIGHEST GUST DIRECTION    SW (240)
  AVERAGE WIND SPEED     7.7


SKY COVER
  POSSIBLE SUNSHINE  MM
  AVERAGE SKY COVER 0.8


WEATHER CONDITIONS
 THE FOLLOWING WEATHER WAS RECORDED YESTERDAY.
  LIGHT RAIN


RELATIVE HUMIDITY (PERCENT)
 HIGHEST   100          1200 AM
 LOWEST     71          1100 AM
 AVERAGE    86

..........................................................


THE PIEDMONT TRIAD INTL AIRPORT NC CLIMATE NORMALS FOR TODAY
                         NORMAL    RECORD    YEAR
 MAXIMUM TEMPERATURE (F)   87       102      1914
 MINIMUM TEMPERATURE (F)   67        51      1947
                                             1918


SUNRISE AND SUNSET
JUNE 23 2017..........SUNRISE   604 AM EDT   SUNSET   840 PM EDT
JUNE 24 2017..........SUNRISE   604 AM EDT   SUNSET   841 PM EDT


-  INDICATES NEGATIVE NUMBERS.
R  INDICATES RECORD WAS SET OR TIED.
MM INDICATES DATA IS MISSING.
T  INDICATES TRACE AMOUNT.

$$
