000
CDUS42 KRAH 220527
CLIGSO


CLIMATE REPORT
NATIONAL WEATHER SERVICE RALEIGH NC
126 AM EDT MON SEP 22 2014


...................................

...THE PIEDMONT TRIAD INTL AIRPORT NC CLIMATE SUMMARY FOR SEPTEMBER 21 2014...

CLIMATE NORMAL PERIOD 1981 TO 2010
CLIMATE RECORD PERIOD 1903 TO 2014


WEATHER ITEM   OBSERVED TIME   RECORD YEAR NORMAL DEPARTURE LAST
                VALUE   (LST)  VALUE       VALUE  FROM      YEAR
                                                  NORMAL
..................................................................
TEMPERATURE (F)
 YESTERDAY
  MAXIMUM         86    312 PM  94    1931  78      8       77
  MINIMUM         58    610 AM  39    1918  59     -1       63
  AVERAGE         72                        68      4       70

PRECIPITATION (IN)
  YESTERDAY        0.03          2.82 1947   0.13  -0.10     0.71
  MONTH TO DATE    2.57                      3.11  -0.54     2.13
  SINCE SEP 1      2.57                      3.11  -0.54     2.13
  SINCE JAN 1     28.45                     31.90  -3.45    40.52

DEGREE DAYS
 HEATING
  YESTERDAY        0                         1     -1        0
  MONTH TO DATE    0                         9     -9        2
  SINCE SEP 1      0                         9     -9        2
  SINCE JUL 1      0                        10    -10        4

 COOLING
  YESTERDAY        7                         5      2        5
  MONTH TO DATE  185                       153     32      166
  SINCE SEP 1    185                       153     32      166
  SINCE JAN 1   1438                      1415     23     1325
..................................................................


WIND (MPH)
  HIGHEST WIND SPEED    20   HIGHEST WIND DIRECTION     W (260)
  HIGHEST GUST SPEED    28   HIGHEST GUST DIRECTION     W (260)
  AVERAGE WIND SPEED     7.5


SKY COVER
  POSSIBLE SUNSHINE  MM
  AVERAGE SKY COVER 0.5


WEATHER CONDITIONS
 THE FOLLOWING WEATHER WAS RECORDED YESTERDAY.
  LIGHT RAIN
  FOG


RELATIVE HUMIDITY (PERCENT)
 HIGHEST    93           600 AM
 LOWEST     48           200 PM
 AVERAGE    71

..........................................................


THE PIEDMONT TRIAD INTL AIRPORT NC CLIMATE NORMALS FOR TODAY
                         NORMAL    RECORD    YEAR
 MAXIMUM TEMPERATURE (F)   78        95      1931
 MINIMUM TEMPERATURE (F)   58        39      1918


SUNRISE AND SUNSET
SEPTEMBER 22 2014.....SUNRISE   708 AM EDT   SUNSET   717 PM EDT
SEPTEMBER 23 2014.....SUNRISE   708 AM EDT   SUNSET   715 PM EDT


-  INDICATES NEGATIVE NUMBERS.
R  INDICATES RECORD WAS SET OR TIED.
MM INDICATES DATA IS MISSING.
T  INDICATES TRACE AMOUNT.




$$
