000
CDUS42 KRAH 021440
CLIGSO


CLIMATE REPORT
NATIONAL WEATHER SERVICE RALEIGH NC
1038 AM EDT THU OCT 2 2014


...................................

...THE PIEDMONT TRIAD INTL AIRPORT NC CLIMATE SUMMARY FOR OCTOBER 2 2014...
VALID AS OF 1038 AM LOCAL TIME.

CLIMATE NORMAL PERIOD 1981 TO 2010
CLIMATE RECORD PERIOD 1903 TO 2014


WEATHER ITEM   OBSERVED TIME   RECORD YEAR NORMAL DEPARTURE LAST
                VALUE   (LST)  VALUE       VALUE  FROM      YEAR
                                                  NORMAL
..................................................................
TEMPERATURE (F)
 TODAY
  MAXIMUM                       91    1986  74     -7       84
  MINIMUM         60    635 AM  32    1947  54      6       56
  AVERAGE         64                        64      0       70

PRECIPITATION (IN)
  TODAY            0.00          1.15 1929   0.10  -0.10     0.00
  MONTH TO DATE    T                         0.20  -0.20     0.00
  SINCE SEP 1      2.93                      4.39  -1.46     2.13
  SINCE JAN 1     28.81                     33.18  -4.37    40.52

DEGREE DAYS
 HEATING
  TODAY            1                         3     -2        0
  MONTH TO DATE    1                         6     -5        0
  SINCE SEP 1     18                        36    -18       14
  SINCE JUL 1     18                        37    -19       16

 COOLING
  TODAY            0                         2     -2        5
  MONTH TO DATE    2                         5     -3        8
  SINCE SEP 1    201                       190     11      180
  SINCE JAN 1   1454                      1452      2     1339
..................................................................


WIND (MPH)
  RESULTANT WIND SPEED   1   RESULTANT WIND DIRECTION  NE (50)
  HIGHEST WIND SPEED     7   HIGHEST WIND DIRECTION    NE (60)
  HIGHEST GUST SPEED     8   HIGHEST GUST DIRECTION    NE (60)
  AVERAGE WIND SPEED     1.3


SKY COVER
  POSSIBLE SUNSHINE  MM
  AVERAGE SKY COVER 0.6


WEATHER CONDITIONS
 THE FOLLOWING WEATHER WAS RECORDED TODAY.
  FOG
  FOG W/VISIBILITY <= 1/4 MILE


RELATIVE HUMIDITY (PERCENT)
 HIGHEST   100           200 AM
 LOWEST     93          1200 AM
 AVERAGE    97

..........................................................


THE PIEDMONT TRIAD INTL AIRPORT NC CLIMATE NORMALS FOR TOMORROW
                         NORMAL    RECORD    YEAR
 MAXIMUM TEMPERATURE (F)   74        91      1986
                                             1954
                                             1926
 MINIMUM TEMPERATURE (F)   54        33      1974


SUNRISE AND SUNSET
OCTOBER  2 2014.......SUNRISE   716 AM EDT   SUNSET   702 PM EDT
OCTOBER  3 2014.......SUNRISE   716 AM EDT   SUNSET   701 PM EDT


-  INDICATES NEGATIVE NUMBERS.
R  INDICATES RECORD WAS SET OR TIED.
MM INDICATES DATA IS MISSING.
T  INDICATES TRACE AMOUNT.




$$
