000
CDUS42 KRAH 080621
CLIGSO


CLIMATE REPORT
NATIONAL WEATHER SERVICE RALEIGH NC
119 AM EST MON FEB 8 2016


...................................

...THE PIEDMONT TRIAD INTL AIRPORT NC CLIMATE SUMMARY FOR FEBRUARY 7 2016...

CLIMATE NORMAL PERIOD 1981 TO 2010
CLIMATE RECORD PERIOD 1903 TO 2016


WEATHER ITEM   OBSERVED TIME   RECORD YEAR NORMAL DEPARTURE LAST
                VALUE   (LST)  VALUE       VALUE  FROM      YEAR
                                                  NORMAL
..................................................................
TEMPERATURE (F)
 YESTERDAY
  MAXIMUM         47    509 PM  72    1925  51     -4       59
  MINIMUM         33   1159 PM   9    1978  31      2       25
  AVERAGE         40                        41     -1       42

PRECIPITATION (IN)
  YESTERDAY        0.00          1.24 1965   0.09  -0.09     0.00
  MONTH TO DATE    1.00                      0.69   0.31     0.38
  SINCE DEC 1      9.56                      6.73   2.83     4.63
  SINCE JAN 1      2.91                      3.75  -0.84     2.42

SNOWFALL (IN)
  YESTERDAY        0.0           8.0  1936   0.1   -0.1      0.0
  MONTH TO DATE    T                         0.7   -0.7      0.0
  SINCE DEC 1      2.5                       4.9   -2.4       T
  SINCE JUL 1      2.5                       5.0   -2.5       T
  SNOW DEPTH       0

DEGREE DAYS
 HEATING
  YESTERDAY       25                        24      1       23
  MONTH TO DATE  115                       172    -57      192
  SINCE DEC 1   1340                      1715   -375     1663
  SINCE JUL 1   1854                      2395   -541     2413

 COOLING
  YESTERDAY        0                         0      0        0
  MONTH TO DATE    0                         0      0        0
  SINCE DEC 1     15                         1     14        0
  SINCE JAN 1      0                         0      0        0
..................................................................


WIND (MPH)
  HIGHEST WIND SPEED    15   HIGHEST WIND DIRECTION     N (20)
  HIGHEST GUST SPEED    21   HIGHEST GUST DIRECTION     N (20)
  AVERAGE WIND SPEED     6.0


SKY COVER
  POSSIBLE SUNSHINE  MM
  AVERAGE SKY COVER 0.9


WEATHER CONDITIONS
 THE FOLLOWING WEATHER WAS RECORDED YESTERDAY.
  NO SIGNIFICANT WEATHER WAS OBSERVED.


RELATIVE HUMIDITY (PERCENT)
 HIGHEST    56          1200 AM
 LOWEST     34           300 PM
 AVERAGE    45

..........................................................


THE PIEDMONT TRIAD INTL AIRPORT NC CLIMATE NORMALS FOR TODAY
                         NORMAL    RECORD    YEAR
 MAXIMUM TEMPERATURE (F)   51        75      1925
 MINIMUM TEMPERATURE (F)   31         4      1936


SUNRISE AND SUNSET
FEBRUARY  8 2016......SUNRISE   715 AM EST   SUNSET   553 PM EST
FEBRUARY  9 2016......SUNRISE   714 AM EST   SUNSET   554 PM EST


-  INDICATES NEGATIVE NUMBERS.
R  INDICATES RECORD WAS SET OR TIED.
MM INDICATES DATA IS MISSING.
T  INDICATES TRACE AMOUNT.




$$
