000
CDUS42 KGSP 280637
CLIGSP

CLIMATE REPORT
NATIONAL WEATHER SERVICE GREENVILLE-SPARTANBURG SC
236 AM EDT TUE MAR 28 2017


...................................

...THE GREENVILLE-SPARTANBURG SC CLIMATE SUMMARY FOR MARCH 27 2017...

CLIMATE NORMAL PERIOD 1981 TO 2010
CLIMATE RECORD PERIOD 1884 TO 2017


WEATHER ITEM   OBSERVED TIME   RECORD YEAR NORMAL DEPARTURE LAST
                VALUE   (LST)  VALUE       VALUE  FROM      YEAR
                                                  NORMAL
..................................................................
TEMPERATURE (F)
 YESTERDAY
  MAXIMUM         80    302 PM  81    2007  68     12       60
  MINIMUM         56    547 AM  15    1894  44     12       56
  AVERAGE         68                        56     12       58

PRECIPITATION (IN)
  YESTERDAY        0.00          2.17 1891   0.15  -0.15     0.40
  MONTH TO DATE    6.15                      3.95   2.20     1.69
  SINCE MAR 1      6.15                      3.95   2.20     1.69
  SINCE JAN 1     11.87                     11.74   0.13     9.95

SNOWFALL (IN)
  YESTERDAY        0.0           0.0    MM   0.1   -0.1      0.0
  MONTH TO DATE    0.5                       0.9   -0.4       T
  SINCE MAR 1      0.5                       0.9   -0.4       T
  SINCE JUL 1      3.6                       4.7   -1.1      2.6
  SNOW DEPTH       0

DEGREE DAYS
 HEATING
  YESTERDAY        0                        10    -10        7
  MONTH TO DATE  351                       348      3      206
  SINCE MAR 1    351                       348      3      206
  SINCE JUL 1   2077                      2797   -720     2303

 COOLING
  YESTERDAY        3                         0      3        0
  MONTH TO DATE    8                         0      8       25
  SINCE MAR 1      8                         0      8       25
  SINCE JAN 1     14                         0     14       25
..................................................................


WIND (MPH)
  HIGHEST WIND SPEED    20   HIGHEST WIND DIRECTION    SW (210)
  HIGHEST GUST SPEED    25   HIGHEST GUST DIRECTION     S (200)
  AVERAGE WIND SPEED     7.1


SKY COVER
  POSSIBLE SUNSHINE  MM
  AVERAGE SKY COVER 0.4


WEATHER CONDITIONS
 THE FOLLOWING WEATHER WAS RECORDED YESTERDAY.
  FOG


RELATIVE HUMIDITY (PERCENT)
 HIGHEST   100           300 AM
 LOWEST     40           500 PM
 AVERAGE    70

..........................................................


THE GREENVILLE-SPARTANBURG SC CLIMATE NORMALS FOR TODAY
                         NORMAL    RECORD    YEAR
 MAXIMUM TEMPERATURE (F)   68        84      2007
 MINIMUM TEMPERATURE (F)   44        26      1982
                                             1897


SUNRISE AND SUNSET
MARCH 28 2017.........SUNRISE   721 AM EDT   SUNSET   747 PM EDT
MARCH 29 2017.........SUNRISE   720 AM EDT   SUNSET   748 PM EDT


-  INDICATES NEGATIVE NUMBERS.
R  INDICATES RECORD WAS SET OR TIED.
MM INDICATES DATA IS MISSING.
T  INDICATES TRACE AMOUNT.




$$
