000
CDUS42 KGSP 222035
CLIGSP

CLIMATE REPORT
NATIONAL WEATHER SERVICE GREENVILLE-SPARTANBURG SC
433 PM EDT FRI SEP 22 2017


...................................

...THE GREENVILLE-SPARTANBURG SC CLIMATE SUMMARY FOR SEPTEMBER 22 2017...
VALID TODAY AS OF 0400 PM LOCAL TIME.

CLIMATE NORMAL PERIOD 1981 TO 2010
CLIMATE RECORD PERIOD 1884 TO 2017


WEATHER ITEM   OBSERVED TIME   RECORD YEAR NORMAL DEPARTURE LAST
                VALUE   (LST)  VALUE       VALUE  FROM      YEAR
                                                  NORMAL
..................................................................
TEMPERATURE (F)
 TODAY
  MAXIMUM         88    318 PM  95    1940  80      8       81
                                      1931
  MINIMUM         68    557 AM  40    1983  59      9       67
                                      1913
  AVERAGE         78                        70      8       74

PRECIPITATION (IN)
  TODAY            0.00          1.36 2003   0.10  -0.10      T
  MONTH TO DATE    4.14                      2.52   1.62     0.73
  SINCE SEP 1      4.14                      2.52   1.62     0.73
  SINCE JAN 1     42.11                     35.03   7.08    28.96

SNOWFALL (IN)
  TODAY            0.0           0.0    MM   0.0    0.0      0.0
  MONTH TO DATE    0.0                       0.0    0.0      0.0
  SINCE SEP 1      0.0                       0.0    0.0      0.0
  SINCE JUL 1      0.0                       0.0    0.0      0.0
  SNOW DEPTH       0

DEGREE DAYS
 HEATING
  TODAY            0                         1     -1        0
  MONTH TO DATE   11                         5      6        0
  SINCE SEP 1     11                         5      6        0
  SINCE JUL 1     11                         5      6        0

 COOLING
  TODAY           13                         6      7        9
  MONTH TO DATE  139                       191    -52      287
  SINCE SEP 1    139                       191    -52      287
  SINCE JAN 1   1605                      1626    -21     2006
..................................................................


WIND (MPH)
  HIGHEST WIND SPEED    10   HIGHEST WIND DIRECTION     E (70)
  HIGHEST GUST SPEED    14   HIGHEST GUST DIRECTION    NE (30)
  AVERAGE WIND SPEED     6.0


SKY COVER
  POSSIBLE SUNSHINE  MM
  AVERAGE SKY COVER 0.1


WEATHER CONDITIONS
 THE FOLLOWING WEATHER WAS RECORDED TODAY.
  NO SIGNIFICANT WEATHER WAS OBSERVED.


RELATIVE HUMIDITY (PERCENT)
 HIGHEST    90           300 AM
 LOWEST     51           100 PM
 AVERAGE    71

..........................................................


THE GREENVILLE-SPARTANBURG SC CLIMATE NORMALS FOR TOMORROW
                         NORMAL    RECORD    YEAR
 MAXIMUM TEMPERATURE (F)   80        94      1935
                                             1931
 MINIMUM TEMPERATURE (F)   59        40      1983


SUNRISE AND SUNSET
SEPTEMBER 22 2017.....SUNRISE   717 AM EDT   SUNSET   725 PM EDT
SEPTEMBER 23 2017.....SUNRISE   718 AM EDT   SUNSET   724 PM EDT


-  INDICATES NEGATIVE NUMBERS.
R  INDICATES RECORD WAS SET OR TIED.
MM INDICATES DATA IS MISSING.
T  INDICATES TRACE AMOUNT.

$$

PM
