000
CDUS42 KGSP 020634
CLIGSP

CLIMATE REPORT
NATIONAL WEATHER SERVICE GREENVILLE-SPARTANBURG SC
231 AM EDT MON MAY 2 2016


...................................

...THE GREENVILLE-SPARTANBURG SC CLIMATE SUMMARY FOR MAY 1 2016...

CLIMATE NORMAL PERIOD 1981 TO 2010
CLIMATE RECORD PERIOD 1884 TO 2016


WEATHER ITEM   OBSERVED TIME   RECORD YEAR NORMAL DEPARTURE LAST
                VALUE   (LST)  VALUE       VALUE  FROM      YEAR
                                                  NORMAL
..................................................................
TEMPERATURE (F)
 YESTERDAY
  MAXIMUM         82    330 PM  90    2007  77      5       69
                                      1962
                                      1887
  MINIMUM         62    345 AM  36    1908  53      9       48
  AVERAGE         72                        64      8       59

PRECIPITATION (IN)
  YESTERDAY        1.57          4.85 1909   0.12   1.45     0.00
  MONTH TO DATE    1.57                      0.12   1.45     0.00
  SINCE MAR 1      5.58                      8.00  -2.42     8.27
  SINCE JAN 1     13.84                     15.79  -1.95    15.59

SNOWFALL (IN)
  YESTERDAY        0.0           0.0    MM   0.0    0.0      0.0
  MONTH TO DATE    0.0                       0.0    0.0      0.0
  SINCE MAR 1      T                         0.9   -0.9      0.0
  SINCE JUL 1      2.6                       4.7   -2.1      3.7
  SNOW DEPTH       0

DEGREE DAYS
 HEATING
  YESTERDAY        0                         3     -3        6
  MONTH TO DATE    0                         3     -3        6
  SINCE MAR 1    367                       560   -193      401
  SINCE JUL 1   2464                      3009   -545     3015

 COOLING
  YESTERDAY        7                         2      5        0
  MONTH TO DATE    7                         2      5        0
  SINCE MAR 1     92                        50     42       56
  SINCE JAN 1     92                        50     42       56
..................................................................


WIND (MPH)
  HIGHEST WIND SPEED    17   HIGHEST WIND DIRECTION     W (290)
  HIGHEST GUST SPEED    24   HIGHEST GUST DIRECTION    SW (210)
  AVERAGE WIND SPEED     7.2


SKY COVER
  POSSIBLE SUNSHINE  MM
  AVERAGE SKY COVER 0.8


WEATHER CONDITIONS
 THE FOLLOWING WEATHER WAS RECORDED YESTERDAY.
  THUNDERSTORM
  HEAVY RAIN
  LIGHT RAIN
  FOG


RELATIVE HUMIDITY (PERCENT)
 HIGHEST   100          1200 AM
 LOWEST     51           300 PM
 AVERAGE    76

..........................................................


THE GREENVILLE-SPARTANBURG SC CLIMATE NORMALS FOR TODAY
                         NORMAL    RECORD    YEAR
 MAXIMUM TEMPERATURE (F)   77        91      1887
 MINIMUM TEMPERATURE (F)   53        38      1963
                                             1908


SUNRISE AND SUNSET
MAY  2 2016...........SUNRISE   637 AM EDT   SUNSET   815 PM EDT
MAY  3 2016...........SUNRISE   636 AM EDT   SUNSET   816 PM EDT


-  INDICATES NEGATIVE NUMBERS.
R  INDICATES RECORD WAS SET OR TIED.
MM INDICATES DATA IS MISSING.
T  INDICATES TRACE AMOUNT.

$$
