000
CDUS42 KGSP 010636
CLIGSP

CLIMATE REPORT
NATIONAL WEATHER SERVICE GREENVILLE-SPARTANBURG SC
236 AM EDT SAT OCT 1 2016


...................................

...THE GREENVILLE-SPARTANBURG SC CLIMATE SUMMARY FOR SEPTEMBER 30 2016...

CLIMATE NORMAL PERIOD 1981 TO 2010
CLIMATE RECORD PERIOD 1884 TO 2016


WEATHER ITEM   OBSERVED TIME   RECORD YEAR NORMAL DEPARTURE LAST
                VALUE   (LST)  VALUE       VALUE  FROM      YEAR
                                                  NORMAL
..................................................................
TEMPERATURE (F)
 YESTERDAY
  MAXIMUM         78    250 PM  94    1933  78      0       85
  MINIMUM         54    706 AM  32    1888  56     -2       67
  AVERAGE         66                        67     -1       76

PRECIPITATION (IN)
  YESTERDAY        0.00          6.52 1936   0.12  -0.12     0.05
  MONTH TO DATE    0.99                      3.43  -2.44     5.56
  SINCE SEP 1      0.99                      3.43  -2.44     5.56
  SINCE JAN 1     29.22                     35.94  -6.72    31.10

SNOWFALL (IN)
  YESTERDAY        0.0           0.0    MM   0.0    0.0      0.0
  MONTH TO DATE    0.0                       0.0    0.0      0.0
  SINCE SEP 1      0.0                       0.0    0.0      0.0
  SINCE JUL 1      0.0                       0.0    0.0      0.0
  SNOW DEPTH       0

DEGREE DAYS
 HEATING
  YESTERDAY        0                         2     -2        0
  MONTH TO DATE    0                        16    -16        5
  SINCE SEP 1      0                        17    -17        5
  SINCE JUL 1      0                        17    -17        5

 COOLING
  YESTERDAY        1                         4     -3       11
  MONTH TO DATE  372                       227    145      246
  SINCE SEP 1    372                       227    145      246
  SINCE JAN 1   2091                      1662    429     1918
..................................................................


WIND (MPH)
  HIGHEST WIND SPEED    15   HIGHEST WIND DIRECTION     S (200)
  HIGHEST GUST SPEED    21   HIGHEST GUST DIRECTION    SW (220)
  AVERAGE WIND SPEED     4.3


SKY COVER
  POSSIBLE SUNSHINE  MM
  AVERAGE SKY COVER 0.1


WEATHER CONDITIONS
 THE FOLLOWING WEATHER WAS RECORDED YESTERDAY.
  NO SIGNIFICANT WEATHER WAS OBSERVED.


RELATIVE HUMIDITY (PERCENT)
 HIGHEST    93           700 AM
 LOWEST     29           200 PM
 AVERAGE    61

..........................................................


THE GREENVILLE-SPARTANBURG SC CLIMATE NORMALS FOR TODAY
                         NORMAL    RECORD    YEAR
 MAXIMUM TEMPERATURE (F)   77        93      1911
 MINIMUM TEMPERATURE (F)   56        39      1993
                                             1899


SUNRISE AND SUNSET
OCTOBER  1 2016.......SUNRISE   724 AM EDT   SUNSET   712 PM EDT
OCTOBER  2 2016.......SUNRISE   725 AM EDT   SUNSET   711 PM EDT


-  INDICATES NEGATIVE NUMBERS.
R  INDICATES RECORD WAS SET OR TIED.
MM INDICATES DATA IS MISSING.
T  INDICATES TRACE AMOUNT.




$$
