000
CDUS42 KGSP 250631
CLIGSP

CLIMATE REPORT
NATIONAL WEATHER SERVICE GREENVILLE-SPARTANBURG SC
131 AM EST SAT NOV 25 2017


...................................

...THE GREENVILLE-SPARTANBURG SC CLIMATE SUMMARY FOR NOVEMBER 24 2017...

CLIMATE NORMAL PERIOD 1981 TO 2010
CLIMATE RECORD PERIOD 1884 TO 2017


WEATHER ITEM   OBSERVED TIME   RECORD YEAR NORMAL DEPARTURE LAST
                VALUE   (LST)  VALUE       VALUE  FROM      YEAR
                                                  NORMAL
..................................................................
TEMPERATURE (F)
 YESTERDAY
  MAXIMUM         61    240 PM  78    1913  61      0       75
  MINIMUM         30    800 AM  14    1970  39     -9       50
  AVERAGE         46                        50     -4       63

PRECIPITATION (IN)
  YESTERDAY        0.00          2.01 1983   0.13  -0.13      T
  MONTH TO DATE    0.72                      2.87  -2.15     0.20
  SINCE SEP 1     12.22                      9.74   2.48     1.63
  SINCE JAN 1     50.19                     42.25   7.94    29.86

SNOWFALL (IN)
  YESTERDAY        0.0           0.3  1918   0.0    0.0      0.0
                                      1971
  MONTH TO DATE    0.0                       0.1   -0.1      0.0
  SINCE SEP 1      0.0                       0.1   -0.1      0.0
  SINCE JUL 1      0.0                       0.1   -0.1      0.0
  SNOW DEPTH       0

DEGREE DAYS
 HEATING
  YESTERDAY       19                        15      4        2
  MONTH TO DATE  273                       284    -11      227
  SINCE SEP 1    418                       454    -36      269
  SINCE JUL 1    418                       454    -36      269

 COOLING
  YESTERDAY        0                         0      0        0
  MONTH TO DATE    8                         0      8       12
  SINCE SEP 1    336                       275     61      469
  SINCE JAN 1   1802                      1710     92     2188
..................................................................


WIND (MPH)
  HIGHEST WIND SPEED     8   HIGHEST WIND DIRECTION     S (170)
  HIGHEST GUST SPEED    12   HIGHEST GUST DIRECTION    SE (150)
  AVERAGE WIND SPEED     1.7


SKY COVER
  POSSIBLE SUNSHINE  MM
  AVERAGE SKY COVER 0.0


WEATHER CONDITIONS
 THE FOLLOWING WEATHER WAS RECORDED YESTERDAY.
  NO SIGNIFICANT WEATHER WAS OBSERVED.


RELATIVE HUMIDITY (PERCENT)
 HIGHEST    92           600 AM
 LOWEST     37           200 PM
 AVERAGE    65

..........................................................


THE GREENVILLE-SPARTANBURG SC CLIMATE NORMALS FOR TODAY
                         NORMAL    RECORD    YEAR
 MAXIMUM TEMPERATURE (F)   60        76      1931
                                             1927
 MINIMUM TEMPERATURE (F)   39        11      1950


SUNRISE AND SUNSET
NOVEMBER 25 2017......SUNRISE   713 AM EST   SUNSET   519 PM EST
NOVEMBER 26 2017......SUNRISE   714 AM EST   SUNSET   518 PM EST


-  INDICATES NEGATIVE NUMBERS.
R  INDICATES RECORD WAS SET OR TIED.
MM INDICATES DATA IS MISSING.
T  INDICATES TRACE AMOUNT.




$$
