000
CDUS42 KGSP 250637
CLIGSP

CLIMATE REPORT
NATIONAL WEATHER SERVICE GREENVILLE-SPARTANBURG SC
137 AM EST SUN FEB 25 2018


...................................

...THE GREENVILLE-SPARTANBURG SC CLIMATE SUMMARY FOR FEBRUARY 24 2018...

CLIMATE NORMAL PERIOD 1981 TO 2010
CLIMATE RECORD PERIOD 1884 TO 2018


WEATHER ITEM   OBSERVED TIME   RECORD YEAR NORMAL DEPARTURE LAST
                VALUE   (LST)  VALUE       VALUE  FROM      YEAR
                                                  NORMAL
..................................................................
TEMPERATURE (F)
 YESTERDAY
  MAXIMUM         80R   329 PM  79    1982  59     21       76
  MINIMUM         56    627 AM  15    1967  37     19       49
                                      1901
  AVERAGE         68                        48     20       63

PRECIPITATION (IN)
  YESTERDAY        0.00          2.29 1917   0.15  -0.15     0.00
  MONTH TO DATE    4.91                      3.38   1.53     1.20
  SINCE DEC 1     10.68                     11.31  -0.63     8.41
  SINCE JAN 1      7.77                      7.20   0.57     5.72

SNOWFALL (IN)
  YESTERDAY        0.0           1.0  2015   0.1   -0.1      0.0
  MONTH TO DATE    0.0                       0.9   -0.9      0.0
  SINCE DEC 1      4.7                       3.6    1.1      3.1
  SINCE JUL 1      4.7                       3.7    0.0      3.1
  SNOW DEPTH       0

DEGREE DAYS
 HEATING
  YESTERDAY        0                        17    -17        2
  MONTH TO DATE  295                       472   -177      263
  SINCE DEC 1   1740                      1829    -89     1355
  SINCE JUL 1   2234                      2382   -148     1681

 COOLING
  YESTERDAY        3                         0      3        0
  MONTH TO DATE   20                         0     20        6
  SINCE DEC 1     20                         1     19        6
  SINCE JAN 1     20                         0     20        6
..................................................................


WIND (MPH)
  HIGHEST WIND SPEED    22   HIGHEST WIND DIRECTION    SW (210)
  HIGHEST GUST SPEED    29   HIGHEST GUST DIRECTION     S (200)
  AVERAGE WIND SPEED     7.9


SKY COVER
  POSSIBLE SUNSHINE  MM
  AVERAGE SKY COVER 0.6


WEATHER CONDITIONS
 THE FOLLOWING WEATHER WAS RECORDED YESTERDAY.
  FOG


RELATIVE HUMIDITY (PERCENT)
 HIGHEST   100           200 AM
 LOWEST     47           400 PM
 AVERAGE    74

..........................................................


THE GREENVILLE-SPARTANBURG SC CLIMATE NORMALS FOR TODAY
                         NORMAL    RECORD    YEAR
 MAXIMUM TEMPERATURE (F)   59        79      1930
 MINIMUM TEMPERATURE (F)   37         8      1967


SUNRISE AND SUNSET
FEBRUARY 25 2018......SUNRISE   703 AM EST   SUNSET   621 PM EST
FEBRUARY 26 2018......SUNRISE   702 AM EST   SUNSET   622 PM EST


-  INDICATES NEGATIVE NUMBERS.
R  INDICATES RECORD WAS SET OR TIED.
MM INDICATES DATA IS MISSING.
T  INDICATES TRACE AMOUNT.

$$

OUTLAW
