000
CDUS42 KGSP 230632
CLIGSP

CLIMATE REPORT
NATIONAL WEATHER SERVICE GREENVILLE-SPARTANBURG SC
229 AM EDT WED APR 23 2014


...................................

...THE GREENVILLE-SPARTANBURG SC CLIMATE SUMMARY FOR APRIL 22 2014...

CLIMATE NORMAL PERIOD 1981 TO 2010
CLIMATE RECORD PERIOD 1884 TO 2014


WEATHER ITEM   OBSERVED TIME   RECORD YEAR NORMAL DEPARTURE LAST
                VALUE   (LST)  VALUE       VALUE  FROM      YEAR
                                                  NORMAL
..................................................................
TEMPERATURE (F)
 YESTERDAY
  MAXIMUM         79   1129 AM  90    1963  74      5       63
  MINIMUM         54    602 AM  32    1978  50      4       45
  AVERAGE         67                        62      5       54

PRECIPITATION (IN)
  YESTERDAY        0.02          1.23 1931   0.12  -0.10     0.00
  MONTH TO DATE    4.87                      2.47   2.40     2.61
  SINCE MAR 1      8.96                      6.99   1.97     6.13
  SINCE JAN 1     15.20                     14.78   0.42    15.28

SNOWFALL (IN)
  YESTERDAY        0.0           T    1901   0.0    0.0      0.0
  MONTH TO DATE    0.0                       0.0    0.0      0.0
  SINCE MAR 1      T                         0.9   -0.9       T
  SINCE JUL 1      7.2                       4.7    2.5      2.0
  SNOW DEPTH       0

DEGREE DAYS
 HEATING
  YESTERDAY        0                         5     -5       11
  MONTH TO DATE  133                       144    -11      117
  SINCE MAR 1    610                       528     82      671
  SINCE JUL 1   3169                      2977    192     2857

 COOLING
  YESTERDAY        2                         2      0        0
  MONTH TO DATE   22                        25     -3       35
  SINCE MAR 1     22                        33    -11       37
  SINCE JAN 1     22                        33    -11       37
..................................................................


WIND (MPH)
  HIGHEST WIND SPEED    15   HIGHEST WIND DIRECTION     W (260)
  HIGHEST GUST SPEED    21   HIGHEST GUST DIRECTION     W (260)
  AVERAGE WIND SPEED     5.3


SKY COVER
  POSSIBLE SUNSHINE  MM
  AVERAGE SKY COVER 0.2


WEATHER CONDITIONS
 THE FOLLOWING WEATHER WAS RECORDED YESTERDAY.
  FOG


RELATIVE HUMIDITY (PERCENT)
 HIGHEST    97          1000 PM
 LOWEST     40          1100 AM
 AVERAGE    69

..........................................................


THE GREENVILLE-SPARTANBURG SC CLIMATE NORMALS FOR TODAY
                         NORMAL    RECORD    YEAR
 MAXIMUM TEMPERATURE (F)   75        91      1980
                                             1963
                                             1960
 MINIMUM TEMPERATURE (F)   50        32      1982


SUNRISE AND SUNSET
APRIL 23 2014.........SUNRISE   647 AM EDT   SUNSET   808 PM EDT
APRIL 24 2014.........SUNRISE   646 AM EDT   SUNSET   808 PM EDT


-  INDICATES NEGATIVE NUMBERS.
R  INDICATES RECORD WAS SET OR TIED.
MM INDICATES DATA IS MISSING.
T  INDICATES TRACE AMOUNT.




$$
