000
CDUS42 KGSP 192137
CLIGSP

CLIMATE REPORT
NATIONAL WEATHER SERVICE GREENVILLE-SPARTANBURG SC
436 PM EST FRI DEC 19 2014


...................................

...THE GREENVILLE-SPARTANBURG SC CLIMATE SUMMARY FOR DECEMBER 19 2014...
VALID TODAY AS OF 0435 PM LOCAL TIME.

CLIMATE NORMAL PERIOD 1981 TO 2010
CLIMATE RECORD PERIOD 1884 TO 2014


WEATHER ITEM   OBSERVED TIME   RECORD YEAR NORMAL DEPARTURE LAST
                VALUE   (LST)  VALUE       VALUE  FROM      YEAR
                                                  NORMAL
..................................................................
TEMPERATURE (F)
 TODAY
  MAXIMUM         57    240 PM  74    2006  53      4       63
                                      1931
                                      1908
  MINIMUM         37    555 AM  11    1975  33      4       30
  AVERAGE         47                        43      4       47

PRECIPITATION (IN)
  TODAY            0.00          1.12 1939   0.13  -0.13     0.00
  MONTH TO DATE    0.53                      2.61  -2.08     2.91
  SINCE DEC 1      0.53                      2.61  -2.08     2.91
  SINCE JAN 1     47.10                     45.69   1.41    65.80

SNOWFALL (IN)
  TODAY            0.0           2.5  1916   0.0    0.0      0.0
  MONTH TO DATE    0.0                       0.1   -0.1      0.0
  SINCE DEC 1      0.0                       0.1   -0.1      0.0
  SINCE JUL 1      T                         0.2   -0.2      0.1
  SNOW DEPTH       0

DEGREE DAYS
 HEATING
  TODAY           18                        22     -4       18
  MONTH TO DATE  306                       381    -75      331
  SINCE DEC 1    306                       381    -75      331
  SINCE JUL 1    943                       934      9      935

 COOLING
  TODAY            0                         0      0        0
  MONTH TO DATE    0                         0      0        6
  SINCE DEC 1      0                         0      0        6
  SINCE JAN 1   1693                      1715    -22     1533
..................................................................


WIND (MPH)
  HIGHEST WIND SPEED    10   HIGHEST WIND DIRECTION     N (20)
  HIGHEST GUST SPEED    13   HIGHEST GUST DIRECTION    NE (30)
  AVERAGE WIND SPEED     3.7


SKY COVER
  POSSIBLE SUNSHINE  MM
  AVERAGE SKY COVER 0.0


WEATHER CONDITIONS
 THE FOLLOWING WEATHER WAS RECORDED TODAY.
  NO SIGNIFICANT WEATHER WAS OBSERVED.


RELATIVE HUMIDITY (PERCENT)
 HIGHEST    70           400 AM
 LOWEST     41           200 PM
 AVERAGE    56

..........................................................


THE GREENVILLE-SPARTANBURG SC CLIMATE NORMALS FOR TOMORROW
                         NORMAL    RECORD    YEAR
 MAXIMUM TEMPERATURE (F)   53        78      1931
 MINIMUM TEMPERATURE (F)   33        13      1996
                                             1981


SUNRISE AND SUNSET
DECEMBER 19 2014......SUNRISE   732 AM EST   SUNSET   520 PM EST
DECEMBER 20 2014......SUNRISE   732 AM EST   SUNSET   521 PM EST


-  INDICATES NEGATIVE NUMBERS.
R  INDICATES RECORD WAS SET OR TIED.
MM INDICATES DATA IS MISSING.
T  INDICATES TRACE AMOUNT.

$$

OUTLAW
