357
CDUS45 KTFX 240746
CLIGTF


CLIMATE REPORT
NATIONAL WEATHER SERVICE GREAT FALLS MT
146 AM MDT MON JUL 24 2017


...................................

...THE GREAT FALLS MT CLIMATE SUMMARY FOR JULY 23 2017...

CLIMATE NORMAL PERIOD 1981 TO 2010
CLIMATE RECORD PERIOD 1886 TO 2017


WEATHER ITEM   OBSERVED TIME   RECORD YEAR NORMAL DEPARTURE LAST
                VALUE   (LST)  VALUE       VALUE  FROM      YEAR
                                                  NORMAL
..................................................................
TEMPERATURE (F)
 YESTERDAY
  MAXIMUM         97    515 PM 103    2003  85     12       82
                                      1931
  MINIMUM         53    521 AM  40    1914  53      0       54
  AVERAGE         75                        69      6       68

PRECIPITATION (IN)
  YESTERDAY        0.00          0.54 1918   0.04  -0.04     0.00
  MONTH TO DATE    0.08                      1.20  -1.12     1.20
  SINCE OCT 1     12.53                     11.46   1.07    13.28
  SINCE JAN 1      9.60                      9.46   0.14     8.18

SNOWFALL (IN)
  YESTERDAY        0.0           0.0  2002   0.0    0.0      0.0
  MONTH TO DATE    0.0                       0.0    0.0       T
  SINCE JUN 1      0.0                       0.3   -0.3       T
  SINCE JUL 1      0.0                       0.0    0.0       T
  SNOW DEPTH       0

DEGREE DAYS
 HEATING
  YESTERDAY        0                         1     -1        0
  MONTH TO DATE    1                        42    -41       44
  SINCE JUN 1    126                       233   -107      152
  SINCE JUL 1      1                        42    -41       44

 COOLING
  YESTERDAY       10                         5      5        3
  MONTH TO DATE  201                        85    116       73
  SINCE JUN 1    235                       117    118      116
  SINCE JAN 1    242                       124    118      116
..................................................................


WIND (MPH)
  HIGHEST WIND SPEED    22   HIGHEST WIND DIRECTION     W (260)
  HIGHEST GUST SPEED    27   HIGHEST GUST DIRECTION    SW (240)
  AVERAGE WIND SPEED     8.5


SKY COVER
  AVERAGE SKY COVER 0.0


WEATHER CONDITIONS
 THE FOLLOWING WEATHER WAS RECORDED YESTERDAY.
  NO SIGNIFICANT WEATHER WAS OBSERVED.


RELATIVE HUMIDITY (PERCENT)
 HIGHEST    55           500 AM
 LOWEST     10           600 PM
 AVERAGE    33

..........................................................


THE GREAT FALLS MT CLIMATE NORMALS FOR TODAY
                         NORMAL    RECORD    YEAR
 MAXIMUM TEMPERATURE (F)   86       102      1929
 MINIMUM TEMPERATURE (F)   53        36      1918


SUNRISE AND SUNSET
JULY 24 2017..........SUNRISE   554 AM MDT   SUNSET   909 PM MDT
JULY 25 2017..........SUNRISE   555 AM MDT   SUNSET   908 PM MDT


-  INDICATES NEGATIVE NUMBERS.
R  INDICATES RECORD WAS SET OR TIED.
MM INDICATES DATA IS MISSING.
T  INDICATES TRACE AMOUNT.




$$
