000
CDUS45 KTFX 300950
CLIGTF


CLIMATE REPORT
NATIONAL WEATHER SERVICE GREAT FALLS MT
350 AM MDT TUE SEP 30 2014


...................................

...THE GREAT FALLS MT CLIMATE SUMMARY FOR SEPTEMBER 29 2014...

CLIMATE NORMAL PERIOD 1981 TO 2010
CLIMATE RECORD PERIOD 1886 TO 2014


WEATHER ITEM   OBSERVED TIME   RECORD YEAR NORMAL DEPARTURE LAST
                VALUE   (LST)  VALUE       VALUE  FROM      YEAR
                                                  NORMAL
..................................................................
TEMPERATURE (F)
 YESTERDAY
  MAXIMUM         66    342 PM  91    1967  65      1       62
  MINIMUM         39    648 AM  21    1985  38      1       48
  AVERAGE         53                        51      2       55

PRECIPITATION (IN)
  YESTERDAY        0.00          0.40 1937   0.04  -0.04      T
  MONTH TO DATE    0.64                      1.38  -0.74     0.84
  SINCE OCT 1     19.15                     14.71   4.44    13.07
  SINCE JAN 1     17.10                     12.71   4.39     9.73

SNOWFALL (IN)
  YESTERDAY        0.0           1.1  1954   0.1   -0.1      0.0
  MONTH TO DATE    T                         1.1   -1.1       T
  SINCE SEP 1      T                         1.1   -1.1       T
  SINCE JUL 1      T                         1.4   -1.4       T
  SNOW DEPTH       0

DEGREE DAYS
 HEATING
  YESTERDAY       12                        14     -2       10
  MONTH TO DATE  243                       272    -29      153
  SINCE SEP 1    243                       272    -29      153
  SINCE JUL 1    313                       393    -80      177

 COOLING
  YESTERDAY        0                         0      0        0
  MONTH TO DATE   25                        20      5       80
  SINCE SEP 1     25                        20      5       80
  SINCE JAN 1    349                       296     53      449
..................................................................


WIND (MPH)
  HIGHEST WIND SPEED    20   HIGHEST WIND DIRECTION    SW (220)
  HIGHEST GUST SPEED    26   HIGHEST GUST DIRECTION    SW (220)
  AVERAGE WIND SPEED     9.5


SKY COVER
  AVERAGE SKY COVER 0.4


WEATHER CONDITIONS
 THE FOLLOWING WEATHER WAS RECORDED YESTERDAY.
  FOG


RELATIVE HUMIDITY (PERCENT)
 HIGHEST   100           200 AM
 LOWEST     42           200 PM
 AVERAGE    71

..........................................................


THE GREAT FALLS MT CLIMATE NORMALS FOR TODAY
                         NORMAL    RECORD    YEAR
 MAXIMUM TEMPERATURE (F)   64        91      1992
 MINIMUM TEMPERATURE (F)   38        22      1985


SUNRISE AND SUNSET
SEPTEMBER 30 2014.....SUNRISE   723 AM MDT   SUNSET   707 PM MDT
OCTOBER  1 2014.......SUNRISE   725 AM MDT   SUNSET   705 PM MDT


-  INDICATES NEGATIVE NUMBERS.
R  INDICATES RECORD WAS SET OR TIED.
MM INDICATES DATA IS MISSING.
T  INDICATES TRACE AMOUNT.




$$
