000
CDUS45 KTFX 242330
CLIGTF


CLIMATE REPORT
NATIONAL WEATHER SERVICE GREAT FALLS MT
430 PM MST TUE JAN 24 2017


...................................

...THE GREAT FALLS MT CLIMATE SUMMARY FOR JANUARY 24 2017...
VALID TODAY AS OF 0400 PM LOCAL TIME.

CLIMATE NORMAL PERIOD 1981 TO 2010
CLIMATE RECORD PERIOD 1886 TO 2017


WEATHER ITEM   OBSERVED TIME   RECORD YEAR NORMAL DEPARTURE LAST
                VALUE   (LST)  VALUE       VALUE  FROM      YEAR
                                                  NORMAL
..................................................................
TEMPERATURE (F)
 TODAY
  MAXIMUM         30    353 PM  61    1968  36     -6       40
  MINIMUM          5    632 AM -28    1943  16    -11       29
  AVERAGE         18                        26     -8       35

PRECIPITATION (IN)
  TODAY            0.00          0.56 1916   0.02  -0.02     0.01
  MONTH TO DATE    0.67                      0.40   0.27     0.62
  SINCE OCT 1      3.60                      2.40   1.20     5.72
  SINCE JAN 1      0.67                      0.40   0.27     0.62

SNOWFALL (IN)
  TODAY            0.0           7.0  1916   0.2   -0.2      0.2
  MONTH TO DATE    8.6                       6.7    1.9      6.2
  SINCE DEC 1     24.5                      16.2    8.3     21.7
  SINCE JUL 1     27.2                      29.9   -2.7     37.6

DEGREE DAYS
 HEATING
  TODAY           47                        39      8       30
  MONTH TO DATE 1216                       960    256      973
  SINCE DEC 1   2781                      2208    573     2156
  SINCE JUL 1   4366                      4177    189     3977

 COOLING
  TODAY            0                         0      0        0
  MONTH TO DATE    0                         0      0        0
  SINCE DEC 1      0                         0      0        0
  SINCE JAN 1      0                         0      0        0
..................................................................


WIND (MPH)
  HIGHEST WIND SPEED    14   HIGHEST WIND DIRECTION    SW (230)
  HIGHEST GUST SPEED    16   HIGHEST GUST DIRECTION    SW (230)
  AVERAGE WIND SPEED     7.0


SKY COVER
  AVERAGE SKY COVER 0.5


WEATHER CONDITIONS
 THE FOLLOWING WEATHER WAS RECORDED TODAY.
  NO SIGNIFICANT WEATHER WAS OBSERVED.


RELATIVE HUMIDITY (PERCENT)
 HIGHEST    91           600 AM
 LOWEST     53           400 PM
 AVERAGE    72

..........................................................


THE GREAT FALLS MT CLIMATE NORMALS FOR TOMORROW
                         NORMAL    RECORD    YEAR
 MAXIMUM TEMPERATURE (F)   36        62      2006
 MINIMUM TEMPERATURE (F)   16       -31      1957


SUNRISE AND SUNSET
JANUARY 24 2017.......SUNRISE   801 AM MST   SUNSET   515 PM MST
JANUARY 25 2017.......SUNRISE   759 AM MST   SUNSET   517 PM MST


-  INDICATES NEGATIVE NUMBERS.
R  INDICATES RECORD WAS SET OR TIED.
MM INDICATES DATA IS MISSING.
T  INDICATES TRACE AMOUNT.




$$
