424
CDUS45 KTFX 241002
CLIGTF


CLIMATE REPORT
NATIONAL WEATHER SERVICE GREAT FALLS MT
301 AM MST FRI NOV 24 2017


...................................

...THE GREAT FALLS MT CLIMATE SUMMARY FOR NOVEMBER 23 2017...

CLIMATE NORMAL PERIOD 1981 TO 2010
CLIMATE RECORD PERIOD 1886 TO 2017


WEATHER ITEM   OBSERVED TIME   RECORD YEAR NORMAL DEPARTURE LAST
                VALUE   (LST)  VALUE       VALUE  FROM      YEAR
                                                  NORMAL
..................................................................
TEMPERATURE (F)
 YESTERDAY
  MAXIMUM         68R   102 PM  63    1942  40     28       47
                                      1917
  MINIMUM         44   1148 PM -25    1985  21     23       30
  AVERAGE         56                        30     26       39

PRECIPITATION (IN)
  YESTERDAY        T             1.14 1892   0.02  -0.02     0.00
  MONTH TO DATE    0.97                      0.46   0.51     0.28
  SINCE OCT 1      1.55                      1.32   0.23     2.04
  SINCE JAN 1     13.58                     14.07  -0.49    13.56

SNOWFALL (IN)
  YESTERDAY        0.0          11.1  1892   0.3   -0.3      0.0
  MONTH TO DATE   13.4                       6.0    7.4      1.2
  SINCE SEP 1     15.4                      11.3    4.1      2.7
  SINCE JUL 1     15.4                      11.6    3.8      2.7
  SNOW DEPTH       0

DEGREE DAYS
 HEATING
  YESTERDAY        9                        35    -26       26
  MONTH TO DATE  792                       696     96      426
  SINCE SEP 1   1680                      1595     85     1275
  SINCE JUL 1   1709                      1716     -7     1376

 COOLING
  YESTERDAY        0                         0      0        0
  MONTH TO DATE    0                         0      0        0
  SINCE SEP 1     47                        22     25       10
  SINCE JAN 1    456                       298    158      252
..................................................................


WIND (MPH)
  HIGHEST WIND SPEED    41   HIGHEST WIND DIRECTION     W (250)
  HIGHEST GUST SPEED    53   HIGHEST GUST DIRECTION     W (250)
  AVERAGE WIND SPEED    25.7


SKY COVER
  AVERAGE SKY COVER 0.1


WEATHER CONDITIONS
 THE FOLLOWING WEATHER WAS RECORDED YESTERDAY.
  LIGHT RAIN


RELATIVE HUMIDITY (PERCENT)
 HIGHEST    63           800 PM
 LOWEST     29          1200 PM
 AVERAGE    46

..........................................................


THE GREAT FALLS MT CLIMATE NORMALS FOR TODAY
                         NORMAL    RECORD    YEAR
 MAXIMUM TEMPERATURE (F)   39        65      1933
 MINIMUM TEMPERATURE (F)   21       -21      2010


SUNRISE AND SUNSET
NOVEMBER 24 2017......SUNRISE   744 AM MST   SUNSET   441 PM MST
NOVEMBER 25 2017......SUNRISE   745 AM MST   SUNSET   440 PM MST


-  INDICATES NEGATIVE NUMBERS.
R  INDICATES RECORD WAS SET OR TIED.
MM INDICATES DATA IS MISSING.
T  INDICATES TRACE AMOUNT.




$$
