000
CDGM40 PGUM 290636
CLIGUM


CLIMATE REPORT
NATIONAL WEATHER SERVICE TIYAN, GUAM
426 PM CHST FRI AUG 29 2014


...................................

...THE GUAM INTERNATIONAL AIRPORT GU CLIMATE SUMMARY FOR AUGUST 29 2014...
VALID TODAY AS OF 0400 PM LOCAL TIME.

CLIMATE NORMAL PERIOD 1981 TO 2010
CLIMATE RECORD PERIOD 1945 TO 2014


WEATHER ITEM   OBSERVED TIME   RECORD YEAR NORMAL DEPARTURE LAST
                VALUE   (LST)  VALUE       VALUE  FROM      YEAR
                                                  NORMAL
..................................................................
TEMPERATURE (F)
 TODAY
  MAXIMUM         91   1217 PM  92    1994  87      4       89
                                      1988
  MINIMUM         79    709 AM  72    1953  76      3       76
  AVERAGE         85                        81      4       83

PRECIPITATION (IN)
  TODAY            0.06          5.91 1997   0.60  -0.54     0.00
  MONTH TO DATE    8.41                     15.95  -7.54    10.80
  SINCE JUN 1     43.88                     35.18   8.70    22.51
  SINCE JAN 1     74.92                     55.32  19.60    39.18

SNOWFALL (IN)
  TODAY            0.0
  MONTH TO DATE    0.0
  SINCE JUN 1      0.0
  SINCE JUL 1      0.0
  SNOW DEPTH       0

DEGREE DAYS
 HEATING
  TODAY            0
  MONTH TO DATE    0
  SINCE JUN 1      0
  SINCE JUL 1      0

 COOLING
  TODAY           20                        16      4       18
  MONTH TO DATE  506                       464     42      518
  SINCE JUN 1   1629                      1515    114     1772
  SINCE JAN 1   4265                      3943    322     4477
..................................................................


WIND (MPH)
  RESULTANT WIND SPEED   8   RESULTANT WIND DIRECTION  NE (60)
  HIGHEST WIND SPEED    20   HIGHEST WIND DIRECTION    NE (50)
  HIGHEST GUST SPEED    24   HIGHEST GUST DIRECTION     E (100)
  AVERAGE WIND SPEED     8.7


SKY COVER
  POSSIBLE SUNSHINE  MM
  AVERAGE SKY COVER 0.2


WEATHER CONDITIONS
 THE FOLLOWING WEATHER WAS RECORDED TODAY.
  LIGHT RAIN
  FOG


RELATIVE HUMIDITY (PERCENT)
 HIGHEST    97           600 AM
 LOWEST     68          1000 AM
 AVERAGE    83

..........................................................


THE GUAM INTERNATIONAL AIRPORT GU CLIMATE NORMALS FOR TOMORROW
                         NORMAL    RECORD    YEAR
 MAXIMUM TEMPERATURE (F)   87        94      1994
 MINIMUM TEMPERATURE (F)   76        71      1989
                                             1949


SUNRISE AND SUNSET
AUGUST 29 2014........SUNRISE   609 AM CHST  SUNSET   634 PM CHST
AUGUST 30 2014........SUNRISE   609 AM CHST  SUNSET   634 PM CHST


-  INDICATES NEGATIVE NUMBERS.
R  INDICATES RECORD WAS SET OR TIED.
MM INDICATES DATA IS MISSING.
T  INDICATES TRACE AMOUNT.




$$
