000
CDGM40 PGUM 270641
CLIGUM


CLIMATE REPORT
NATIONAL WEATHER SERVICE TIYAN, GUAM
431 PM CHST SAT AUG 27 2016


...................................

...THE GUAM INTERNATIONAL AIRPORT GU CLIMATE SUMMARY FOR AUGUST 27 2016...
VALID TODAY AS OF 0400 PM LOCAL TIME.

CLIMATE NORMAL PERIOD 1981 TO 2010
CLIMATE RECORD PERIOD 1945 TO 2016


WEATHER ITEM   OBSERVED TIME   RECORD YEAR NORMAL DEPARTURE LAST
                VALUE   (LST)  VALUE       VALUE  FROM      YEAR
                                                  NORMAL
..................................................................
TEMPERATURE (F)
 TODAY
  MAXIMUM         91   1211 PM  92    1971  87      4       88
                                      1966
  MINIMUM         77    404 AM  72    2004  76      1       76
                                      1984
                                      1951
  AVERAGE         84                        81      3       82

PRECIPITATION (IN)
  TODAY            0.00          3.62 1982   0.60  -0.60     0.19
  MONTH TO DATE   20.75                     14.76   5.99    21.37
  SINCE JUN 1     35.25                     33.99   1.26    48.49
  SINCE JAN 1     46.24                     54.13  -7.89    77.88

SNOWFALL (IN)
  TODAY            0.0
  MONTH TO DATE    0.0
  SINCE JUN 1      0.0
  SINCE JUL 1      0.0
  SNOW DEPTH       0

DEGREE DAYS
 HEATING
  TODAY            0
  MONTH TO DATE    0
  SINCE JUN 1      0
  SINCE JUL 1      0

 COOLING
  TODAY           19                        16      3       17
  MONTH TO DATE  475                       432     43      442
  SINCE JUN 1   1697                      1483    214     1513
  SINCE JAN 1   4383                      3911    472     4018
..................................................................


WIND (MPH)
  RESULTANT WIND SPEED   1   RESULTANT WIND DIRECTION  SE (140)
  HIGHEST WIND SPEED     9   HIGHEST WIND DIRECTION    SE (140)
  HIGHEST GUST SPEED    18   HIGHEST GUST DIRECTION    SE (130)
  AVERAGE WIND SPEED     2.7


SKY COVER
  POSSIBLE SUNSHINE  MM
  AVERAGE SKY COVER 0.1


WEATHER CONDITIONS
 THE FOLLOWING WEATHER WAS RECORDED TODAY.
  NO SIGNIFICANT WEATHER WAS OBSERVED.


RELATIVE HUMIDITY (PERCENT)
 HIGHEST    91           200 AM
 LOWEST     64          1100 AM
 AVERAGE    78

..........................................................


THE GUAM INTERNATIONAL AIRPORT GU CLIMATE NORMALS FOR TOMORROW
                         NORMAL    RECORD    YEAR
 MAXIMUM TEMPERATURE (F)   87        91      1991
                                             1988
                                             1969
 MINIMUM TEMPERATURE (F)   76        73      1968
                                             1953


SUNRISE AND SUNSET
AUGUST 27 2016........SUNRISE   609 AM CHST  SUNSET   635 PM CHST
AUGUST 28 2016........SUNRISE   609 AM CHST  SUNSET   635 PM CHST


-  INDICATES NEGATIVE NUMBERS.
R  INDICATES RECORD WAS SET OR TIED.
MM INDICATES DATA IS MISSING.
T  INDICATES TRACE AMOUNT.




$$
