000
CDGM40 PGUM 300626
CLIGUM


CLIMATE REPORT
NATIONAL WEATHER SERVICE TIYAN, GUAM
426 PM CHST WED JUL 30 2014


...................................

...THE GUAM INTERNATIONAL AIRPORT GU CLIMATE SUMMARY FOR JULY 30 2014...
VALID TODAY AS OF 0400 PM LOCAL TIME.

CLIMATE NORMAL PERIOD 1981 TO 2010
CLIMATE RECORD PERIOD 1945 TO 2014


WEATHER ITEM   OBSERVED TIME   RECORD YEAR NORMAL DEPARTURE LAST
                VALUE   (LST)  VALUE       VALUE  FROM      YEAR
                                                  NORMAL
..................................................................
TEMPERATURE (F)
 TODAY
  MAXIMUM         79    903 AM  92    2013  87     -8       92
                                      1984
  MINIMUM         75    359 PM  71    1964  76     -1       79
                                      1956
  AVERAGE         77                        82     -5       86

PRECIPITATION (IN)
  TODAY            9.96R         3.03 1981   0.44   9.52     0.01
  MONTH TO DATE   27.00                     11.69  15.31     5.39
  SINCE JUN 1     33.08                     18.78  14.30    11.71
  SINCE JAN 1     64.12                     38.92  25.20    28.38

SNOWFALL (IN)
  TODAY            0.0
  MONTH TO DATE    0.0
  SINCE JUN 1      0.0
  SINCE JUL 1      0.0
  SNOW DEPTH       0

DEGREE DAYS
 HEATING
  TODAY            0
  MONTH TO DATE    0
  SINCE JUN 1      0
  SINCE JUL 1      0

 COOLING
  TODAY           12                        17     -5       21
  MONTH TO DATE  523                       510     13      617
  SINCE JUN 1   1111                      1039     72     1234
  SINCE JAN 1   3747                      3467    280     3939
..................................................................


WIND (MPH)
  RESULTANT WIND SPEED  26   RESULTANT WIND DIRECTION   W (270)
  HIGHEST WIND SPEED    44   HIGHEST WIND DIRECTION     W (270)
  HIGHEST GUST SPEED    53   HIGHEST GUST DIRECTION     W (270)
  AVERAGE WIND SPEED    28.1


SKY COVER
  POSSIBLE SUNSHINE  MM
  AVERAGE SKY COVER 1.0


WEATHER CONDITIONS
 THE FOLLOWING WEATHER WAS RECORDED TODAY.
  HEAVY RAIN
  RAIN
  LIGHT RAIN


RELATIVE HUMIDITY (PERCENT)
 HIGHEST   100           200 AM
 LOWEST     85           500 AM
 AVERAGE    93

..........................................................


THE GUAM INTERNATIONAL AIRPORT GU CLIMATE NORMALS FOR TOMORROW
                         NORMAL    RECORD    YEAR
 MAXIMUM TEMPERATURE (F)   87        91      2013
                                             1994
                                             1957
 MINIMUM TEMPERATURE (F)   76        73      1969
                                             1967
                                             1956


SUNRISE AND SUNSET
JULY 30 2014..........SUNRISE   605 AM CHST  SUNSET   649 PM CHST
JULY 31 2014..........SUNRISE   605 AM CHST  SUNSET   649 PM CHST


-  INDICATES NEGATIVE NUMBERS.
R  INDICATES RECORD WAS SET OR TIED.
MM INDICATES DATA IS MISSING.
T  INDICATES TRACE AMOUNT.




$$
