000
CDGM40 PGUM 120647
CLIGUM


CLIMATE REPORT
NATIONAL WEATHER SERVICE TIYAN, GUAM
437 PM CHST FRI FEB 12 2016


...................................

...THE GUAM INTERNATIONAL AIRPORT GU CLIMATE SUMMARY FOR FEBRUARY 12 2016...
VALID TODAY AS OF 0400 PM LOCAL TIME.

CLIMATE NORMAL PERIOD 1981 TO 2010
CLIMATE RECORD PERIOD 1945 TO 2016


WEATHER ITEM   OBSERVED TIME   RECORD YEAR NORMAL DEPARTURE LAST
                VALUE   (LST)  VALUE       VALUE  FROM      YEAR
                                                  NORMAL
..................................................................
TEMPERATURE (F)
 TODAY
  MAXIMUM         87    106 PM  90    1992  85      2       87
                                      1985
  MINIMUM         73    549 AM  70    1991  75     -2       73
                                      1978
  AVERAGE         80                        80      0       80

PRECIPITATION (IN)
  TODAY            0.09          3.37 1999   0.16  -0.07     0.00
  MONTH TO DATE    0.63                      1.90  -1.27     0.06
  SINCE DEC 1      7.02                     12.84  -5.82    12.49
  SINCE JAN 1      3.25                      6.86  -3.61     8.62

SNOWFALL (IN)
  TODAY            0.0
  MONTH TO DATE    0.0
  SINCE DEC 1      0.0
  SINCE JUL 1      0.0
  SNOW DEPTH      MM

DEGREE DAYS
 HEATING
  TODAY            0
  MONTH TO DATE    0
  SINCE DEC 1      0
  SINCE JUL 1      0

 COOLING
  TODAY           15                        15      0       15
  MONTH TO DATE  195                       180     15      188
  SINCE DEC 1   1260                      1153    107     1283
  SINCE JAN 1    702                       651     51      705
..................................................................


WIND (MPH)
  RESULTANT WIND SPEED  22   RESULTANT WIND DIRECTION  NE (50)
  HIGHEST WIND SPEED    30   HIGHEST WIND DIRECTION    NE (40)
  HIGHEST GUST SPEED    37   HIGHEST GUST DIRECTION    NE (60)
  AVERAGE WIND SPEED    22.6


SKY COVER
  POSSIBLE SUNSHINE  MM
  AVERAGE SKY COVER 0.8


WEATHER CONDITIONS
 THE FOLLOWING WEATHER WAS RECORDED TODAY.
  LIGHT RAIN


RELATIVE HUMIDITY (PERCENT)
 HIGHEST    82           300 AM
 LOWEST     59           200 PM
 AVERAGE    71

..........................................................


THE GUAM INTERNATIONAL AIRPORT GU CLIMATE NORMALS FOR TOMORROW
                         NORMAL    RECORD    YEAR
 MAXIMUM TEMPERATURE (F)   85        91      1946
 MINIMUM TEMPERATURE (F)   75        71      2008
                                             1991


SUNRISE AND SUNSET
FEBRUARY 12 2016......SUNRISE   645 AM CHST  SUNSET   625 PM CHST
FEBRUARY 13 2016......SUNRISE   645 AM CHST  SUNSET   625 PM CHST


-  INDICATES NEGATIVE NUMBERS.
R  INDICATES RECORD WAS SET OR TIED.
MM INDICATES DATA IS MISSING.
T  INDICATES TRACE AMOUNT.




$$
