000
CDGM40 PGUM 011845
CLIGUM


CLIMATE REPORT
NATIONAL WEATHER SERVICE TIYAN, GUAM
445 AM CHST TUE SEP 2 2014


...................................

...THE GUAM INTERNATIONAL AIRPORT GU CLIMATE SUMMARY FOR SEPTEMBER 1 2014...

CLIMATE NORMAL PERIOD 1981 TO 2010
CLIMATE RECORD PERIOD 1945 TO 2014


WEATHER ITEM   OBSERVED TIME   RECORD YEAR NORMAL DEPARTURE LAST
                VALUE   (LST)  VALUE       VALUE  FROM      YEAR
                                                  NORMAL
..................................................................
TEMPERATURE (F)
 YESTERDAY
  MAXIMUM         89    252 PM  93    1987  87      2       90
  MINIMUM         78    450 AM  73    2010  76      2       77
                                      1957
  AVERAGE         84                        81      3       84

PRECIPITATION (IN)
  YESTERDAY        0.01          2.77 1954   0.53  -0.52     0.55
  MONTH TO DATE    0.01                      0.53  -0.52     0.55
  SINCE SEP 1      0.01                      0.53  -0.52     0.55
  SINCE JAN 1     75.60                     57.05  18.55    39.77

SNOWFALL (IN)
  YESTERDAY        0.0
  MONTH TO DATE    0.0
  SINCE SEP 1      0.0
  SINCE JUL 1      0.0
  SNOW DEPTH       0

DEGREE DAYS
 HEATING
  YESTERDAY        0                         0      0        0
  MONTH TO DATE    0                         0      0        0
  SINCE SEP 1      0                         0      0        0
  SINCE JUL 1      0                         0      0        0

 COOLING
  YESTERDAY       19                        16      3       19
  MONTH TO DATE   19                        16      3       19
  SINCE SEP 1     19                        16      3       19
  SINCE JAN 1   4319                      4003    316     4532
..................................................................


WIND (MPH)
  RESULTANT WIND SPEED   2   RESULTANT WIND DIRECTION   W (250)
  HIGHEST WIND SPEED    16   HIGHEST WIND DIRECTION     W (260)
  HIGHEST GUST SPEED    20   HIGHEST GUST DIRECTION     S (200)
  AVERAGE WIND SPEED     4.0


SKY COVER
  POSSIBLE SUNSHINE  MM
  AVERAGE SKY COVER 0.3


WEATHER CONDITIONS
 THE FOLLOWING WEATHER WAS RECORDED YESTERDAY.
  THUNDERSTORM
  LIGHT RAIN


RELATIVE HUMIDITY (PERCENT)
 HIGHEST    91          1200 AM
 LOWEST     70          1000 AM
 AVERAGE    81

..........................................................


THE GUAM INTERNATIONAL AIRPORT GU CLIMATE NORMALS FOR TODAY
                         NORMAL    RECORD    YEAR
 MAXIMUM TEMPERATURE (F)   87        91      1988
                                             1987
                                             1980
 MINIMUM TEMPERATURE (F)   76        72      1966


SUNRISE AND SUNSET
SEPTEMBER  2 2014.....SUNRISE   609 AM CHST  SUNSET   632 PM CHST
SEPTEMBER  3 2014.....SUNRISE   609 AM CHST  SUNSET   631 PM CHST


-  INDICATES NEGATIVE NUMBERS.
R  INDICATES RECORD WAS SET OR TIED.
MM INDICATES DATA IS MISSING.
T  INDICATES TRACE AMOUNT.




$$
