000
CDUS44 KAMA 282128
CLIGUY


CLIMATE REPORT
NATIONAL WEATHER SERVICE AMARILLO TX
427 PM CDT THU JUL 28 2016


...................................

...THE GUYMON CLIMATE SUMMARY FOR JULY 28 2016...
VALID TODAY AS OF 0427 PM LOCAL TIME.

CLIMATE NORMAL PERIOD 1981 TO 2010
CLIMATE RECORD PERIOD 1998 TO 2016


WEATHER ITEM   OBSERVED TIME   RECORD YEAR NORMAL DEPARTURE LAST
                VALUE   (LST)  VALUE       VALUE  FROM      YEAR
                                                  NORMAL
..................................................................
TEMPERATURE (F)
 TODAY
  MAXIMUM         94    326 PM  MM      MM  94      0       92
  MINIMUM         63    624 AM  MM      MM  66     -3       68
  AVERAGE         79                        80     -1       80

PRECIPITATION (IN)
  TODAY            0.00         MM      MM   0.10  -0.10     0.86
  MONTH TO DATE    1.75                      2.39  -0.64     4.33
  SINCE JUN 1      4.39                      5.33  -0.94     6.02
  SINCE JAN 1     11.35                     11.58  -0.23    16.97

SNOWFALL (IN)
  TODAY            0.0          MM      MM  MM     MM        0.0
  MONTH TO DATE    0.0                      MM     MM        0.0
  SINCE JUN 1      0.0                      MM     MM        0.0
  SINCE JUL 1      0.0                      MM     MM        0.0
  SNOW DEPTH       0

DEGREE DAYS
 HEATING
  TODAY            0                         0      0        0
  MONTH TO DATE    0                         0      0        0
  SINCE JUN 1      0                         8     -8        0
  SINCE JUL 1      0                         0      0        0

 COOLING
  TODAY           14                        15     -1       15
  MONTH TO DATE  515                       410    105      442
  SINCE JUN 1    919                       690    229      823
  SINCE JAN 1   1009                       798    211      887
..................................................................


WIND (MPH)
  RESULTANT WIND SPEED   2   RESULTANT WIND DIRECTION   S (180)
  HIGHEST WIND SPEED    16   HIGHEST WIND DIRECTION     S (180)
  HIGHEST GUST SPEED    21   HIGHEST GUST DIRECTION     S (200)
  AVERAGE WIND SPEED     7.5


SKY COVER
  AVERAGE SKY COVER 0.0


WEATHER CONDITIONS
 THE FOLLOWING WEATHER WAS RECORDED TODAY.
  NO SIGNIFICANT WEATHER WAS OBSERVED.


RELATIVE HUMIDITY (PERCENT)
 HIGHEST    93           300 AM
 LOWEST     32           200 PM
 AVERAGE    63

..........................................................


THE GUYMON CLIMATE NORMALS FOR TOMORROW
                         NORMAL    RECORD    YEAR
 MAXIMUM TEMPERATURE (F)   94        MM        MM
 MINIMUM TEMPERATURE (F)   66        MM        MM


SUNRISE AND SUNSET
JULY 28 2016..........SUNRISE   649 AM CDT   SUNSET   855 PM CDT
JULY 29 2016..........SUNRISE   650 AM CDT   SUNSET   855 PM CDT


-  INDICATES NEGATIVE NUMBERS.
R  INDICATES RECORD WAS SET OR TIED.
MM INDICATES DATA IS MISSING.
T  INDICATES TRACE AMOUNT.




$$
