000
CDUS44 KAMA 250637
CLIGUY


CLIMATE REPORT
NATIONAL WEATHER SERVICE AMARILLO TX
135 AM CDT SAT MAR 25 2017


...................................

...THE GUYMON CLIMATE SUMMARY FOR MARCH 24 2017...

CLIMATE NORMAL PERIOD 1981 TO 2010
CLIMATE RECORD PERIOD 1998 TO 2017


WEATHER ITEM   OBSERVED TIME   RECORD YEAR NORMAL DEPARTURE LAST
                VALUE   (LST)  VALUE       VALUE  FROM      YEAR
                                                  NORMAL
..................................................................
TEMPERATURE (F)
 YESTERDAY
  MAXIMUM         55    244 PM  MM      MM  64     -9       59
  MINIMUM         44   1159 PM  MM      MM  34     10       29
  AVERAGE         50                        49      1       44

PRECIPITATION (IN)
  YESTERDAY        0.05         MM      MM   0.05   0.00     0.00
  MONTH TO DATE    0.28                      1.08  -0.80     0.01
  SINCE MAR 1      0.28                      1.08  -0.80     0.01
  SINCE JAN 1      2.30                      1.95   0.35     0.44

SNOWFALL (IN)
  YESTERDAY        0.0          MM      MM  MM     MM        0.0
  MONTH TO DATE    0.0                      MM     MM        0.0
  SINCE MAR 1      0.0                      MM     MM        0.0
  SINCE JUL 1      0.8                      MM     MM        0.0
  SNOW DEPTH       0

DEGREE DAYS
 HEATING
  YESTERDAY       15                        16     -1       21
  MONTH TO DATE  304                       474   -170      344
  SINCE MAR 1    304                       474   -170      344
  SINCE JUL 1   3207                      3941   -734     3311

 COOLING
  YESTERDAY        0                         0      0        0
  MONTH TO DATE   15                         0     15        6
  SINCE MAR 1     15                         0     15        6
  SINCE JAN 1     23                         0     23        9
..................................................................


WIND (MPH)
  RESULTANT WIND SPEED   6   RESULTANT WIND DIRECTION  NW (330)
  HIGHEST WIND SPEED    41   HIGHEST WIND DIRECTION     N (340)
  HIGHEST GUST SPEED    52   HIGHEST GUST DIRECTION     N (340)
  AVERAGE WIND SPEED    20.0


SKY COVER
  AVERAGE SKY COVER 0.6


WEATHER CONDITIONS
 THE FOLLOWING WEATHER WAS RECORDED YESTERDAY.
  LIGHT RAIN


RELATIVE HUMIDITY (PERCENT)
 HIGHEST    80           500 PM
 LOWEST     60           400 AM
 AVERAGE    70

..........................................................


THE GUYMON CLIMATE NORMALS FOR TODAY
                         NORMAL    RECORD    YEAR
 MAXIMUM TEMPERATURE (F)   64        MM        MM
 MINIMUM TEMPERATURE (F)   34        MM        MM


SUNRISE AND SUNSET
MARCH 25 2017.........SUNRISE   742 AM CDT   SUNSET   803 PM CDT
MARCH 26 2017.........SUNRISE   740 AM CDT   SUNSET   803 PM CDT


-  INDICATES NEGATIVE NUMBERS.
R  INDICATES RECORD WAS SET OR TIED.
MM INDICATES DATA IS MISSING.
T  INDICATES TRACE AMOUNT.




$$
