000
CDUS44 KAMA 220630
CLIGUY


CLIMATE REPORT
NATIONAL WEATHER SERVICE AMARILLO TX
127 AM CDT FRI MAY 22 2015


...................................

...THE GUYMON CLIMATE SUMMARY FOR MAY 21 2015...

CLIMATE NORMAL PERIOD 1981 TO 2010
CLIMATE RECORD PERIOD 1998 TO 2015


WEATHER ITEM   OBSERVED TIME   RECORD YEAR NORMAL DEPARTURE LAST
                VALUE   (LST)  VALUE       VALUE  FROM      YEAR
                                                  NORMAL
..................................................................
TEMPERATURE (F)
 YESTERDAY
  MAXIMUM         58    430 PM  MM      MM  80    -22       89
  MINIMUM         46    607 AM  MM      MM  53     -7       52
  AVERAGE         52                        66    -14       71

PRECIPITATION (IN)
  YESTERDAY        0.50         MM      MM   0.09   0.41      T
  MONTH TO DATE    4.67                      1.39   3.28     0.01
  SINCE MAR 1      7.14                      4.33   2.81     0.77
  SINCE JAN 1      9.09                      5.20   3.89     1.11

SNOWFALL (IN)
  YESTERDAY        0.0          MM      MM  MM     MM        0.0
  MONTH TO DATE    0.0                      MM     MM        0.0
  SINCE MAR 1      2.0                      MM     MM        3.5
  SINCE JUL 1     23.3                      MM     MM       16.2
  SNOW DEPTH       0

DEGREE DAYS
 HEATING
  YESTERDAY       13                         2     11        0
  MONTH TO DATE  101                        81     20       77
  SINCE MAR 1    767                       967   -200      966
  SINCE JUL 1   3984                      4434   -450     4532

 COOLING
  YESTERDAY        0                         4     -4        6
  MONTH TO DATE   28                        48    -20       90
  SINCE MAR 1     45                        63    -18      118
  SINCE JAN 1     45                        63    -18      118
..................................................................


WIND (MPH)
  RESULTANT WIND SPEED   5   RESULTANT WIND DIRECTION   E (100)
  HIGHEST WIND SPEED    12   HIGHEST WIND DIRECTION    SE (120)
  HIGHEST GUST SPEED    15   HIGHEST GUST DIRECTION     E (80)
  AVERAGE WIND SPEED     6.7


SKY COVER
  AVERAGE SKY COVER 0.9


WEATHER CONDITIONS
 THE FOLLOWING WEATHER WAS RECORDED YESTERDAY.
  HEAVY RAIN
  RAIN
  FOG


RELATIVE HUMIDITY (PERCENT)
 HIGHEST    89          1100 PM
 LOWEST     61          1200 PM
 AVERAGE    75

..........................................................


THE GUYMON CLIMATE NORMALS FOR TODAY
                         NORMAL    RECORD    YEAR
 MAXIMUM TEMPERATURE (F)   81        MM        MM
 MINIMUM TEMPERATURE (F)   53        MM        MM


SUNRISE AND SUNSET
MAY 22 2015...........SUNRISE   634 AM CDT   SUNSET   852 PM CDT
MAY 23 2015...........SUNRISE   633 AM CDT   SUNSET   853 PM CDT


-  INDICATES NEGATIVE NUMBERS.
R  INDICATES RECORD WAS SET OR TIED.
MM INDICATES DATA IS MISSING.
T  INDICATES TRACE AMOUNT.




$$
