000
CDUS42 KFFC 230820
CLIGVL


CLIMATE REPORT
NATIONAL WEATHER SERVICE PEACHTREE CITY GA
419 AM EDT WED JUL 23 2014


...................................

...THE GAINESVILLE   CLIMATE SUMMARY FOR JULY 22 2014...

CLIMATE NORMAL PERIOD 1981 TO 2010
CLIMATE RECORD PERIOD 9999 TO 9999


WEATHER ITEM   OBSERVED TIME   RECORD YEAR NORMAL DEPARTURE LAST
                VALUE   (LST)  VALUE       VALUE  FROM      YEAR
                                                  NORMAL
..................................................................
TEMPERATURE (F)
 YESTERDAY
  MAXIMUM         84    416 PM  MM      MM  88     -4       83
  MINIMUM         71    812 AM  MM      MM  70      1       70
  AVERAGE         78                        79     -1       77

PRECIPITATION (IN)
  YESTERDAY        T            MM      MM   0.14  -0.14     0.94
  MONTH TO DATE    3.97                      3.20   0.77    11.11
  SINCE JUN 1      5.73                      7.59  -1.86    17.49
  SINCE JAN 1     24.90                     30.51  -5.61    32.41

DEGREE DAYS
 COOLING
  YESTERDAY       13                        14     -1       12
  MONTH TO DATE  268                       304    -36      254
  SINCE JUN 1    625                       625      0      574
  SINCE JAN 1    854                       800     54      719
..................................................................


WIND (MPH)
  RESULTANT WIND SPEED   5   RESULTANT WIND DIRECTION   E (90)
  HIGHEST WIND SPEED    12   HIGHEST WIND DIRECTION     E (100)
  HIGHEST GUST SPEED    14   HIGHEST GUST DIRECTION     E (100)
  AVERAGE WIND SPEED     5.9


SKY COVER
  AVERAGE SKY COVER 0.6


WEATHER CONDITIONS
 THE FOLLOWING WEATHER WAS RECORDED YESTERDAY.
  LIGHT RAIN
  FOG
  HAZE


RELATIVE HUMIDITY (PERCENT)
 HIGHEST    93           100 AM
 LOWEST     58           400 PM
 AVERAGE    76

..........................................................


THE GAINESVILLE   CLIMATE NORMALS FOR TODAY
                         NORMAL    RECORD    YEAR
 MAXIMUM TEMPERATURE (F)   88        MM        MM
 MINIMUM TEMPERATURE (F)   70        MM        MM


SUNRISE AND SUNSET
JULY 23 2014..........SUNRISE   640 AM EDT   SUNSET   843 PM EDT
JULY 24 2014..........SUNRISE   641 AM EDT   SUNSET   843 PM EDT


-  INDICATES NEGATIVE NUMBERS.
R  INDICATES RECORD WAS SET OR TIED.
MM INDICATES DATA IS MISSING.
T  INDICATES TRACE AMOUNT.




$$
