000
CDUS42 KFFC 210821
CLIGVL


CLIMATE REPORT
NATIONAL WEATHER SERVICE PEACHTREE CITY GA
421 AM EDT MON AUG 21 2017


...................................

...THE GAINESVILLE   CLIMATE SUMMARY FOR AUGUST 20 2017...

CLIMATE NORMAL PERIOD 1981 TO 2010
CLIMATE RECORD PERIOD 9999 TO 9999


WEATHER ITEM   OBSERVED TIME   RECORD YEAR NORMAL DEPARTURE LAST
                VALUE   (LST)  VALUE       VALUE  FROM      YEAR
                                                  NORMAL
..................................................................
TEMPERATURE (F)
 YESTERDAY
  MAXIMUM         91    436 PM  MM      MM  87      4       87
  MINIMUM         69    628 AM  MM      MM  69      0       73
  AVERAGE         80                        78      2       80

PRECIPITATION (IN)
  YESTERDAY        0.00         MM      MM   0.15  -0.15     0.17
  MONTH TO DATE    2.56                      3.11  -0.55     2.93
  SINCE JUN 1     11.70                     12.01  -0.31     8.44
  SINCE JAN 1     37.59                     34.93   2.66    25.69

DEGREE DAYS
 COOLING
  YESTERDAY       15                        13      2       15
  MONTH TO DATE  265                       272     -7      323
  SINCE JUN 1   1017                      1019     -2     1278
  SINCE JAN 1   1294                      1194    100     1509
..................................................................


WIND (MPH)
  RESULTANT WIND SPEED   1   RESULTANT WIND DIRECTION  SE (130)
  HIGHEST WIND SPEED     9   HIGHEST WIND DIRECTION    SE (130)
  HIGHEST GUST SPEED    11   HIGHEST GUST DIRECTION    SE (140)
  AVERAGE WIND SPEED     2.1


SKY COVER
  AVERAGE SKY COVER 0.0


WEATHER CONDITIONS
 THE FOLLOWING WEATHER WAS RECORDED YESTERDAY.
  NO SIGNIFICANT WEATHER WAS OBSERVED.


RELATIVE HUMIDITY (PERCENT)
 HIGHEST   100           300 AM
 LOWEST     44           300 PM
 AVERAGE    72

..........................................................


THE GAINESVILLE   CLIMATE NORMALS FOR TODAY
                         NORMAL    RECORD    YEAR
 MAXIMUM TEMPERATURE (F)   87        MM        MM
 MINIMUM TEMPERATURE (F)   69        MM        MM


SUNRISE AND SUNSET
AUGUST 21 2017........SUNRISE   701 AM EDT   SUNSET   815 PM EDT
AUGUST 22 2017........SUNRISE   702 AM EDT   SUNSET   814 PM EDT


-  INDICATES NEGATIVE NUMBERS.
R  INDICATES RECORD WAS SET OR TIED.
MM INDICATES DATA IS MISSING.
T  INDICATES TRACE AMOUNT.




$$
