000
CDUS44 KJAN 240700
CLIGWO


CLIMATE REPORT
NATIONAL WEATHER SERVICE JACKSON MS
156 AM CDT MON APR 24 2017


...................................

...THE GREENWOOD CLIMATE SUMMARY FOR APRIL 23 2017...

CLIMATE NORMAL PERIOD 1981 TO 2010
CLIMATE RECORD PERIOD 1948 TO 2017


WEATHER ITEM   OBSERVED TIME   RECORD YEAR NORMAL DEPARTURE LAST
                VALUE   (LST)  VALUE       VALUE  FROM      YEAR
                                                  NORMAL
..................................................................
TEMPERATURE (F)
 YESTERDAY
  MAXIMUM         61   1219 PM  89    1965  77    -16       81
  MINIMUM         49   1141 PM  38    1986  54     -5       51
  AVERAGE         55                        65    -10       66

PRECIPITATION (IN)
  YESTERDAY        0.01          3.28 2010   0.16  -0.15     0.00
  MONTH TO DATE    3.92                      3.95  -0.03     3.17
  SINCE MAR 1      7.89                      8.26  -0.37    15.67
  SINCE JAN 1     16.17                     17.20  -1.03    23.12

SNOWFALL (IN)
  YESTERDAY        0.0

DEGREE DAYS
 HEATING
  YESTERDAY       10                         3      7        0
  MONTH TO DATE   36                       109    -73       62
  SINCE MAR 1    268                       425   -157      252
  SINCE JUL 1   1751                      2656   -905     1913

 COOLING
  YESTERDAY        0                         3     -3        1
  MONTH TO DATE  100                        51     49       32
  SINCE MAR 1    161                        72     89       71
  SINCE JAN 1    195                        77    118       79
..................................................................


WIND (MPH)
  HIGHEST WIND SPEED    15   HIGHEST WIND DIRECTION     N (360)
  HIGHEST GUST SPEED    22   HIGHEST GUST DIRECTION     N (360)
  AVERAGE WIND SPEED     6.0


SKY COVER
  POSSIBLE SUNSHINE  MM
  AVERAGE SKY COVER 0.9


WEATHER CONDITIONS
 THE FOLLOWING WEATHER WAS RECORDED YESTERDAY.
  LIGHT RAIN
  FOG


RELATIVE HUMIDITY (PERCENT)
 HIGHEST   100           400 AM
 LOWEST     62           200 PM
 AVERAGE    81

..........................................................


THE GREENWOOD CLIMATE NORMALS FOR TODAY
                         NORMAL    RECORD    YEAR
 MAXIMUM TEMPERATURE (F)   77        89      1965
                                             1958
 MINIMUM TEMPERATURE (F)   54        38      2005


SUNRISE AND SUNSET
APRIL 24 2017.........SUNRISE   619 AM CDT   SUNSET   738 PM CDT
APRIL 25 2017.........SUNRISE   618 AM CDT   SUNSET   739 PM CDT


-  INDICATES NEGATIVE NUMBERS.
R  INDICATES RECORD WAS SET OR TIED.
MM INDICATES DATA IS MISSING.
T  INDICATES TRACE AMOUNT.




$$
