000
CDUS44 KJAN 230639
CLIGWO


CLIMATE REPORT
NATIONAL WEATHER SERVICE JACKSON MS
135 AM CDT THU OCT 23 2014


...................................

...THE GREENWOOD CLIMATE SUMMARY FOR OCTOBER 22 2014...

CLIMATE NORMAL PERIOD 1981 TO 2010
CLIMATE RECORD PERIOD 1948 TO 2014


WEATHER ITEM   OBSERVED TIME   RECORD YEAR NORMAL DEPARTURE LAST
                VALUE   (LST)  VALUE       VALUE  FROM      YEAR
                                                  NORMAL
..................................................................
TEMPERATURE (F)
 YESTERDAY
  MAXIMUM         72    145 PM  87    2003  75     -3       69
  MINIMUM         44   1150 PM  29    1952  50     -6       47
  AVERAGE         58                        62     -4       58

PRECIPITATION (IN)
  YESTERDAY        0.00          3.63 1984   0.13  -0.13     0.00
  MONTH TO DATE    5.80                      2.77   3.03     1.00
  SINCE SEP 1      6.18                      6.43  -0.25     9.09
  SINCE JAN 1     46.94                     40.50   6.44    47.34

SNOWFALL (IN)
  YESTERDAY        0.0

DEGREE DAYS
 HEATING
  YESTERDAY        7                         5      2        7
  MONTH TO DATE   46                        65    -19       57
  SINCE SEP 1     46                        77    -31       57
  SINCE JUL 1     46                        77    -31       57

 COOLING
  YESTERDAY        0                         2     -2        0
  MONTH TO DATE  103                        79     24      101
  SINCE SEP 1    467                       384     83      459
  SINCE JAN 1   2023                      2126   -103     2081
..................................................................


WIND (MPH)
  HIGHEST WIND SPEED    15   HIGHEST WIND DIRECTION     E (70)
  HIGHEST GUST SPEED    19   HIGHEST GUST DIRECTION     E (70)
  AVERAGE WIND SPEED     5.5


SKY COVER
  POSSIBLE SUNSHINE  MM
  AVERAGE SKY COVER 0.0


WEATHER CONDITIONS
 THE FOLLOWING WEATHER WAS RECORDED YESTERDAY.
  FOG


RELATIVE HUMIDITY (PERCENT)
 HIGHEST    96          1200 AM
 LOWEST     37           400 PM
 AVERAGE    67

..........................................................


THE GREENWOOD CLIMATE NORMALS FOR TODAY
                         NORMAL    RECORD    YEAR
 MAXIMUM TEMPERATURE (F)   75        87      2010
 MINIMUM TEMPERATURE (F)   49        33      2006
                                             1999


SUNRISE AND SUNSET
OCTOBER 23 2014.......SUNRISE   711 AM CDT   SUNSET   617 PM CDT
OCTOBER 24 2014.......SUNRISE   712 AM CDT   SUNSET   616 PM CDT


-  INDICATES NEGATIVE NUMBERS.
R  INDICATES RECORD WAS SET OR TIED.
MM INDICATES DATA IS MISSING.
T  INDICATES TRACE AMOUNT.




$$
