000
CDUS44 KJAN 252222
CLIGWO


CLIMATE REPORT
NATIONAL WEATHER SERVICE JACKSON MS
421 PM CST TUE NOV 25 2014


...................................

...THE GREENWOOD CLIMATE SUMMARY FOR NOVEMBER 25 2014...
VALID TODAY AS OF 0400 PM LOCAL TIME.

CLIMATE NORMAL PERIOD 1981 TO 2010
CLIMATE RECORD PERIOD 1948 TO 2014


WEATHER ITEM   OBSERVED TIME   RECORD YEAR NORMAL DEPARTURE LAST
                VALUE   (LST)  VALUE       VALUE  FROM      YEAR
                                                  NORMAL
..................................................................
TEMPERATURE (F)
 TODAY
  MAXIMUM         51   1159 AM  81    2010  63    -12       40
  MINIMUM         29    701 AM  15    1950  40    -11       34
  AVERAGE         40                        51    -11       37

PRECIPITATION (IN)
  TODAY            0.00          1.20 1986   0.17  -0.17     1.13
  MONTH TO DATE    3.06                      3.60  -0.54     3.47
  SINCE SEP 1      9.84                     11.13  -1.29    14.93
  SINCE JAN 1     50.60                     45.20   5.40    53.18

SNOWFALL (IN)
  TODAY            0.0

DEGREE DAYS
 HEATING
  TODAY           25                        14     11       28
  MONTH TO DATE  423                       262    161      316
  SINCE SEP 1    517                       393    124      432
  SINCE JUL 1    517                       393    124      432

 COOLING
  TODAY            0                         0      0        0
  MONTH TO DATE    0                        14    -14        6
  SINCE SEP 1    484                       414     70      476
  SINCE JAN 1   2040                      2156   -116     2098
..................................................................


WIND (MPH)
  HIGHEST WIND SPEED    13   HIGHEST WIND DIRECTION     N (10)
  HIGHEST GUST SPEED    16   HIGHEST GUST DIRECTION     N (360)
  AVERAGE WIND SPEED     3.1


SKY COVER
  POSSIBLE SUNSHINE  MM
  AVERAGE SKY COVER 0.0


WEATHER CONDITIONS
 THE FOLLOWING WEATHER WAS RECORDED TODAY.
  FOG


RELATIVE HUMIDITY (PERCENT)
 HIGHEST    96           200 AM
 LOWEST     32          1200 PM
 AVERAGE    64

..........................................................


THE GREENWOOD CLIMATE NORMALS FOR TOMORROW
                         NORMAL    RECORD    YEAR
 MAXIMUM TEMPERATURE (F)   62        84      1965
 MINIMUM TEMPERATURE (F)   39        23      1950


SUNRISE AND SUNSET
NOVEMBER 25 2014......SUNRISE   641 AM CST   SUNSET   453 PM CST
NOVEMBER 26 2014......SUNRISE   642 AM CST   SUNSET   453 PM CST


-  INDICATES NEGATIVE NUMBERS.
R  INDICATES RECORD WAS SET OR TIED.
MM INDICATES DATA IS MISSING.
T  INDICATES TRACE AMOUNT.




$$
