000
CDUS44 KJAN 062212
CLIGWO


CLIMATE REPORT
NATIONAL WEATHER SERVICE JACKSON MS
405 PM CST FRI MAR 6 2015


...................................

...THE GREENWOOD CLIMATE SUMMARY FOR MARCH 6 2015...
VALID TODAY AS OF 0400 PM LOCAL TIME.

CLIMATE NORMAL PERIOD 1981 TO 2010
CLIMATE RECORD PERIOD 1948 TO 2015


WEATHER ITEM   OBSERVED TIME   RECORD YEAR NORMAL DEPARTURE LAST
                VALUE   (LST)  VALUE       VALUE  FROM      YEAR
                                                  NORMAL
..................................................................
TEMPERATURE (F)
 TODAY
  MAXIMUM         43    354 PM  84    1956  64    -21       43
  MINIMUM         20R   643 AM  24    1960  42    -22       38
  AVERAGE         32                        53    -21       41

PRECIPITATION (IN)
  TODAY            0.00          1.11 1973   0.15  -0.15     0.32
  MONTH TO DATE    0.53                      0.85  -0.32     0.88
  SINCE MAR 1      0.53                      0.85  -0.32     0.88
  SINCE JAN 1      9.92                      9.79   0.13     7.16

SNOWFALL (IN)
  TODAY            0.0

DEGREE DAYS
 HEATING
  TODAY           33                        13     20       24
  MONTH TO DATE  112                        80     32      125
  SINCE MAR 1    112                        80     32      125
  SINCE JUL 1   2633                      2311    322     2779

 COOLING
  TODAY            0                         0      0        0
  MONTH TO DATE    0                         0      0        0
  SINCE MAR 1      0                         0      0        0
  SINCE JAN 1      0                         5     -5        0
..................................................................


WIND (MPH)
  HIGHEST WIND SPEED    10   HIGHEST WIND DIRECTION    NW (310)
  HIGHEST GUST SPEED    15   HIGHEST GUST DIRECTION    NW (330)
  AVERAGE WIND SPEED     6.7


SKY COVER
  POSSIBLE SUNSHINE  MM
  AVERAGE SKY COVER 0.0


WEATHER CONDITIONS
 THE FOLLOWING WEATHER WAS RECORDED TODAY.
  NO SIGNIFICANT WEATHER WAS OBSERVED.


RELATIVE HUMIDITY (PERCENT)
 HIGHEST    74           800 AM
 LOWEST     33           200 PM
 AVERAGE    54

..........................................................


THE GREENWOOD CLIMATE NORMALS FOR TOMORROW
                         NORMAL    RECORD    YEAR
 MAXIMUM TEMPERATURE (F)   64        82      1974
 MINIMUM TEMPERATURE (F)   42        28      1966


SUNRISE AND SUNSET
MARCH  6 2015.........SUNRISE   623 AM CST   SUNSET   601 PM CST
MARCH  7 2015.........SUNRISE   621 AM CST   SUNSET   602 PM CST


-  INDICATES NEGATIVE NUMBERS.
R  INDICATES RECORD WAS SET OR TIED.
MM INDICATES DATA IS MISSING.
T  INDICATES TRACE AMOUNT.




$$
