000
CDUS44 KJAN 240632
CLIGWO


CLIMATE REPORT
NATIONAL WEATHER SERVICE JACKSON MS
1229 AM CST SAT FEB 24 2018


...................................

...THE GREENWOOD CLIMATE SUMMARY FOR FEBRUARY 23 2018...

CLIMATE NORMAL PERIOD 1981 TO 2010
CLIMATE RECORD PERIOD 1948 TO 2018


WEATHER ITEM   OBSERVED TIME   RECORD YEAR NORMAL DEPARTURE LAST
                VALUE   (LST)  VALUE       VALUE  FROM      YEAR
                                                  NORMAL
..................................................................
TEMPERATURE (F)
 YESTERDAY
  MAXIMUM         81    142 PM  84    2012  61     20       80
  MINIMUM         62    703 AM  21    1989  39     23       49
  AVERAGE         72                        50     22       65

PRECIPITATION (IN)
  YESTERDAY        0.23          1.57 2016   0.17   0.06     0.00
  MONTH TO DATE   10.93                      3.65   7.28     2.64
  SINCE DEC 1     19.02                     13.82   5.20    11.56
  SINCE JAN 1     13.74                      8.17   5.57     6.87

SNOWFALL (IN)
  YESTERDAY        0.0

DEGREE DAYS
 HEATING
  YESTERDAY        0                        15    -15        0
  MONTH TO DATE  267                       419   -152      205
  SINCE DEC 1   1618                      1690    -72     1145
  SINCE JUL 1   2032                      2158   -126     1437

 COOLING
  YESTERDAY        7                         0      7        0
  MONTH TO DATE   33                         0     33       14
  SINCE DEC 1     38                         7     31       37
  SINCE JAN 1     33                         2     31       24
..................................................................


WIND (MPH)
  HIGHEST WIND SPEED    18   HIGHEST WIND DIRECTION    SE (150)
  HIGHEST GUST SPEED    22   HIGHEST GUST DIRECTION    SE (150)
  AVERAGE WIND SPEED     7.9


SKY COVER
  POSSIBLE SUNSHINE  MM
  AVERAGE SKY COVER 0.5


WEATHER CONDITIONS
 THE FOLLOWING WEATHER WAS RECORDED YESTERDAY.
  HEAVY RAIN
  RAIN
  LIGHT RAIN
  FOG


RELATIVE HUMIDITY (PERCENT)
 HIGHEST   100           700 AM
 LOWEST     58           300 PM
 AVERAGE    79

..........................................................


THE GREENWOOD CLIMATE NORMALS FOR TODAY
                         NORMAL    RECORD    YEAR
 MAXIMUM TEMPERATURE (F)   61        83      2011
 MINIMUM TEMPERATURE (F)   39        18      1989


SUNRISE AND SUNSET
FEBRUARY 24 2018......SUNRISE   634 AM CST   SUNSET   553 PM CST
FEBRUARY 25 2018......SUNRISE   633 AM CST   SUNSET   554 PM CST


-  INDICATES NEGATIVE NUMBERS.
R  INDICATES RECORD WAS SET OR TIED.
MM INDICATES DATA IS MISSING.
T  INDICATES TRACE AMOUNT.




$$
