000
CDUS44 KJAN 210911
CLIGWO


CLIMATE REPORT
NATIONAL WEATHER SERVICE JACKSON MS
408 AM CDT SUN SEP 21 2014


...................................

...THE GREENWOOD CLIMATE SUMMARY FOR SEPTEMBER 20 2014...

CLIMATE NORMAL PERIOD 1981 TO 2010
CLIMATE RECORD PERIOD 1948 TO 2014


WEATHER ITEM   OBSERVED TIME   RECORD YEAR NORMAL DEPARTURE LAST
                VALUE   (LST)  VALUE       VALUE  FROM      YEAR
                                                  NORMAL
..................................................................
TEMPERATURE (F)
 YESTERDAY
  MAXIMUM         91    340 PM 100    2010  86      5       83
  MINIMUM         69    609 AM  46    2012  61      8       69
                                      1981
  AVERAGE         80                        73      7       76

PRECIPITATION (IN)
  YESTERDAY        0.00          8.07 1958   0.12  -0.12     1.72
  MONTH TO DATE    0.31                      2.36  -2.05     2.42
  SINCE SEP 1      0.31                      2.36  -2.05     2.42
  SINCE JAN 1     41.07                     36.43   4.64    40.67

SNOWFALL (IN)
  YESTERDAY        0.0

DEGREE DAYS
 HEATING
  YESTERDAY        0                         1     -1        0
  MONTH TO DATE    0                         1     -1        0
  SINCE SEP 1      0                         1     -1        0
  SINCE JUL 1      0                         1     -1        0

 COOLING
  YESTERDAY       15                         9      6       11
  MONTH TO DATE  285                       232     53      291
  SINCE SEP 1    285                       232     53      291
  SINCE JAN 1   1841                      1974   -133     1913
..................................................................


WIND (MPH)
  HIGHEST WIND SPEED    12   HIGHEST WIND DIRECTION     E (90)
  HIGHEST GUST SPEED    14   HIGHEST GUST DIRECTION     E (110)
  AVERAGE WIND SPEED     3.5


SKY COVER
  POSSIBLE SUNSHINE  MM
  AVERAGE SKY COVER 0.0


WEATHER CONDITIONS
 THE FOLLOWING WEATHER WAS RECORDED YESTERDAY.
  NO SIGNIFICANT WEATHER WAS OBSERVED.


RELATIVE HUMIDITY (PERCENT)
 HIGHEST    93           900 PM
 LOWEST     41           200 PM
 AVERAGE    67

..........................................................


THE GREENWOOD CLIMATE NORMALS FOR TODAY
                         NORMAL    RECORD    YEAR
 MAXIMUM TEMPERATURE (F)   85        98      1955
 MINIMUM TEMPERATURE (F)   61        44      1983


SUNRISE AND SUNSET
SEPTEMBER 21 2014.....SUNRISE   648 AM CDT   SUNSET   658 PM CDT
SEPTEMBER 22 2014.....SUNRISE   648 AM CDT   SUNSET   657 PM CDT


-  INDICATES NEGATIVE NUMBERS.
R  INDICATES RECORD WAS SET OR TIED.
MM INDICATES DATA IS MISSING.
T  INDICATES TRACE AMOUNT.




$$
