143
CDUS44 KJAN 090627
CLIGWO


CLIMATE REPORT
NATIONAL WEATHER SERVICE JACKSON MS
1225 AM CST FRI DEC 9 2016


...................................

...THE GREENWOOD CLIMATE SUMMARY FOR DECEMBER 8 2016...

CLIMATE NORMAL PERIOD 1981 TO 2010
CLIMATE RECORD PERIOD 1948 TO 2016


WEATHER ITEM   OBSERVED TIME   RECORD YEAR NORMAL DEPARTURE LAST
                VALUE   (LST)  VALUE       VALUE  FROM      YEAR
                                                  NORMAL
..................................................................
TEMPERATURE (F)
 YESTERDAY
  MAXIMUM         46    138 PM  81    2007  58    -12       70
  MINIMUM         26   1159 PM  14    2006  37    -11       36
  AVERAGE         36                        47    -11       53

PRECIPITATION (IN)
  YESTERDAY        0.00          2.04 1978   0.19  -0.19     0.00
  MONTH TO DATE    2.42                      1.60   0.82     0.36
  SINCE DEC 1      2.42                      1.60   0.82     0.36
  SINCE JAN 1     45.23                     47.72  -2.49    45.79

SNOWFALL (IN)
  YESTERDAY        0.0

DEGREE DAYS
 HEATING
  YESTERDAY       29                        18     11       12
  MONTH TO DATE  153                       136     17      119
  SINCE DEC 1    153                       136     17      119
  SINCE JUL 1    445                       604   -159      347

 COOLING
  YESTERDAY        0                         0      0        0
  MONTH TO DATE    0                         0      0        0
  SINCE DEC 1      0                         0      0        0
  SINCE JAN 1   2559                      2159    400     2420
..................................................................


WIND (MPH)
  HIGHEST WIND SPEED    16   HIGHEST WIND DIRECTION     N (360)
  HIGHEST GUST SPEED    22   HIGHEST GUST DIRECTION     N (20)
  AVERAGE WIND SPEED     8.7


SKY COVER
  POSSIBLE SUNSHINE  MM
  AVERAGE SKY COVER 0.4


WEATHER CONDITIONS
 THE FOLLOWING WEATHER WAS RECORDED YESTERDAY.
  NO SIGNIFICANT WEATHER WAS OBSERVED.


RELATIVE HUMIDITY (PERCENT)
 HIGHEST    86          1200 AM
 LOWEST     45          1200 PM
 AVERAGE    66

..........................................................


THE GREENWOOD CLIMATE NORMALS FOR TODAY
                         NORMAL    RECORD    YEAR
 MAXIMUM TEMPERATURE (F)   58        82      2007
 MINIMUM TEMPERATURE (F)   36        16      2006


SUNRISE AND SUNSET
DECEMBER  9 2016......SUNRISE   653 AM CST   SUNSET   453 PM CST
DECEMBER 10 2016......SUNRISE   654 AM CST   SUNSET   453 PM CST


-  INDICATES NEGATIVE NUMBERS.
R  INDICATES RECORD WAS SET OR TIED.
MM INDICATES DATA IS MISSING.
T  INDICATES TRACE AMOUNT.




$$
