000
CDUS44 KJAN 210727
CLIGWO


CLIMATE REPORT
NATIONAL WEATHER SERVICE JACKSON MS
224 AM CDT THU SEP 21 2017


...................................

...THE GREENWOOD CLIMATE SUMMARY FOR SEPTEMBER 20 2017...

CLIMATE NORMAL PERIOD 1981 TO 2010
CLIMATE RECORD PERIOD 1948 TO 2017


WEATHER ITEM   OBSERVED TIME   RECORD YEAR NORMAL DEPARTURE LAST
                VALUE   (LST)  VALUE       VALUE  FROM      YEAR
                                                  NORMAL
..................................................................
TEMPERATURE (F)
 YESTERDAY
  MAXIMUM         92    218 PM 100    2010  86      6       93
  MINIMUM         70    449 AM  46    2012  61      9       66
                                      1981
  AVERAGE         81                        73      8       80

PRECIPITATION (IN)
  YESTERDAY        0.00          8.07 1958   0.12  -0.12     0.00
  MONTH TO DATE    2.31                      2.36  -0.05     1.88
  SINCE SEP 1      2.31                      2.36  -0.05     1.88
  SINCE JAN 1     38.17                     36.43   1.74    38.38

SNOWFALL (IN)
  YESTERDAY        0.0

DEGREE DAYS
 HEATING
  YESTERDAY        0                         1     -1        0
  MONTH TO DATE    2                         1      1        0
  SINCE SEP 1      2                         1      1        0
  SINCE JUL 1      2                         1      1        0

 COOLING
  YESTERDAY       16                         9      7       15
  MONTH TO DATE  177                       232    -55      323
  SINCE SEP 1    177                       232    -55      323
  SINCE JAN 1   2012                      1974     38     2270
..................................................................


WIND (MPH)
  HIGHEST WIND SPEED    13   HIGHEST WIND DIRECTION    SW (220)
  HIGHEST GUST SPEED    16   HIGHEST GUST DIRECTION    SW (230)
  AVERAGE WIND SPEED     4.6


SKY COVER
  POSSIBLE SUNSHINE  MM
  AVERAGE SKY COVER 0.1


WEATHER CONDITIONS
 THE FOLLOWING WEATHER WAS RECORDED YESTERDAY.
  FOG


RELATIVE HUMIDITY (PERCENT)
 HIGHEST   100           600 AM
 LOWEST     56           100 PM
 AVERAGE    78

..........................................................


THE GREENWOOD CLIMATE NORMALS FOR TODAY
                         NORMAL    RECORD    YEAR
 MAXIMUM TEMPERATURE (F)   85        98      1955
 MINIMUM TEMPERATURE (F)   61        44      1983


SUNRISE AND SUNSET
SEPTEMBER 21 2017.....SUNRISE   648 AM CDT   SUNSET   658 PM CDT
SEPTEMBER 22 2017.....SUNRISE   649 AM CDT   SUNSET   657 PM CDT


-  INDICATES NEGATIVE NUMBERS.
R  INDICATES RECORD WAS SET OR TIED.
MM INDICATES DATA IS MISSING.
T  INDICATES TRACE AMOUNT.




$$
