000
CDUS44 KJAN 250711
CLIGWO


CLIMATE REPORT
NATIONAL WEATHER SERVICE JACKSON MS
209 AM CDT SAT OCT 25 2014


...................................

...THE GREENWOOD CLIMATE SUMMARY FOR OCTOBER 24 2014...

CLIMATE NORMAL PERIOD 1981 TO 2010
CLIMATE RECORD PERIOD 1948 TO 2014


WEATHER ITEM   OBSERVED TIME   RECORD YEAR NORMAL DEPARTURE LAST
                VALUE   (LST)  VALUE       VALUE  FROM      YEAR
                                                  NORMAL
..................................................................
TEMPERATURE (F)
 YESTERDAY
  MAXIMUM         74    224 PM  88    2003  74      0       73
  MINIMUM         42    632 AM  28    2005  49     -7       42
  AVERAGE         58                        62     -4       58

PRECIPITATION (IN)
  YESTERDAY        0.00          2.20 1986   0.13  -0.13     0.00
  MONTH TO DATE    5.80                      3.03   2.77     1.00
  SINCE SEP 1      6.18                      6.69  -0.51     9.09
  SINCE JAN 1     46.94                     40.76   6.18    47.34

SNOWFALL (IN)
  YESTERDAY        0.0

DEGREE DAYS
 HEATING
  YESTERDAY        7                         5      2        7
  MONTH TO DATE   66                        75     -9       77
  SINCE SEP 1     66                        87    -21       77
  SINCE JUL 1     66                        87    -21       77

 COOLING
  YESTERDAY        0                         2     -2        0
  MONTH TO DATE  103                        83     20      101
  SINCE SEP 1    467                       388     79      459
  SINCE JAN 1   2023                      2130   -107     2081
..................................................................


WIND (MPH)
  HIGHEST WIND SPEED     9   HIGHEST WIND DIRECTION     N (350)
  HIGHEST GUST SPEED    13   HIGHEST GUST DIRECTION    NW (330)
  AVERAGE WIND SPEED     1.7


SKY COVER
  POSSIBLE SUNSHINE  MM
  AVERAGE SKY COVER 0.1


WEATHER CONDITIONS
 THE FOLLOWING WEATHER WAS RECORDED YESTERDAY.
  FOG
  FOG W/VISIBILITY <= 1/4 MILE


RELATIVE HUMIDITY (PERCENT)
 HIGHEST   100           100 AM
 LOWEST     35           100 PM
 AVERAGE    68

..........................................................


THE GREENWOOD CLIMATE NORMALS FOR TODAY
                         NORMAL    RECORD    YEAR
 MAXIMUM TEMPERATURE (F)   74        87      2010
 MINIMUM TEMPERATURE (F)   49        31      1999


SUNRISE AND SUNSET
OCTOBER 25 2014.......SUNRISE   713 AM CDT   SUNSET   615 PM CDT
OCTOBER 26 2014.......SUNRISE   714 AM CDT   SUNSET   614 PM CDT


-  INDICATES NEGATIVE NUMBERS.
R  INDICATES RECORD WAS SET OR TIED.
MM INDICATES DATA IS MISSING.
T  INDICATES TRACE AMOUNT.




$$
