119
CDUS44 KJAN 220852
CLIGWO


CLIMATE REPORT
NATIONAL WEATHER SERVICE JACKSON MS
348 AM CDT FRI MAY 22 2015


...................................

...THE GREENWOOD CLIMATE SUMMARY FOR MAY 21 2015...

CLIMATE NORMAL PERIOD 1981 TO 2010
CLIMATE RECORD PERIOD 1948 TO 2015


WEATHER ITEM   OBSERVED TIME   RECORD YEAR NORMAL DEPARTURE LAST
                VALUE   (LST)  VALUE       VALUE  FROM      YEAR
                                                  NORMAL
..................................................................
TEMPERATURE (F)
 YESTERDAY
  MAXIMUM         68    541 AM  95    1962  84    -16       86
                                      1956
  MINIMUM         49   1159 PM  46    1993  62    -13       63
  AVERAGE         59                        73    -14       75

PRECIPITATION (IN)
  YESTERDAY        0.00          2.67 1967   0.15  -0.15     0.00
  MONTH TO DATE    2.52                      3.47  -0.95     0.89
  SINCE MAR 1     14.06                     12.91   1.15    14.59
  SINCE JAN 1     23.45                     21.85   1.60    20.87

SNOWFALL (IN)
  YESTERDAY        0.0

DEGREE DAYS
 HEATING
  YESTERDAY        6                         0      6        0
  MONTH TO DATE   11                        15     -4       34
  SINCE MAR 1    345                       455   -110      617
  SINCE JUL 1   2866                      2686    180     3271

 COOLING
  YESTERDAY        0                         8     -8       10
  MONTH TO DATE  164                       130     34      123
  SINCE MAR 1    275                       227     48      186
  SINCE JAN 1    275                       232     43      186
..................................................................


WIND (MPH)
  HIGHEST WIND SPEED    14   HIGHEST WIND DIRECTION     N (360)
  HIGHEST GUST SPEED    20   HIGHEST GUST DIRECTION     N (360)
  AVERAGE WIND SPEED     8.3


SKY COVER
  POSSIBLE SUNSHINE  MM
  AVERAGE SKY COVER 0.8


WEATHER CONDITIONS
 THE FOLLOWING WEATHER WAS RECORDED YESTERDAY.
  FOG
  HAZE


RELATIVE HUMIDITY (PERCENT)
 HIGHEST    93          1200 AM
 LOWEST     67           400 PM
 AVERAGE    80

..........................................................


THE GREENWOOD CLIMATE NORMALS FOR TODAY
                         NORMAL    RECORD    YEAR
 MAXIMUM TEMPERATURE (F)   84        94      1972
                                             1970
 MINIMUM TEMPERATURE (F)   63        51      2002
                                             1993


SUNRISE AND SUNSET
MAY 22 2015...........SUNRISE   556 AM CDT   SUNSET   759 PM CDT
MAY 23 2015...........SUNRISE   555 AM CDT   SUNSET   759 PM CDT


-  INDICATES NEGATIVE NUMBERS.
R  INDICATES RECORD WAS SET OR TIED.
MM INDICATES DATA IS MISSING.
T  INDICATES TRACE AMOUNT.




$$
