000
CDUS41 KGYX 210904
CLIGYX


CLIMATE REPORT
NATIONAL WEATHER SERVICE GRAY ME
404 AM EST SUN DEC 21 2014


...................................

...THE GRAY ME CLIMATE SUMMARY FOR DECEMBER 20 2014...

CLIMATE NORMAL PERIOD 1981 TO 2010
CLIMATE RECORD PERIOD 1995 TO 2014


WEATHER ITEM   OBSERVED TIME   RECORD YEAR NORMAL DEPARTURE LAST
                VALUE   (LST)  VALUE       VALUE  FROM      YEAR
                                                  NORMAL
..................................................................
TEMPERATURE (F)
 YESTERDAY
  MAXIMUM         30        MM  MM      MM  34     -4       38
  MINIMUM         18        MM  MM      MM  18      0       27
  AVERAGE         24                        26     -2       33

PRECIPITATION (IN)
  YESTERDAY        0.00         MM      MM   0.13  -0.13     0.01
  MONTH TO DATE    4.50                      2.74   1.76     2.08
  SINCE DEC 1      4.50                      2.74   1.76     2.08
  SINCE JAN 1     51.13                     48.90   2.23    42.66

SNOWFALL (IN)
  YESTERDAY        0.0          MM      MM   0.7   -0.7      0.0
  MONTH TO DATE    5.7                      10.7   -5.0     19.8
  SINCE DEC 1      5.7                      10.7   -5.0     19.8
  SINCE JUL 1     20.7                      13.8    6.9     20.9
  SNOW DEPTH       1

DEGREE DAYS
 HEATING
  YESTERDAY       41                        39      2       32
  MONTH TO DATE  716                       721     -5      848
  SINCE DEC 1    716                       721     -5      848
  SINCE JUL 1   2166                      2218    -52     2319

 COOLING
  YESTERDAY        0                         0      0        0
  MONTH TO DATE    0                         0      0        0
  SINCE DEC 1      0                         0      0        0
  SINCE JAN 1    369                       389    -20      486
..................................................................







THE GRAY ME CLIMATE NORMALS FOR TODAY
                         NORMAL
 MAXIMUM TEMPERATURE (F)   33
 MINIMUM TEMPERATURE (F)   18


SUNRISE AND SUNSET
DECEMBER 21 2014......SUNRISE   712 AM EST   SUNSET   406 PM EST
DECEMBER 22 2014......SUNRISE   713 AM EST   SUNSET   407 PM EST


-  INDICATES NEGATIVE NUMBERS.
R  INDICATES RECORD WAS SET OR TIED.
MM INDICATES DATA IS MISSING.
T  INDICATES TRACE AMOUNT.




$$
