000
CDUS41 KGYX 080907
CLIGYX


CLIMATE REPORT
NATIONAL WEATHER SERVICE GRAY ME
406 AM EST THU DEC 8 2016


...................................

...THE GRAY ME CLIMATE SUMMARY FOR DECEMBER 7 2016...

CLIMATE NORMAL PERIOD 1981 TO 2010
CLIMATE RECORD PERIOD 1995 TO 2016


WEATHER ITEM   OBSERVED TIME   RECORD YEAR NORMAL DEPARTURE LAST
                VALUE   (LST)  VALUE       VALUE  FROM      YEAR
                                                  NORMAL
..................................................................
TEMPERATURE (F)
 YESTERDAY
  MAXIMUM         32        MM  69    1998  37     -5       53
  MINIMUM         25        MM  MM      MM  23      2       32
  AVERAGE         29                        30     -1       43

PRECIPITATION (IN)
  YESTERDAY        0.03         MM      MM   0.14  -0.11     0.00
  MONTH TO DATE    1.33                      1.00   0.33     0.43
  SINCE DEC 1      1.33                      1.00   0.33     0.43
  SINCE JAN 1     43.70                     47.16  -3.46    39.75

SNOWFALL (IN)
  YESTERDAY        1.1          MM      MM   0.5    0.6      0.0
  MONTH TO DATE    4.1                       2.9    1.2       T
  SINCE DEC 1      4.1                       2.9    1.2       T
  SINCE JUL 1      5.4                       6.0   -0.6      0.2
  SNOW DEPTH       2

DEGREE DAYS
 HEATING
  YESTERDAY       36                        35      1       22
  MONTH TO DATE  221                       236    -15      195
  SINCE DEC 1    221                       236    -15      195
  SINCE JUL 1   1500                      1733   -233     1494

 COOLING
  YESTERDAY        0                         0      0        0
  MONTH TO DATE    0                         0      0        0
  SINCE DEC 1      0                         0      0        0
  SINCE JAN 1    607                       389    218      468
..................................................................







THE GRAY ME CLIMATE NORMALS FOR TODAY
                         NORMAL
 MAXIMUM TEMPERATURE (F)   37
 MINIMUM TEMPERATURE (F)   23


SUNRISE AND SUNSET
DECEMBER  8 2016......SUNRISE   703 AM EST   SUNSET   403 PM EST
DECEMBER  9 2016......SUNRISE   704 AM EST   SUNSET   403 PM EST


-  INDICATES NEGATIVE NUMBERS.
R  INDICATES RECORD WAS SET OR TIED.
MM INDICATES DATA IS MISSING.
T  INDICATES TRACE AMOUNT.




$$
