000
CDUS41 KGYX 300801
CLIGYX


CLIMATE REPORT
NATIONAL WEATHER SERVICE GRAY ME
401 AM EDT SAT AUG 30 2014


...................................

...THE GRAY ME CLIMATE SUMMARY FOR AUGUST 29 2014...

CLIMATE NORMAL PERIOD 1981 TO 2010
CLIMATE RECORD PERIOD 1995 TO 2014


WEATHER ITEM   OBSERVED NORMAL DEPARTURE LAST
                VALUE   VALUE  FROM      YEAR
                               NORMAL
...............................................
TEMPERATURE (F)
 YESTERDAY
  MAXIMUM         72     76     -4       68
  MINIMUM         55     57     -2       58
  AVERAGE         64     67     -3       63

PRECIPITATION (IN)
  YESTERDAY        0.00   0.12  -0.12     0.02
  MONTH TO DATE    6.80   3.35   3.45     3.22
  SINCE JUN 1     16.78  11.95   4.83    13.00
  SINCE JAN 1     35.13  31.24   3.89    27.29

SNOWFALL (IN)
  YESTERDAY        0.0    0.0    0.0      0.0
  MONTH TO DATE    0.0    0.0    0.0      0.0
  SINCE JUN 1      0.0    0.0    0.0      0.0
  SINCE JUL 1      0.0    0.0    0.0      0.0
  SNOW DEPTH       0

DEGREE DAYS
 HEATING
  YESTERDAY        1      1      0        2
  MONTH TO DATE   12     17     -5        3
  SINCE JUN 1     86    125    -39       83
  SINCE JUL 1     12     31    -19       12

 COOLING
  YESTERDAY        0      3     -3        0
  MONTH TO DATE   78    128    -50      104
  SINCE JUN 1    305    343    -38      417
  SINCE JAN 1    306    354    -48      434
...............................................





WEATHER CONDITIONS
 THE FOLLOWING WEATHER WAS RECORDED YESTERDAY.
  NO SIGNIFICANT WEATHER WAS OBSERVED.


..........................................................


THE GRAY ME CLIMATE NORMALS FOR TODAY
                         NORMAL
 MAXIMUM TEMPERATURE (F)   76
 MINIMUM TEMPERATURE (F)   57


SUNRISE AND SUNSET
AUGUST 30 2014........SUNRISE   602 AM EDT   SUNSET   720 PM EDT
AUGUST 31 2014........SUNRISE   603 AM EDT   SUNSET   719 PM EDT


-  INDICATES NEGATIVE NUMBERS.
R  INDICATES RECORD WAS SET OR TIED.
MM INDICATES DATA IS MISSING.
T  INDICATES TRACE AMOUNT.




$$
