000
CDUS41 KGYX 260914
CLIGYX


CLIMATE REPORT
NATIONAL WEATHER SERVICE GRAY ME
414 AM EST MON JAN 26 2015


...................................

...THE GRAY ME CLIMATE SUMMARY FOR JANUARY 25 2015...

CLIMATE NORMAL PERIOD 1981 TO 2010
CLIMATE RECORD PERIOD 1995 TO 2015


WEATHER ITEM   OBSERVED TIME   RECORD YEAR NORMAL DEPARTURE LAST
                VALUE   (LST)  VALUE       VALUE  FROM      YEAR
                                                  NORMAL
..................................................................
TEMPERATURE (F)
 YESTERDAY
  MAXIMUM         33        MM  MM      MM  29      4       31
  MINIMUM          6        MM  MM      MM  12     -6        7
  AVERAGE         20                        21     -1       19

PRECIPITATION (IN)
  YESTERDAY        T            MM      MM   0.11  -0.11     0.04
  MONTH TO DATE    1.62                      2.88  -1.26     3.48
  SINCE DEC 1      7.82                      6.94   0.88     7.16
  SINCE JAN 1      1.62                      2.88  -1.26     3.48

SNOWFALL (IN)
  YESTERDAY        T            MM      MM   0.7   -0.7      0.4
  MONTH TO DATE   12.3                      17.3   -5.0     12.7
  SINCE DEC 1     18.8                      35.6  -16.8     39.6
  SINCE JUL 1     33.8                      38.7   -4.9     40.7
  SNOW DEPTH       6

DEGREE DAYS
 HEATING
  YESTERDAY       45                        44      1       46
  MONTH TO DATE 1166                      1102     64     1111
  SINCE DEC 1   2256                      2271    -15     2441
  SINCE JUL 1   3706                      3768    -62     3912

 COOLING
  YESTERDAY        0                         0      0        0
  MONTH TO DATE    0                         0      0        0
  SINCE DEC 1      0                         0      0        0
  SINCE JAN 1      0                         0      0        0
..................................................................







THE GRAY ME CLIMATE NORMALS FOR TODAY
                         NORMAL
 MAXIMUM TEMPERATURE (F)   29
 MINIMUM TEMPERATURE (F)   12


SUNRISE AND SUNSET
JANUARY 26 2015.......SUNRISE   704 AM EST   SUNSET   443 PM EST
JANUARY 27 2015.......SUNRISE   704 AM EST   SUNSET   444 PM EST


-  INDICATES NEGATIVE NUMBERS.
R  INDICATES RECORD WAS SET OR TIED.
MM INDICATES DATA IS MISSING.
T  INDICATES TRACE AMOUNT.




$$
