000
CDUS41 KGYX 220801
CLIGYX


CLIMATE REPORT
NATIONAL WEATHER SERVICE GRAY ME
401 AM EDT SUN OCT 22 2017


...................................

...THE GRAY ME CLIMATE SUMMARY FOR OCTOBER 21 2017...

CLIMATE NORMAL PERIOD 1981 TO 2010
CLIMATE RECORD PERIOD 1995 TO 2017


WEATHER ITEM   OBSERVED TIME   RECORD YEAR NORMAL DEPARTURE LAST
                VALUE   (LST)  VALUE       VALUE  FROM      YEAR
                                                  NORMAL
..................................................................
TEMPERATURE (F)
 YESTERDAY
  MAXIMUM         74        MM  MM      MM  56     18       62
  MINIMUM         49        MM  MM      MM  39     10       54
  AVERAGE         62                        47     15       58

PRECIPITATION (IN)
  YESTERDAY        0.00         MM      MM   0.18  -0.18     3.73
  MONTH TO DATE    0.74                      3.54  -2.80     4.59
  SINCE SEP 1      3.31                      7.73  -4.42     5.65
  SINCE JAN 1     31.24                     39.21  -7.97    34.82

SNOWFALL (IN)
  YESTERDAY        0.0          MM      MM   0.0    0.0      0.0
  MONTH TO DATE    0.0                       0.0    0.0      0.0
  SINCE SEP 1      0.0                       0.0    0.0      0.0
  SINCE JUL 1      0.0                       0.0    0.0      0.0
  SNOW DEPTH       0

DEGREE DAYS
 HEATING
  YESTERDAY        3                        18    -15        7
  MONTH TO DATE  145                       301   -156      211
  SINCE SEP 1    211                       469   -258      306
  SINCE JUL 1    242                       505   -263      325

 COOLING
  YESTERDAY        0                         0      0        0
  MONTH TO DATE   11                         0     11        0
  SINCE SEP 1     93                        28     65       80
  SINCE JAN 1    531                       387    144      607
..................................................................







THE GRAY ME CLIMATE NORMALS FOR TODAY
                         NORMAL
 MAXIMUM TEMPERATURE (F)   56
 MINIMUM TEMPERATURE (F)   38


SUNRISE AND SUNSET
OCTOBER 22 2017.......SUNRISE   705 AM EDT   SUNSET   546 PM EDT
OCTOBER 23 2017.......SUNRISE   706 AM EDT   SUNSET   544 PM EDT


-  INDICATES NEGATIVE NUMBERS.
R  INDICATES RECORD WAS SET OR TIED.
MM INDICATES DATA IS MISSING.
T  INDICATES TRACE AMOUNT.




$$
