000
CDUS41 KGYX 120919
CLIGYX


CLIMATE REPORT
NATIONAL WEATHER SERVICE GRAY ME
419 AM EST TUE DEC 12 2017


...................................

...THE GRAY ME CLIMATE SUMMARY FOR DECEMBER 11 2017...

CLIMATE NORMAL PERIOD 1981 TO 2010
CLIMATE RECORD PERIOD 1995 TO 2017


WEATHER ITEM   OBSERVED TIME   RECORD YEAR NORMAL DEPARTURE LAST
                VALUE   (LST)  VALUE       VALUE  FROM      YEAR
                                                  NORMAL
..................................................................
TEMPERATURE (F)
 YESTERDAY
  MAXIMUM         37        MM  MM      MM  36      1       27
  MINIMUM         31        MM  MM      MM  22      9        9
  AVERAGE         34                        29      5       18

PRECIPITATION (IN)
  YESTERDAY        0.00         MM      MM   0.14  -0.14      T
  MONTH TO DATE    1.19                      1.58  -0.39     1.33
  SINCE DEC 1      1.19                      1.58  -0.39     1.33
  SINCE JAN 1     39.73                     47.74  -8.01    43.70

SNOWFALL (IN)
  YESTERDAY        0.0          MM      MM   0.5   -0.5       T
  MONTH TO DATE    5.4                       5.0    0.4      4.1
  SINCE DEC 1      5.4                       5.0    0.4      4.1
  SINCE JUL 1      6.6                       8.1   -1.5      5.4
  SNOW DEPTH       5

DEGREE DAYS
 HEATING
  YESTERDAY       31                        36     -5       47
  MONTH TO DATE  336                       379    -43      388
  SINCE DEC 1    336                       379    -43      388
  SINCE JUL 1   1529                      1876   -347     1667

 COOLING
  YESTERDAY        0                         0      0        0
  MONTH TO DATE    0                         0      0        0
  SINCE DEC 1      0                         0      0        0
  SINCE JAN 1    531                       389    142      607
..................................................................







THE GRAY ME CLIMATE NORMALS FOR TODAY
                         NORMAL
 MAXIMUM TEMPERATURE (F)   36
 MINIMUM TEMPERATURE (F)   21


SUNRISE AND SUNSET
DECEMBER 12 2017......SUNRISE   706 AM EST   SUNSET   403 PM EST
DECEMBER 13 2017......SUNRISE   707 AM EST   SUNSET   404 PM EST


-  INDICATES NEGATIVE NUMBERS.
R  INDICATES RECORD WAS SET OR TIED.
MM INDICATES DATA IS MISSING.
T  INDICATES TRACE AMOUNT.




$$
