000
CDUS41 KGYX 270905
CLIGYX


CLIMATE REPORT
NATIONAL WEATHER SERVICE GRAY ME
404 AM EST THU NOV 27 2014


...................................

...THE GRAY ME CLIMATE SUMMARY FOR NOVEMBER 26 2014...

CLIMATE NORMAL PERIOD 1981 TO 2010
CLIMATE RECORD PERIOD 1995 TO 2014


WEATHER ITEM   OBSERVED NORMAL DEPARTURE LAST
                VALUE   VALUE  FROM      YEAR
                               NORMAL
...............................................
TEMPERATURE (F)
 YESTERDAY
  MAXIMUM         41     42     -1       32
  MINIMUM         29     27      2       23
  AVERAGE         35     34      1       28

PRECIPITATION (IN)
  YESTERDAY        1.24   0.17   1.07     0.18
  MONTH TO DATE    3.69   4.68  -0.99     1.39
  SINCE SEP 1     11.05  14.01  -2.96    10.43
  SINCE JAN 1     46.46  45.49   0.97    37.72

SNOWFALL (IN)
  YESTERDAY        8.2    0.2    8.0      0.9
  MONTH TO DATE   13.3    2.2   11.1      1.1
  SINCE SEP 1     13.3    2.3   11.0      1.1
  SINCE JUL 1     13.3    2.3   11.0      1.1
  SNOW DEPTH       0

DEGREE DAYS
 HEATING
  YESTERDAY       30     31     -1       37
  MONTH TO DATE  706    670     36      700
  SINCE SEP 1   1281   1334    -53     1303
  SINCE JUL 1   1295   1370    -75     1315

 COOLING
  YESTERDAY        0      0      0        0
  MONTH TO DATE    0      0      0        0
  SINCE SEP 1     57     30     27       38
  SINCE JAN 1    369    389    -20      486
...............................................





WEATHER CONDITIONS
 THE FOLLOWING WEATHER WAS RECORDED YESTERDAY.
  NO SIGNIFICANT WEATHER WAS OBSERVED.


..........................................................


THE GRAY ME CLIMATE NORMALS FOR TODAY
                         NORMAL
 MAXIMUM TEMPERATURE (F)   41
 MINIMUM TEMPERATURE (F)   27


SUNRISE AND SUNSET
NOVEMBER 27 2014......SUNRISE   651 AM EST   SUNSET   406 PM EST
NOVEMBER 28 2014......SUNRISE   652 AM EST   SUNSET   406 PM EST


-  INDICATES NEGATIVE NUMBERS.
R  INDICATES RECORD WAS SET OR TIED.
MM INDICATES DATA IS MISSING.
T  INDICATES TRACE AMOUNT.




$$
