000
CDUS41 KGYX 260804
CLIGYX


CLIMATE REPORT
NATIONAL WEATHER SERVICE GRAY ME
404 AM EDT TUE MAY 26 2015


...................................

...THE GRAY ME CLIMATE SUMMARY FOR MAY 25 2015...

CLIMATE NORMAL PERIOD 1981 TO 2010
CLIMATE RECORD PERIOD 1995 TO 2015


WEATHER ITEM   OBSERVED TIME   RECORD YEAR NORMAL DEPARTURE LAST
                VALUE   (LST)  VALUE       VALUE  FROM      YEAR
                                                  NORMAL
..................................................................
TEMPERATURE (F)
 YESTERDAY
  MAXIMUM         81        MM  91    2007  68     13       66
  MINIMUM         58        MM  MM      MM  47     11       47
  AVERAGE         70                        58     12       57

PRECIPITATION (IN)
  YESTERDAY        0.02         MM      MM   0.13  -0.11     0.01
  MONTH TO DATE    0.75                      3.10  -2.35     3.17
  SINCE MAR 1      5.76                     11.65  -5.89    10.06
  SINCE JAN 1     11.73                     18.49  -6.76    17.05

SNOWFALL (IN)
  YESTERDAY        0.0          MM      MM   0.0    0.0      0.0
  MONTH TO DATE    0.0                       0.2   -0.2      0.0
  SINCE MAR 1      8.2                      24.9  -16.7      8.9
  SINCE JUL 1    107.3                      84.0   23.3     83.0
  SNOW DEPTH       0

DEGREE DAYS
 HEATING
  YESTERDAY        0                         8     -8        8
  MONTH TO DATE  173                       280   -107      247
  SINCE MAR 1   1951                      1897     54     2139
  SINCE JUL 1   7427                      7055    372     7549

 COOLING
  YESTERDAY        5                         1      4        0
  MONTH TO DATE   13                         1     12        1
  SINCE MAR 1     13                         2     11        1
  SINCE JAN 1     13                         2     11        1
..................................................................







THE GRAY ME CLIMATE NORMALS FOR TODAY
                         NORMAL
 MAXIMUM TEMPERATURE (F)   68
 MINIMUM TEMPERATURE (F)   47


SUNRISE AND SUNSET
MAY 26 2015...........SUNRISE   506 AM EDT   SUNSET   811 PM EDT
MAY 27 2015...........SUNRISE   505 AM EDT   SUNSET   812 PM EDT


-  INDICATES NEGATIVE NUMBERS.
R  INDICATES RECORD WAS SET OR TIED.
MM INDICATES DATA IS MISSING.
T  INDICATES TRACE AMOUNT.




$$
