000
CDUS41 KGYX 210801
CLIGYX


CLIMATE REPORT
NATIONAL WEATHER SERVICE GRAY ME
401 AM EDT SUN SEP 21 2014


...................................

...THE GRAY ME CLIMATE SUMMARY FOR SEPTEMBER 20 2014...

CLIMATE NORMAL PERIOD 1981 TO 2010
CLIMATE RECORD PERIOD 1995 TO 2014


WEATHER ITEM   OBSERVED NORMAL DEPARTURE LAST
                VALUE   VALUE  FROM      YEAR
                               NORMAL
...............................................
TEMPERATURE (F)
 YESTERDAY
  MAXIMUM         61     68     -7       73
  MINIMUM         39     49    -10       51
  AVERAGE         50     59     -9       62

PRECIPITATION (IN)
  YESTERDAY        0.00   0.15  -0.15     0.00
  MONTH TO DATE    0.69   2.69  -2.00     7.07
  SINCE SEP 1      0.69   2.69  -2.00     7.07
  SINCE JAN 1     36.10  34.17   1.93    34.36

SNOWFALL (IN)
  YESTERDAY        0.0    0.0    0.0      0.0
  MONTH TO DATE    0.0    0.0    0.0      0.0
  SINCE SEP 1      0.0    0.0    0.0      0.0
  SINCE JUL 1      0.0    0.0    0.0      0.0
  SNOW DEPTH      MM

DEGREE DAYS
 HEATING
  YESTERDAY       15      7      8        3
  MONTH TO DATE   87     79      8       97
  SINCE SEP 1     87     79      8       97
  SINCE JUL 1    101    115    -14      109

 COOLING
  YESTERDAY        0      0      0        0
  MONTH TO DATE   45     25     20       36
  SINCE SEP 1     45     25     20       36
  SINCE JAN 1    357    384    -27      484
...............................................





WEATHER CONDITIONS
 THE FOLLOWING WEATHER WAS RECORDED YESTERDAY.
  NO SIGNIFICANT WEATHER WAS OBSERVED.


..........................................................


THE GRAY ME CLIMATE NORMALS FOR TODAY
                         NORMAL
 MAXIMUM TEMPERATURE (F)   68
 MINIMUM TEMPERATURE (F)   49


SUNRISE AND SUNSET
SEPTEMBER 21 2014.....SUNRISE   627 AM EDT   SUNSET   640 PM EDT
SEPTEMBER 22 2014.....SUNRISE   628 AM EDT   SUNSET   638 PM EDT


-  INDICATES NEGATIVE NUMBERS.
R  INDICATES RECORD WAS SET OR TIED.
MM INDICATES DATA IS MISSING.
T  INDICATES TRACE AMOUNT.




$$
