000
CDUS44 KJAN 252210
CLIHBG


CLIMATE REPORT
NATIONAL WEATHER SERVICE JACKSON MS
509 PM CDT MON MAY 25 2015


...................................

...THE HATTIESBURG CLIMATE SUMMARY FOR MAY 25 2015...
VALID AS OF 0500 PM LOCAL TIME.

CLIMATE NORMAL PERIOD 1981 TO 2010
CLIMATE RECORD PERIOD 1948 TO 2015


WEATHER ITEM   OBSERVED TIME   RECORD YEAR NORMAL DEPARTURE LAST
                VALUE   (LST)  VALUE       VALUE  FROM      YEAR
                                                  NORMAL
..................................................................
TEMPERATURE (F)
 TODAY
  MAXIMUM         80   1146 AM  96    1953  87     -7       91
  MINIMUM         71    851 AM  52    1983  64      7       63
                                      1979
  AVERAGE         76

PRECIPITATION (IN)
  TODAY            0.28          1.77 1997   0.17   0.11     0.00
  MONTH TO DATE    4.92                      4.00   0.92     2.68
  SINCE MAR 1     14.00                     14.43  -0.43    15.29
  SINCE JAN 1     21.83                     25.56  -3.73    25.19

SNOWFALL (IN)
  TODAY            0.0

..................................................................










-  INDICATES NEGATIVE NUMBERS.
R  INDICATES RECORD WAS SET OR TIED.
MM INDICATES DATA IS MISSING.
T  INDICATES TRACE AMOUNT.




$$
