000
CDUS44 KJAN 300715
CLIHBG


CLIMATE REPORT
NATIONAL WEATHER SERVICE JACKSON MS
212 AM CDT SAT AUG 30 2014


...................................

...THE HATTIESBURG CLIMATE SUMMARY FOR AUGUST 29 2014...

CLIMATE NORMAL PERIOD 1981 TO 2010
CLIMATE RECORD PERIOD 1948 TO 2014


WEATHER ITEM   OBSERVED TIME   RECORD YEAR NORMAL DEPARTURE LAST
                VALUE   (LST)  VALUE       VALUE  FROM      YEAR
                                                  NORMAL
..................................................................
TEMPERATURE (F)
 YESTERDAY
  MAXIMUM         93   1240 PM 104    2000  91      2       93
  MINIMUM         70    524 AM  58    1992  70      0       66
  AVERAGE         82                        81      1       80

PRECIPITATION (IN)
  YESTERDAY        0.05          4.96 2012   0.15  -0.10     0.00
  MONTH TO DATE    1.08                      4.43  -3.35     4.03
  SINCE JUN 1      8.28                     15.32  -7.04    14.96
  SINCE JAN 1     36.76                     41.86  -5.10    52.17

SNOWFALL (IN)
  YESTERDAY        0.0

DEGREE DAYS
 HEATING
  YESTERDAY        0                         0      0        0
  MONTH TO DATE    0                         0      0        0
  SINCE JUN 1      0                         0      0        0
  SINCE JUL 1      0                         0      0        0

 COOLING
  YESTERDAY       17                        16      1       15
  MONTH TO DATE  519                       482     37      465
  SINCE JUN 1   1465                      1427     38     1403
  SINCE JAN 1   1841                      1842     -1     1745
..................................................................


WIND (MPH)
  HIGHEST WIND SPEED    22   HIGHEST WIND DIRECTION    SW (220)
  HIGHEST GUST SPEED    33   HIGHEST GUST DIRECTION     S (170)
  AVERAGE WIND SPEED     3.8


SKY COVER
  POSSIBLE SUNSHINE  MM
  AVERAGE SKY COVER 0.2


WEATHER CONDITIONS
 THE FOLLOWING WEATHER WAS RECORDED YESTERDAY.
  THUNDERSTORM
  RAIN
  LIGHT RAIN
  FOG
  HAZE


RELATIVE HUMIDITY (PERCENT)
 HIGHEST    97           400 AM
 LOWEST     49           100 PM
 AVERAGE    73

..........................................................


THE HATTIESBURG CLIMATE NORMALS FOR TODAY
                         NORMAL    RECORD    YEAR
 MAXIMUM TEMPERATURE (F)   91       106      1951
 MINIMUM TEMPERATURE (F)   70        56      1968


SUNRISE AND SUNSET
AUGUST 30 2014........SUNRISE   632 AM CDT   SUNSET   723 PM CDT
AUGUST 31 2014........SUNRISE   632 AM CDT   SUNSET   722 PM CDT


-  INDICATES NEGATIVE NUMBERS.
R  INDICATES RECORD WAS SET OR TIED.
MM INDICATES DATA IS MISSING.
T  INDICATES TRACE AMOUNT.




$$
