000
CDUS44 KJAN 192209
CLIHBG


CLIMATE REPORT
NATIONAL WEATHER SERVICE JACKSON MS
407 PM CST SUN FEB 19 2017


...................................

...THE HATTIESBURG CLIMATE SUMMARY FOR FEBRUARY 19 2017...
VALID TODAY AS OF 0400 PM LOCAL TIME.

CLIMATE NORMAL PERIOD 1981 TO 2010
CLIMATE RECORD PERIOD 1948 TO 2017


WEATHER ITEM   OBSERVED TIME   RECORD YEAR NORMAL DEPARTURE LAST
                VALUE   (LST)  VALUE       VALUE  FROM      YEAR
                                                  NORMAL
..................................................................
TEMPERATURE (F)
 TODAY
  MAXIMUM         83R   335 PM  82    2000  64     19       76
                                      1956
  MINIMUM         49    354 AM  24    1960  41      8       39
                                      1958
  AVERAGE         66                        53     13       58

PRECIPITATION (IN)
  TODAY            0.00          2.17 1988   0.20  -0.20     0.00
  MONTH TO DATE    1.26                      3.62  -2.36     1.71
  SINCE DEC 1     17.39                     14.27   3.12    16.24
  SINCE JAN 1     10.33                      9.36   0.97     6.23

SNOWFALL (IN)
  TODAY            0.0

DEGREE DAYS
 HEATING
  TODAY            0                        12    -12        7
  MONTH TO DATE  123                       278   -155      245
  SINCE DEC 1    736                      1249   -513      983
  SINCE JUL 1    932                      1577   -645     1161

 COOLING
  TODAY            1                         0      1        0
  MONTH TO DATE   24                         0     24       12
  SINCE DEC 1     95                        19     76       83
  SINCE JAN 1     56                         6     50       12
..................................................................


WIND (MPH)
  HIGHEST WIND SPEED     7   HIGHEST WIND DIRECTION    SE (130)
  HIGHEST GUST SPEED     9   HIGHEST GUST DIRECTION    NE (60)
  AVERAGE WIND SPEED     0.8


SKY COVER
  POSSIBLE SUNSHINE  MM
  AVERAGE SKY COVER 0.5


WEATHER CONDITIONS
 THE FOLLOWING WEATHER WAS RECORDED TODAY.
  FOG
  FOG W/VISIBILITY <= 1/4 MILE


RELATIVE HUMIDITY (PERCENT)
 HIGHEST   100           400 AM
 LOWEST     35           300 PM
 AVERAGE    68

..........................................................


THE HATTIESBURG CLIMATE NORMALS FOR TOMORROW
                         NORMAL    RECORD    YEAR
 MAXIMUM TEMPERATURE (F)   65        82      2014
 MINIMUM TEMPERATURE (F)   41        20      1978


SUNRISE AND SUNSET
FEBRUARY 19 2017......SUNRISE   634 AM CST   SUNSET   548 PM CST
FEBRUARY 20 2017......SUNRISE   633 AM CST   SUNSET   549 PM CST


-  INDICATES NEGATIVE NUMBERS.
R  INDICATES RECORD WAS SET OR TIED.
MM INDICATES DATA IS MISSING.
T  INDICATES TRACE AMOUNT.




$$
