000
CDUS44 KJAN 170726
CLIHBG


CLIMATE REPORT
NATIONAL WEATHER SERVICE JACKSON MS
124 AM CST SUN DEC 17 2017


...................................

...THE HATTIESBURG CLIMATE SUMMARY FOR DECEMBER 16 2017...

CLIMATE NORMAL PERIOD 1981 TO 2010
CLIMATE RECORD PERIOD 1948 TO 2017


WEATHER ITEM   OBSERVED TIME   RECORD YEAR NORMAL DEPARTURE LAST
                VALUE   (LST)  VALUE       VALUE  FROM      YEAR
                                                  NORMAL
..................................................................
TEMPERATURE (F)
 YESTERDAY
  MAXIMUM         55    348 PM  78    1984  61     -6       65
  MINIMUM         31    325 AM  19    1989  40     -9       31
                                      1955
  AVERAGE         43                        51     -8       48

PRECIPITATION (IN)
  YESTERDAY        0.00          1.87 1970   0.16  -0.16     0.00
  MONTH TO DATE    1.74                      2.56  -0.82     3.28
  SINCE DEC 1      1.74                      2.56  -0.82     3.28
  SINCE JAN 1     64.08                     56.82   7.26    60.13

SNOWFALL (IN)
  YESTERDAY        0.0

DEGREE DAYS
 HEATING
  YESTERDAY       22                        15      7       17
  MONTH TO DATE  275                       222     53      205
  SINCE DEC 1    275                       222     53      205
  SINCE JUL 1    580                       550     30      401

 COOLING
  YESTERDAY        0                         0      0        0
  MONTH TO DATE    0                        12    -12        5
  SINCE DEC 1      0                        12    -12        5
  SINCE JAN 1   2544                      2402    142     2815
..................................................................


WIND (MPH)
  HIGHEST WIND SPEED     8   HIGHEST WIND DIRECTION     E (100)
  HIGHEST GUST SPEED    10   HIGHEST GUST DIRECTION    SE (140)
  AVERAGE WIND SPEED     2.3


SKY COVER
  POSSIBLE SUNSHINE  MM
  AVERAGE SKY COVER 0.6


WEATHER CONDITIONS
 THE FOLLOWING WEATHER WAS RECORDED YESTERDAY.
  NO SIGNIFICANT WEATHER WAS OBSERVED.


RELATIVE HUMIDITY (PERCENT)
 HIGHEST   100          1200 AM
 LOWEST     41           200 PM
 AVERAGE    71

..........................................................


THE HATTIESBURG CLIMATE NORMALS FOR TODAY
                         NORMAL    RECORD    YEAR
 MAXIMUM TEMPERATURE (F)   61        82      1971
 MINIMUM TEMPERATURE (F)   39        18      1960


SUNRISE AND SUNSET
DECEMBER 17 2017......SUNRISE   650 AM CST   SUNSET   457 PM CST
DECEMBER 18 2017......SUNRISE   650 AM CST   SUNSET   457 PM CST


-  INDICATES NEGATIVE NUMBERS.
R  INDICATES RECORD WAS SET OR TIED.
MM INDICATES DATA IS MISSING.
T  INDICATES TRACE AMOUNT.




$$
