000
CDUS44 KJAN 250639
CLIHBG


CLIMATE REPORT
NATIONAL WEATHER SERVICE JACKSON MS
138 AM CDT THU AUG 25 2016


...................................

...THE HATTIESBURG CLIMATE SUMMARY FOR AUGUST 24 2016...

CLIMATE NORMAL PERIOD 1981 TO 2010
CLIMATE RECORD PERIOD 1948 TO 2016


WEATHER ITEM   OBSERVED TIME   RECORD YEAR NORMAL DEPARTURE LAST
                VALUE   (LST)  VALUE       VALUE  FROM      YEAR
                                                  NORMAL
..................................................................
TEMPERATURE (F)
 YESTERDAY
  MAXIMUM         95    146 PM 100    2014  92      3       94
  MINIMUM         75    522 AM  58    2009  70      5       74
                                      1957
  AVERAGE         85                        81      4       84

PRECIPITATION (IN)
  YESTERDAY        0.00          0.97 2004   0.16  -0.16     0.00
  MONTH TO DATE    5.60                      3.65   1.95     2.46
  SINCE JUN 1     19.85                     14.54   5.31    13.39
  SINCE JAN 1     51.01                     41.08   9.93    37.21

SNOWFALL (IN)
  YESTERDAY        0.0

DEGREE DAYS
 HEATING
  YESTERDAY        0                         0      0        0
  MONTH TO DATE    0                         0      0        0
  SINCE JUN 1      0                         0      0        0
  SINCE JUL 1      0                         0      0        0

 COOLING
  YESTERDAY       20                        16      4       19
  MONTH TO DATE  443                       402     41      453
  SINCE JUN 1   1522                      1347    175     1551
  SINCE JAN 1   1986                      1762    224     2128
..................................................................


WIND (MPH)
  HIGHEST WIND SPEED    10   HIGHEST WIND DIRECTION     S (180)
  HIGHEST GUST SPEED    12   HIGHEST GUST DIRECTION     S (180)
  AVERAGE WIND SPEED     2.2


SKY COVER
  POSSIBLE SUNSHINE  MM
  AVERAGE SKY COVER 0.1


WEATHER CONDITIONS
 THE FOLLOWING WEATHER WAS RECORDED YESTERDAY.
  THUNDERSTORM


RELATIVE HUMIDITY (PERCENT)
 HIGHEST   100           400 AM
 LOWEST     52           100 PM
 AVERAGE    76

..........................................................


THE HATTIESBURG CLIMATE NORMALS FOR TODAY
                         NORMAL    RECORD    YEAR
 MAXIMUM TEMPERATURE (F)   92       100      2000
 MINIMUM TEMPERATURE (F)   70        60      2009


SUNRISE AND SUNSET
AUGUST 25 2016........SUNRISE   629 AM CDT   SUNSET   728 PM CDT
AUGUST 26 2016........SUNRISE   630 AM CDT   SUNSET   727 PM CDT


-  INDICATES NEGATIVE NUMBERS.
R  INDICATES RECORD WAS SET OR TIED.
MM INDICATES DATA IS MISSING.
T  INDICATES TRACE AMOUNT.




$$
