000
CDUS44 KJAN 310720
CLIHBG


CLIMATE REPORT
NATIONAL WEATHER SERVICE JACKSON MS
218 AM CDT FRI OCT 31 2014


...................................

...THE HATTIESBURG CLIMATE SUMMARY FOR OCTOBER 30 2014...

CLIMATE NORMAL PERIOD 1981 TO 2010
CLIMATE RECORD PERIOD 1948 TO 2014


WEATHER ITEM   OBSERVED TIME   RECORD YEAR NORMAL DEPARTURE LAST
                VALUE   (LST)  VALUE       VALUE  FROM      YEAR
                                                  NORMAL
..................................................................
TEMPERATURE (F)
 YESTERDAY
  MAXIMUM         74    256 PM  90    1951  76     -2       79
  MINIMUM         45    640 AM  23    1952  50     -5       56
  AVERAGE         60                        63     -3       68

PRECIPITATION (IN)
  YESTERDAY        0.00          3.65 1993   0.10  -0.10     0.00
  MONTH TO DATE    1.50                      3.65  -2.15     0.71
  SINCE SEP 1      7.15                      7.73  -0.58     5.75
  SINCE JAN 1     44.43                     49.89  -5.46    57.92

SNOWFALL (IN)
  YESTERDAY        0.0

DEGREE DAYS
 HEATING
  YESTERDAY        5                         5      0        0
  MONTH TO DATE   38                        70    -32       45
  SINCE SEP 1     38                        72    -34       45
  SINCE JUL 1     38                        72    -34       45

 COOLING
  YESTERDAY        0                         2     -2        3
  MONTH TO DATE  158                       132     26      172
  SINCE SEP 1    583                       488     95      602
  SINCE JAN 1   2462                      2359    103     2381
..................................................................


WIND (MPH)
  HIGHEST WIND SPEED    16   HIGHEST WIND DIRECTION     N (10)
  HIGHEST GUST SPEED    22   HIGHEST GUST DIRECTION     N (10)
  AVERAGE WIND SPEED     3.9


SKY COVER
  POSSIBLE SUNSHINE  MM
  AVERAGE SKY COVER 0.1


WEATHER CONDITIONS
 THE FOLLOWING WEATHER WAS RECORDED YESTERDAY.
  NO SIGNIFICANT WEATHER WAS OBSERVED.


RELATIVE HUMIDITY (PERCENT)
 HIGHEST    96           200 AM
 LOWEST     25           300 PM
 AVERAGE    61

..........................................................


THE HATTIESBURG CLIMATE NORMALS FOR TODAY
                         NORMAL    RECORD    YEAR
 MAXIMUM TEMPERATURE (F)   75        89      1998
 MINIMUM TEMPERATURE (F)   49        31      1955


SUNRISE AND SUNSET
OCTOBER 31 2014.......SUNRISE   712 AM CDT   SUNSET   609 PM CDT
NOVEMBER  1 2014......SUNRISE   713 AM CDT   SUNSET   608 PM CDT


-  INDICATES NEGATIVE NUMBERS.
R  INDICATES RECORD WAS SET OR TIED.
MM INDICATES DATA IS MISSING.
T  INDICATES TRACE AMOUNT.




$$
