000
CDUS41 KLWX 280527
CLIHGR


CLIMATE REPORT
NATIONAL WEATHER SERVICE BALTIMORE MD/WASHINGTON DC
125 AM EDT SAT MAY 28 2016


...................................

...THE HAGERSTOWN MD CLIMATE SUMMARY FOR MAY 27 2016...

CLIMATE NORMAL PERIOD 1981 TO 2010
CLIMATE RECORD PERIOD 9999 TO 9999


WEATHER ITEM   OBSERVED TIME   RECORD YEAR NORMAL DEPARTURE LAST
                VALUE   (LST)  VALUE       VALUE  FROM      YEAR
                                                  NORMAL
..................................................................
TEMPERATURE (F)
 YESTERDAY
  MAXIMUM         90    346 PM  MM      MM  75     15       83
  MINIMUM         69    550 AM  MM      MM  55     14       69
  AVERAGE         80                        65     15       76

PRECIPITATION (IN)
  YESTERDAY        0.40         MM      MM   0.15   0.25     0.84
  MONTH TO DATE    4.05                      3.46   0.59     1.55
  SINCE MAR 1      7.59                     10.40  -2.81     7.08
  SINCE JAN 1     12.96                     15.63  -2.67     9.36

DEGREE DAYS
 HEATING
  YESTERDAY        0                         3     -3        0
  MONTH TO DATE  154                       144     10       50
  SINCE MAR 1    962                      1255   -293     1123
  SINCE JUL 1   4199                      5158   -959     5129

 COOLING
  YESTERDAY       15                         3     12       11
  MONTH TO DATE   43                        45     -2      150
  SINCE MAR 1     59                        60     -1      152
  SINCE JAN 1     59                        60     -1      152
..................................................................


WIND (MPH)
  HIGHEST WIND SPEED    26   HIGHEST WIND DIRECTION    NW (310)
  HIGHEST GUST SPEED    32   HIGHEST GUST DIRECTION    NW (320)
  AVERAGE WIND SPEED     5.1


SKY COVER
  POSSIBLE SUNSHINE  MM
  AVERAGE SKY COVER 0.2


WEATHER CONDITIONS
 THE FOLLOWING WEATHER WAS RECORDED YESTERDAY.
  THUNDERSTORM
  HEAVY RAIN
  RAIN
  LIGHT RAIN
  FOG
  HAZE


RELATIVE HUMIDITY (PERCENT)
 HIGHEST    93          1100 PM
 LOWEST     41           400 PM
 AVERAGE    67

..........................................................


THE HAGERSTOWN MD CLIMATE NORMALS FOR TODAY
                         NORMAL    RECORD    YEAR
 MAXIMUM TEMPERATURE (F)   76        MM        MM
 MINIMUM TEMPERATURE (F)   56        MM        MM


SUNRISE AND SUNSET
MAY 28 2016...........SUNRISE   547 AM EDT   SUNSET   830 PM EDT
MAY 29 2016...........SUNRISE   546 AM EDT   SUNSET   831 PM EDT


-  INDICATES NEGATIVE NUMBERS.
R  INDICATES RECORD WAS SET OR TIED.
MM INDICATES DATA IS MISSING.
T  INDICATES TRACE AMOUNT.




$$
