000
CDUS41 KLWX 190523
CLIHGR


CLIMATE REPORT
NATIONAL WEATHER SERVICE BALTIMORE MD/WASHINGTON DC
1222 AM EST FRI JAN 19 2018


...................................

...THE HAGERSTOWN MD CLIMATE SUMMARY FOR JANUARY 18 2018...

CLIMATE NORMAL PERIOD 1981 TO 2010
CLIMATE RECORD PERIOD 1998 TO 2018


WEATHER ITEM   OBSERVED TIME   RECORD YEAR NORMAL DEPARTURE LAST
                VALUE   (LST)  VALUE       VALUE  FROM      YEAR
                                                  NORMAL
..................................................................
TEMPERATURE (F)
 YESTERDAY
  MAXIMUM         39    406 PM  MM      MM  38      1       52
  MINIMUM         10    343 AM  MM      MM  23    -13       40
  AVERAGE         25                        31     -6       46

PRECIPITATION (IN)
  YESTERDAY        0.00         MM      MM   0.08  -0.08     0.01
  MONTH TO DATE    1.44                      1.60  -0.16     1.83
  SINCE DEC 1      2.25                      4.49  -2.24     3.61
  SINCE JAN 1      1.44                      1.60  -0.16     1.83

DEGREE DAYS
 HEATING
  YESTERDAY       40                        34      6       19
  MONTH TO DATE  719                       617    102      539
  SINCE DEC 1   1645                      1576     69     1403
  SINCE JUL 1   2426                      2581   -155     2111

 COOLING
  YESTERDAY        0                         0      0        0
  MONTH TO DATE    0                         0      0        0
  SINCE DEC 1      0                         0      0        0
  SINCE JAN 1      0                         0      0        0
..................................................................


WIND (MPH)
  HIGHEST WIND SPEED    20   HIGHEST WIND DIRECTION     W (280)
  HIGHEST GUST SPEED    24   HIGHEST GUST DIRECTION     W (280)
  AVERAGE WIND SPEED     8.0


SKY COVER
  POSSIBLE SUNSHINE  MM
  AVERAGE SKY COVER 0.0


WEATHER CONDITIONS
 THE FOLLOWING WEATHER WAS RECORDED YESTERDAY.
  NO SIGNIFICANT WEATHER WAS OBSERVED.


RELATIVE HUMIDITY (PERCENT)
 HIGHEST    67          1200 AM
 LOWEST     35           100 PM
 AVERAGE    51

..........................................................


THE HAGERSTOWN MD CLIMATE NORMALS FOR TODAY
                         NORMAL    RECORD    YEAR
 MAXIMUM TEMPERATURE (F)   38        MM        MM
 MINIMUM TEMPERATURE (F)   23        MM        MM


SUNRISE AND SUNSET
JANUARY 19 2018.......SUNRISE   728 AM EST   SUNSET   515 PM EST
JANUARY 20 2018.......SUNRISE   728 AM EST   SUNSET   517 PM EST


-  INDICATES NEGATIVE NUMBERS.
R  INDICATES RECORD WAS SET OR TIED.
MM INDICATES DATA IS MISSING.
T  INDICATES TRACE AMOUNT.




$$
