000
CDUS41 KLWX 180522
CLIHGR


CLIMATE REPORT
NATIONAL WEATHER SERVICE BALTIMORE MD/WASHINGTON DC
1221 AM EST WED JAN 18 2017


...................................

...THE HAGERSTOWN MD CLIMATE SUMMARY FOR JANUARY 17 2017...

CLIMATE NORMAL PERIOD 1981 TO 2010
CLIMATE RECORD PERIOD 9999 TO 9999


WEATHER ITEM   OBSERVED TIME   RECORD YEAR NORMAL DEPARTURE LAST
                VALUE   (LST)  VALUE       VALUE  FROM      YEAR
                                                  NORMAL
..................................................................
TEMPERATURE (F)
 YESTERDAY
  MAXIMUM         41   1127 PM  MM      MM  38      3       37
  MINIMUM         34    930 AM  MM      MM  23     11       28
  AVERAGE         38                        31      7       33

PRECIPITATION (IN)
  YESTERDAY        0.16         MM      MM   0.08   0.08      T
  MONTH TO DATE    1.82                      1.52   0.30     1.64
  SINCE DEC 1      3.60                      4.41  -0.81     4.52
  SINCE JAN 1      1.82                      1.52   0.30     1.64

DEGREE DAYS
 HEATING
  YESTERDAY       27                        34     -7       32
  MONTH TO DATE  520                       583    -63      536
  SINCE DEC 1   1384                      1542   -158     1096
  SINCE JUL 1   2092                      2547   -455     1828

 COOLING
  YESTERDAY        0                         0      0        0
  MONTH TO DATE    0                         0      0        0
  SINCE DEC 1      0                         0      0        0
  SINCE JAN 1      0                         0      0        0
..................................................................


WIND (MPH)
  HIGHEST WIND SPEED    15   HIGHEST WIND DIRECTION    NW (330)
  HIGHEST GUST SPEED    20   HIGHEST GUST DIRECTION    NW (320)
  AVERAGE WIND SPEED     4.6


SKY COVER
  POSSIBLE SUNSHINE  MM
  AVERAGE SKY COVER 1.0


WEATHER CONDITIONS
 THE FOLLOWING WEATHER WAS RECORDED YESTERDAY.
  LIGHT RAIN
  FOG
  FOG W/VISIBILITY <= 1/4 MILE
  HAZE


RELATIVE HUMIDITY (PERCENT)
 HIGHEST    96           700 AM
 LOWEST     82          1200 AM
 AVERAGE    89

..........................................................


THE HAGERSTOWN MD CLIMATE NORMALS FOR TODAY
                         NORMAL    RECORD    YEAR
 MAXIMUM TEMPERATURE (F)   38        MM        MM
 MINIMUM TEMPERATURE (F)   23        MM        MM


SUNRISE AND SUNSET
JANUARY 18 2017.......SUNRISE   729 AM EST   SUNSET   515 PM EST
JANUARY 19 2017.......SUNRISE   728 AM EST   SUNSET   516 PM EST


-  INDICATES NEGATIVE NUMBERS.
R  INDICATES RECORD WAS SET OR TIED.
MM INDICATES DATA IS MISSING.
T  INDICATES TRACE AMOUNT.




$$
