000
CDUS41 KLWX 250527
CLIHGR


CLIMATE REPORT
NATIONAL WEATHER SERVICE BALTIMORE MD/WASHINGTON DC
127 AM EDT THU MAY 25 2017


...................................

...THE HAGERSTOWN MD CLIMATE SUMMARY FOR MAY 24 2017...

CLIMATE NORMAL PERIOD 1981 TO 2010
CLIMATE RECORD PERIOD 9999 TO 9999


WEATHER ITEM   OBSERVED TIME   RECORD YEAR NORMAL DEPARTURE LAST
                VALUE   (LST)  VALUE       VALUE  FROM      YEAR
                                                  NORMAL
..................................................................
TEMPERATURE (F)
 YESTERDAY
  MAXIMUM         69   1229 PM  MM      MM  74     -5       83
  MINIMUM         57    345 AM  MM      MM  54      3       53
  AVERAGE         63                        64     -1       68

PRECIPITATION (IN)
  YESTERDAY        0.21         MM      MM   0.15   0.06     0.00
  MONTH TO DATE    3.64                      3.01   0.63     3.65
  SINCE MAR 1      8.84                      9.95  -1.11     7.19
  SINCE JAN 1     12.94                     15.18  -2.24    12.56

DEGREE DAYS
 HEATING
  YESTERDAY        2                         3     -1        0
  MONTH TO DATE  122                       135    -13      154
  SINCE MAR 1    999                      1246   -247      962
  SINCE JUL 1   4006                      5149  -1143     4199

 COOLING
  YESTERDAY        0                         3     -3        3
  MONTH TO DATE   57                        36     21       11
  SINCE MAR 1    115                        51     64       27
  SINCE JAN 1    116                        51     65       27
..................................................................


WIND (MPH)
  HIGHEST WIND SPEED    16   HIGHEST WIND DIRECTION    SE (120)
  HIGHEST GUST SPEED    22   HIGHEST GUST DIRECTION     E (80)
  AVERAGE WIND SPEED     7.0


SKY COVER
  POSSIBLE SUNSHINE  MM
  AVERAGE SKY COVER 0.9


WEATHER CONDITIONS
 THE FOLLOWING WEATHER WAS RECORDED YESTERDAY.
  RAIN
  LIGHT RAIN
  FOG
  HAZE


RELATIVE HUMIDITY (PERCENT)
 HIGHEST   100           300 AM
 LOWEST     58          1100 AM
 AVERAGE    79

..........................................................


THE HAGERSTOWN MD CLIMATE NORMALS FOR TODAY
                         NORMAL    RECORD    YEAR
 MAXIMUM TEMPERATURE (F)   75        MM        MM
 MINIMUM TEMPERATURE (F)   55        MM        MM


SUNRISE AND SUNSET
MAY 25 2017...........SUNRISE   549 AM EDT   SUNSET   828 PM EDT
MAY 26 2017...........SUNRISE   548 AM EDT   SUNSET   828 PM EDT


-  INDICATES NEGATIVE NUMBERS.
R  INDICATES RECORD WAS SET OR TIED.
MM INDICATES DATA IS MISSING.
T  INDICATES TRACE AMOUNT.




$$
