000
CDUS41 KLWX 300528
CLIHGR


CLIMATE REPORT
NATIONAL WEATHER SERVICE BALTIMORE MD/WASHINGTON DC
1227 AM EST FRI JAN 30 2015


...................................

...THE HAGERSTOWN MD CLIMATE SUMMARY FOR JANUARY 29 2015...

CLIMATE NORMAL PERIOD 1981 TO 2010
CLIMATE RECORD PERIOD 9999 TO 9999


WEATHER ITEM   OBSERVED TIME   RECORD YEAR NORMAL DEPARTURE LAST
                VALUE   (LST)  VALUE       VALUE  FROM      YEAR
                                                  NORMAL
..................................................................
TEMPERATURE (F)
 YESTERDAY
  MAXIMUM         34   1020 PM  MM      MM  39     -5       20
  MINIMUM         13    638 AM  MM      MM  24    -11        4
  AVERAGE         24                        31     -7       12

PRECIPITATION (IN)
  YESTERDAY        0.03         MM      MM   0.08  -0.05     0.00
  MONTH TO DATE    1.90                      2.52  -0.62     1.27
  SINCE DEC 1      4.90                      5.41  -0.51     5.28
  SINCE JAN 1      1.90                      2.52  -0.62     1.27

DEGREE DAYS
 HEATING
  YESTERDAY       41                        34      7       53
  MONTH TO DATE 1018                       991     27     1024
  SINCE DEC 1   1841                      1950   -109     1900
  SINCE JUL 1   2794                      2955   -161     2962

 COOLING
  YESTERDAY        0                         0      0        0
  MONTH TO DATE    0                         0      0        0
  SINCE DEC 1      0                         0      0        0
  SINCE JAN 1      0                         0      0        0
..................................................................


WIND (MPH)
  HIGHEST WIND SPEED    20   HIGHEST WIND DIRECTION     S (170)
  HIGHEST GUST SPEED    25   HIGHEST GUST DIRECTION     S (170)
  AVERAGE WIND SPEED     6.0


SKY COVER
  POSSIBLE SUNSHINE  MM
  AVERAGE SKY COVER 0.6


WEATHER CONDITIONS
 THE FOLLOWING WEATHER WAS RECORDED YESTERDAY.
  LIGHT SNOW
  FOG
  HAZE


RELATIVE HUMIDITY (PERCENT)
 HIGHEST    78          1100 PM
 LOWEST     36           100 PM
 AVERAGE    57

..........................................................


THE HAGERSTOWN MD CLIMATE NORMALS FOR TODAY
                         NORMAL    RECORD    YEAR
 MAXIMUM TEMPERATURE (F)   39        MM        MM
 MINIMUM TEMPERATURE (F)   24        MM        MM


SUNRISE AND SUNSET
JANUARY 30 2015.......SUNRISE   721 AM EST   SUNSET   528 PM EST
JANUARY 31 2015.......SUNRISE   720 AM EST   SUNSET   529 PM EST


-  INDICATES NEGATIVE NUMBERS.
R  INDICATES RECORD WAS SET OR TIED.
MM INDICATES DATA IS MISSING.
T  INDICATES TRACE AMOUNT.




$$
