000
CDUS46 KPQR 301144
CLIHIO


CLIMATE REPORT
NATIONAL WEATHER SERVICE PORTLAND OREGON
443 AM PDT MON MAY 30 2016


...................................

...THE HILLSBORO OR CLIMATE SUMMARY FOR MAY 29 2016...

CLIMATE NORMAL PERIOD 1981 TO 2010
CLIMATE RECORD PERIOD 1929 TO 2016


WEATHER ITEM   OBSERVED TIME   RECORD YEAR NORMAL DEPARTURE LAST
                VALUE   (LST)  VALUE       VALUE  FROM      YEAR
                                                  NORMAL
..................................................................
TEMPERATURE (F)
 YESTERDAY
  MAXIMUM         70    314 PM  92    1931  70      0       83
  MINIMUM         50   1159 PM  32    1951  47      3       54
  AVERAGE         60                        58      2       69

PRECIPITATION (IN)
  YESTERDAY        0.00          0.54 1997   0.06  -0.06
  MONTH TO DATE    0.80                      2.17  -1.37
  SINCE OCT 1     41.50                     35.77   5.73
  SINCE JAN 1     19.48                     19.38   0.10

SNOWFALL (IN)
  YESTERDAY        0.0
  MONTH TO DATE    0.0
  SINCE MAR 1      0.0
  SINCE JUL 1      0.0
  SNOW DEPTH       0

DEGREE DAYS
 HEATING
  YESTERDAY        5                         7     -2
  MONTH TO DATE  158                       273   -115
  SINCE JUL 1   3941                      4835   -894

 COOLING
  YESTERDAY        0                         0      0
  MONTH TO DATE    9                         0      9
  SINCE JAN 1     16                         0     16
..................................................................


WIND (MPH)
  HIGHEST WIND SPEED    15   HIGHEST WIND DIRECTION    NW (310)
  HIGHEST GUST SPEED    21   HIGHEST GUST DIRECTION    NW (300)
  AVERAGE WIND SPEED     5.6


SKY COVER
  POSSIBLE SUNSHINE  MM
  AVERAGE SKY COVER 0.6


WEATHER CONDITIONS
 THE FOLLOWING WEATHER WAS RECORDED YESTERDAY.
  NO SIGNIFICANT WEATHER WAS OBSERVED.


RELATIVE HUMIDITY (PERCENT)
 HIGHEST    89           200 AM
 LOWEST     37           500 PM
 AVERAGE    63

..........................................................


THE HILLSBORO OR CLIMATE NORMALS FOR TODAY
                         NORMAL    RECORD    YEAR
 MAXIMUM TEMPERATURE (F)   70        93      1986
 MINIMUM TEMPERATURE (F)   47        34      1934


SUNRISE AND SUNSET
MAY 30 2016...........SUNRISE   527 AM PDT   SUNSET   852 PM PDT
MAY 31 2016...........SUNRISE   527 AM PDT   SUNSET   853 PM PDT


-  INDICATES NEGATIVE NUMBERS.
R  INDICATES RECORD WAS SET OR TIED.
MM INDICATES DATA IS MISSING.
T  INDICATES TRACE AMOUNT.




$$
