002
CDUS46 KPQR 260221
CLIHIO


CLIMATE REPORT
NATIONAL WEATHER SERVICE PORTLAND OREGON
721 PM PDT SUN JUN 25 2017


...................................

...THE HILLSBORO OR CLIMATE SUMMARY FOR JUNE 25 2017...
VALID TODAY AS OF 0700 PM LOCAL TIME.

CLIMATE NORMAL PERIOD 1981 TO 2010
CLIMATE RECORD PERIOD 1929 TO 2017


WEATHER ITEM   OBSERVED TIME   RECORD YEAR NORMAL DEPARTURE LAST
                VALUE   (LST)  VALUE       VALUE  FROM      YEAR
                                                  NORMAL
..................................................................
TEMPERATURE (F)
 TODAY
  MAXIMUM        100R   350 PM  98    2006  75     25       78
  MINIMUM         56    426 AM  34    1935  49      7       45
  AVERAGE         78                        62     16       62

PRECIPITATION (IN)
  TODAY            0.00                      0.03  -0.03     0.00
  MONTH TO DATE    1.05                      1.26  -0.21     1.33
  SINCE OCT 1     47.24                     37.14  10.10    42.83
  SINCE JAN 1     27.56                     20.75   6.81    20.81

DEGREE DAYS
 HEATING
  TODAY            0                                         3
  MONTH TO DATE   95                                       111
  SINCE JUN 1     95                                       111
  SINCE JUL 1   4870                                      4056

 COOLING
  TODAY           13                                         0
  MONTH TO DATE   47                                        55
  SINCE JUN 1     47                                        55
  SINCE JAN 1     77                                        74
..................................................................


WIND (MPH)
  HIGHEST WIND SPEED    20   HIGHEST WIND DIRECTION    NW (310)
  HIGHEST GUST SPEED    22   HIGHEST GUST DIRECTION    NW (310)
  AVERAGE WIND SPEED     3.6


SKY COVER
  POSSIBLE SUNSHINE  MM
  AVERAGE SKY COVER 0.0


WEATHER CONDITIONS
 THE FOLLOWING WEATHER WAS RECORDED TODAY.
  NO SIGNIFICANT WEATHER WAS OBSERVED.


RELATIVE HUMIDITY (PERCENT)
 HIGHEST    80           200 AM
 LOWEST     18           400 PM
 AVERAGE    49

..........................................................


THE HILLSBORO OR CLIMATE NORMALS FOR TOMORROW
                         NORMAL    RECORD    YEAR
 MAXIMUM TEMPERATURE (F)   75       102      2006
 MINIMUM TEMPERATURE (F)   49        34      1935


SUNRISE AND SUNSET
JUNE 25 2017..........SUNRISE   524 AM PDT   SUNSET   905 PM PDT
JUNE 26 2017..........SUNRISE   525 AM PDT   SUNSET   905 PM PDT


-  INDICATES NEGATIVE NUMBERS.
R  INDICATES RECORD WAS SET OR TIED.
MM INDICATES DATA IS MISSING.
T  INDICATES TRACE AMOUNT.




$$
