000
CDUS46 KPQR 221142
CLIHIO


CLIMATE REPORT
NATIONAL WEATHER SERVICE PORTLAND OREGON
441 AM PDT FRI AUG 22 2014


...................................

...THE HILLSBORO OR CLIMATE SUMMARY FOR AUGUST 21 2014...

CLIMATE NORMAL PERIOD 1981 TO 2010
CLIMATE RECORD PERIOD 1929 TO 2014


WEATHER ITEM   OBSERVED TIME   RECORD YEAR NORMAL DEPARTURE LAST
                VALUE   (LST)  VALUE       VALUE  FROM      YEAR
                                                  NORMAL
..................................................................
TEMPERATURE (F)
 YESTERDAY
  MAXIMUM         79    431 PM  99    1951  81     -2       92
  MINIMUM         45    553 AM  39    1947  50     -5       50
  AVERAGE         62                        66     -4       71

PRECIPITATION (IN)
  YESTERDAY        0.00          0.54 1979   0.02  -0.02
  MONTH TO DATE    0.10                      0.39  -0.29
  SINCE OCT 1     24.88                     38.22 -13.34
  SINCE JAN 1     20.20                     21.83  -1.63

SNOWFALL (IN)
  YESTERDAY        0.0
  MONTH TO DATE    0.0
  SINCE JUN 1      0.0
  SINCE JUL 1      0.0
  SNOW DEPTH       0

DEGREE DAYS
 HEATING
  YESTERDAY        3                         2      1
  MONTH TO DATE    3                        30    -27
  SINCE JUL 1      9                        86    -77

 COOLING
  YESTERDAY        0                         2     -2
  MONTH TO DATE  131                        60     71
  SINCE JAN 1    309                       161    148
..................................................................


WIND (MPH)
  HIGHEST WIND SPEED    10   HIGHEST WIND DIRECTION    NW (330)
  HIGHEST GUST SPEED    13   HIGHEST GUST DIRECTION     N (340)
  AVERAGE WIND SPEED     3.1


SKY COVER
  POSSIBLE SUNSHINE  MM
  AVERAGE SKY COVER 0.1


WEATHER CONDITIONS
 THE FOLLOWING WEATHER WAS RECORDED YESTERDAY.
  NO SIGNIFICANT WEATHER WAS OBSERVED.


RELATIVE HUMIDITY (PERCENT)
 HIGHEST   100           400 AM
 LOWEST     31           100 PM
 AVERAGE    66

..........................................................


THE HILLSBORO OR CLIMATE NORMALS FOR TODAY
                         NORMAL    RECORD    YEAR
 MAXIMUM TEMPERATURE (F)   81        98      1961
 MINIMUM TEMPERATURE (F)   50        38      1938


SUNRISE AND SUNSET
AUGUST 22 2014........SUNRISE   621 AM PDT   SUNSET   807 PM PDT
AUGUST 23 2014........SUNRISE   622 AM PDT   SUNSET   806 PM PDT


-  INDICATES NEGATIVE NUMBERS.
R  INDICATES RECORD WAS SET OR TIED.
MM INDICATES DATA IS MISSING.
T  INDICATES TRACE AMOUNT.




$$
