000
CDUS46 KPQR 271155
CLIHIO


CLIMATE REPORT
NATIONAL WEATHER SERVICE PORTLAND OREGON
455 AM PDT MON MAR 27 2017


...................................

...THE HILLSBORO OR CLIMATE SUMMARY FOR MARCH 26 2017...

CLIMATE NORMAL PERIOD 1981 TO 2010
CLIMATE RECORD PERIOD 1929 TO 2017


WEATHER ITEM   OBSERVED TIME   RECORD YEAR NORMAL DEPARTURE LAST
                VALUE   (LST)  VALUE       VALUE  FROM      YEAR
                                                  NORMAL
..................................................................
TEMPERATURE (F)
 YESTERDAY
  MAXIMUM         50    617 PM  75    1994  57     -7       57
  MINIMUM         43    746 AM  28    2009  38      5       37
                                      1996
  AVERAGE         47                        48     -1       47

PRECIPITATION (IN)
  YESTERDAY        0.45          1.16 2005   0.12   0.33
  MONTH TO DATE    6.64                      3.13   3.51
  SINCE OCT 1     40.49                     29.99  10.50
  SINCE JAN 1     20.81                     13.60   7.21

SNOWFALL (IN)
  YESTERDAY       MM
  MONTH TO DATE    0.0
  SINCE MAR 1      0.0
  SINCE JUL 1      0.0
  SNOW DEPTH       0

DEGREE DAYS
 HEATING
  YESTERDAY       18                        18      0
  MONTH TO DATE  475                       502    -27
  SINCE JUL 1   4004                      4029    -25

 COOLING
  YESTERDAY        0                         0      0
  MONTH TO DATE    0                         0      0
  SINCE JAN 1      0                         0      0
..................................................................


WIND (MPH)
  HIGHEST WIND SPEED    17   HIGHEST WIND DIRECTION     S (180)
  HIGHEST GUST SPEED    23   HIGHEST GUST DIRECTION     S (180)
  AVERAGE WIND SPEED     6.7


SKY COVER
  POSSIBLE SUNSHINE  MM
  AVERAGE SKY COVER 1.0


WEATHER CONDITIONS
 THE FOLLOWING WEATHER WAS RECORDED YESTERDAY.
  LIGHT RAIN
  FOG


RELATIVE HUMIDITY (PERCENT)
 HIGHEST   100          1100 AM
 LOWEST     82           200 AM
 AVERAGE    91

..........................................................


THE HILLSBORO OR CLIMATE NORMALS FOR TODAY
                         NORMAL    RECORD    YEAR
 MAXIMUM TEMPERATURE (F)   57        78      1994
 MINIMUM TEMPERATURE (F)   38        25      1944


SUNRISE AND SUNSET
MARCH 27 2017.........SUNRISE   701 AM PDT   SUNSET   734 PM PDT
MARCH 28 2017.........SUNRISE   659 AM PDT   SUNSET   735 PM PDT


-  INDICATES NEGATIVE NUMBERS.
R  INDICATES RECORD WAS SET OR TIED.
MM INDICATES DATA IS MISSING.
T  INDICATES TRACE AMOUNT.




$$
