000
CDUS46 KPQR 281142
CLIHIO


CLIMATE REPORT
NATIONAL WEATHER SERVICE PORTLAND OREGON
441 AM PDT THU APR 28 2016


...................................

...THE HILLSBORO OR CLIMATE SUMMARY FOR APRIL 27 2016...

CLIMATE NORMAL PERIOD 1981 TO 2010
CLIMATE RECORD PERIOD 1929 TO 2016


WEATHER ITEM   OBSERVED TIME   RECORD YEAR NORMAL DEPARTURE LAST
                VALUE   (LST)  VALUE       VALUE  FROM      YEAR
                                                  NORMAL
..................................................................
TEMPERATURE (F)
 YESTERDAY
  MAXIMUM         59    416 PM  86    1987  63     -4       82
  MINIMUM         46   1159 PM  28    1948  41      5       51
  AVERAGE         53                        52      1       67

PRECIPITATION (IN)
  YESTERDAY        0.02          1.63 1962   0.09  -0.07
  MONTH TO DATE    1.84                      2.77  -0.93
  SINCE OCT 1     40.66                     33.36   7.30
  SINCE JAN 1     18.64                     16.97   1.67

SNOWFALL (IN)
  YESTERDAY       MM
  MONTH TO DATE    0.0
  SINCE MAR 1      0.0
  SINCE JUL 1      0.0
  SNOW DEPTH       0

DEGREE DAYS
 HEATING
  YESTERDAY       12                        13     -1
  MONTH TO DATE  253                       410   -157
  SINCE JUL 1   3750                      4524   -774

 COOLING
  YESTERDAY        0                         0      0
  MONTH TO DATE    7                         0      7
  SINCE JAN 1      7                         0      7
..................................................................


WIND (MPH)
  HIGHEST WIND SPEED     9   HIGHEST WIND DIRECTION     N (340)
  HIGHEST GUST SPEED    10   HIGHEST GUST DIRECTION     N (350)
  AVERAGE WIND SPEED     2.1


SKY COVER
  POSSIBLE SUNSHINE  MM
  AVERAGE SKY COVER 0.9


WEATHER CONDITIONS
 THE FOLLOWING WEATHER WAS RECORDED YESTERDAY.
  LIGHT RAIN


RELATIVE HUMIDITY (PERCENT)
 HIGHEST    93           300 AM
 LOWEST     57           400 PM
 AVERAGE    75

..........................................................


THE HILLSBORO OR CLIMATE NORMALS FOR TODAY
                         NORMAL    RECORD    YEAR
 MAXIMUM TEMPERATURE (F)   64        87      1931
 MINIMUM TEMPERATURE (F)   41        31      1973


SUNRISE AND SUNSET
APRIL 28 2016.........SUNRISE   603 AM PDT   SUNSET   816 PM PDT
APRIL 29 2016.........SUNRISE   602 AM PDT   SUNSET   817 PM PDT


-  INDICATES NEGATIVE NUMBERS.
R  INDICATES RECORD WAS SET OR TIED.
MM INDICATES DATA IS MISSING.
T  INDICATES TRACE AMOUNT.




$$
