000
CDUS46 KHNX 270023
CLIHJO


CLIMATE REPORT
NATIONAL WEATHER SERVICE SAN JOAQUIN VALLEY, CA
522 PM PDT WED JUL 26 2017


...................................

...THE HANFORD CA CLIMATE SUMMARY FOR JULY 26 2017...
VALID AS OF 0400 PM LOCAL TIME.

CLIMATE NORMAL PERIOD 1981 TO 2010
CLIMATE RECORD PERIOD 1998 TO 2017


WEATHER ITEM   OBSERVED TIME   RECORD YEAR NORMAL DEPARTURE LAST
                VALUE   (LST)  VALUE       VALUE  FROM      YEAR
                                                  NORMAL
..................................................................
TEMPERATURE (F)
 TODAY
  MAXIMUM         99        MM 109    2006  96      3      106
  MINIMUM         68        MM  61    2005  63      5       67
  AVERAGE         84                        80      4       87

PRECIPITATION (IN)
  TODAY            0.00          0.00   MM   0.00   0.00     0.00
  MONTH TO DATE    0.00                      0.02  -0.02     0.00
  SINCE OCT 1     11.05                      9.91   1.14     8.26
  SINCE JAN 1      8.18                      6.78   1.40     5.66

SNOWFALL (IN)
  TODAY            0.0
  MONTH TO DATE    0.0
  SINCE JUN 1      0.0
  SINCE JUL 1      0.0
  SNOW DEPTH       0

DEGREE DAYS
 HEATING
  TODAY            0                                         0
  MONTH TO DATE    0                                         0
  SINCE JUN 1      5                                         0
  SINCE JUL 1      0                                         0

 COOLING
  TODAY           19                                        22
  MONTH TO DATE  489                                       400
  SINCE JUN 1    927                                       828
  SINCE JAN 1   1135                                      1057
..................................................................


WIND (MPH)
  HIGHEST WIND SPEED    10   HIGHEST WIND DIRECTION    NW (320)
  HIGHEST GUST SPEED    MM   HIGHEST GUST DIRECTION    MM
  AVERAGE WIND SPEED     7.1




RELATIVE HUMIDITY (PERCENT)
 HIGHEST    70
 LOWEST     26
 AVERAGE    48

..........................................................


THE HANFORD CA CLIMATE NORMALS FOR TOMORROW
                         NORMAL    RECORD    YEAR
 MAXIMUM TEMPERATURE (F)   96       108      2016
 MINIMUM TEMPERATURE (F)   63        58      2000


SUNRISE AND SUNSET
JULY 26 2017..........SUNRISE   601 AM PDT   SUNSET   809 PM PDT
JULY 27 2017..........SUNRISE   602 AM PDT   SUNSET   808 PM PDT


-  INDICATES NEGATIVE NUMBERS.
R  INDICATES RECORD WAS SET OR TIED.
MM INDICATES DATA IS MISSING.
T  INDICATES TRACE AMOUNT.




$$
