000
CDUS46 KHNX 310025
CLIHJO


CLIMATE REPORT
NATIONAL WEATHER SERVICE SAN JOAQUIN VALLEY, CA
425 PM PST FRI JAN 30 2015


...................................

...THE HANFORD CA CLIMATE SUMMARY FOR JANUARY 30 2015...
VALID AS OF 0400 PM LOCAL TIME.

CLIMATE NORMAL PERIOD 1981 TO 2010
CLIMATE RECORD PERIOD 1998 TO 2015


WEATHER ITEM   OBSERVED TIME   RECORD YEAR NORMAL DEPARTURE LAST
                VALUE   (LST)  VALUE       VALUE  FROM      YEAR
                                                  NORMAL
..................................................................
TEMPERATURE (F)
 TODAY
  MAXIMUM         62    359 PM  64    2009  57      5       59
  MINIMUM         43    539 AM  29    2013  37      6       43
  AVERAGE         53                        47      6       51

PRECIPITATION (IN)
  TODAY            0.00          0.29 2011   0.04  -0.04     0.07
  MONTH TO DATE    0.04                      2.00  -1.96     0.07
  SINCE OCT 1      3.16                      5.13  -1.97     0.45
  SINCE JAN 1      0.04                      2.00  -1.96     0.07

SNOWFALL (IN)
  TODAY            0.0
  MONTH TO DATE    0.0
  SINCE DEC 1      0.0
  SINCE JUL 1      0.0
  SNOW DEPTH       0

DEGREE DAYS
 HEATING
  TODAY           12                                        14
  MONTH TO DATE  519                                       438
  SINCE DEC 1    956                                      1083
  SINCE JUL 1   1267                                      1463

 COOLING
  TODAY            0                                         0
  MONTH TO DATE    0                                         0
  SINCE DEC 1      0                                         0
  SINCE JAN 1      0                                         0
..................................................................


WIND (MPH)
  HIGHEST WIND SPEED     7   HIGHEST WIND DIRECTION     W (280)
  HIGHEST GUST SPEED     9   HIGHEST GUST DIRECTION    NE (50)
  AVERAGE WIND SPEED     2.3




RELATIVE HUMIDITY (PERCENT)
 HIGHEST   100
 LOWEST     65
 AVERAGE    83

..........................................................


THE HANFORD CA CLIMATE NORMALS FOR TOMORROW
                         NORMAL    RECORD    YEAR
 MAXIMUM TEMPERATURE (F)   57        67      2013
 MINIMUM TEMPERATURE (F)   37        29      2002


SUNRISE AND SUNSET
JANUARY 30 2015.......SUNRISE   701 AM PST   SUNSET   523 PM PST
JANUARY 31 2015.......SUNRISE   701 AM PST   SUNSET   524 PM PST


-  INDICATES NEGATIVE NUMBERS.
R  INDICATES RECORD WAS SET OR TIED.
MM INDICATES DATA IS MISSING.
T  INDICATES TRACE AMOUNT.




$$
