000
CDUS46 KHNX 240023
CLIHJO


CLIMATE REPORT
NATIONAL WEATHER SERVICE SAN JOAQUIN VALLEY, CA
422 PM PST THU NOV 23 2017


...................................

...THE HANFORD CA CLIMATE SUMMARY FOR NOVEMBER 23 2017...
VALID AS OF 0400 PM LOCAL TIME.

CLIMATE NORMAL PERIOD 1981 TO 2010
CLIMATE RECORD PERIOD 1998 TO 2017


WEATHER ITEM   OBSERVED TIME   RECORD YEAR NORMAL DEPARTURE LAST
                VALUE   (LST)  VALUE       VALUE  FROM      YEAR
                                                  NORMAL
..................................................................
TEMPERATURE (F)
 TODAY
  MAXIMUM         77    237 PM  80    2015  61     16       63
  MINIMUM         45    553 AM  24    2003  37      8       38
  AVERAGE         61                        49     12       51

PRECIPITATION (IN)
  TODAY            0.00          0.15 2010   0.03  -0.03     0.00
  MONTH TO DATE    0.11                      0.87  -0.76     0.12
  SINCE OCT 1      0.17                      1.37  -1.20     0.76
  SINCE JAN 1      8.51                      8.34   0.17     6.42

SNOWFALL (IN)
  TODAY            0.0
  MONTH TO DATE    0.0
  SINCE SEP 1      0.0
  SINCE JUL 1      0.0
  SNOW DEPTH       0

DEGREE DAYS
 HEATING
  TODAY            4                                        14
  MONTH TO DATE  157                                       150
  SINCE SEP 1    239                                       187
  SINCE JUL 1    239                                       187

 COOLING
  TODAY            0                                         0
  MONTH TO DATE    4                                         4
  SINCE SEP 1    365                                       307
  SINCE JAN 1   2182                                      1966
..................................................................


WIND (MPH)
  HIGHEST WIND SPEED    10   HIGHEST WIND DIRECTION    NW (320)
  HIGHEST GUST SPEED    12   HIGHEST GUST DIRECTION    NW (300)
  AVERAGE WIND SPEED     3.1




RELATIVE HUMIDITY (PERCENT)
 HIGHEST   100
 LOWEST     46
 AVERAGE    73

..........................................................


THE HANFORD CA CLIMATE NORMALS FOR TOMORROW
                         NORMAL    RECORD    YEAR
 MAXIMUM TEMPERATURE (F)   61        71      2005
 MINIMUM TEMPERATURE (F)   37        28      2003


SUNRISE AND SUNSET
NOVEMBER 23 2017......SUNRISE   644 AM PST   SUNSET   446 PM PST
NOVEMBER 24 2017......SUNRISE   645 AM PST   SUNSET   445 PM PST


-  INDICATES NEGATIVE NUMBERS.
R  INDICATES RECORD WAS SET OR TIED.
MM INDICATES DATA IS MISSING.
T  INDICATES TRACE AMOUNT.




$$
