000
CDUS46 KHNX 290826
CLIHJO


CLIMATE REPORT
NATIONAL WEATHER SERVICE SAN JOAQUIN VALLEY, CA
126 AM PDT TUE JUL 29 2014


...................................

...THE HANFORD CA CLIMATE SUMMARY FOR JULY 28 2014...

CLIMATE NORMAL PERIOD 1981 TO 2010
CLIMATE RECORD PERIOD 1998 TO 2014


WEATHER ITEM   OBSERVED TIME   RECORD YEAR NORMAL DEPARTURE
                VALUE   (LST)  VALUE       VALUE  FROM
                                                  NORMAL
...............................................................
TEMPERATURE (F)
 YESTERDAY
  MAXIMUM        101    114 PM 103    2009  96      5
                                      2005
  MINIMUM         74    518 AM  59    2012  63     11
                                      2010
                                      2008
  AVERAGE         88                        80      8

PRECIPITATION (IN)
  YESTERDAY        0.00          0.00   MM   0.00   0.00
  MONTH TO DATE    T                         0.02  -0.02
  SINCE JUL 1      T                         0.02  -0.02
  SINCE JAN 1      2.43                      6.78  -4.35

SNOWFALL (IN)
  YESTERDAY        0.0
  MONTH TO DATE    0.0
  SINCE JUN 1      0.0
  SINCE JUL 1      0.0
  SNOW DEPTH       0

DEGREE DAYS
 HEATING
  YESTERDAY        0
  MONTH TO DATE    0
  SINCE JUN 1      0
  SINCE JUL 1      0

 COOLING
  YESTERDAY       23
  MONTH TO DATE  511
  SINCE JUN 1    892
  SINCE JAN 1   1180
...............................................................


WIND (MPH)
  HIGHEST WIND SPEED    12   HIGHEST WIND DIRECTION    NW (330)
  HIGHEST GUST SPEED    14   HIGHEST GUST DIRECTION    NW (330)
  AVERAGE WIND SPEED     4.3




RELATIVE HUMIDITY (PERCENT)
 HIGHEST    64
 LOWEST     14
 AVERAGE    39

..........................................................


THE HANFORD CA CLIMATE NORMALS FOR TODAY
                         NORMAL    RECORD    YEAR
 MAXIMUM TEMPERATURE (F)   96       102      2003
 MINIMUM TEMPERATURE (F)   63        57      2012


SUNRISE AND SUNSET
JULY 29 2014..........SUNRISE   603 AM PDT   SUNSET   807 PM PDT
JULY 30 2014..........SUNRISE   604 AM PDT   SUNSET   806 PM PDT


-  INDICATES NEGATIVE NUMBERS.
R  INDICATES RECORD WAS SET OR TIED.
MM INDICATES DATA IS MISSING.
T  INDICATES TRACE AMOUNT.




$$
