000
CDUS46 KHNX 270821
CLIHJO


CLIMATE REPORT
NATIONAL WEATHER SERVICE SAN JOAQUIN VALLEY, CA
1221 AM PST SAT DEC 27 2014


...................................

...THE HANFORD CA CLIMATE SUMMARY FOR DECEMBER 26 2014...

CLIMATE NORMAL PERIOD 1981 TO 2010
CLIMATE RECORD PERIOD 1998 TO 2014


WEATHER ITEM   OBSERVED TIME   RECORD YEAR NORMAL DEPARTURE
                VALUE   (LST)  VALUE       VALUE  FROM
                                                  NORMAL
...............................................................
TEMPERATURE (F)
 YESTERDAY
  MAXIMUM         54    300 PM  66    2013  53      1
  MINIMUM         32    739 AM  22    2011  35     -3
  AVERAGE         43                        44     -1

PRECIPITATION (IN)
  YESTERDAY        0.00          0.15 2009   0.08  -0.08
  MONTH TO DATE    2.32                      1.19   1.13
  SINCE JUL 1      3.13                      2.90   0.23
  SINCE JAN 1      5.56                      9.66  -4.10

SNOWFALL (IN)
  YESTERDAY        0.0
  MONTH TO DATE    0.0
  SINCE DEC 1      0.0
  SINCE JUL 1      0.0
  SNOW DEPTH       0

DEGREE DAYS
 HEATING
  YESTERDAY       22
  MONTH TO DATE  315
  SINCE DEC 1    315
  SINCE JUL 1    626

 COOLING
  YESTERDAY        0
  MONTH TO DATE    0
  SINCE DEC 1      0
  SINCE JAN 1   2274
...............................................................


WIND (MPH)
  HIGHEST WIND SPEED     8   HIGHEST WIND DIRECTION    SE (120)
  HIGHEST GUST SPEED     9   HIGHEST GUST DIRECTION     E (110)
  AVERAGE WIND SPEED     1.7




RELATIVE HUMIDITY (PERCENT)
 HIGHEST   100
 LOWEST     54
 AVERAGE    77

..........................................................


THE HANFORD CA CLIMATE NORMALS FOR TODAY
                         NORMAL    RECORD    YEAR
 MAXIMUM TEMPERATURE (F)   53        69      1999
 MINIMUM TEMPERATURE (F)   35        22      2011


SUNRISE AND SUNSET
DECEMBER 27 2014......SUNRISE   709 AM PST   SUNSET   451 PM PST
DECEMBER 28 2014......SUNRISE   709 AM PST   SUNSET   451 PM PST


-  INDICATES NEGATIVE NUMBERS.
R  INDICATES RECORD WAS SET OR TIED.
MM INDICATES DATA IS MISSING.
T  INDICATES TRACE AMOUNT.




$$
