000
CDUS46 KHNX 100827
CLIHJO


CLIMATE REPORT
NATIONAL WEATHER SERVICE SAN JOAQUIN VALLEY, CA
1227 AM PST WED FEB 10 2016


...................................

...THE HANFORD CA CLIMATE SUMMARY FOR FEBRUARY 9 2016...

CLIMATE NORMAL PERIOD 1981 TO 2010
CLIMATE RECORD PERIOD 1998 TO 2016


WEATHER ITEM   OBSERVED TIME   RECORD YEAR NORMAL DEPARTURE
                VALUE   (LST)  VALUE       VALUE  FROM
                                                  NORMAL
...............................................................
TEMPERATURE (F)
 YESTERDAY
  MAXIMUM         74R   341 PM  72    2006  60     14
  MINIMUM         38    648 AM  30    2013  38      0
                                      2011
                                      2003
  AVERAGE         56                        49      7

PRECIPITATION (IN)
  YESTERDAY        0.00          0.20 1999   0.06  -0.06
  MONTH TO DATE    0.00                      0.47  -0.47
  SINCE OCT 1      5.47                      5.64  -0.17
  SINCE JAN 1      2.87                      2.51   0.36

SNOWFALL (IN)
  YESTERDAY        0.0
  MONTH TO DATE    0.0
  SINCE DEC 1      0.0
  SINCE JUL 1      0.0
  SNOW DEPTH       0

DEGREE DAYS
 HEATING
  YESTERDAY        9
  MONTH TO DATE  152
  SINCE DEC 1   1264
  SINCE JUL 1   1714

 COOLING
  YESTERDAY        0
  MONTH TO DATE    0
  SINCE DEC 1      0
  SINCE JAN 1      0
...............................................................


WIND (MPH)
  HIGHEST WIND SPEED     8   HIGHEST WIND DIRECTION    NW (310)
  HIGHEST GUST SPEED    10   HIGHEST GUST DIRECTION    NW (310)
  AVERAGE WIND SPEED     2.2




RELATIVE HUMIDITY (PERCENT)
 HIGHEST   100
 LOWEST     41
 AVERAGE    71

..........................................................


THE HANFORD CA CLIMATE NORMALS FOR TODAY
                         NORMAL    RECORD    YEAR
 MAXIMUM TEMPERATURE (F)   60        73      2012
 MINIMUM TEMPERATURE (F)   38        28      2013
                                             2009


SUNRISE AND SUNSET
FEBRUARY 10 2016......SUNRISE   652 AM PST   SUNSET   534 PM PST
FEBRUARY 11 2016......SUNRISE   651 AM PST   SUNSET   535 PM PST


-  INDICATES NEGATIVE NUMBERS.
R  INDICATES RECORD WAS SET OR TIED.
MM INDICATES DATA IS MISSING.
T  INDICATES TRACE AMOUNT.




$$
