000
CDUS43 KGLD 220042 RRA
CLIHLC

CLIMATE REPORT
NATIONAL WEATHER SERVICE GOODLAND
639 PM MDT SUN SEP 21 2014

...................................

...THE HILL CITY KS CLIMATE SUMMARY FOR SEPTEMBER 21 2014...
VALID TODAY AS OF 0600 PM LOCAL TIME.

CLIMATE NORMAL PERIOD 1981 TO 2010
CLIMATE RECORD PERIOD 1896 TO 2014

WEATHER ITEM   OBSERVED TIME   RECORD YEAR NORMAL DEPARTURE LAST
                VALUE   (LST)  VALUE       VALUE  FROM      YEAR
                                                  NORMAL
..................................................................
TEMPERATURE (F)
 TODAY
  MAXIMUM         80    442 PM 102    2005  79      1       84
  MINIMUM         51    513 AM  25    1910  51      0       50
  AVERAGE         66                        65      1       67

PRECIPITATION (IN)
  TODAY            0.00                      0.06  -0.06     0.00
  MONTH TO DATE    0.30                      1.37  -1.07     1.50
  SINCE SEP 1      0.30                      1.37  -1.07     1.50
  SINCE JAN 1     20.12                     19.25   0.87    14.44

..................................................................

THE HILL CITY KS CLIMATE NORMALS FOR TOMORROW
                         NORMAL    RECORD    YEAR
 MAXIMUM TEMPERATURE (F)   79        99      1945
 MINIMUM TEMPERATURE (F)   50        30      1910

-  INDICATES NEGATIVE NUMBERS.
R  INDICATES RECORD WAS SET OR TIED.
MM INDICATES DATA IS MISSING.
T  INDICATES TRACE AMOUNT.

$$
