000
CDUS43 KGLD 300048
CLIHLC

CLIMATE REPORT
NATIONAL WEATHER SERVICE GOODLAND
645 PM MDT MON MAY 29 2017

...................................

...THE HILL CITY KS CLIMATE SUMMARY FOR MAY 29 2017...
VALID TODAY AS OF 0600 PM LOCAL TIME.

CLIMATE NORMAL PERIOD 1981 TO 2010
CLIMATE RECORD PERIOD 1896 TO 2017


WEATHER ITEM   OBSERVED TIME   RECORD YEAR NORMAL DEPARTURE LAST
                VALUE   (LST)  VALUE       VALUE  FROM      YEAR
                                                  NORMAL
..................................................................
TEMPERATURE (F)
 TODAY
  MAXIMUM         82    241 PM 105    1913  80      2       88
  MINIMUM         51    554 AM  34    1984  54     -3       52
                                      1947
  AVERAGE         67                        67      0       70

PRECIPITATION (IN)
  TODAY            0.00                      0.13  -0.13      T
  MONTH TO DATE    4.49                      3.52   0.97     4.80
  SINCE MAR 1     10.21                      7.27   2.94    11.72
  SINCE JAN 1     11.28                      8.24   3.04    12.61

..................................................................


THE HILL CITY KS CLIMATE NORMALS FOR TOMORROW
                         NORMAL    RECORD    YEAR
 MAXIMUM TEMPERATURE (F)   80       113      1934
 MINIMUM TEMPERATURE (F)   55        35      1992


-  INDICATES NEGATIVE NUMBERS.
R  INDICATES RECORD WAS SET OR TIED.
MM INDICATES DATA IS MISSING.
T  INDICATES TRACE AMOUNT.


$$
