000
CDUS41 KPBZ 162111
CLIHLG


CLIMATE REPORT
NATIONAL WEATHER SERVICE PITTSBURGH PA
510 PM EDT WED AUG 16 2017


...................................

...THE WHEELING CLIMATE SUMMARY FOR AUGUST 16 2017...
VALID TODAY AS OF 0500 PM LOCAL TIME.

CLIMATE NORMAL PERIOD 1981 TO 2010
CLIMATE RECORD PERIOD 1878 TO 2017


WEATHER ITEM   OBSERVED TIME   RECORD YEAR NORMAL DEPARTURE LAST
                VALUE   (LST)  VALUE       VALUE  FROM      YEAR
                                                  NORMAL
..................................................................
TEMPERATURE (F)
 TODAY
  MAXIMUM         85    356 PM  95    1932  81      4       89
  MINIMUM         64    554 AM  40    1945  61      3       72
  AVERAGE         75                        71      4       81

PRECIPITATION (IN)
  TODAY            0.00          1.05 1909   0.12  -0.12     0.80
  MONTH TO DATE    1.86                      1.60   0.26     3.93
  SINCE JAN 1     32.24                     25.62   6.62    24.36

DEGREE DAYS
 HEATING
  TODAY            0                         0      0        0
  MONTH TO DATE    1                         0      1        0
  SINCE JUN 1     33                        41     -8       14
  SINCE JUL 1      1                         3     -2        2

 COOLING
  TODAY           10                         7      3       16
  MONTH TO DATE   75                       112    -37      217
  SINCE JUN 1    484                       475      9      774
  SINCE JAN 1    553                       521     32      837
..................................................................


WIND (MPH)
  HIGHEST WIND SPEED     8   HIGHEST WIND DIRECTION     N (350)
  HIGHEST GUST SPEED    11   HIGHEST GUST DIRECTION     W (280)
  AVERAGE WIND SPEED     1.8


SKY COVER
  POSSIBLE SUNSHINE  MM
  AVERAGE SKY COVER 0.3


WEATHER CONDITIONS
 THE FOLLOWING WEATHER WAS RECORDED TODAY.
  FOG
  FOG W/VISIBILITY <= 1/4 MILE


RELATIVE HUMIDITY (PERCENT)
 HIGHEST   100           400 AM
 LOWEST     48           300 PM
 AVERAGE    74

..........................................................


THE WHEELING CLIMATE NORMALS FOR TOMORROW
                         NORMAL    RECORD    YEAR
 MAXIMUM TEMPERATURE (F)   81        95      1937
 MINIMUM TEMPERATURE (F)   61        45      1902


SUNRISE AND SUNSET
AUGUST 16 2017........SUNRISE   635 AM EDT   SUNSET   818 PM EDT
AUGUST 17 2017........SUNRISE   636 AM EDT   SUNSET   816 PM EDT


-  INDICATES NEGATIVE NUMBERS.
R  INDICATES RECORD WAS SET OR TIED.
MM INDICATES DATA IS MISSING.
T  INDICATES TRACE AMOUNT.




$$
