000
CDUS45 KTFX 090806
CLIHLN


CLIMATE REPORT
NATIONAL WEATHER SERVICE GREAT FALLS MT
106 AM MST TUE FEB 9 2016


...................................

...THE HELENA MT CLIMATE SUMMARY FOR FEBRUARY 8 2016...

CLIMATE NORMAL PERIOD 1981 TO 2010
CLIMATE RECORD PERIOD 1866 TO 2016


WEATHER ITEM   OBSERVED TIME   RECORD YEAR NORMAL DEPARTURE LAST
                VALUE   (LST)  VALUE       VALUE  FROM      YEAR
                                                  NORMAL
..................................................................
TEMPERATURE (F)
 YESTERDAY
  MAXIMUM         52    435 PM  59    2015  37     15       59
                                      2000
  MINIMUM         24    805 AM -36    1936  16      8       36
  AVERAGE         38                        26     12       48

PRECIPITATION (IN)
  YESTERDAY        0.00          0.23 1985   0.01  -0.01     0.00
  MONTH TO DATE    T                         0.08  -0.08     0.01
  SINCE OCT 1      2.01                      2.01   0.00     2.93
  SINCE JAN 1      0.31                      0.44  -0.13     0.65

SNOWFALL (IN)
  YESTERDAY        0.0          15.0  1943   0.2   -0.2      0.0
  MONTH TO DATE    T                         1.5   -1.5      0.1
  SINCE DEC 1     11.3                      15.0   -3.7     11.9
  SINCE JUL 1     14.8                      23.8   -9.0     22.7
  SNOW DEPTH       T

DEGREE DAYS
 HEATING
  YESTERDAY       27                        39    -12       17
  MONTH TO DATE  275                       314    -39      212
  SINCE DEC 1   2807                      2950   -143     2658
  SINCE JUL 1   4436                      4832   -396     4370

 COOLING
  YESTERDAY        0                         0      0        0
  MONTH TO DATE    0                         0      0        0
  SINCE DEC 1      0                         0      0        0
  SINCE JAN 1      0                         0      0        0
..................................................................


WIND (MPH)
  HIGHEST WIND SPEED    25   HIGHEST WIND DIRECTION     W (260)
  HIGHEST GUST SPEED    30   HIGHEST GUST DIRECTION     W (260)
  AVERAGE WIND SPEED     9.1


SKY COVER
  AVERAGE SKY COVER 0.0


WEATHER CONDITIONS
 THE FOLLOWING WEATHER WAS RECORDED YESTERDAY.
  NO SIGNIFICANT WEATHER WAS OBSERVED.


RELATIVE HUMIDITY (PERCENT)
 HIGHEST    81           500 AM
 LOWEST     46          1200 AM
 AVERAGE    64

..........................................................


THE HELENA MT CLIMATE NORMALS FOR TODAY
                         NORMAL    RECORD    YEAR
 MAXIMUM TEMPERATURE (F)   37        57      1951
 MINIMUM TEMPERATURE (F)   16       -35      1933


SUNRISE AND SUNSET
FEBRUARY  9 2016......SUNRISE   742 AM MST   SUNSET   543 PM MST
FEBRUARY 10 2016......SUNRISE   740 AM MST   SUNSET   545 PM MST


-  INDICATES NEGATIVE NUMBERS.
R  INDICATES RECORD WAS SET OR TIED.
MM INDICATES DATA IS MISSING.
T  INDICATES TRACE AMOUNT.




$$
