000
CDUS45 KTFX 030910
CLIHLN


CLIMATE REPORT
NATIONAL WEATHER SERVICE GREAT FALLS MT
309 AM MDT MON AUG 3 2015


...................................

...THE HELENA MT CLIMATE SUMMARY FOR AUGUST 2 2015...

CLIMATE NORMAL PERIOD 1981 TO 2010
CLIMATE RECORD PERIOD 1866 TO 2015


WEATHER ITEM   OBSERVED TIME   RECORD YEAR NORMAL DEPARTURE LAST
                VALUE   (LST)  VALUE       VALUE  FROM      YEAR
                                                  NORMAL
..................................................................
TEMPERATURE (F)
 YESTERDAY
  MAXIMUM         94    507 PM 100    1966  88      6       85
  MINIMUM         57    349 AM  40    1937  55      2       62
  AVERAGE         76                        71      5       74

PRECIPITATION (IN)
  YESTERDAY        0.00          1.06 2004   0.03  -0.03     0.00
  MONTH TO DATE    0.00                      0.07  -0.07     0.00
  SINCE OCT 1      8.12                      8.99  -0.87     7.75
  SINCE JAN 1      5.84                      7.42  -1.58     6.75

SNOWFALL (IN)
  YESTERDAY        0.0           0.0  1999   0.0    0.0      0.0
                                      2001
                                      1995
  MONTH TO DATE    0.0                       0.0    0.0      0.0
  SINCE JUN 1      0.0                       T      0.0      0.0
  SINCE JUL 1      0.0                       0.0    0.0      0.0
  SNOW DEPTH       0

DEGREE DAYS
 HEATING
  YESTERDAY        0                         0      0        0
  MONTH TO DATE    0                         0      0        0
  SINCE JUN 1     47                       163   -116      127
  SINCE JUL 1     15                        27    -12        0

 COOLING
  YESTERDAY       11                         7      4        9
  MONTH TO DATE   22                        14      8       20
  SINCE JUN 1    380                       244    136      287
  SINCE JAN 1    380                       252    128      291
..................................................................


WIND (MPH)
  HIGHEST WIND SPEED    10   HIGHEST WIND DIRECTION     W (250)
  HIGHEST GUST SPEED    14   HIGHEST GUST DIRECTION     N (10)
  AVERAGE WIND SPEED     5.2


SKY COVER
  AVERAGE SKY COVER 0.0


WEATHER CONDITIONS
 THE FOLLOWING WEATHER WAS RECORDED YESTERDAY.
  NO SIGNIFICANT WEATHER WAS OBSERVED.


RELATIVE HUMIDITY (PERCENT)
 HIGHEST    51           400 AM
 LOWEST     13           500 PM
 AVERAGE    32

..........................................................


THE HELENA MT CLIMATE NORMALS FOR TODAY
                         NORMAL    RECORD    YEAR
 MAXIMUM TEMPERATURE (F)   88       102      2001
 MINIMUM TEMPERATURE (F)   55        43      1972


SUNRISE AND SUNSET
AUGUST  3 2015........SUNRISE   611 AM MDT   SUNSET   857 PM MDT
AUGUST  4 2015........SUNRISE   612 AM MDT   SUNSET   855 PM MDT


-  INDICATES NEGATIVE NUMBERS.
R  INDICATES RECORD WAS SET OR TIED.
MM INDICATES DATA IS MISSING.
T  INDICATES TRACE AMOUNT.




$$
