000
CDUS45 KTFX 260742
CLIHLN


CLIMATE REPORT
NATIONAL WEATHER SERVICE GREAT FALLS MT
1241 AM MST MON JAN 26 2015


...................................

...THE HELENA MT CLIMATE SUMMARY FOR JANUARY 25 2015...

CLIMATE NORMAL PERIOD 1981 TO 2010
CLIMATE RECORD PERIOD 1866 TO 2015


WEATHER ITEM   OBSERVED TIME   RECORD YEAR NORMAL DEPARTURE LAST
                VALUE   (LST)  VALUE       VALUE  FROM      YEAR
                                                  NORMAL
..................................................................
TEMPERATURE (F)
 YESTERDAY
  MAXIMUM         63R   333 PM  56    1953  35     28       46
                                      1935
  MINIMUM         37   1157 PM -42    1957  14     23       15
  AVERAGE         50                        24     26       31

PRECIPITATION (IN)
  YESTERDAY        0.00          0.40 1975   0.01  -0.01     0.00
  MONTH TO DATE    0.63                      0.29   0.34     0.42
  SINCE OCT 1      2.91                      1.86   1.05     1.42
  SINCE JAN 1      0.63                      0.29   0.34     0.42

SNOWFALL (IN)
  YESTERDAY        0.0           4.8  1975   0.2   -0.2      0.0
  MONTH TO DATE    7.4                       5.0    2.4      4.9
  SINCE DEC 1     11.8                      12.3   -0.5      6.1
  SINCE JUL 1     22.6                      21.1    1.5      9.6
  SNOW DEPTH       T

DEGREE DAYS
 HEATING
  YESTERDAY       15                        41    -26       34
  MONTH TO DATE 1072                      1057     15      849
  SINCE DEC 1   2270                      2396   -126     2116
  SINCE JUL 1   3982                      4278   -296     3907

 COOLING
  YESTERDAY        0                         0      0        0
  MONTH TO DATE    0                         0      0        0
  SINCE DEC 1      0                         0      0        0
  SINCE JAN 1      0                         0      0        0
..................................................................


WIND (MPH)
  HIGHEST WIND SPEED    23   HIGHEST WIND DIRECTION     W (260)
  HIGHEST GUST SPEED    31   HIGHEST GUST DIRECTION     S (190)
  AVERAGE WIND SPEED     6.4


SKY COVER
  AVERAGE SKY COVER 0.2


WEATHER CONDITIONS
 THE FOLLOWING WEATHER WAS RECORDED YESTERDAY.
  NO SIGNIFICANT WEATHER WAS OBSERVED.


RELATIVE HUMIDITY (PERCENT)
 HIGHEST    76           600 AM
 LOWEST     30           300 PM
 AVERAGE    53

..........................................................


THE HELENA MT CLIMATE NORMALS FOR TODAY
                         NORMAL    RECORD    YEAR
 MAXIMUM TEMPERATURE (F)   35        62      1937
 MINIMUM TEMPERATURE (F)   14       -41      1957


SUNRISE AND SUNSET
JANUARY 26 2015.......SUNRISE   759 AM MST   SUNSET   523 PM MST
JANUARY 27 2015.......SUNRISE   758 AM MST   SUNSET   524 PM MST


-  INDICATES NEGATIVE NUMBERS.
R  INDICATES RECORD WAS SET OR TIED.
MM INDICATES DATA IS MISSING.
T  INDICATES TRACE AMOUNT.




$$
