000
CDHW40 PHFO 241245
CLIHNL


CLIMATE REPORT
NATIONAL WEATHER SERVICE HONOLULU HI
245 AM HST TUE JAN 24 2017


...................................

...THE HONOLULU HI CLIMATE SUMMARY FOR JANUARY 23 2017...

CLIMATE NORMAL PERIOD 1981 TO 2010
CLIMATE RECORD PERIOD 1946 TO 2017


WEATHER ITEM   OBSERVED TIME   RECORD YEAR NORMAL DEPARTURE LAST
                VALUE   (LST)  VALUE       VALUE  FROM      YEAR
                                                  NORMAL
..................................................................
TEMPERATURE (F)
 YESTERDAY
  MAXIMUM         82    240 PM  85    1996  80      2       82
                                      1984
                                      1954
  MINIMUM         69    631 AM  55    1969  66      3       68
  AVERAGE         76                        73      3       75

PRECIPITATION (IN)
  YESTERDAY        T             4.75 1972   0.07  -0.07     0.00
  MONTH TO DATE    0.11                      1.82  -1.71      T
  SINCE DEC 1      0.98                      5.06  -4.08     0.27
  SINCE JAN 1      0.11                      1.82  -1.71      T

SNOWFALL (IN)
  YESTERDAY        0.0
  MONTH TO DATE    0.0
  SINCE DEC 1      0.0
  SINCE JUL 1      0.0
  SNOW DEPTH       0

DEGREE DAYS
 HEATING
  YESTERDAY        0                         0      0        0
  MONTH TO DATE    0                         0      0        0
  SINCE DEC 1      0                         0      0        0
  SINCE JUL 1      0                         0      0        0

 COOLING
  YESTERDAY       11                         8      3       10
  MONTH TO DATE  202                       186     16      205
  SINCE DEC 1    507                       488     19      611
  SINCE JAN 1    202                       186     16      205
..................................................................


WIND (MPH)
  HIGHEST WIND SPEED    22   HIGHEST WIND DIRECTION    NE (60)
  HIGHEST GUST SPEED    27   HIGHEST GUST DIRECTION    NE (60)
  AVERAGE WIND SPEED     9.2


SKY COVER
  POSSIBLE SUNSHINE  MM
  AVERAGE SKY COVER 0.6


WEATHER CONDITIONS
 THE FOLLOWING WEATHER WAS RECORDED YESTERDAY.
  LIGHT RAIN


RELATIVE HUMIDITY (PERCENT)
 HIGHEST    84           600 AM
 LOWEST     55          1200 PM
 AVERAGE    70

..........................................................


THE HONOLULU HI CLIMATE NORMALS FOR TODAY
                         NORMAL    RECORD    YEAR
 MAXIMUM TEMPERATURE (F)   80        85      1981
 MINIMUM TEMPERATURE (F)   66        55      1969


SUNRISE AND SUNSET
JANUARY 24 2017.......SUNRISE   711 AM HST   SUNSET   617 PM HST
JANUARY 25 2017.......SUNRISE   711 AM HST   SUNSET   618 PM HST


-  INDICATES NEGATIVE NUMBERS.
R  INDICATES RECORD WAS SET OR TIED.
MM INDICATES DATA IS MISSING.
T  INDICATES TRACE AMOUNT.




$$
