000
CDHW40 PHFO 290227
CLIHNL


CLIMATE REPORT
NATIONAL WEATHER SERVICE HONOLULU HI
427 PM HST THU AUG 28 2014


...................................

...THE HONOLULU HI CLIMATE SUMMARY FOR AUGUST 28 2014...
VALID TODAY AS OF 0400 PM LOCAL TIME.

CLIMATE NORMAL PERIOD 1981 TO 2010
CLIMATE RECORD PERIOD 1946 TO 2014


WEATHER ITEM   OBSERVED TIME   RECORD YEAR NORMAL DEPARTURE LAST
                VALUE   (LST)  VALUE       VALUE  FROM      YEAR
                                                  NORMAL
..................................................................
TEMPERATURE (F)
 TODAY
  MAXIMUM         89    312 PM  92    1986  89      0       86
  MINIMUM         73    437 AM  69    1979  75     -2       73
  AVERAGE         81                        82     -1       80

PRECIPITATION (IN)
  TODAY            T             0.16 1960   0.02  -0.02      T
  MONTH TO DATE    0.56                      0.50   0.06     0.06
  SINCE JUN 1      2.26                      1.27   0.99     0.58
  SINCE JAN 1     12.23                      8.84   3.39     9.04

SNOWFALL (IN)
  TODAY            0.0
  MONTH TO DATE    0.0
  SINCE JUN 1      0.0
  SINCE JUL 1      0.0
  SNOW DEPTH       0

DEGREE DAYS
 HEATING
  TODAY            0                         0      0        0
  MONTH TO DATE    0                         0      0        0
  SINCE JUN 1      0                         0      0        0
  SINCE JUL 1      0                         0      0        0

 COOLING
  TODAY           16                        17     -1       15
  MONTH TO DATE  495                       476     19      460
  SINCE JUN 1   1498                      1434     64     1352
  SINCE JAN 1   3107                      2936    171     2812
..................................................................


WIND (MPH)
  HIGHEST WIND SPEED    21   HIGHEST WIND DIRECTION     E (70)
  HIGHEST GUST SPEED    26   HIGHEST GUST DIRECTION    NE (60)
  AVERAGE WIND SPEED     7.3


SKY COVER
  POSSIBLE SUNSHINE  MM
  AVERAGE SKY COVER 0.4


WEATHER CONDITIONS
 THE FOLLOWING WEATHER WAS RECORDED TODAY.
  NO SIGNIFICANT WEATHER WAS OBSERVED.


RELATIVE HUMIDITY (PERCENT)
 HIGHEST    74          1200 AM
 LOWEST     43           300 PM
 AVERAGE    59

..........................................................


THE HONOLULU HI CLIMATE NORMALS FOR TOMORROW
                         NORMAL    RECORD    YEAR
 MAXIMUM TEMPERATURE (F)   89        92      1997
                                             1990
                                             1987
 MINIMUM TEMPERATURE (F)   75        68      1974


SUNRISE AND SUNSET
AUGUST 28 2014........SUNRISE   614 AM HST   SUNSET   651 PM HST
AUGUST 29 2014........SUNRISE   614 AM HST   SUNSET   650 PM HST


-  INDICATES NEGATIVE NUMBERS.
R  INDICATES RECORD WAS SET OR TIED.
MM INDICATES DATA IS MISSING.
T  INDICATES TRACE AMOUNT.




$$
