000
CDHW40 PHFO 301245
CLIHNL


CLIMATE REPORT
NATIONAL WEATHER SERVICE HONOLULU HI
245 AM HST THU JUL 30 2015


...................................

...THE HONOLULU HI CLIMATE SUMMARY FOR JULY 29 2015...

CLIMATE NORMAL PERIOD 1981 TO 2010
CLIMATE RECORD PERIOD 1946 TO 2015


WEATHER ITEM   OBSERVED TIME   RECORD YEAR NORMAL DEPARTURE LAST
                VALUE   (LST)  VALUE       VALUE  FROM      YEAR
                                                  NORMAL
..................................................................
TEMPERATURE (F)
 YESTERDAY
  MAXIMUM         90    245 PM  92    1997  88      2       89
                                      1987
  MINIMUM         77    611 AM  70    1974  75      2       77
                                      1965
                                      1958
  AVERAGE         84                        82      2       83

PRECIPITATION (IN)
  YESTERDAY        0.00          0.96 1954   0.02  -0.02     0.00
  MONTH TO DATE    0.43                      0.47  -0.04     1.12
  SINCE JUN 1      0.66                      0.73  -0.07     1.70
  SINCE JAN 1      3.65                      8.30  -4.65    11.67

SNOWFALL (IN)
  YESTERDAY        0.0
  MONTH TO DATE    0.0
  SINCE JUN 1      0.0
  SINCE JUL 1      0.0
  SNOW DEPTH       0

DEGREE DAYS
 HEATING
  YESTERDAY        0                         0      0        0
  MONTH TO DATE    0                         0      0        0
  SINCE JUN 1      0                         0      0        0
  SINCE JUL 1      0                         0      0        0

 COOLING
  YESTERDAY       19                        17      2       18
  MONTH TO DATE  535                       467     68      503
  SINCE JUN 1   1015                       923     92      966
  SINCE JAN 1   2490                      2425     65     2575
..................................................................


WIND (MPH)
  HIGHEST WIND SPEED    23   HIGHEST WIND DIRECTION    NE (50)
  HIGHEST GUST SPEED    28   HIGHEST GUST DIRECTION     E (80)
  AVERAGE WIND SPEED    13.1


SKY COVER
  POSSIBLE SUNSHINE  MM
  AVERAGE SKY COVER 0.4


WEATHER CONDITIONS
 THE FOLLOWING WEATHER WAS RECORDED YESTERDAY.
  NO SIGNIFICANT WEATHER WAS OBSERVED.


RELATIVE HUMIDITY (PERCENT)
 HIGHEST    79           100 AM
 LOWEST     50          1200 PM
 AVERAGE    65

..........................................................


THE HONOLULU HI CLIMATE NORMALS FOR TODAY
                         NORMAL    RECORD    YEAR
 MAXIMUM TEMPERATURE (F)   88        92      1990
 MINIMUM TEMPERATURE (F)   75        71      1976
                                             1972
                                             1965


SUNRISE AND SUNSET
JULY 30 2015..........SUNRISE   604 AM HST   SUNSET   712 PM HST
JULY 31 2015..........SUNRISE   605 AM HST   SUNSET   711 PM HST


-  INDICATES NEGATIVE NUMBERS.
R  INDICATES RECORD WAS SET OR TIED.
MM INDICATES DATA IS MISSING.
T  INDICATES TRACE AMOUNT.




$$
