000
CDHW40 PHFO 120243
CLIHNL


CLIMATE REPORT
NATIONAL WEATHER SERVICE HONOLULU HI
433 PM HST FRI JUL 11 2014


...................................

...THE HONOLULU HI CLIMATE SUMMARY FOR JULY 11 2014...
VALID TODAY AS OF 0400 PM LOCAL TIME.

CLIMATE NORMAL PERIOD 1981 TO 2010
CLIMATE RECORD PERIOD 1946 TO 2014


WEATHER ITEM   OBSERVED TIME   RECORD YEAR NORMAL DEPARTURE LAST
                VALUE   (LST)  VALUE       VALUE  FROM      YEAR
                                                  NORMAL
..................................................................
TEMPERATURE (F)
 TODAY
  MAXIMUM         88    201 PM  91    1985  88      0       86
  MINIMUM         75    636 AM  68    1984  74      1       74
                                      1979
  AVERAGE         82                        81      1       80

PRECIPITATION (IN)
  TODAY            T             0.24 1970   0.02  -0.02     0.01
  MONTH TO DATE    0.06                      0.14  -0.08     0.03
  SINCE JUN 1      0.64                      0.40   0.24     0.20
  SINCE JAN 1     10.61                      7.97   2.64     8.66

SNOWFALL (IN)
  TODAY            0.0
  MONTH TO DATE    0.0
  SINCE JUN 1      0.0
  SINCE JUL 1      0.0
  SNOW DEPTH       0

DEGREE DAYS
 HEATING
  TODAY            0                         0      0        0
  MONTH TO DATE    0                         0      0        0
  SINCE JUN 1      0                         0      0        0
  SINCE JUL 1      0                         0      0        0

 COOLING
  TODAY           17                        16      1       15
  MONTH TO DATE  185                       176      9      161
  SINCE JUN 1    648                       632     16      570
  SINCE JAN 1   2257                      2134    123     2030
..................................................................


WIND (MPH)
  HIGHEST WIND SPEED    23   HIGHEST WIND DIRECTION    NE (60)
  HIGHEST GUST SPEED    32   HIGHEST GUST DIRECTION    NE (60)
  AVERAGE WIND SPEED    13.3


SKY COVER
  POSSIBLE SUNSHINE  MM
  AVERAGE SKY COVER 0.8


WEATHER CONDITIONS
 THE FOLLOWING WEATHER WAS RECORDED TODAY.
  LIGHT RAIN


RELATIVE HUMIDITY (PERCENT)
 HIGHEST    79          1200 AM
 LOWEST     43          1200 PM
 AVERAGE    61

..........................................................


THE HONOLULU HI CLIMATE NORMALS FOR TOMORROW
                         NORMAL    RECORD    YEAR
 MAXIMUM TEMPERATURE (F)   88        90      2008
                                             1995
                                             1994
 MINIMUM TEMPERATURE (F)   74        69      1979
                                             1950


SUNRISE AND SUNSET
JULY 11 2014..........SUNRISE   557 AM HST   SUNSET   718 PM HST
JULY 12 2014..........SUNRISE   557 AM HST   SUNSET   717 PM HST


-  INDICATES NEGATIVE NUMBERS.
R  INDICATES RECORD WAS SET OR TIED.
MM INDICATES DATA IS MISSING.
T  INDICATES TRACE AMOUNT.




$$
