000
CDHW40 PHFO 311245
CLIHNL


CLIMATE REPORT
NATIONAL WEATHER SERVICE HONOLULU HI
245 AM HST FRI OCT 31 2014


...................................

...THE HONOLULU HI CLIMATE SUMMARY FOR OCTOBER 30 2014...

CLIMATE NORMAL PERIOD 1981 TO 2010
CLIMATE RECORD PERIOD 1946 TO 2014


WEATHER ITEM   OBSERVED TIME   RECORD YEAR NORMAL DEPARTURE LAST
                VALUE   (LST)  VALUE       VALUE  FROM      YEAR
                                                  NORMAL
..................................................................
TEMPERATURE (F)
 YESTERDAY
  MAXIMUM         85   1002 AM  90    2009  86     -1       87
  MINIMUM         76    520 AM  63    1892  73      3       72
  AVERAGE         81                        79      2       80

PRECIPITATION (IN)
  YESTERDAY        T             7.47 1978   0.07  -0.07     0.00
  MONTH TO DATE    5.47                      1.76   3.71     0.18
  SINCE SEP 1      6.05                      2.46   3.59     1.51
  SINCE JAN 1     18.28                     11.36   6.92    10.59

SNOWFALL (IN)
  YESTERDAY        0.0
  MONTH TO DATE    0.0
  SINCE SEP 1      0.0
  SINCE JUL 1      0.0
  SNOW DEPTH       0

DEGREE DAYS
 HEATING
  YESTERDAY        0                         0      0        0
  MONTH TO DATE    0                         0      0        0
  SINCE SEP 1      0                         0      0        0
  SINCE JUL 1      0                         0      0        0

 COOLING
  YESTERDAY       16                        14      2       15
  MONTH TO DATE  501                       453     48      422
  SINCE SEP 1   1046                       948     98      899
  SINCE JAN 1   4204                      3932    272     3759
..................................................................


WIND (MPH)
  HIGHEST WIND SPEED    23   HIGHEST WIND DIRECTION    NE (60)
  HIGHEST GUST SPEED    32   HIGHEST GUST DIRECTION    NE (60)
  AVERAGE WIND SPEED    11.7


SKY COVER
  POSSIBLE SUNSHINE  MM
  AVERAGE SKY COVER 0.6


WEATHER CONDITIONS
 THE FOLLOWING WEATHER WAS RECORDED YESTERDAY.
  LIGHT RAIN


RELATIVE HUMIDITY (PERCENT)
 HIGHEST    82           300 AM
 LOWEST     55          1000 AM
 AVERAGE    69

..........................................................


THE HONOLULU HI CLIMATE NORMALS FOR TODAY
                         NORMAL    RECORD    YEAR
 MAXIMUM TEMPERATURE (F)   85        89      2013
                                             1991
                                             1977
 MINIMUM TEMPERATURE (F)   73        64      1975


SUNRISE AND SUNSET
OCTOBER 31 2014.......SUNRISE   634 AM HST   SUNSET   556 PM HST
NOVEMBER  1 2014......SUNRISE   635 AM HST   SUNSET   555 PM HST


-  INDICATES NEGATIVE NUMBERS.
R  INDICATES RECORD WAS SET OR TIED.
MM INDICATES DATA IS MISSING.
T  INDICATES TRACE AMOUNT.




$$
