000
CDHW40 PHFO 301245
CLIHNL


CLIMATE REPORT
NATIONAL WEATHER SERVICE HONOLULU HI
245 AM HST FRI JAN 30 2015


...................................

...THE HONOLULU HI CLIMATE SUMMARY FOR JANUARY 29 2015...

CLIMATE NORMAL PERIOD 1981 TO 2010
CLIMATE RECORD PERIOD 1946 TO 2015


WEATHER ITEM   OBSERVED TIME   RECORD YEAR NORMAL DEPARTURE LAST
                VALUE   (LST)  VALUE       VALUE  FROM      YEAR
                                                  NORMAL
..................................................................
TEMPERATURE (F)
 YESTERDAY
  MAXIMUM         80    242 PM  85    1970  80      0       78
  MINIMUM         71   1159 PM  56    1994  66      5       68
                                      1893
  AVERAGE         76                        73      3       73

PRECIPITATION (IN)
  YESTERDAY        0.05          2.10 2002   0.06  -0.01     0.14
  MONTH TO DATE    0.93                      2.18  -1.25     2.35
  SINCE DEC 1      2.00                      5.42  -3.42     5.99
  SINCE JAN 1      0.93                      2.18  -1.25     2.35

SNOWFALL (IN)
  YESTERDAY        0.0
  MONTH TO DATE    0.0
  SINCE DEC 1      0.0
  SINCE JUL 1      0.0
  SNOW DEPTH       0

DEGREE DAYS
 HEATING
  YESTERDAY        0                         0      0        0
  MONTH TO DATE    0                         0      0        0
  SINCE DEC 1      0                         0      0        0
  SINCE JUL 1      0                         0      0        0

 COOLING
  YESTERDAY       11                         8      3        8
  MONTH TO DATE  214                       234    -20      228
  SINCE DEC 1    498                       536    -38      563
  SINCE JAN 1    214                       234    -20      228
..................................................................


WIND (MPH)
  HIGHEST WIND SPEED    17   HIGHEST WIND DIRECTION    SW (230)
  HIGHEST GUST SPEED    21   HIGHEST GUST DIRECTION    SW (210)
  AVERAGE WIND SPEED     9.7


SKY COVER
  POSSIBLE SUNSHINE  MM
  AVERAGE SKY COVER 0.7


WEATHER CONDITIONS
 THE FOLLOWING WEATHER WAS RECORDED YESTERDAY.
  RAIN
  LIGHT RAIN
  FOG
  HAZE


RELATIVE HUMIDITY (PERCENT)
 HIGHEST    93          1100 PM
 LOWEST     67           400 PM
 AVERAGE    80

..........................................................


THE HONOLULU HI CLIMATE NORMALS FOR TODAY
                         NORMAL    RECORD    YEAR
 MAXIMUM TEMPERATURE (F)   80        84      1995
                                             1970
                                             1959
 MINIMUM TEMPERATURE (F)   66        56      1993
                                             1972


SUNRISE AND SUNSET
JANUARY 30 2015.......SUNRISE   710 AM HST   SUNSET   621 PM HST
JANUARY 31 2015.......SUNRISE   709 AM HST   SUNSET   621 PM HST


-  INDICATES NEGATIVE NUMBERS.
R  INDICATES RECORD WAS SET OR TIED.
MM INDICATES DATA IS MISSING.
T  INDICATES TRACE AMOUNT.




$$
