000
CDHW40 PHFO 291245
CLIHNL


CLIMATE REPORT
NATIONAL WEATHER SERVICE HONOLULU HI
245 AM HST THU JUN 29 2017


...................................

...THE HONOLULU HI CLIMATE SUMMARY FOR JUNE 28 2017...

CLIMATE NORMAL PERIOD 1981 TO 2010
CLIMATE RECORD PERIOD 1946 TO 2017


WEATHER ITEM   OBSERVED TIME   RECORD YEAR NORMAL DEPARTURE LAST
                VALUE   (LST)  VALUE       VALUE  FROM      YEAR
                                                  NORMAL
..................................................................
TEMPERATURE (F)
 YESTERDAY
  MAXIMUM         87    358 PM  92    1995  88     -1       88
  MINIMUM         77    509 AM  68    1985  74      3       74
                                      1977
  AVERAGE         82                        81      1       81

PRECIPITATION (IN)
  YESTERDAY        0.00          0.68 1978   0.01  -0.01     0.00
  MONTH TO DATE    0.48                      0.24   0.24     0.19
  SINCE JUN 1      0.48                      0.24   0.24     0.19
  SINCE JAN 1     13.97                      7.81   6.16     4.23

SNOWFALL (IN)
  YESTERDAY        0.0
  MONTH TO DATE    0.0
  SINCE JUN 1      0.0
  SINCE JUL 1      0.0
  SNOW DEPTH      MM

DEGREE DAYS
 HEATING
  YESTERDAY        0                         0      0        0
  MONTH TO DATE    0                         0      0        0
  SINCE JUN 1      0                         0      0        0
  SINCE JUL 1      0                         0      0        0

 COOLING
  YESTERDAY       17                        16      1       16
  MONTH TO DATE  429                       426      3      393
  SINCE JUN 1    429                       426      3      393
  SINCE JAN 1   2130                      1928    202     2107
..................................................................


WIND (MPH)
  HIGHEST WIND SPEED    30   HIGHEST WIND DIRECTION    NE (60)
  HIGHEST GUST SPEED    37   HIGHEST GUST DIRECTION    NE (40)
  AVERAGE WIND SPEED    15.0


SKY COVER
  POSSIBLE SUNSHINE  MM
  AVERAGE SKY COVER  MM


WEATHER CONDITIONS
 THE FOLLOWING WEATHER WAS RECORDED YESTERDAY.
  NO SIGNIFICANT WEATHER WAS OBSERVED.


RELATIVE HUMIDITY (PERCENT)
 HIGHEST    MM
 LOWEST     MM
 AVERAGE    MM

..........................................................


THE HONOLULU HI CLIMATE NORMALS FOR TODAY
                         NORMAL    RECORD    YEAR
 MAXIMUM TEMPERATURE (F)   88        90      2005
                                             1996
                                             1995
 MINIMUM TEMPERATURE (F)   74        68      1974
                                             1951


SUNRISE AND SUNSET
JUNE 29 2017..........SUNRISE   553 AM HST   SUNSET   718 PM HST
JUNE 30 2017..........SUNRISE   553 AM HST   SUNSET   718 PM HST


-  INDICATES NEGATIVE NUMBERS.
R  INDICATES RECORD WAS SET OR TIED.
MM INDICATES DATA IS MISSING.
T  INDICATES TRACE AMOUNT.




$$
