000
CDHW40 PHFO 250234
CLIHNL


CLIMATE REPORT
NATIONAL WEATHER SERVICE HONOLULU HI
434 PM HST FRI MAR 24 2017


...................................

...THE HONOLULU HI CLIMATE SUMMARY FOR MARCH 24 2017...
VALID TODAY AS OF 0400 PM LOCAL TIME.

CLIMATE NORMAL PERIOD 1981 TO 2010
CLIMATE RECORD PERIOD 1946 TO 2017


WEATHER ITEM   OBSERVED TIME   RECORD YEAR NORMAL DEPARTURE LAST
                VALUE   (LST)  VALUE       VALUE  FROM      YEAR
                                                  NORMAL
..................................................................
TEMPERATURE (F)
 TODAY
  MAXIMUM         84    216 PM  86    2008  82      2       81
                                      1989
                                      1986
  MINIMUM         71    440 AM  57    1954  68      3       68
  AVERAGE         78                        75      3       75

PRECIPITATION (IN)
  TODAY            T             2.58 1994   0.06  -0.06     0.00
  MONTH TO DATE    2.75                      1.62   1.13     0.02
  SINCE MAR 1      2.75                      1.62   1.13     0.02
  SINCE JAN 1     10.08                      5.92   4.16     0.45

SNOWFALL (IN)
  TODAY            0.0
  MONTH TO DATE    0.0
  SINCE MAR 1      0.0
  SINCE JUL 1      0.0
  SNOW DEPTH       0

DEGREE DAYS
 HEATING
  TODAY            0                         0      0        0
  MONTH TO DATE    0                         0      0        0
  SINCE MAR 1      0                         0      0        0
  SINCE JUL 1      0                         0      0        0

 COOLING
  TODAY           13                        10      3       10
  MONTH TO DATE  260                       223     37      237
  SINCE MAR 1    260                       223     37      237
  SINCE JAN 1    787                       705     82      819
..................................................................


WIND (MPH)
  HIGHEST WIND SPEED    17   HIGHEST WIND DIRECTION    SE (130)
  HIGHEST GUST SPEED    22   HIGHEST GUST DIRECTION    SE (140)
  AVERAGE WIND SPEED     6.8


SKY COVER
  POSSIBLE SUNSHINE  MM
  AVERAGE SKY COVER 0.5


WEATHER CONDITIONS
 THE FOLLOWING WEATHER WAS RECORDED TODAY.
  LIGHT RAIN


RELATIVE HUMIDITY (PERCENT)
 HIGHEST    84           300 AM
 LOWEST     61           200 PM
 AVERAGE    73

..........................................................


THE HONOLULU HI CLIMATE NORMALS FOR TOMORROW
                         NORMAL    RECORD    YEAR
 MAXIMUM TEMPERATURE (F)   82        88      1983
 MINIMUM TEMPERATURE (F)   69        56      1955


SUNRISE AND SUNSET
MARCH 24 2017.........SUNRISE   632 AM HST   SUNSET   644 PM HST
MARCH 25 2017.........SUNRISE   631 AM HST   SUNSET   645 PM HST


-  INDICATES NEGATIVE NUMBERS.
R  INDICATES RECORD WAS SET OR TIED.
MM INDICATES DATA IS MISSING.
T  INDICATES TRACE AMOUNT.




$$
