000
CDHW40 PHFO 271245
CLIHNL


CLIMATE REPORT
NATIONAL WEATHER SERVICE HONOLULU HI
245 AM HST FRI MAR 27 2015


...................................

...THE HONOLULU HI CLIMATE SUMMARY FOR MARCH 26 2015...

CLIMATE NORMAL PERIOD 1981 TO 2010
CLIMATE RECORD PERIOD 1946 TO 2015


WEATHER ITEM   OBSERVED TIME   RECORD YEAR NORMAL DEPARTURE LAST
                VALUE   (LST)  VALUE       VALUE  FROM      YEAR
                                                  NORMAL
..................................................................
TEMPERATURE (F)
 YESTERDAY
  MAXIMUM         80    317 PM  87    1984  82     -2       83
                                      1981
  MINIMUM         69    659 AM  57    1955  69      0       70
  AVERAGE         75                        75      0       77

PRECIPITATION (IN)
  YESTERDAY        0.03          3.65 1951   0.06  -0.03     0.03
  MONTH TO DATE    0.43                      1.74  -1.31     2.48
  SINCE MAR 1      0.43                      1.74  -1.31     2.48
  SINCE JAN 1      2.23                      6.04  -3.81     6.16

SNOWFALL (IN)
  YESTERDAY        0.0
  MONTH TO DATE    0.0
  SINCE MAR 1      0.0
  SINCE JUL 1      0.0
  SNOW DEPTH       0

DEGREE DAYS
 HEATING
  YESTERDAY        0                         0      0        0
  MONTH TO DATE    0                         0      0        0
  SINCE MAR 1      0                         0      0        0
  SINCE JUL 1      0                         0      0        0

 COOLING
  YESTERDAY       10                        10      0       12
  MONTH TO DATE  230                       243    -13      251
  SINCE MAR 1    230                       243    -13      251
  SINCE JAN 1    740                       725     15      770
..................................................................


WIND (MPH)
  HIGHEST WIND SPEED    23   HIGHEST WIND DIRECTION    NE (40)
  HIGHEST GUST SPEED    32   HIGHEST GUST DIRECTION     E (70)
  AVERAGE WIND SPEED    12.5


SKY COVER
  POSSIBLE SUNSHINE  MM
  AVERAGE SKY COVER 0.5


WEATHER CONDITIONS
 THE FOLLOWING WEATHER WAS RECORDED YESTERDAY.
  NO SIGNIFICANT WEATHER WAS OBSERVED.


RELATIVE HUMIDITY (PERCENT)
 HIGHEST    78           300 AM
 LOWEST     58          1200 PM
 AVERAGE    68

..........................................................


THE HONOLULU HI CLIMATE NORMALS FOR TODAY
                         NORMAL    RECORD    YEAR
 MAXIMUM TEMPERATURE (F)   82        87      1989
                                             1983
 MINIMUM TEMPERATURE (F)   69        58      1965


SUNRISE AND SUNSET
MARCH 27 2015.........SUNRISE   629 AM HST   SUNSET   645 PM HST
MARCH 28 2015.........SUNRISE   628 AM HST   SUNSET   645 PM HST


-  INDICATES NEGATIVE NUMBERS.
R  INDICATES RECORD WAS SET OR TIED.
MM INDICATES DATA IS MISSING.
T  INDICATES TRACE AMOUNT.




$$
