000
CDUS43 KFSD 210700
CLIHON


CLIMATE REPORT
NATIONAL WEATHER SERVICE SIOUX FALLS SD
159 AM CDT FRI JUL 21 2017


...................................

...THE HURON SD CLIMATE SUMMARY FOR JULY 20 2017...

CLIMATE NORMAL PERIOD 1981 TO 2010
CLIMATE RECORD PERIOD 1881 TO 2017


WEATHER ITEM   OBSERVED TIME   RECORD YEAR NORMAL DEPARTURE LAST
                VALUE   (LST)  VALUE       VALUE  FROM      YEAR
                                                  NORMAL
..................................................................
TEMPERATURE (F)
 YESTERDAY
  MAXIMUM         91    353 PM 111    1934  87      4       99
  MINIMUM         69    553 AM  46    1970  62      7       74
  AVERAGE         80                        74      6       87

PRECIPITATION (IN)
  YESTERDAY        0.00          1.69 2001   0.10  -0.10     0.00
  MONTH TO DATE    2.70                      1.78   0.92     0.49
  SINCE JUN 1      5.74                      5.71   0.03     2.40
  SINCE JAN 1      9.83                     13.69  -3.86    11.21

SNOWFALL (IN)
  YESTERDAY        0.0           0.0    MM   0.0    0.0      0.0
  MONTH TO DATE    0.0                       0.0    0.0      0.0
  SINCE JUN 1      0.0                       0.0    0.0      0.0
  SINCE JUL 1      0.0                       0.0    0.0      0.0
  SNOW DEPTH       0

DEGREE DAYS
 HEATING
  YESTERDAY        0                         0      0        0
  MONTH TO DATE    0                         0      0        6
  SINCE JUN 1     31                        51    -20       23
  SINCE JUL 1      0                         0      0        6

 COOLING
  YESTERDAY       15                         9      6       22
  MONTH TO DATE  240                       174     66      165
  SINCE JUN 1    394                       307     87      393
  SINCE JAN 1    415                       340     75      424
..................................................................


WIND (MPH)
  HIGHEST WIND SPEED    17   HIGHEST WIND DIRECTION    SE (130)
  HIGHEST GUST SPEED    23   HIGHEST GUST DIRECTION    SE (120)
  AVERAGE WIND SPEED     8.2


SKY COVER
  POSSIBLE SUNSHINE  MM
  AVERAGE SKY COVER 0.1


WEATHER CONDITIONS
 THE FOLLOWING WEATHER WAS RECORDED YESTERDAY.
  FOG


RELATIVE HUMIDITY (PERCENT)
 HIGHEST   100           300 AM
 LOWEST     44           200 PM
 AVERAGE    72

..........................................................


THE HURON SD CLIMATE NORMALS FOR TODAY
                         NORMAL    RECORD    YEAR
 MAXIMUM TEMPERATURE (F)   87       110      1934
 MINIMUM TEMPERATURE (F)   62        43      1947


SUNRISE AND SUNSET
JULY 21 2017..........SUNRISE   609 AM CDT   SUNSET   909 PM CDT
JULY 22 2017..........SUNRISE   610 AM CDT   SUNSET   908 PM CDT


-  INDICATES NEGATIVE NUMBERS.
R  INDICATES RECORD WAS SET OR TIED.
MM INDICATES DATA IS MISSING.
T  INDICATES TRACE AMOUNT.




$$
