906
CDUS44 KHGX 222121
CLIHOU

CLIMATE REPORT
NATIONAL WEATHER SERVICE HOUSTON/GALVESTON TX
418 PM CDT WED MAR 22 2017


...................................

...THE HOUSTON INTERCONTINENTAL CLIMATE SUMMARY FOR MARCH 22 2017...
VALID TODAY AS OF 400 PM LOCAL TIME.

CLIMATE NORMAL PERIOD 1981 TO 2010
CLIMATE RECORD PERIOD 1892 TO 2017


WEATHER ITEM   OBSERVED TIME   RECORD YEAR NORMAL DEPARTURE LAST
                VALUE   (LST)  VALUE       VALUE  FROM      YEAR
                                                  NORMAL
..................................................................
TEMPERATURE (F)
 TODAY
  MAXIMUM         85    256 PM  89    1916  75     10       70
  MINIMUM         58    619 AM  32    1970  54      4       42
                                      1915
  AVERAGE         72                        64      8       56

PRECIPITATION (IN)
  TODAY            0.00          2.01 1918   0.12  -0.12     0.00
  MONTH TO DATE    2.67                      2.42   0.25     2.69
  SINCE MAR 1      2.67                      2.42   0.25     2.69
  SINCE JAN 1     11.18                      9.00   2.18     6.80

SNOWFALL (IN)
  TODAY            0.0          MM      MM   0.0    0.0      0.0
  MONTH TO DATE    0.0                       0.0    0.0      0.0
  SINCE MAR 1      0.0                       0.0    0.0      0.0
  SINCE JUL 1      0.0                       0.1   -0.1      0.0
  SNOW DEPTH       0

DEGREE DAYS
 HEATING
  TODAY            0                         4     -4        9
  MONTH TO DATE   52                       116    -64       59
  SINCE MAR 1     52                       116    -64       59
  SINCE JUL 1    652                      1304   -652      976

 COOLING
  TODAY            7                         3      4        0
  MONTH TO DATE   87                        43     44       75
  SINCE MAR 1     87                        43     44       75
  SINCE JAN 1    266                        81    185      112
..................................................................


WIND (MPH)
  RESULTANT WIND SPEED   4   RESULTANT WIND DIRECTION   S (170)
  HIGHEST WIND SPEED    14   HIGHEST WIND DIRECTION    SE (150)
  HIGHEST GUST SPEED    19   HIGHEST GUST DIRECTION    SW (210)
  AVERAGE WIND SPEED     4.9



WEATHER CONDITIONS
 THE FOLLOWING WEATHER WAS RECORDED TODAY.
  FOG


RELATIVE HUMIDITY (PERCENT)
 HIGHEST   100           800 AM
 LOWEST     40           300 PM
 AVERAGE    70

..........................................................


THE HOUSTON INTERCONTINENTAL CLIMATE NORMALS FOR TOMORROW
                         NORMAL    RECORD    YEAR
 MAXIMUM TEMPERATURE (F)   75        89      1929
 MINIMUM TEMPERATURE (F)   54        35      1989
                                             1977


SUNRISE AND SUNSET
MARCH 22 2017.........SUNRISE   722 AM CDT   SUNSET   734 PM CDT
MARCH 23 2017.........SUNRISE   721 AM CDT   SUNSET   735 PM CDT


-  INDICATES NEGATIVE NUMBERS.
R  INDICATES RECORD WAS SET OR TIED.
MM INDICATES DATA IS MISSING.
T  INDICATES TRACE AMOUNT.



&&
...................................

...THE HOUSTON/HOBBY AIRPORT CLIMATE SUMMARY FOR MARCH 22 2017...
VALID TODAY AS OF 400 PM LOCAL TIME.

CLIMATE NORMAL PERIOD 1981 TO 2010
CLIMATE RECORD PERIOD 1930 TO 2017


WEATHER ITEM   OBSERVED TIME   RECORD YEAR NORMAL DEPARTURE LAST
                VALUE   (LST)  VALUE       VALUE  FROM      YEAR
                                                  NORMAL
..................................................................
TEMPERATURE (F)
 TODAY
  MAXIMUM         85    234 PM  90    1971  74     11       72
  MINIMUM         60    641 AM  33    1968  55      5       48
  AVERAGE         73                        65      8       60

PRECIPITATION (IN)
  TODAY            0.00          1.46 1979   0.11  -0.11     0.00
  MONTH TO DATE    6.12                      2.25   3.87     3.56
  SINCE MAR 1      6.12                      2.25   3.87     3.56
  SINCE JAN 1     12.24                      9.33   2.91     7.73

SNOWFALL (IN)
  TODAY            0.0           0.0    MM   0.0    0.0      0.0
  MONTH TO DATE    0.0                       0.0    0.0      0.0
  SINCE MAR 1      0.0                       0.0    0.0      0.0
  SINCE JUL 1      0.0                       T      0.0      0.0
  SNOW DEPTH       0

DEGREE DAYS
 HEATING
  TODAY            0                         3     -3        5
  MONTH TO DATE   42                        99    -57       36
  SINCE MAR 1     42                        99    -57       36
  SINCE JUL 1    540                      1169   -629      774

 COOLING
  TODAY            8                         3      5        0
  MONTH TO DATE   90                        42     48      101
  SINCE MAR 1     90                        42     48      101
  SINCE JAN 1    277                        80    197      139
..................................................................


WIND (MPH)
  RESULTANT WIND SPEED   4   RESULTANT WIND DIRECTION   S (180)
  HIGHEST WIND SPEED    14   HIGHEST WIND DIRECTION     S (200)
  HIGHEST GUST SPEED    26   HIGHEST GUST DIRECTION    SW (210)
  AVERAGE WIND SPEED     5.0



WEATHER CONDITIONS
 THE FOLLOWING WEATHER WAS RECORDED TODAY.
  FOG
  FOG W/VISIBILITY <= 1/4 MILE


RELATIVE HUMIDITY (PERCENT)
 HIGHEST   100           400 AM
 LOWEST     43           300 PM
 AVERAGE    72

..........................................................


THE HOUSTON/HOBBY AIRPORT CLIMATE NORMALS FOR TOMORROW
                         NORMAL    RECORD    YEAR
 MAXIMUM TEMPERATURE (F)   74        89      1971
 MINIMUM TEMPERATURE (F)   56        34      1968


SUNRISE AND SUNSET
MARCH 22 2017.........SUNRISE   722 AM CDT   SUNSET   734 PM CDT
MARCH 23 2017.........SUNRISE   721 AM CDT   SUNSET   735 PM CDT


-  INDICATES NEGATIVE NUMBERS.
R  INDICATES RECORD WAS SET OR TIED.
MM INDICATES DATA IS MISSING.
T  INDICATES TRACE AMOUNT.


...MISCELLANEOUS CLIMATE DATA FOR TODAY...

LOCATION                        HIGH    LOW     PRECIP
PEARLAND                         84      61      0.00
SUGAR LAND                       85      61      0.00
TOMBALL                          85      59      0.00
CONROE                           84      59      0.00
HUNTSVILLE                       82      66      0.00
ANGLETON/LAKE JACKSON            82      60      0.00
PALACIOS                         81      64      0.00
LEAGUE CITY (NWS)                81      61      0.00


THIS PRODUCT...ALONG WITH OTHER WEATHER...HYDROLOGIC...AND CLIMATE
PRODUCTS...IS AVAILABLE ON THE WEB AT HTTP://WWW.SRH.NOAA.GOV/HGX
OR AT HTTP://WEATHER.GOV


$$
