000
CDUS44 KHGX 251418
CLIHOU

CLIMATE REPORT
NATIONAL WEATHER SERVICE HOUSTON/GALVESTON TX
818 AM CST THU DEC 25 2014


...MORNING CLIMATE DATA...

                            MORNING LOW    PRECIP SINCE MIDNIGHT
HOUSTON INTERCONTINENTAL         34                0.00
GALVESTON SCHOLES FIELD          43                0.00
BRYAN/COLLEGE STATION            34                0.00
HOUSTON HOBBY                    36                0.00
...................................


...THE HOUSTON INTERCONTINENTAL CLIMATE SUMMARY FOR DECEMBER 24 2014...

CLIMATE NORMAL PERIOD 1981 TO 2010
CLIMATE RECORD PERIOD 1892 TO 2014


WEATHER ITEM   OBSERVED TIME   RECORD YEAR NORMAL DEPARTURE LAST
                VALUE   (LST)  VALUE       VALUE  FROM      YEAR
                                                  NORMAL
..................................................................
TEMPERATURE (F)
 YESTERDAY
  MAXIMUM         55    346 PM  82    1955  63     -8       56
                                      1948
  MINIMUM         37   1151 PM  11    1989  43     -6       31
  AVERAGE         46                        53     -7       44

PRECIPITATION (IN)
  YESTERDAY        0.00          2.04 1975   0.11  -0.11     0.00
  MONTH TO DATE    4.67                      2.99   1.68     1.66
  SINCE DEC 1      4.67                      2.99   1.68     1.66
  SINCE JAN 1     42.79                     49.02  -6.23    38.84

SNOWFALL (IN)
  YESTERDAY        0.0           T    2004
  MONTH TO DATE    0.0
  SINCE DEC 1      0.0
  SINCE JUL 1      0.0

DEGREE DAYS
 HEATING
  YESTERDAY       19                        13      6       21
  MONTH TO DATE  149                       264   -115      335
  SINCE DEC 1    149                       264   -115      335
  SINCE JUL 1    397                       449    -52      584
..................................................................


WIND (MPH)
  HIGHEST WIND SPEED    17   HIGHEST WIND DIRECTION    NW (330)
  HIGHEST GUST SPEED    24   HIGHEST GUST DIRECTION     W (280)




RELATIVE HUMIDITY (PERCENT)
 HIGHEST    92
 LOWEST     46
 AVERAGE    69

..........................................................


THE HOUSTON INTERCONTINENTAL CLIMATE NORMALS FOR TODAY
                         NORMAL    RECORD    YEAR
 MAXIMUM TEMPERATURE (F)   63        82      1964
 MINIMUM TEMPERATURE (F)   43        11      1983


SUNRISE AND SUNSET
DECEMBER 25 2014......SUNRISE   715 AM CST   SUNSET   528 PM CST
DECEMBER 26 2014......SUNRISE   715 AM CST   SUNSET   529 PM CST


-  INDICATES NEGATIVE NUMBERS.
R  INDICATES RECORD WAS SET OR TIED.
MM INDICATES DATA IS MISSING.
T  INDICATES TRACE AMOUNT.


&&

...................................

...THE HOUSTON/HOBBY AIRPORT CLIMATE SUMMARY FOR DECEMBER 24 2014...

CLIMATE NORMAL PERIOD 1981 TO 2010
CLIMATE RECORD PERIOD 1930 TO 2014


WEATHER ITEM   OBSERVED TIME   RECORD YEAR NORMAL DEPARTURE LAST
                VALUE   (LST)  VALUE       VALUE  FROM      YEAR
                                                  NORMAL
..................................................................
TEMPERATURE (F)
 YESTERDAY
  MAXIMUM         54    448 PM  82    1948  63     -9       55
  MINIMUM         40   1142 PM  15    1983  46     -6       33
  AVERAGE         47                        54     -7       44

PRECIPITATION (IN)
  YESTERDAY        0.00          1.68 1962   0.13  -0.13     0.00
  MONTH TO DATE    3.93                      3.16   0.77     0.87
  SINCE DEC 1      3.93                      3.16   0.77     0.87
  SINCE JAN 1     40.45                     53.78 -13.33    43.06

SNOWFALL (IN)
  YESTERDAY        0.0           T    2004
  MONTH TO DATE    0.0
  SINCE DEC 1      0.0
  SINCE JUL 1      0.0

DEGREE DAYS
 HEATING
  YESTERDAY       18                        11      7       21
  MONTH TO DATE  128                       238   -110      302
  SINCE DEC 1    128                       238   -110      302
  SINCE JUL 1    342                       394    -52      519
..................................................................


WIND (MPH)
  HIGHEST WIND SPEED    20   HIGHEST WIND DIRECTION     W (290)
  HIGHEST GUST SPEED    25   HIGHEST GUST DIRECTION     W (280)




RELATIVE HUMIDITY (PERCENT)
 HIGHEST    82
 LOWEST     45
 AVERAGE    64

..........................................................


THE HOUSTON/HOBBY AIRPORT CLIMATE NORMALS FOR TODAY
                         NORMAL    RECORD    YEAR
 MAXIMUM TEMPERATURE (F)   63        82      1964
 MINIMUM TEMPERATURE (F)   46        13      1983


SUNRISE AND SUNSET
DECEMBER 25 2014......SUNRISE   714 AM CST   SUNSET   529 PM CST
DECEMBER 26 2014......SUNRISE   714 AM CST   SUNSET   529 PM CST


-  INDICATES NEGATIVE NUMBERS.
R  INDICATES RECORD WAS SET OR TIED.
MM INDICATES DATA IS MISSING.
T  INDICATES TRACE AMOUNT.


...MISCELLANEOUS CLIMATE DATA FOR YESTERDAY...

LOCATION                        HIGH    LOW     PRECIP
PEARLAND                         55      39      0.00
SUGAR LAND                       56      38      0.00
TOMBALL                          54      35      0.00
CONROE                           52      33      0.00
HUNTSVILLE                       53      38      0.00
ANGLETON/LAKE JACKSON            54      37      0.00
PALACIOS                         57      40      0.00
LEAGUE CITY (NWS)                53      37      0.00


THIS PRODUCT...ALONG WITH OTHER WEATHER...HYDROLOGIC...AND CLIMATE
PRODUCTS...IS AVAILABLE ON THE WEB AT HTTP://WWW.SRH.NOAA.GOV/HGX
OR AT HTTP://WEATHER.GOV


$$
