000
CDUS44 KHGX 021312
CLIHOU

CLIMATE REPORT
NATIONAL WEATHER SERVICE HOUSTON/GALVESTON TX
810 AM CDT TUE JUN 2 2015


...MORNING CLIMATE DATA...

                            MORNING LOW    PRECIP SINCE MIDNIGHT
HOUSTON INTERCONTINENTAL         68                0.00
GALVESTON SCHOLES FIELD          75                0.00
BRYAN/COLLEGE STATION            69                0.00
HOUSTON HOBBY                    70                0.00
...................................

...THE HOUSTON INTERCONTINENTAL CLIMATE SUMMARY FOR JUNE 1 2015...

CLIMATE NORMAL PERIOD 1981 TO 2010
CLIMATE RECORD PERIOD 1892 TO 2015


WEATHER ITEM   OBSERVED TIME   RECORD YEAR NORMAL DEPARTURE LAST
                VALUE   (LST)  VALUE       VALUE  FROM      YEAR
                                                  NORMAL
..................................................................
TEMPERATURE (F)
 YESTERDAY
  MAXIMUM         89    301 PM  98    2011  90     -1       88
                                      1998
  MINIMUM         66    537 AM  53    1984  71     -5       71
  AVERAGE         78                        80     -2       80

PRECIPITATION (IN)
  YESTERDAY        0.00          1.32 1920   0.18  -0.18     0.01
  MONTH TO DATE    0.00                      0.18  -0.18     0.01
  SINCE JUN 1      0.00                      0.18  -0.18     0.01
  SINCE JAN 1     30.44                     18.57  11.87    19.08

DEGREE DAYS
 COOLING
  YESTERDAY       13                        15     -2       15
  MONTH TO DATE   13                        15     -2       15
  SINCE JUN 1     13                        15     -2       15
  SINCE JAN 1    705                       667     38      556
..................................................................


WIND (MPH)
  HIGHEST WIND SPEED    12   HIGHEST WIND DIRECTION     N (350)
  HIGHEST GUST SPEED    17   HIGHEST GUST DIRECTION     N (360)




RELATIVE HUMIDITY (PERCENT)
 HIGHEST    93
 LOWEST     42
 AVERAGE    68

..........................................................


THE HOUSTON INTERCONTINENTAL CLIMATE NORMALS FOR TODAY
                         NORMAL    RECORD    YEAR
 MAXIMUM TEMPERATURE (F)   90       100      2011
 MINIMUM TEMPERATURE (F)   71        55      1892


SUNRISE AND SUNSET
JUNE  2 2015..........SUNRISE   621 AM CDT   SUNSET   818 PM CDT
JUNE  3 2015..........SUNRISE   621 AM CDT   SUNSET   819 PM CDT


-  INDICATES NEGATIVE NUMBERS.
R  INDICATES RECORD WAS SET OR TIED.
MM INDICATES DATA IS MISSING.
T  INDICATES TRACE AMOUNT.


&&

...................................

...THE HOUSTON/HOBBY AIRPORT CLIMATE SUMMARY FOR JUNE 1 2015...

CLIMATE NORMAL PERIOD 1981 TO 2010
CLIMATE RECORD PERIOD 1930 TO 2015


WEATHER ITEM   OBSERVED TIME   RECORD YEAR NORMAL DEPARTURE LAST
                VALUE   (LST)  VALUE       VALUE  FROM      YEAR
                                                  NORMAL
..................................................................
TEMPERATURE (F)
 YESTERDAY
  MAXIMUM         89    355 PM 100    1998  89      0       88
  MINIMUM         70    600 AM  56    1984  72     -2       73
  AVERAGE         80                        80      0       81

PRECIPITATION (IN)
  YESTERDAY        0.00          3.89 1976   0.19  -0.19     0.02
  MONTH TO DATE    0.00                      0.19  -0.19     0.02
  SINCE JUN 1      0.00                      0.19  -0.19     0.02
  SINCE JAN 1     34.86                     18.47  16.39    16.86

DEGREE DAYS
 COOLING
  YESTERDAY       15                        15      0       16
  MONTH TO DATE   15                        15      0       16
  SINCE JUN 1     15                        15      0       16
  SINCE JAN 1    754                       669     85      567
..................................................................


WIND (MPH)
  HIGHEST WIND SPEED    12   HIGHEST WIND DIRECTION     N (10)
  HIGHEST GUST SPEED    16   HIGHEST GUST DIRECTION     N (10)




RELATIVE HUMIDITY (PERCENT)
 HIGHEST    84
 LOWEST     36
 AVERAGE    60

..........................................................


THE HOUSTON/HOBBY AIRPORT CLIMATE NORMALS FOR TODAY
                         NORMAL    RECORD    YEAR
 MAXIMUM TEMPERATURE (F)   89        98      2011
 MINIMUM TEMPERATURE (F)   72        59      1964


SUNRISE AND SUNSET
JUNE  2 2015..........SUNRISE   621 AM CDT   SUNSET   817 PM CDT
JUNE  3 2015..........SUNRISE   621 AM CDT   SUNSET   818 PM CDT


-  INDICATES NEGATIVE NUMBERS.
R  INDICATES RECORD WAS SET OR TIED.
MM INDICATES DATA IS MISSING.
T  INDICATES TRACE AMOUNT.

...MISCELLANEOUS CLIMATE DATA FOR YESTERDAY...

LOCATION                        HIGH    LOW     PRECIP
PEARLAND                         91      68      0.00
SUGAR LAND                       89      66      0.00
TOMBALL                          88      65      0.00
CONROE                           87      62      0.00
HUNTSVILLE                       86      61      0.00
ANGLETON/LAKE JACKSON            90      63      0.00
PALACIOS                         88      71      0.00
LEAGUE CITY (NWS)                88      67      0.00


THIS PRODUCT...ALONG WITH OTHER WEATHER...HYDROLOGIC...AND CLIMATE
PRODUCTS...IS AVAILABLE ON THE WEB AT HTTP://WWW.SRH.NOAA.GOV/HGX
OR AT HTTP://WEATHER.GOV


$$
