000
CDUS44 KHGX 071412
CLIHOU

CLIMATE REPORT
NATIONAL WEATHER SERVICE HOUSTON/GALVESTON TX
810 AM CST SUN FEB 7 2016


...MORNING CLIMATE DATA...

                            MORNING LOW    PRECIP SINCE MIDNIGHT
HOUSTON INTERCONTINENTAL         35                0.00
GALVESTON SCHOLES FIELD          43                0.00
BRYAN/COLLEGE STATION            32                0.00
HOUSTON HOBBY                    37                0.00
...................................

...THE HOUSTON INTERCONTINENTAL CLIMATE SUMMARY FOR FEBRUARY 6 2016...

CLIMATE NORMAL PERIOD 1981 TO 2010
CLIMATE RECORD PERIOD 1892 TO 2016


WEATHER ITEM   OBSERVED TIME   RECORD YEAR NORMAL DEPARTURE LAST
                VALUE   (LST)  VALUE       VALUE  FROM      YEAR
                                                  NORMAL
..................................................................
TEMPERATURE (F)
 YESTERDAY
  MAXIMUM         60    400 PM  81    1911  65     -5       56
  MINIMUM         41    440 AM  24    1989  45     -4       41
  AVERAGE         51                        55     -4       49

PRECIPITATION (IN)
  YESTERDAY        0.15          1.09 1967   0.11   0.04     0.00
  MONTH TO DATE    0.15                      0.64  -0.49     0.34
  SINCE DEC 1      7.52                      7.76  -0.24     9.11
  SINCE JAN 1      2.31                      4.02  -1.71     3.51

SNOWFALL (IN)
  YESTERDAY       MM            MM      MM
  MONTH TO DATE    0.0
  SINCE DEC 1      0.0
  SINCE JUL 1      0.0

DEGREE DAYS
 HEATING
  YESTERDAY       14                        11      3       16
  MONTH TO DATE   64                        66     -2       91
  SINCE DEC 1    674                       805   -131      812
  SINCE JUL 1    787                       990   -203     1060
..................................................................


WIND (MPH)
  HIGHEST WIND SPEED    29   HIGHEST WIND DIRECTION    NW (310)
  HIGHEST GUST SPEED    39   HIGHEST GUST DIRECTION    NW (310)




RELATIVE HUMIDITY (PERCENT)
 HIGHEST    93
 LOWEST     35
 AVERAGE    64

..........................................................


THE HOUSTON INTERCONTINENTAL CLIMATE NORMALS FOR TODAY
                         NORMAL    RECORD    YEAR
 MAXIMUM TEMPERATURE (F)   65        80      1957
                                             1950
                                             1911
 MINIMUM TEMPERATURE (F)   45        11      1895


SUNRISE AND SUNSET
FEBRUARY  7 2016......SUNRISE   708 AM CST   SUNSET   603 PM CST
FEBRUARY  8 2016......SUNRISE   707 AM CST   SUNSET   604 PM CST


-  INDICATES NEGATIVE NUMBERS.
R  INDICATES RECORD WAS SET OR TIED.
MM INDICATES DATA IS MISSING.
T  INDICATES TRACE AMOUNT.



&&
...................................

...THE HOUSTON/HOBBY AIRPORT CLIMATE SUMMARY FOR FEBRUARY 6 2016...

CLIMATE NORMAL PERIOD 1981 TO 2010
CLIMATE RECORD PERIOD 1930 TO 2016


WEATHER ITEM   OBSERVED TIME   RECORD YEAR NORMAL DEPARTURE LAST
                VALUE   (LST)  VALUE       VALUE  FROM      YEAR
                                                  NORMAL
..................................................................
TEMPERATURE (F)
 YESTERDAY
  MAXIMUM         61    344 PM  81    1969  65     -4       56
                                      1950
  MINIMUM         42    750 AM  25    1989  47     -5       42
  AVERAGE         52                        56     -4       49

PRECIPITATION (IN)
  YESTERDAY        0.19          1.83 1967   0.12   0.07     0.00
  MONTH TO DATE    0.19                      0.70  -0.51     0.28
  SINCE DEC 1      6.19                      8.60  -2.41    10.02
  SINCE JAN 1      2.70                      4.57  -1.87     5.41

SNOWFALL (IN)
  YESTERDAY       MM            MM      MM
  MONTH TO DATE    0.0
  SINCE DEC 1      0.0
  SINCE JUL 1      0.0

DEGREE DAYS
 HEATING
  YESTERDAY       13                        10      3       16
  MONTH TO DATE   55                        60     -5       82
  SINCE DEC 1    566                       735   -169      742
  SINCE JUL 1    640                       891   -251      956
..................................................................


WIND (MPH)
  HIGHEST WIND SPEED    21   HIGHEST WIND DIRECTION    NW (300)
  HIGHEST GUST SPEED    28   HIGHEST GUST DIRECTION    NW (320)




RELATIVE HUMIDITY (PERCENT)
 HIGHEST    92
 LOWEST     32
 AVERAGE    62

..........................................................


THE HOUSTON/HOBBY AIRPORT CLIMATE NORMALS FOR TODAY
                         NORMAL    RECORD    YEAR
 MAXIMUM TEMPERATURE (F)   65        82      1950
 MINIMUM TEMPERATURE (F)   47        26      1989


SUNRISE AND SUNSET
FEBRUARY  7 2016......SUNRISE   707 AM CST   SUNSET   604 PM CST
FEBRUARY  8 2016......SUNRISE   706 AM CST   SUNSET   604 PM CST


-  INDICATES NEGATIVE NUMBERS.
R  INDICATES RECORD WAS SET OR TIED.
MM INDICATES DATA IS MISSING.
T  INDICATES TRACE AMOUNT.

...MISCELLANEOUS CLIMATE DATA FOR YESTERDAY...

LOCATION                        HIGH    LOW     PRECIP
PEARLAND                         61      44      0.01
SUGAR LAND                       60      39      0.07
TOMBALL                          60      40      0.15
CONROE                           57      34      0.15
HUNTSVILLE                       57      37      0.10
ANGLETON/LAKE JACKSON            62      40      0.09
PALACIOS                         63      41      0.13
LEAGUE CITY (NWS)                59      43      0.01


THIS PRODUCT...ALONG WITH OTHER WEATHER...HYDROLOGIC...AND CLIMATE
PRODUCTS...IS AVAILABLE ON THE WEB AT HTTP://WWW.SRH.NOAA.GOV/HGX
OR AT HTTP://WEATHER.GOV

$$
