000
CDUS44 KHGX 261415
CLIHOU

CLIMATE REPORT
NATIONAL WEATHER SERVICE HOUSTON/GALVESTON TX
815 AM CST WED NOV 26 2014


...MORNING CLIMATE DATA...

                            MORNING LOW    PRECIP SINCE MIDNIGHT
HOUSTON INTERCONTINENTAL         43                0.00
GALVESTON SCHOLES FIELD          55                0.00
BRYAN/COLLEGE STATION            42                0.00
HOUSTON HOBBY                    45                0.00


...................................

...THE HOUSTON INTERCONTINENTAL CLIMATE SUMMARY FOR NOVEMBER 25 2014...

CLIMATE NORMAL PERIOD 1981 TO 2010
CLIMATE RECORD PERIOD 1892 TO 2014


WEATHER ITEM   OBSERVED TIME   RECORD YEAR NORMAL DEPARTURE LAST
                VALUE   (LST)  VALUE       VALUE  FROM      YEAR
                                                  NORMAL
..................................................................
TEMPERATURE (F)
 YESTERDAY
  MAXIMUM         66    355 PM  86    1967  69     -3       44
  MINIMUM         41    307 AM  29    1950  49     -8       39
  AVERAGE         54                        59     -5       42

PRECIPITATION (IN)
  YESTERDAY        0.00          1.70 1987   0.14  -0.14     1.26
  MONTH TO DATE    3.40                      3.62  -0.22     3.34
  SINCE SEP 1     10.23                     13.44  -3.21    15.51
  SINCE JAN 1     38.12                     45.31  -7.19    36.71

SNOWFALL (IN)
  YESTERDAY        0.0           0.0  2002
                                      2001
  MONTH TO DATE    0.0
  SINCE SEP 1      0.0
  SINCE JUL 1      0.0

DEGREE DAYS
 HEATING
  YESTERDAY       11                         7      4       23
  MONTH TO DATE  221                       114    107      147
  SINCE SEP 1    221                       144     77      155
  SINCE JUL 1    221                       144     77      155
..................................................................


WIND (MPH)
  HIGHEST WIND SPEED    13   HIGHEST WIND DIRECTION     N (340)
  HIGHEST GUST SPEED    17   HIGHEST GUST DIRECTION    NW (320)




RELATIVE HUMIDITY (PERCENT)
 HIGHEST    79
 LOWEST     22
 AVERAGE    51

..........................................................


THE HOUSTON INTERCONTINENTAL CLIMATE NORMALS FOR TODAY
                         NORMAL    RECORD    YEAR
 MAXIMUM TEMPERATURE (F)   69        86      1967
 MINIMUM TEMPERATURE (F)   49        27      1975


SUNRISE AND SUNSET
NOVEMBER 26 2014......SUNRISE   656 AM CST   SUNSET   522 PM CST
NOVEMBER 27 2014......SUNRISE   656 AM CST   SUNSET   522 PM CST


-  INDICATES NEGATIVE NUMBERS.
R  INDICATES RECORD WAS SET OR TIED.
MM INDICATES DATA IS MISSING.
T  INDICATES TRACE AMOUNT.




...................................

...THE HOUSTON/HOBBY AIRPORT CLIMATE SUMMARY FOR NOVEMBER 25 2014...

CLIMATE NORMAL PERIOD 1981 TO 2010
CLIMATE RECORD PERIOD 1930 TO 2014


WEATHER ITEM   OBSERVED TIME   RECORD YEAR NORMAL DEPARTURE LAST
                VALUE   (LST)  VALUE       VALUE  FROM      YEAR
                                                  NORMAL
..................................................................
TEMPERATURE (F)
 YESTERDAY
  MAXIMUM         66    317 PM  86    1967  69     -3       46
  MINIMUM         46    301 AM  24    1938  51     -5       39
  AVERAGE         56                        60     -4       43

PRECIPITATION (IN)
  YESTERDAY        0.00          1.82 2013   0.13  -0.13     1.82
  MONTH TO DATE    4.44                      3.63   0.81     3.15
  SINCE SEP 1     11.99                     14.83  -2.84    18.89
  SINCE JAN 1     36.52                     49.93 -13.41    41.76

SNOWFALL (IN)
  YESTERDAY        0.0          MM      MM
  MONTH TO DATE    0.0
  SINCE SEP 1      0.0
  SINCE JUL 1      0.0

DEGREE DAYS
 HEATING
  YESTERDAY        9                         6      3       22
  MONTH TO DATE  191                        99     92      125
  SINCE SEP 1    191                       120     71      128
  SINCE JUL 1    191                       120     71      128
..................................................................


WIND (MPH)
  HIGHEST WIND SPEED    13   HIGHEST WIND DIRECTION     N (340)
  HIGHEST GUST SPEED    MM   HIGHEST GUST DIRECTION    MM




RELATIVE HUMIDITY (PERCENT)
 HIGHEST    71
 LOWEST     22
 AVERAGE    47

..........................................................


THE HOUSTON/HOBBY AIRPORT CLIMATE NORMALS FOR TODAY
                         NORMAL    RECORD    YEAR
 MAXIMUM TEMPERATURE (F)   69        87      1973
 MINIMUM TEMPERATURE (F)   51        30      1936


SUNRISE AND SUNSET
NOVEMBER 26 2014......SUNRISE   655 AM CST   SUNSET   522 PM CST
NOVEMBER 27 2014......SUNRISE   655 AM CST   SUNSET   522 PM CST


-  INDICATES NEGATIVE NUMBERS.
R  INDICATES RECORD WAS SET OR TIED.
MM INDICATES DATA IS MISSING.
T  INDICATES TRACE AMOUNT.
...........................................................


...MISCELLANEOUS CLIMATE DATA FOR YESTERDAY...

LOCATION                        HIGH    LOW     PRECIP
PEARLAND                         66      45      0.00
SUGAR LAND                       67      41      0.00
TOMBALL                          66      38      0.00
CONROE                           64      35      0.00
HUNTSVILLE                       65      38      0.00
ANGLETON/LAKE JACKSON            65      41      0.00
PALACIOS                         67      43      0.00
LEAGUE CITY (NWS)                64      42      0.00


THIS PRODUCT...ALONG WITH OTHER WEATHER...HYDROLOGIC...AND CLIMATE
PRODUCTS...IS AVAILABLE ON THE WEB AT HTTP://WWW.SRH.NOAA.GOV/HGX
OR AT HTTP://WEATHER.GOV

$$
