000
CDUS44 KHGX 251308
CLIHOU

CLIMATE REPORT
NATIONAL WEATHER SERVICE HOUSTON/GALVESTON TX
808 AM CDT TUE APR 25 2017


...MORNING CLIMATE DATA...

                            MORNING LOW    PRECIP SINCE MIDNIGHT
HOUSTON INTERCONTINENTAL         65                0.00
GALVESTON SCHOLES FIELD          71                0.00
BRYAN/COLLEGE STATION            62                0.00
HOUSTON HOBBY                    63                0.00

...................................

...THE HOUSTON INTERCONTINENTAL CLIMATE SUMMARY FOR APRIL 24 2017...

CLIMATE NORMAL PERIOD 1981 TO 2010
CLIMATE RECORD PERIOD 1892 TO 2017


WEATHER ITEM   OBSERVED TIME   RECORD YEAR NORMAL DEPARTURE LAST
                VALUE   (LST)  VALUE       VALUE  FROM      YEAR
                                                  NORMAL
..................................................................
TEMPERATURE (F)
 YESTERDAY
  MAXIMUM         81    404 PM  92    1894  81      0       77
  MINIMUM         52    540 AM  46    1995  62    -10       57
  AVERAGE         67                        72     -5       67

PRECIPITATION (IN)
  YESTERDAY        0.00          2.24 1918   0.12  -0.12     0.32
  MONTH TO DATE    1.67                      2.54  -0.87    13.18
  SINCE MAR 1      7.30                      5.95   1.35    16.43
  SINCE JAN 1     15.81                     12.53   3.28    20.54

SNOWFALL (IN)
  YESTERDAY        0.0          MM      MM
  MONTH TO DATE    0.0
  SINCE MAR 1      0.0
  SINCE JUL 1      0.0

DEGREE DAYS
 HEATING
  YESTERDAY        0                         0      0        0
  MONTH TO DATE    1                        35    -34       20
  SINCE MAR 1     53                       176   -123      100
  SINCE JUL 1    653                      1364   -711     1017

 COOLING
  YESTERDAY        2                         7     -5        2
  MONTH TO DATE  160                       126     34       75
  SINCE MAR 1    318                       197    121      174
  SINCE JAN 1    497                       235    262      211
..................................................................


WIND (MPH)
  HIGHEST WIND SPEED    15   HIGHEST WIND DIRECTION    SE (130)
  HIGHEST GUST SPEED    21   HIGHEST GUST DIRECTION     S (190)


RELATIVE HUMIDITY (PERCENT)
 HIGHEST    96
 LOWEST     32
 AVERAGE    64

..........................................................


THE HOUSTON INTERCONTINENTAL CLIMATE NORMALS FOR TODAY
                         NORMAL    RECORD    YEAR
 MAXIMUM TEMPERATURE (F)   82        90      2006
                                             1945
                                             1932
 MINIMUM TEMPERATURE (F)   62        41      1910


SUNRISE AND SUNSET
APRIL 25 2017.........SUNRISE   644 AM CDT   SUNSET   755 PM CDT
APRIL 26 2017.........SUNRISE   643 AM CDT   SUNSET   756 PM CDT


-  INDICATES NEGATIVE NUMBERS.
R  INDICATES RECORD WAS SET OR TIED.
MM INDICATES DATA IS MISSING.
T  INDICATES TRACE AMOUNT.


&&

...................................

...THE HOUSTON/HOBBY AIRPORT CLIMATE SUMMARY FOR APRIL 24 2017...

CLIMATE NORMAL PERIOD 1981 TO 2010
CLIMATE RECORD PERIOD 1930 TO 2017


WEATHER ITEM   OBSERVED TIME   RECORD YEAR NORMAL DEPARTURE LAST
                VALUE   (LST)  VALUE       VALUE  FROM      YEAR
                                                  NORMAL
..................................................................
TEMPERATURE (F)
 YESTERDAY
  MAXIMUM         79    415 PM  90    1987  81     -2       77
  MINIMUM         54    543 AM  49    1995  63     -9       62
  AVERAGE         67                        72     -5       70

PRECIPITATION (IN)
  YESTERDAY        0.00          4.72 2009   0.12  -0.12     0.62
  MONTH TO DATE    2.98                      2.51   0.47     8.12
  SINCE MAR 1     11.13                      5.71   5.42    12.26
  SINCE JAN 1     17.25                     12.79   4.46    16.43

SNOWFALL (IN)
  YESTERDAY        0.0          MM      MM
  MONTH TO DATE    0.0
  SINCE MAR 1      0.0
  SINCE JUL 1      0.0

DEGREE DAYS
 HEATING
  YESTERDAY        0                         0      0        0
  MONTH TO DATE    1                        27    -26        8
  SINCE MAR 1     43                       148   -105       52
  SINCE JUL 1    541                      1218   -677      790

 COOLING
  YESTERDAY        2                         7     -5        5
  MONTH TO DATE  164                       127     37      134
  SINCE MAR 1    336                       196    140      275
  SINCE JAN 1    523                       234    289      313
..................................................................


WIND (MPH)
  HIGHEST WIND SPEED    16   HIGHEST WIND DIRECTION     S (170)
  HIGHEST GUST SPEED    22   HIGHEST GUST DIRECTION     S (180)


RELATIVE HUMIDITY (PERCENT)
 HIGHEST    83
 LOWEST     35
 AVERAGE    59

..........................................................


THE HOUSTON/HOBBY AIRPORT CLIMATE NORMALS FOR TODAY
                         NORMAL    RECORD    YEAR
 MAXIMUM TEMPERATURE (F)   81        91      1932
 MINIMUM TEMPERATURE (F)   63        46      1937


SUNRISE AND SUNSET
APRIL 25 2017.........SUNRISE   644 AM CDT   SUNSET   754 PM CDT
APRIL 26 2017.........SUNRISE   643 AM CDT   SUNSET   755 PM CDT


-  INDICATES NEGATIVE NUMBERS.
R  INDICATES RECORD WAS SET OR TIED.
MM INDICATES DATA IS MISSING.
T  INDICATES TRACE AMOUNT.


...MISCELLANEOUS CLIMATE DATA FOR YESTERDAY...

LOCATION                        HIGH    LOW     PRECIP
PEARLAND                         81      53      0.00
SUGAR LAND                       81      50      0.00
TOMBALL                          81      49      0.00
CONROE                           81      44      0.00
HUNTSVILLE                       79      49      0.00
ANGLETON/LAKE JACKSON            79      50      0.00
PALACIOS                         76      52      0.00
LEAGUE CITY (NWS)                79      52      0.00


THIS PRODUCT...ALONG WITH OTHER WEATHER...HYDROLOGIC...AND CLIMATE
PRODUCTS...IS AVAILABLE ON THE WEB AT HTTP://WWW.WEATHER.GOV/HGX

$$
