000
CDUS44 KHGX 251312
CLIHOU

CLIMATE REPORT
NATIONAL WEATHER SERVICE HOUSTON/GALVESTON TX
218 AM CDT WED MAY 25 2016

...MORNING CLIMATE DATA...

                            MORNING LOW    PRECIP SINCE MIDNIGHT
HOUSTON INTERCONTINENTAL         76                0.00
GALVESTON SCHOLES FIELD          78                0.00
BRYAN/COLLEGE STATION            77                0.00
HOUSTON HOBBY                    79                0.00

...................................

...THE HOUSTON INTERCONTINENTAL CLIMATE SUMMARY FOR MAY 24 2016...

CLIMATE NORMAL PERIOD 1981 TO 2010
CLIMATE RECORD PERIOD 1892 TO 2016


WEATHER ITEM   OBSERVED TIME   RECORD YEAR NORMAL DEPARTURE LAST
                VALUE   (LST)  VALUE       VALUE  FROM      YEAR
                                                  NORMAL
..................................................................
TEMPERATURE (F)
 YESTERDAY
  MAXIMUM         86    220 PM  95    1955  88     -2       81
  MINIMUM         72    507 AM  54    1892  70      2       69
  AVERAGE         79                        79      0       75

PRECIPITATION (IN)
  YESTERDAY        0.00          3.96 1936   0.16  -0.16     0.56
  MONTH TO DATE    2.75                      3.91  -1.16     7.07
  SINCE MAR 1     20.39                     10.63   9.76    19.51
  SINCE JAN 1     24.50                     17.21   7.29    23.34

DEGREE DAYS
 COOLING
  YESTERDAY       14                        14      0       10
  MONTH TO DATE  214                       269    -55      286
  SINCE MAR 1    456                       512    -56      590
  SINCE JAN 1    493                       550    -57      600
..................................................................


WIND (MPH)
  HIGHEST WIND SPEED    23   HIGHEST WIND DIRECTION    SE (140)
  HIGHEST GUST SPEED    29   HIGHEST GUST DIRECTION     S (160)




RELATIVE HUMIDITY (PERCENT)
 HIGHEST   100
 LOWEST     74
 AVERAGE    87

..........................................................


THE HOUSTON INTERCONTINENTAL CLIMATE NORMALS FOR TODAY
                         NORMAL    RECORD    YEAR
 MAXIMUM TEMPERATURE (F)   88        95      2011
                                             1927
 MINIMUM TEMPERATURE (F)   70        56      1979
                                             1891


SUNRISE AND SUNSET
MAY 25 2016...........SUNRISE   623 AM CDT   SUNSET   814 PM CDT
MAY 26 2016...........SUNRISE   622 AM CDT   SUNSET   815 PM CDT


-  INDICATES NEGATIVE NUMBERS.
R  INDICATES RECORD WAS SET OR TIED.
MM INDICATES DATA IS MISSING.
T  INDICATES TRACE AMOUNT.


&&

...................................

...THE HOUSTON/HOBBY AIRPORT CLIMATE SUMMARY FOR MAY 24 2016...

CLIMATE NORMAL PERIOD 1981 TO 2010
CLIMATE RECORD PERIOD 1930 TO 2016


WEATHER ITEM   OBSERVED TIME   RECORD YEAR NORMAL DEPARTURE LAST
                VALUE   (LST)  VALUE       VALUE  FROM      YEAR
                                                  NORMAL
..................................................................
TEMPERATURE (F)
 YESTERDAY
  MAXIMUM         89    243 PM  95    1955  87      2       81
  MINIMUM         75    358 AM  57    1940  71      4       70
  AVERAGE         82                        79      3       76

PRECIPITATION (IN)
  YESTERDAY        0.00          3.50 1936   0.17  -0.17     0.14
  MONTH TO DATE    4.90                      3.51   1.39     6.33
  SINCE MAR 1     17.99                      9.96   8.03    20.91
  SINCE JAN 1     22.16                     17.04   5.12    26.79

DEGREE DAYS
 COOLING
  YESTERDAY       17                        14      3       11
  MONTH TO DATE  276                       272      4      314
  SINCE MAR 1    627                       514    113      637
  SINCE JAN 1    665                       552    113      647
..................................................................


WIND (MPH)
  HIGHEST WIND SPEED    20   HIGHEST WIND DIRECTION    SE (140)
  HIGHEST GUST SPEED    25   HIGHEST GUST DIRECTION     S (180)




RELATIVE HUMIDITY (PERCENT)
 HIGHEST    94
 LOWEST     63
 AVERAGE    79

..........................................................


THE HOUSTON/HOBBY AIRPORT CLIMATE NORMALS FOR TODAY
                         NORMAL    RECORD    YEAR
 MAXIMUM TEMPERATURE (F)   87        94      2005
 MINIMUM TEMPERATURE (F)   71        57      1931


SUNRISE AND SUNSET
MAY 25 2016...........SUNRISE   623 AM CDT   SUNSET   813 PM CDT
MAY 26 2016...........SUNRISE   623 AM CDT   SUNSET   814 PM CDT


-  INDICATES NEGATIVE NUMBERS.
R  INDICATES RECORD WAS SET OR TIED.
MM INDICATES DATA IS MISSING.
T  INDICATES TRACE AMOUNT.

...MISCELLANEOUS CLIMATE DATA FOR YESTERDAY...

LOCATION                        HIGH    LOW     PRECIP
PEARLAND                         89      77      0.00
SUGAR LAND                       87      74      0.01
TOMBALL                          88      74       T
CONROE                           89      71       T
HUNTSVILLE                       89      73      0.00
ANGLETON/LAKE JACKSON            88      76      0.00
PALACIOS                         88      76      0.00
LEAGUE CITY (NWS)                85      75      T


THIS PRODUCT...ALONG WITH OTHER WEATHER...HYDROLOGIC...AND CLIMATE
PRODUCTS...IS AVAILABLE ON THE WEB AT HTTP://WWW.SRH.NOAA.GOV/HGX
OR AT HTTP://WEATHER.GOV

$$
