000
CDUS44 KHGX 242122
CLIHOU

CLIMATE REPORT
NATIONAL WEATHER SERVICE HOUSTON/GALVESTON TX
422 PM CDT FRI OCT 24 2014


...................................

...THE HOUSTON INTERCONTINENTAL CLIMATE SUMMARY FOR OCTOBER 24 2014...
VALID TODAY AS OF 400 PM LOCAL TIME.

CLIMATE NORMAL PERIOD 1981 TO 2010
CLIMATE RECORD PERIOD 1892 TO 2014


WEATHER ITEM   OBSERVED TIME   RECORD YEAR NORMAL DEPARTURE LAST
                VALUE   (LST)  VALUE       VALUE  FROM      YEAR
                                                  NORMAL
..................................................................
TEMPERATURE (F)
 TODAY
  MAXIMUM         82    241 PM  92    1931  80      2       83
  MINIMUM         54    701 AM  39    1908  59     -5       54
  AVERAGE         68                        69     -1       69

PRECIPITATION (IN)
  TODAY            0.00          2.13 1949   0.19  -0.19     0.00
  MONTH TO DATE    2.95                      4.43  -1.48     2.79
  SINCE SEP 1      6.83                      8.55  -1.72     7.88
  SINCE JAN 1     34.72                     40.42  -5.70    29.08

SNOWFALL (IN)
  TODAY            0.0           0.0  2002   0.0    0.0      0.0
                                      2001
  MONTH TO DATE    0.0                       0.0    0.0      0.0
  SINCE SEP 1      0.0                       0.0    0.0      0.0
  SINCE JUL 1      0.0                       0.0    0.0      0.0
  SNOW DEPTH       0

DEGREE DAYS
 HEATING
  TODAY            0                         1     -1        0
  MONTH TO DATE    0                        13    -13        8
  SINCE SEP 1      0                        14    -14        8
  SINCE JUL 1      0                        14    -14        8

 COOLING
  TODAY            3                         6     -3        4
  MONTH TO DATE  211                       192     19      176
  SINCE SEP 1    685                       635     50      704
  SINCE JAN 1   2961                      3017    -56     3097
..................................................................


WIND (MPH)
  RESULTANT WIND SPEED   3   RESULTANT WIND DIRECTION  NE (40)
  HIGHEST WIND SPEED     9   HIGHEST WIND DIRECTION    NE (40)
  HIGHEST GUST SPEED    17   HIGHEST GUST DIRECTION     N (360)
  AVERAGE WIND SPEED     3.3



WEATHER CONDITIONS
 THE FOLLOWING WEATHER WAS RECORDED TODAY.
  NO SIGNIFICANT WEATHER WAS OBSERVED.


RELATIVE HUMIDITY (PERCENT)
 HIGHEST    93          1200 AM
 LOWEST     39           200 PM
 AVERAGE    66

..........................................................


THE HOUSTON INTERCONTINENTAL CLIMATE NORMALS FOR TOMORROW
                         NORMAL    RECORD    YEAR
 MAXIMUM TEMPERATURE (F)   80        91      1950
 MINIMUM TEMPERATURE (F)   59        39      1980


SUNRISE AND SUNSET
OCTOBER 24 2014.......SUNRISE   729 AM CDT   SUNSET   641 PM CDT
OCTOBER 25 2014.......SUNRISE   730 AM CDT   SUNSET   640 PM CDT


-  INDICATES NEGATIVE NUMBERS.
R  INDICATES RECORD WAS SET OR TIED.
MM INDICATES DATA IS MISSING.
T  INDICATES TRACE AMOUNT.




...................................

...THE HOUSTON/HOBBY AIRPORT CLIMATE SUMMARY FOR OCTOBER 24 2014...
VALID TODAY AS OF 400 PM LOCAL TIME.

CLIMATE NORMAL PERIOD 1981 TO 2010
CLIMATE RECORD PERIOD 1930 TO 2014


WEATHER ITEM   OBSERVED TIME   RECORD YEAR NORMAL DEPARTURE LAST
                VALUE   (LST)  VALUE       VALUE  FROM      YEAR
                                                  NORMAL
..................................................................
TEMPERATURE (F)
 TODAY
  MAXIMUM         80    259 PM  90    1931  79      1       83
  MINIMUM         57    639 AM  36    1937  61     -4       55
  AVERAGE         69                        70     -1       69

PRECIPITATION (IN)
  TODAY            0.00          2.84 2002   0.20  -0.20     0.00
  MONTH TO DATE    2.56                      4.63  -2.07     4.72
  SINCE SEP 1      7.55                      9.84  -2.29    10.67
  SINCE JAN 1     32.08                     44.94 -12.86    33.54

SNOWFALL (IN)
  TODAY            0.0          MM      MM   0.0    0.0      0.0
  MONTH TO DATE    0.0                       0.0    0.0      0.0
  SINCE SEP 1      0.0                       0.0    0.0      0.0
  SINCE JUL 1      0.0                       0.0    0.0      0.0
  SNOW DEPTH       0

DEGREE DAYS
 HEATING
  TODAY            0                         1     -1        0
  MONTH TO DATE    0                         9     -9        3
  SINCE SEP 1      0                         9     -9        3
  SINCE JUL 1      0                         9     -9        3

 COOLING
  TODAY            4                         6     -2        4
  MONTH TO DATE  242                       205     37      200
  SINCE SEP 1    728                       657     71      746
  SINCE JAN 1   3032                      2998     34     3172
..................................................................


WIND (MPH)
  RESULTANT WIND SPEED   4   RESULTANT WIND DIRECTION  NE (40)
  HIGHEST WIND SPEED    10   HIGHEST WIND DIRECTION     N (20)
  HIGHEST GUST SPEED    16   HIGHEST GUST DIRECTION    NW (330)
  AVERAGE WIND SPEED     4.8



WEATHER CONDITIONS
 THE FOLLOWING WEATHER WAS RECORDED TODAY.
  NO SIGNIFICANT WEATHER WAS OBSERVED.


RELATIVE HUMIDITY (PERCENT)
 HIGHEST    87           400 AM
 LOWEST     39           100 PM
 AVERAGE    63

..........................................................


THE HOUSTON/HOBBY AIRPORT CLIMATE NORMALS FOR TOMORROW
                         NORMAL    RECORD    YEAR
 MAXIMUM TEMPERATURE (F)   79        92      1942
 MINIMUM TEMPERATURE (F)   61        42      1980


SUNRISE AND SUNSET
OCTOBER 24 2014.......SUNRISE   729 AM CDT   SUNSET   641 PM CDT
OCTOBER 25 2014.......SUNRISE   729 AM CDT   SUNSET   641 PM CDT


-  INDICATES NEGATIVE NUMBERS.
R  INDICATES RECORD WAS SET OR TIED.
MM INDICATES DATA IS MISSING.
T  INDICATES TRACE AMOUNT.


...MISCELLANEOUS CLIMATE DATA FOR TODAY...

LOCATION                        HIGH    LOW     PRECIP

PEARLAND                         81      58      0.00
SUGAR LAND                       83      57      0.00
TOMBALL                          80      56      0.00
CONROE                           81      50      0.00
HUNTSVILLE                       81      52      0.00
ANGLETON/LAKE JACKSON            81      54      0.00
PALACIOS                         85      57      0.00
LEAGUE CITY (NWS)                79      56      0.00


THIS PRODUCT...ALONG WITH OTHER WEATHER...HYDROLOGIC...AND CLIMATE
PRODUCTS...IS AVAILABLE ON THE WEB AT HTTP://WWW.SRH.NOAA.GOV/HGX
OR AT HTTP://WEATHER.GOV


$$
