000
CDUS44 KHGX 310735
CLIHOU


CLIMATE REPORT
NATIONAL WEATHER SERVICE HOUSTON/GALVESTON TX
235 AM CDT SUN JUL 31 2016


...................................

...THE HOUSTON INTERCONTINENTAL CLIMATE SUMMARY FOR JULY 30 2016...

CLIMATE NORMAL PERIOD 1981 TO 2010
CLIMATE RECORD PERIOD 1892 TO 2016


WEATHER ITEM   OBSERVED TIME   RECORD YEAR NORMAL DEPARTURE LAST
                VALUE   (LST)  VALUE       VALUE  FROM      YEAR
                                                  NORMAL
..................................................................
TEMPERATURE (F)
 YESTERDAY
  MAXIMUM         98    346 PM 102    1914  95      3      101
  MINIMUM         76    608 AM  68    1994  75      1       79
                                      1890
  AVERAGE         87                        85      2       90

PRECIPITATION (IN)
  YESTERDAY        0.00          2.11 1954   0.09  -0.09     0.17
  MONTH TO DATE    1.09                      3.70  -2.61     0.61
  SINCE JUN 1     14.21                      9.63   4.58    12.00
  SINCE JAN 1     43.16                     28.02  15.14    42.44

DEGREE DAYS
 COOLING
  YESTERDAY       22                        20      2       25
  MONTH TO DATE  671                       582     89      636
  SINCE JUN 1   1191                      1102     89     1159
  SINCE JAN 1   1772                      1754     18     1851
..................................................................


WIND (MPH)
  HIGHEST WIND SPEED    26   HIGHEST WIND DIRECTION    SE (140)
  HIGHEST GUST SPEED    32   HIGHEST GUST DIRECTION    SE (140)




RELATIVE HUMIDITY (PERCENT)
 HIGHEST    94
 LOWEST     43
 AVERAGE    69

..........................................................


THE HOUSTON INTERCONTINENTAL CLIMATE NORMALS FOR TODAY
                         NORMAL    RECORD    YEAR
 MAXIMUM TEMPERATURE (F)   95       103      1998
 MINIMUM TEMPERATURE (F)   75        67      1891


SUNRISE AND SUNSET
JULY 31 2016..........SUNRISE   640 AM CDT   SUNSET   815 PM CDT
AUGUST  1 2016........SUNRISE   641 AM CDT   SUNSET   814 PM CDT


-  INDICATES NEGATIVE NUMBERS.
R  INDICATES RECORD WAS SET OR TIED.
MM INDICATES DATA IS MISSING.
T  INDICATES TRACE AMOUNT.




...................................

...THE HOUSTON/HOBBY AIRPORT CLIMATE SUMMARY FOR JULY 30 2016...

CLIMATE NORMAL PERIOD 1981 TO 2010
CLIMATE RECORD PERIOD 1930 TO 2016


WEATHER ITEM   OBSERVED TIME   RECORD YEAR NORMAL DEPARTURE LAST
                VALUE   (LST)  VALUE       VALUE  FROM      YEAR
                                                  NORMAL
..................................................................
TEMPERATURE (F)
 YESTERDAY
  MAXIMUM         96    217 PM 101    2015  93      3      101
  MINIMUM         77    602 AM  69    1994  76      1       81
  AVERAGE         87                        84      3       91

PRECIPITATION (IN)
  YESTERDAY        0.02          2.28 1954   0.12  -0.10     0.00
  MONTH TO DATE    5.40                      4.54   0.86     2.57
  SINCE JUN 1     14.23                     11.64   2.59     7.44
  SINCE JAN 1     39.08                     29.92   9.16    42.30

DEGREE DAYS
 COOLING
  YESTERDAY       22                        19      3       26
  MONTH TO DATE  662                       564     98      632
  SINCE JUN 1   1212                      1074    138     1171
  SINCE JAN 1   1983                      1728    255     1910
..................................................................


WIND (MPH)
  HIGHEST WIND SPEED    18   HIGHEST WIND DIRECTION    SE (150)
  HIGHEST GUST SPEED   136   HIGHEST GUST DIRECTION     S (180)




RELATIVE HUMIDITY (PERCENT)
 HIGHEST    94
 LOWEST     46
 AVERAGE    70

..........................................................


THE HOUSTON/HOBBY AIRPORT CLIMATE NORMALS FOR TODAY
                         NORMAL    RECORD    YEAR
 MAXIMUM TEMPERATURE (F)   93       101      1948
 MINIMUM TEMPERATURE (F)   76        67      1936


SUNRISE AND SUNSET
JULY 31 2016..........SUNRISE   641 AM CDT   SUNSET   814 PM CDT
AUGUST  1 2016........SUNRISE   641 AM CDT   SUNSET   813 PM CDT


-  INDICATES NEGATIVE NUMBERS.
R  INDICATES RECORD WAS SET OR TIED.
MM INDICATES DATA IS MISSING.
T  INDICATES TRACE AMOUNT.




$$
