000
CDUS44 KHGX 281501
CLIHOU

CLIMATE REPORT
NATIONAL WEATHER SERVICE HOUSTON/GALVESTON TX
825 AM CST WED JAN 28 2015


...MORNING CLIMATE DATA...

                            MORNING LOW    PRECIP SINCE MIDNIGHT

HOUSTON INTERCONTINENTAL         44                0.00
GALVESTON SCHOLES FIELD          50                0.00
BRYAN/COLLEGE STATION            46                0.00
HOUSTON HOBBY                    49                0.00

...................................

...THE HOUSTON INTERCONTINENTAL CLIMATE SUMMARY FOR JANUARY 27 2015...

CLIMATE NORMAL PERIOD 1981 TO 2010
CLIMATE RECORD PERIOD 1892 TO 2015


WEATHER ITEM   OBSERVED TIME   RECORD YEAR NORMAL DEPARTURE LAST
                VALUE   (LST)  VALUE       VALUE  FROM      YEAR
                                                  NORMAL
..................................................................
TEMPERATURE (F)
 YESTERDAY
  MAXIMUM         81    327 PM  83    1975  64     17       61
                                      1972
  MINIMUM         47    637 AM  19    1897  44      3       49
  AVERAGE         64                        54     10       55

PRECIPITATION (IN)
  YESTERDAY        0.00          2.86 1891   0.11  -0.11     0.00
  MONTH TO DATE    3.17                      2.92   0.25     0.91
  SINCE DEC 1      8.77                      6.66   2.11     2.57
  SINCE JAN 1      3.17                      2.92   0.25     0.91

SNOWFALL (IN)
  YESTERDAY        0.0           0.0  2002
  MONTH TO DATE    0.0
  SINCE DEC 1      0.0
  SINCE JUL 1      0.0

DEGREE DAYS
 HEATING
  YESTERDAY        1                        12    -11       10
  MONTH TO DATE  435                       342     93      394
  SINCE DEC 1    692                       696     -4      837
  SINCE JUL 1    940                       881     59     1086
..................................................................


WIND (MPH)
  HIGHEST WIND SPEED    12   HIGHEST WIND DIRECTION     W (290)
  HIGHEST GUST SPEED    14   HIGHEST GUST DIRECTION     W (290)




RELATIVE HUMIDITY (PERCENT)
 HIGHEST    83
 LOWEST     26
 AVERAGE    55

..........................................................


THE HOUSTON INTERCONTINENTAL CLIMATE NORMALS FOR TODAY
                         NORMAL    RECORD    YEAR
 MAXIMUM TEMPERATURE (F)   64        87      1902
 MINIMUM TEMPERATURE (F)   44        19      1897


SUNRISE AND SUNSET
JANUARY 28 2015.......SUNRISE   714 AM CST   SUNSET   555 PM CST
JANUARY 29 2015.......SUNRISE   713 AM CST   SUNSET   556 PM CST


-  INDICATES NEGATIVE NUMBERS.
R  INDICATES RECORD WAS SET OR TIED.
MM INDICATES DATA IS MISSING.
T  INDICATES TRACE AMOUNT.


&&

...................................

...THE HOUSTON/HOBBY AIRPORT CLIMATE SUMMARY FOR JANUARY 27 2015...

CLIMATE NORMAL PERIOD 1981 TO 2010
CLIMATE RECORD PERIOD 1930 TO 2015


WEATHER ITEM   OBSERVED TIME   RECORD YEAR NORMAL DEPARTURE LAST
                VALUE   (LST)  VALUE       VALUE  FROM      YEAR
                                                  NORMAL
..................................................................
TEMPERATURE (F)
 YESTERDAY
  MAXIMUM         79    441 PM  83    1975  64     15       66
  MINIMUM         48    720 AM  18    1940  46      2       50
  AVERAGE         64                        54     10       58

PRECIPITATION (IN)
  YESTERDAY        0.00          4.10 1997   0.13  -0.13     0.00
  MONTH TO DATE    5.13                      3.35   1.78     0.49
  SINCE DEC 1      9.74                      7.38   2.36     1.36
  SINCE JAN 1      5.13                      3.35   1.78     0.49

SNOWFALL (IN)
  YESTERDAY        0.0          MM      MM
  MONTH TO DATE    0.0
  SINCE DEC 1      0.0
  SINCE JUL 1      0.0

DEGREE DAYS
 HEATING
  YESTERDAY        1                        11    -10        7
  MONTH TO DATE  415                       315    100      346
  SINCE DEC 1    639                       635      4      745
  SINCE JUL 1    853                       791     62      962
..................................................................


WIND (MPH)
  HIGHEST WIND SPEED    12   HIGHEST WIND DIRECTION     W (290)
  HIGHEST GUST SPEED    15   HIGHEST GUST DIRECTION     W (290)




RELATIVE HUMIDITY (PERCENT)
 HIGHEST    80
 LOWEST     28
 AVERAGE    54

..........................................................


THE HOUSTON/HOBBY AIRPORT CLIMATE NORMALS FOR TODAY
                         NORMAL    RECORD    YEAR
 MAXIMUM TEMPERATURE (F)   64        82      1970
 MINIMUM TEMPERATURE (F)   46        26      1948


SUNRISE AND SUNSET
JANUARY 28 2015.......SUNRISE   713 AM CST   SUNSET   555 PM CST
JANUARY 29 2015.......SUNRISE   713 AM CST   SUNSET   556 PM CST


-  INDICATES NEGATIVE NUMBERS.
R  INDICATES RECORD WAS SET OR TIED.
MM INDICATES DATA IS MISSING.
T  INDICATES TRACE AMOUNT.

...........................................................

...MISCELLANEOUS CLIMATE DATA FOR YESTERDAY...

LOCATION                        HIGH    LOW     PRECIP

PEARLAND                         79      49      0.00
SUGAR LAND                       78      46      0.00
TOMBALL                          80      46      0.00
CONROE                           79      39      0.00
HUNTSVILLE                       78      50      0.00
ANGLETON/LAKE JACKSON            77      45      0.00
PALACIOS                         78      47      0.00
LEAGUE CITY (NWS)                79      48      0.00


THIS PRODUCT...ALONG WITH OTHER WEATHER...HYDROLOGIC...AND CLIMATE
PRODUCTS...IS AVAILABLE ON THE WEB AT HTTP://WWW.SRH.NOAA.GOV/HGX
OR AT HTTP://WEATHER.GOV

$$
