000
CDUS44 KHGX 192213
CLIHOU

CLIMATE REPORT
NATIONAL WEATHER SERVICE HOUSTON/GALVESTON TX
409 PM CST SUN NOV 19 2017


...................................

...THE HOUSTON INTERCONTINENTAL CLIMATE SUMMARY FOR NOVEMBER 19 2017...
VALID TODAY AS OF 400 PM LOCAL TIME.

CLIMATE NORMAL PERIOD 1981 TO 2010
CLIMATE RECORD PERIOD 1892 TO 2017


WEATHER ITEM   OBSERVED TIME   RECORD YEAR NORMAL DEPARTURE LAST
                VALUE   (LST)  VALUE       VALUE  FROM      YEAR
                                                  NORMAL
..................................................................
TEMPERATURE (F)
 TODAY
  MAXIMUM         67    309 PM  85    1985  71     -4       65
  MINIMUM         47    705 AM  30    2014  51     -4       44
  AVERAGE         57                        61     -4       55

PRECIPITATION (IN)
  TODAY            0.00          2.10 1900   0.14  -0.14     0.00
  MONTH TO DATE    0.50                      2.81  -2.31     1.62
  SINCE SEP 1      5.15                     12.63  -7.48     3.46
  SINCE JAN 1     75.97                     44.50  31.47    57.03

SNOWFALL (IN)
  TODAY            0.0           0.0  2002   0.0    0.0      0.0
                                      2001
  MONTH TO DATE    0.0                       0.0    0.0      0.0
  SINCE SEP 1      0.0                       0.0    0.0      0.0
  SINCE JUL 1      0.0                       0.0    0.0      0.0
  SNOW DEPTH       0

DEGREE DAYS
 HEATING
  TODAY            8                         6      2       10
  MONTH TO DATE   25                        75    -50       15
  SINCE SEP 1     61                       105    -44       18
  SINCE JUL 1     61                       105    -44       18
..................................................................


WIND (MPH)
  RESULTANT WIND SPEED  13   RESULTANT WIND DIRECTION   N (10)
  HIGHEST WIND SPEED    25   HIGHEST WIND DIRECTION     N (360)
  HIGHEST GUST SPEED    33   HIGHEST GUST DIRECTION     N (10)
  AVERAGE WIND SPEED    13.5



WEATHER CONDITIONS
 THE FOLLOWING WEATHER WAS RECORDED TODAY.
  NO SIGNIFICANT WEATHER WAS OBSERVED.


RELATIVE HUMIDITY (PERCENT)
 HIGHEST    71           700 AM
 LOWEST     26           300 PM
 AVERAGE    49

..........................................................


THE HOUSTON INTERCONTINENTAL CLIMATE NORMALS FOR TOMORROW
                         NORMAL    RECORD    YEAR
 MAXIMUM TEMPERATURE (F)   71        84      2011
                                             1977
 MINIMUM TEMPERATURE (F)   51        27      1969


SUNRISE AND SUNSET
NOVEMBER 19 2017......SUNRISE   650 AM CST   SUNSET   524 PM CST
NOVEMBER 20 2017......SUNRISE   651 AM CST   SUNSET   523 PM CST


-  INDICATES NEGATIVE NUMBERS.
R  INDICATES RECORD WAS SET OR TIED.
MM INDICATES DATA IS MISSING.
T  INDICATES TRACE AMOUNT.


&&

...................................

...THE HOUSTON/HOBBY AIRPORT CLIMATE SUMMARY FOR NOVEMBER 19 2017...
VALID TODAY AS OF 400 PM LOCAL TIME.

CLIMATE NORMAL PERIOD 1981 TO 2010
CLIMATE RECORD PERIOD 1930 TO 2017


WEATHER ITEM   OBSERVED TIME   RECORD YEAR NORMAL DEPARTURE LAST
                VALUE   (LST)  VALUE       VALUE  FROM      YEAR
                                                  NORMAL
..................................................................
TEMPERATURE (F)
 TODAY
  MAXIMUM         65    316 PM  84    1999  71     -6       65
                                      1974
                                      1973
  MINIMUM         49    704 AM  31    1932  53     -4       47
  AVERAGE         57                        62     -5       56

PRECIPITATION (IN)
  TODAY            0.00          2.84 1976   0.14  -0.14     0.00
  MONTH TO DATE    1.11                      2.80  -1.69     2.00
  SINCE SEP 1      7.38                     14.00  -6.62     5.29
  SINCE JAN 1     74.50                     49.10  25.40    52.60

SNOWFALL (IN)
  TODAY            0.0          MM      MM   0.0    0.0      0.0
  MONTH TO DATE    0.0                       0.0    0.0      0.0
  SINCE SEP 1      0.0                       0.0    0.0      0.0
  SINCE JUL 1      0.0                       0.0    0.0      0.0
  SNOW DEPTH       0

DEGREE DAYS
 HEATING
  TODAY            8                         5      3        9
  MONTH TO DATE   21                        64    -43       12
  SINCE SEP 1     45                        85    -40       13
  SINCE JUL 1     45                        85    -40       13
..................................................................


WIND (MPH)
  RESULTANT WIND SPEED  14   RESULTANT WIND DIRECTION   N (10)
  HIGHEST WIND SPEED    29   HIGHEST WIND DIRECTION     N (10)
  HIGHEST GUST SPEED    35   HIGHEST GUST DIRECTION     N (10)
  AVERAGE WIND SPEED    14.7



WEATHER CONDITIONS
 THE FOLLOWING WEATHER WAS RECORDED TODAY.
  NO SIGNIFICANT WEATHER WAS OBSERVED.


RELATIVE HUMIDITY (PERCENT)
 HIGHEST    61           700 AM
 LOWEST     28           100 PM
 AVERAGE    45

..........................................................


THE HOUSTON/HOBBY AIRPORT CLIMATE NORMALS FOR TOMORROW
                         NORMAL    RECORD    YEAR
 MAXIMUM TEMPERATURE (F)   71        84      1965
 MINIMUM TEMPERATURE (F)   52        28      1937


SUNRISE AND SUNSET
NOVEMBER 19 2017......SUNRISE   649 AM CST   SUNSET   524 PM CST
NOVEMBER 20 2017......SUNRISE   650 AM CST   SUNSET   524 PM CST


-  INDICATES NEGATIVE NUMBERS.
R  INDICATES RECORD WAS SET OR TIED.
MM INDICATES DATA IS MISSING.
T  INDICATES TRACE AMOUNT.

...MISCELLANEOUS CLIMATE DATA FOR TODAY...

LOCATION                        HIGH    LOW     PRECIP
PEARLAND                         67      51      0.00
SUGAR LAND                       67      46      0.00
TOMBALL                          44      47      0.00
CONROE                           65      43      0.00
HUNTSVILLE                       64      39      0.00
ANGLETON/LAKE JACKSON            67      43      0.00
PALACIOS                         68      45      0.00
LEAGUE CITY (NWS)                66      50      0.00


$$
