000
CDUS44 KHGX 142131
CLIHOU

CLIMATE REPORT
NATIONAL WEATHER SERVICE HOUSTON/GALVESTON TX
431 PM CDT SUN SEP 14 2014


...................................

...THE HOUSTON INTERCONTINENTAL CLIMATE SUMMARY FOR SEPTEMBER 14 2014...
VALID TODAY AS OF 0400 PM LOCAL TIME.

CLIMATE NORMAL PERIOD 1981 TO 2010
CLIMATE RECORD PERIOD 1892 TO 2014


WEATHER ITEM   OBSERVED TIME   RECORD YEAR NORMAL DEPARTURE LAST
                VALUE   (LST)  VALUE       VALUE  FROM      YEAR
                                                  NORMAL
..................................................................
TEMPERATURE (F)
 TODAY
  MAXIMUM         77    259 PM 100    2011  90    -13       94
  MINIMUM         65    448 AM  55    1902  70     -5       74
  AVERAGE         71                        80     -9       84

PRECIPITATION (IN)
  TODAY            0.00          4.11 2008   0.15  -0.15     0.00
  MONTH TO DATE    1.00                      2.06  -1.06     0.49
  SINCE SEP 1      1.00                      2.06  -1.06     0.49
  SINCE JAN 1     28.89                     33.93  -5.04    21.69

DEGREE DAYS
 HEATING
  TODAY            0                         0      0        0
  MONTH TO DATE    0                         0      0        0
  SINCE SEP 1      0                         0      0        0
  SINCE JUL 1      0                         0      0        0

 COOLING
  TODAY            6                        15     -9       19
  MONTH TO DATE  247                       236     11      274
  SINCE SEP 1    247                       236     11      274
  SINCE JAN 1   2523                      2618    -95     2667
..................................................................


WIND (MPH)
  RESULTANT WIND SPEED   8   RESULTANT WIND DIRECTION  NE (30)
  HIGHEST WIND SPEED    13   HIGHEST WIND DIRECTION    NE (40)
  HIGHEST GUST SPEED    15   HIGHEST GUST DIRECTION     E (70)
  AVERAGE WIND SPEED     8.6



WEATHER CONDITIONS
 THE FOLLOWING WEATHER WAS RECORDED TODAY.
  FOG
  HAZE


RELATIVE HUMIDITY (PERCENT)
 HIGHEST    93           100 AM
 LOWEST     69           100 PM
 AVERAGE    81

..........................................................


THE HOUSTON INTERCONTINENTAL CLIMATE NORMALS FOR TOMORROW
                         NORMAL    RECORD    YEAR
 MAXIMUM TEMPERATURE (F)   90        98      1980
 MINIMUM TEMPERATURE (F)   70        55      1892


SUNRISE AND SUNSET
SEPTEMBER 14 2014.....SUNRISE   705 AM CDT   SUNSET   728 PM CDT
SEPTEMBER 15 2014.....SUNRISE   706 AM CDT   SUNSET   727 PM CDT


-  INDICATES NEGATIVE NUMBERS.
R  INDICATES RECORD WAS SET OR TIED.
MM INDICATES DATA IS MISSING.
T  INDICATES TRACE AMOUNT.




...................................

...THE HOUSTON/HOBBY AIRPORT CLIMATE SUMMARY FOR SEPTEMBER 14 2014...
VALID TODAY AS OF 0400 PM LOCAL TIME.

CLIMATE NORMAL PERIOD 1981 TO 2010
CLIMATE RECORD PERIOD 1930 TO 2014


WEATHER ITEM   OBSERVED TIME   RECORD YEAR NORMAL DEPARTURE LAST
                VALUE   (LST)  VALUE       VALUE  FROM      YEAR
                                                  NORMAL
..................................................................
TEMPERATURE (F)
 TODAY
  MAXIMUM         77    259 PM  98    2011  89    -12       93
  MINIMUM         66    412 AM  55    1940  72     -6       76
  AVERAGE         72                        81     -9       85

PRECIPITATION (IN)
  TODAY            0.00          2.37 1992   0.19  -0.19     0.00
  MONTH TO DATE    0.31                      2.75  -2.44     1.35
  SINCE SEP 1      0.31                      2.75  -2.44     1.35
  SINCE JAN 1     24.84                     37.85 -13.01    24.22

DEGREE DAYS
 HEATING
  TODAY            0                         0      0        0
  MONTH TO DATE    0                         0      0        0
  SINCE SEP 1      0                         0      0        0
  SINCE JUL 1      0                         0      0        0

 COOLING
  TODAY            7                        16     -9       20
  MONTH TO DATE  254                       237     17      278
  SINCE SEP 1    254                       237     17      278
  SINCE JAN 1   2558                      2578    -20     2704
..................................................................


WIND (MPH)
  RESULTANT WIND SPEED  10   RESULTANT WIND DIRECTION  NE (30)
  HIGHEST WIND SPEED    14   HIGHEST WIND DIRECTION     N (20)
  HIGHEST GUST SPEED    16   HIGHEST GUST DIRECTION    NE (40)
  AVERAGE WIND SPEED     9.9



WEATHER CONDITIONS
 THE FOLLOWING WEATHER WAS RECORDED TODAY.
  FOG


RELATIVE HUMIDITY (PERCENT)
 HIGHEST    93           200 AM
 LOWEST     74          1200 PM
 AVERAGE    84

..........................................................


THE HOUSTON/HOBBY AIRPORT CLIMATE NORMALS FOR TOMORROW
                         NORMAL    RECORD    YEAR
 MAXIMUM TEMPERATURE (F)   89        96      1995
                                             1980
                                             1954
 MINIMUM TEMPERATURE (F)   72        56      1945


SUNRISE AND SUNSET
SEPTEMBER 14 2014.....SUNRISE   705 AM CDT   SUNSET   728 PM CDT
SEPTEMBER 15 2014.....SUNRISE   706 AM CDT   SUNSET   726 PM CDT


-  INDICATES NEGATIVE NUMBERS.
R  INDICATES RECORD WAS SET OR TIED.
MM INDICATES DATA IS MISSING.
T  INDICATES TRACE AMOUNT.


...MISCELLANEOUS CLIMATE DATA FOR TODAY...

LOCATION                        HIGH    LOW     PRECIP

PEARLAND                         77      66      0.00
SUGAR LAND                       79      67      0.00
TOMBALL                          78      65      0.00
CONROE                           80      64      0.00
HUNTSVILLE                       82      63      0.00
ANGLETON/LAKE JACKSON            76      66      0.00
PALACIOS                         78      69      0.00
LEAGUE CITY (NWS)                76      67      0.00


THIS PRODUCT...ALONG WITH OTHER WEATHER...HYDROLOGIC...AND CLIMATE
PRODUCTS...IS AVAILABLE ON THE WEB AT HTTP://WWW.SRH.NOAA.GOV/HGX
OR AT HTTP://WEATHER.GOV


$$
