000
CDUS44 KHGX 262122
CLIHOU

CLIMATE REPORT
NATIONAL WEATHER SERVICE HOUSTON/GALVESTON TX
418 PM CDT WED JUL 26 2017


...................................

...THE HOUSTON INTERCONTINENTAL CLIMATE SUMMARY FOR JULY 26 2017...
VALID TODAY AS OF 400 PM LOCAL TIME.

CLIMATE NORMAL PERIOD 1981 TO 2010
CLIMATE RECORD PERIOD 1892 TO 2017


WEATHER ITEM   OBSERVED TIME   RECORD YEAR NORMAL DEPARTURE LAST
                VALUE   (LST)  VALUE       VALUE  FROM      YEAR
                                                  NORMAL
..................................................................
TEMPERATURE (F)
 TODAY
  MAXIMUM         97    229 PM 105    1954  94      3       92
  MINIMUM         77    550 AM  68    1972  75      2       77
                                      1891
  AVERAGE         87                        85      2       85

PRECIPITATION (IN)
  TODAY            0.00          2.35 1951   0.11  -0.11      T
  MONTH TO DATE    6.29                      3.31   2.98     0.75
  SINCE JUN 1     13.48                      9.24   4.24    13.87
  SINCE JAN 1     31.71                     27.63   4.08    42.82

DEGREE DAYS
 COOLING
  TODAY           22                        20      2       20
  MONTH TO DATE  525                       502     23      595
  SINCE JUN 1   1046                      1022     24     1115
  SINCE JAN 1   1955                      1674    281     1696
..................................................................


WIND (MPH)
  RESULTANT WIND SPEED   4   RESULTANT WIND DIRECTION   S (180)
  HIGHEST WIND SPEED    24   HIGHEST WIND DIRECTION    SE (150)
  HIGHEST GUST SPEED    29   HIGHEST GUST DIRECTION     S (160)
  AVERAGE WIND SPEED     4.8



WEATHER CONDITIONS
 THE FOLLOWING WEATHER WAS RECORDED TODAY.
  THUNDERSTORM


RELATIVE HUMIDITY (PERCENT)
 HIGHEST    85           200 AM
 LOWEST     49           200 PM
 AVERAGE    67

..........................................................


THE HOUSTON INTERCONTINENTAL CLIMATE NORMALS FOR TOMORROW
                         NORMAL    RECORD    YEAR
 MAXIMUM TEMPERATURE (F)   95       101      1995
 MINIMUM TEMPERATURE (F)   75        66      1902


SUNRISE AND SUNSET
JULY 26 2017..........SUNRISE   637 AM CDT   SUNSET   818 PM CDT
JULY 27 2017..........SUNRISE   638 AM CDT   SUNSET   818 PM CDT


-  INDICATES NEGATIVE NUMBERS.
R  INDICATES RECORD WAS SET OR TIED.
MM INDICATES DATA IS MISSING.
T  INDICATES TRACE AMOUNT.



&&
...................................

...THE HOUSTON/HOBBY AIRPORT CLIMATE SUMMARY FOR JULY 26 2017...
VALID TODAY AS OF 400 PM LOCAL TIME.

CLIMATE NORMAL PERIOD 1981 TO 2010
CLIMATE RECORD PERIOD 1930 TO 2017


WEATHER ITEM   OBSERVED TIME   RECORD YEAR NORMAL DEPARTURE LAST
                VALUE   (LST)  VALUE       VALUE  FROM      YEAR
                                                  NORMAL
..................................................................
TEMPERATURE (F)
 TODAY
  MAXIMUM         98    135 PM 104    1954  93      5       87
  MINIMUM         79    541 AM  68    1933  76      3       75
  AVERAGE         89                        84      5       81

PRECIPITATION (IN)
  TODAY            T             5.51 1979   0.13  -0.13     3.05
  MONTH TO DATE    3.12                      4.05  -0.93     5.32
  SINCE JUN 1      8.32                     11.15  -2.83    14.15
  SINCE JAN 1     28.25                     29.43  -1.18    39.00

DEGREE DAYS
 COOLING
  TODAY           24                        19      5       16
  MONTH TO DATE  557                       488     69      580
  SINCE JUN 1   1093                       998     95     1130
  SINCE JAN 1   2027                      1652    375     1901
..................................................................


WIND (MPH)
  RESULTANT WIND SPEED   3   RESULTANT WIND DIRECTION   S (160)
  HIGHEST WIND SPEED    17   HIGHEST WIND DIRECTION     E (80)
  HIGHEST GUST SPEED    21   HIGHEST GUST DIRECTION     E (80)
  AVERAGE WIND SPEED     4.2



WEATHER CONDITIONS
 THE FOLLOWING WEATHER WAS RECORDED TODAY.
  THUNDERSTORM
  LIGHT RAIN


RELATIVE HUMIDITY (PERCENT)
 HIGHEST    85           400 AM
 LOWEST     45           100 PM
 AVERAGE    65

..........................................................


THE HOUSTON/HOBBY AIRPORT CLIMATE NORMALS FOR TOMORROW
                         NORMAL    RECORD    YEAR
 MAXIMUM TEMPERATURE (F)   93        99      1965
 MINIMUM TEMPERATURE (F)   76        68      1931


SUNRISE AND SUNSET
JULY 26 2017..........SUNRISE   637 AM CDT   SUNSET   818 PM CDT
JULY 27 2017..........SUNRISE   638 AM CDT   SUNSET   817 PM CDT


-  INDICATES NEGATIVE NUMBERS.
R  INDICATES RECORD WAS SET OR TIED.
MM INDICATES DATA IS MISSING.
T  INDICATES TRACE AMOUNT.


...MISCELLANEOUS CLIMATE DATA FOR TODAY...

LOCATION                        HIGH    LOW     PRECIP
PEARLAND                         96      79      0.18
SUGAR LAND                       97      77      0.00
TOMBALL                          96      77      0.00
CONROE                           96      74      0.00
HUNTSVILLE                       96      77      0.00
ANGLETON/LAKE JACKSON            94      77      0.00
PALACIOS                         90      77      0.00
LEAGUE CITY (NWS)                94      79      0.01


THIS PRODUCT...ALONG WITH OTHER WEATHER...HYDROLOGIC...AND CLIMATE
PRODUCTS...IS AVAILABLE ON THE WEB AT HTTP://WWW.WEATHER.GOV/HGX

$$
