000
CDUS44 KHGX 310737
CLIHOU


CLIMATE REPORT
NATIONAL WEATHER SERVICE HOUSTON/GALVESTON TX
222 AM CDT FRI JUL 31 2015


...................................

...THE HOUSTON INTERCONTINENTAL CLIMATE SUMMARY FOR JULY 30 2015...

CLIMATE NORMAL PERIOD 1981 TO 2010
CLIMATE RECORD PERIOD 1892 TO 2015


WEATHER ITEM   OBSERVED TIME   RECORD YEAR NORMAL DEPARTURE LAST
                VALUE   (LST)  VALUE       VALUE  FROM      YEAR
                                                  NORMAL
..................................................................
TEMPERATURE (F)
 YESTERDAY
  MAXIMUM        101    403 PM 102    1914  95      6       94
  MINIMUM         79   1113 PM  68    1994  75      4       72
                                      1890
  AVERAGE         90                        85      5       83

PRECIPITATION (IN)
  YESTERDAY        0.17          2.11 1954   0.09   0.08     0.00
  MONTH TO DATE    0.61                      3.70  -3.09     1.49
  SINCE JUN 1     12.00                      9.63   2.37     3.67
  SINCE JAN 1     42.44                     28.02  14.42    22.74

DEGREE DAYS
 COOLING
  YESTERDAY       25                        20      5       18
  MONTH TO DATE  636                       582     54      569
  SINCE JUN 1   1159                      1102     57     1102
  SINCE JAN 1   1851                      1754     97     1643
..................................................................


WIND (MPH)
  HIGHEST WIND SPEED    26   HIGHEST WIND DIRECTION     E (70)
  HIGHEST GUST SPEED    35   HIGHEST GUST DIRECTION    NE (50)




RELATIVE HUMIDITY (PERCENT)
 HIGHEST    94
 LOWEST     39
 AVERAGE    67

..........................................................


THE HOUSTON INTERCONTINENTAL CLIMATE NORMALS FOR TODAY
                         NORMAL    RECORD    YEAR
 MAXIMUM TEMPERATURE (F)   95       103      1998
 MINIMUM TEMPERATURE (F)   75        67      1891


SUNRISE AND SUNSET
JULY 31 2015..........SUNRISE   640 AM CDT   SUNSET   815 PM CDT
AUGUST  1 2015........SUNRISE   640 AM CDT   SUNSET   815 PM CDT


-  INDICATES NEGATIVE NUMBERS.
R  INDICATES RECORD WAS SET OR TIED.
MM INDICATES DATA IS MISSING.
T  INDICATES TRACE AMOUNT.



&&
...................................

...THE HOUSTON/HOBBY AIRPORT CLIMATE SUMMARY FOR JULY 30 2015...

CLIMATE NORMAL PERIOD 1981 TO 2010
CLIMATE RECORD PERIOD 1930 TO 2015


WEATHER ITEM   OBSERVED TIME   RECORD YEAR NORMAL DEPARTURE LAST
                VALUE   (LST)  VALUE       VALUE  FROM      YEAR
                                                  NORMAL
..................................................................
TEMPERATURE (F)
 YESTERDAY
  MAXIMUM        101R   318 PM  99    1986  93      8       93
                                      1957
                                      1948
  MINIMUM         81    618 AM  69    1994  76      5       75
  AVERAGE         91                        84      7       84

PRECIPITATION (IN)
  YESTERDAY        0.00          2.28 1954   0.12  -0.12     0.00
  MONTH TO DATE    2.57                      4.54  -1.97     1.23
  SINCE JUN 1      7.44                     11.64  -4.20     4.21
  SINCE JAN 1     42.30                     29.92  12.38    21.05

DEGREE DAYS
 COOLING
  YESTERDAY       26                        19      7       19
  MONTH TO DATE  632                       564     68      574
  SINCE JUN 1   1171                      1074     97     1103
  SINCE JAN 1   1910                      1728    182     1654
..................................................................


WIND (MPH)
  HIGHEST WIND SPEED    14   HIGHEST WIND DIRECTION     E (70)
  HIGHEST GUST SPEED    17   HIGHEST GUST DIRECTION     E (70)




RELATIVE HUMIDITY (PERCENT)
 HIGHEST    91
 LOWEST     38
 AVERAGE    65

..........................................................


THE HOUSTON/HOBBY AIRPORT CLIMATE NORMALS FOR TODAY
                         NORMAL    RECORD    YEAR
 MAXIMUM TEMPERATURE (F)   93       101      1948
 MINIMUM TEMPERATURE (F)   76        67      1936


SUNRISE AND SUNSET
JULY 31 2015..........SUNRISE   640 AM CDT   SUNSET   815 PM CDT
AUGUST  1 2015........SUNRISE   641 AM CDT   SUNSET   814 PM CDT


-  INDICATES NEGATIVE NUMBERS.
R  INDICATES RECORD WAS SET OR TIED.
MM INDICATES DATA IS MISSING.
T  INDICATES TRACE AMOUNT.




$$
