000
CDUS46 KSEW 280122
CLIHQM


CLIMATE REPORT
NATIONAL WEATHER SERVICE SEATTLE WA
622 PM PDT WED MAY 27 2015


...................................

...THE HOQUIAM WA AIRPORT CLIMATE SUMMARY FOR MAY 27 2015...
VALID TODAY AS OF 0600 PM LOCAL TIME.

CLIMATE NORMAL PERIOD 1981 TO 2010
CLIMATE RECORD PERIOD 1953 TO 2015


WEATHER ITEM   OBSERVED TIME   RECORD YEAR NORMAL DEPARTURE LAST
                VALUE   (LST)  VALUE       VALUE  FROM      YEAR
                                                  NORMAL
..................................................................
TEMPERATURE (F)
 TODAY
  MAXIMUM         60    339 PM  86    1972  61     -1       62
  MINIMUM         51    551 AM  38    1966  48      3       45
                                      1955
  AVERAGE         56                        55      1       54

PRECIPITATION (IN)
  TODAY            0.00          1.20 1977   0.10  -0.10     0.00
  MONTH TO DATE    0.28                      2.90  -2.62     4.73
  SINCE OCT 1     57.53                     60.19  -2.66    51.78
  SINCE JAN 1     26.11                     32.53  -6.42    39.67

DEGREE DAYS
 HEATING
  TODAY            9                        10     -1       11
  MONTH TO DATE  292                       330    -38      229
  SINCE MAR 1   1227                      1408   -181     1211

 COOLING
  TODAY            0                         0      0        0
  MONTH TO DATE    0                         0      0       11
  SINCE MAR 1      0                         0      0       15
  SINCE JAN 1      0                         0      0       15
..................................................................


WIND (MPH)
  RESULTANT WIND SPEED   7   RESULTANT WIND DIRECTION  SW (230)
  HIGHEST WIND SPEED    17   HIGHEST WIND DIRECTION    SW (240)
  HIGHEST GUST SPEED    21   HIGHEST GUST DIRECTION    SW (220)
  AVERAGE WIND SPEED     8.2


SKY COVER
  AVERAGE SKY COVER 0.8


WEATHER CONDITIONS
 THE FOLLOWING WEATHER WAS RECORDED TODAY.
  FOG


RELATIVE HUMIDITY (PERCENT)
 HIGHEST   100          1200 AM
 LOWEST     75           100 PM
 AVERAGE    88

..........................................................


THE HOQUIAM WA AIRPORT CLIMATE NORMALS FOR TOMORROW
                         NORMAL    RECORD    YEAR
 MAXIMUM TEMPERATURE (F)   61        82      1972
 MINIMUM TEMPERATURE (F)   48        37      1966


SUNRISE AND SUNSET
MAY 27 2015...........SUNRISE   528 AM PDT   SUNSET   858 PM PDT
MAY 28 2015...........SUNRISE   528 AM PDT   SUNSET   859 PM PDT


-  INDICATES NEGATIVE NUMBERS.
R  INDICATES RECORD WAS SET OR TIED.
MM INDICATES DATA IS MISSING.
T  INDICATES TRACE AMOUNT.




$$
