000
CDUS46 KSEW 270851
CLIHQM


CLIMATE REPORT
NATIONAL WEATHER SERVICE SEATTLE WA
151 AM PDT THU APR 27 2017


...................................

...THE HOQUIAM WA AIRPORT CLIMATE SUMMARY FOR APRIL 26 2017...

CLIMATE NORMAL PERIOD 1981 TO 2010
CLIMATE RECORD PERIOD 1953 TO 2017


WEATHER ITEM   OBSERVED TIME   RECORD YEAR NORMAL DEPARTURE LAST
                VALUE   (LST)  VALUE       VALUE  FROM      YEAR
                                                  NORMAL
..................................................................
TEMPERATURE (F)
 YESTERDAY
  MAXIMUM         54    147 PM  83    1979  57     -3       59
  MINIMUM         45   1050 PM  33    1984  43      2       40
                                      1958
  AVERAGE         50                        50      0       50

PRECIPITATION (IN)
  YESTERDAY        0.17          1.07 1986   0.15   0.02     0.01
  MONTH TO DATE    7.49                      4.56   2.93     2.66
  SINCE OCT 1     77.76                     56.75  21.01    71.85
  SINCE JAN 1     36.22                     29.09   7.13    38.43

DEGREE DAYS
 HEATING
  YESTERDAY       15                        15      0       15
  MONTH TO DATE  404                       429    -25      283
  SINCE MAR 1   1007                      1018    -11      811

 COOLING
  YESTERDAY        0                         0      0        0
  MONTH TO DATE    0                         0      0        4
  SINCE MAR 1      0                         0      0        4
  SINCE JAN 1      0                         0      0        4
..................................................................


WIND (MPH)
  RESULTANT WIND SPEED  15   RESULTANT WIND DIRECTION   W (250)
  HIGHEST WIND SPEED    24   HIGHEST WIND DIRECTION     W (260)
  HIGHEST GUST SPEED    28   HIGHEST GUST DIRECTION     W (250)
  AVERAGE WIND SPEED    15.0


SKY COVER
  AVERAGE SKY COVER 0.8


WEATHER CONDITIONS
 THE FOLLOWING WEATHER WAS RECORDED YESTERDAY.
  RAIN
  LIGHT RAIN
  FOG
  HAZE


RELATIVE HUMIDITY (PERCENT)
 HIGHEST   100          1200 AM
 LOWEST     66          1200 PM
 AVERAGE    83

..........................................................


THE HOQUIAM WA AIRPORT CLIMATE NORMALS FOR TODAY
                         NORMAL    RECORD    YEAR
 MAXIMUM TEMPERATURE (F)   57        83      1987
 MINIMUM TEMPERATURE (F)   43        29      1954


SUNRISE AND SUNSET
APRIL 27 2017.........SUNRISE   606 AM PDT   SUNSET   821 PM PDT
APRIL 28 2017.........SUNRISE   604 AM PDT   SUNSET   823 PM PDT


-  INDICATES NEGATIVE NUMBERS.
R  INDICATES RECORD WAS SET OR TIED.
MM INDICATES DATA IS MISSING.
T  INDICATES TRACE AMOUNT.




$$
