000
CDUS46 KSEW 030832
CLIHQM


CLIMATE REPORT
NATIONAL WEATHER SERVICE SEATTLE WA
1231 AM PST SAT DEC 3 2016


...................................

...THE HOQUIAM WA AIRPORT CLIMATE SUMMARY FOR DECEMBER 2 2016...

CLIMATE NORMAL PERIOD 1981 TO 2010
CLIMATE RECORD PERIOD 1953 TO 2016


WEATHER ITEM   OBSERVED TIME   RECORD YEAR NORMAL DEPARTURE LAST
                VALUE   (LST)  VALUE       VALUE  FROM      YEAR
                                                  NORMAL
..................................................................
TEMPERATURE (F)
 YESTERDAY
  MAXIMUM         51    550 PM  57    1958  48      3       53
  MINIMUM         45    211 AM  25    1985  38      7       45
  AVERAGE         48                        43      5       49

PRECIPITATION (IN)
  YESTERDAY        0.45          2.63 2007   0.35   0.10     0.13
  MONTH TO DATE    0.60                      0.70  -0.10     0.84
  SINCE OCT 1     32.37                     18.40  13.97    18.07
  SINCE JAN 1     77.28                     58.29  18.99    49.47

DEGREE DAYS
 HEATING
  YESTERDAY       17                        22     -5       16
  MONTH TO DATE   39                        44     -5       36
  SINCE DEC 1     39                        44     -5       36

 COOLING
  YESTERDAY        0                         0      0        0
  MONTH TO DATE    0                         0      0        0
  SINCE DEC 1      0                         0      0        0
  SINCE JAN 1     50                        23     27       35
..................................................................


WIND (MPH)
  RESULTANT WIND SPEED   4   RESULTANT WIND DIRECTION   S (170)
  HIGHEST WIND SPEED    30   HIGHEST WIND DIRECTION    SW (210)
  HIGHEST GUST SPEED    36   HIGHEST GUST DIRECTION     S (190)
  AVERAGE WIND SPEED    11.1


SKY COVER
  AVERAGE SKY COVER 0.9


WEATHER CONDITIONS
 THE FOLLOWING WEATHER WAS RECORDED YESTERDAY.
  RAIN
  LIGHT RAIN
  FOG


RELATIVE HUMIDITY (PERCENT)
 HIGHEST   100          1200 AM
 LOWEST     80           800 PM
 AVERAGE    90

..........................................................


THE HOQUIAM WA AIRPORT CLIMATE NORMALS FOR TODAY
                         NORMAL    RECORD    YEAR
 MAXIMUM TEMPERATURE (F)   47        57      1989
                                             1979
 MINIMUM TEMPERATURE (F)   37        27      1954


SUNRISE AND SUNSET
DECEMBER  3 2016......SUNRISE   744 AM PST   SUNSET   428 PM PST
DECEMBER  4 2016......SUNRISE   745 AM PST   SUNSET   427 PM PST


-  INDICATES NEGATIVE NUMBERS.
R  INDICATES RECORD WAS SET OR TIED.
MM INDICATES DATA IS MISSING.
T  INDICATES TRACE AMOUNT.




$$
