000
CDUS46 KSEW 200826
CLIHQM


CLIMATE REPORT
NATIONAL WEATHER SERVICE SEATTLE WA
126 AM PDT SAT SEP 20 2014


...................................

...THE HOQUIAM WA AIRPORT CLIMATE SUMMARY FOR SEPTEMBER 19 2014...

CLIMATE NORMAL PERIOD 1981 TO 2010
CLIMATE RECORD PERIOD 1953 TO 2014


WEATHER ITEM   OBSERVED TIME   RECORD YEAR NORMAL DEPARTURE LAST
                VALUE   (LST)  VALUE       VALUE  FROM      YEAR
                                                  NORMAL
..................................................................
TEMPERATURE (F)
 YESTERDAY
  MAXIMUM         65    448 PM  86    1976  66     -1       75
  MINIMUM         57   1129 PM  40    1983  50      7       50
                                      1965
                                      1957
  AVERAGE         61                        58      3       63

PRECIPITATION (IN)
  YESTERDAY        0.02          2.21 1959   0.07  -0.05     0.00
  MONTH TO DATE    0.57                      1.28  -0.71     0.51
  SINCE OCT 1     56.33                     66.55 -10.22    48.46
  SINCE JAN 1     44.22                     38.89   5.33    34.85

DEGREE DAYS
 HEATING
  YESTERDAY        4                         7     -3        2
  MONTH TO DATE   47                       103    -56       45
  SINCE SEP 1     47                       103    -56       45

 COOLING
  YESTERDAY        0                         0      0        0
  MONTH TO DATE   15                         0     15        7
  SINCE SEP 1     15                         0     15        7
  SINCE JAN 1     45                        16     29       20
..................................................................


WIND (MPH)
  RESULTANT WIND SPEED   4   RESULTANT WIND DIRECTION   S (200)
  HIGHEST WIND SPEED    12   HIGHEST WIND DIRECTION    SW (230)
  HIGHEST GUST SPEED    13   HIGHEST GUST DIRECTION    SW (220)
  AVERAGE WIND SPEED     4.2


SKY COVER
  AVERAGE SKY COVER 0.9


WEATHER CONDITIONS
 THE FOLLOWING WEATHER WAS RECORDED YESTERDAY.
  LIGHT RAIN
  FOG
  FOG W/VISIBILITY <= 1/4 MILE


RELATIVE HUMIDITY (PERCENT)
 HIGHEST   100           400 AM
 LOWEST     87           900 AM
 AVERAGE    94

..........................................................


THE HOQUIAM WA AIRPORT CLIMATE NORMALS FOR TODAY
                         NORMAL    RECORD    YEAR
 MAXIMUM TEMPERATURE (F)   66        90      1974
 MINIMUM TEMPERATURE (F)   50        40      1968


SUNRISE AND SUNSET
SEPTEMBER 20 2014.....SUNRISE   700 AM PDT   SUNSET   717 PM PDT
SEPTEMBER 21 2014.....SUNRISE   701 AM PDT   SUNSET   715 PM PDT


-  INDICATES NEGATIVE NUMBERS.
R  INDICATES RECORD WAS SET OR TIED.
MM INDICATES DATA IS MISSING.
T  INDICATES TRACE AMOUNT.




$$
