000
CDUS46 KSEW 170830
CLIHQM


CLIMATE REPORT
NATIONAL WEATHER SERVICE SEATTLE WA
129 AM PDT THU AUG 17 2017


...................................

...THE HOQUIAM WA AIRPORT CLIMATE SUMMARY FOR AUGUST 16 2017...

CLIMATE NORMAL PERIOD 1981 TO 2010
CLIMATE RECORD PERIOD 1953 TO 2017


WEATHER ITEM   OBSERVED TIME   RECORD YEAR NORMAL DEPARTURE LAST
                VALUE   (LST)  VALUE       VALUE  FROM      YEAR
                                                  NORMAL
..................................................................
TEMPERATURE (F)
 YESTERDAY
  MAXIMUM         68    248 PM  88    1985  68      0       61
  MINIMUM         53    543 AM  43    2011  54     -1       55
                                      1999
  AVERAGE         61                        61      0       58

PRECIPITATION (IN)
  YESTERDAY        0.00          0.36 1988   0.05  -0.05     0.00
  MONTH TO DATE    0.26                      0.50  -0.24     0.19
  SINCE OCT 1     84.41                     64.46  19.95    74.68
  SINCE JAN 1     42.87                     36.80   6.07    41.26

DEGREE DAYS
 HEATING
  YESTERDAY        4                         4      0        7
  MONTH TO DATE   54                        64    -10       60
  SINCE JUN 1    400                       474    -74      391

 COOLING
  YESTERDAY        0                         0      0        0
  MONTH TO DATE   19                         0     19        5
  SINCE JUN 1     33                         8     25       18
  SINCE JAN 1     33                         9     24       23
..................................................................


WIND (MPH)
  RESULTANT WIND SPEED   7   RESULTANT WIND DIRECTION  SW (240)
  HIGHEST WIND SPEED    20   HIGHEST WIND DIRECTION    SW (220)
  HIGHEST GUST SPEED    22   HIGHEST GUST DIRECTION    SW (210)
  AVERAGE WIND SPEED     8.6


SKY COVER
  AVERAGE SKY COVER 0.7


WEATHER CONDITIONS
 THE FOLLOWING WEATHER WAS RECORDED YESTERDAY.
  FOG


RELATIVE HUMIDITY (PERCENT)
 HIGHEST   100           600 AM
 LOWEST     73          1100 AM
 AVERAGE    87

..........................................................


THE HOQUIAM WA AIRPORT CLIMATE NORMALS FOR TODAY
                         NORMAL    RECORD    YEAR
 MAXIMUM TEMPERATURE (F)   68        78      1977
 MINIMUM TEMPERATURE (F)   54        44      1955


SUNRISE AND SUNSET
AUGUST 17 2017........SUNRISE   616 AM PDT   SUNSET   822 PM PDT
AUGUST 18 2017........SUNRISE   617 AM PDT   SUNSET   821 PM PDT


-  INDICATES NEGATIVE NUMBERS.
R  INDICATES RECORD WAS SET OR TIED.
MM INDICATES DATA IS MISSING.
T  INDICATES TRACE AMOUNT.




$$
