000
CDUS46 KSEW 230834
CLIHQM


CLIMATE REPORT
NATIONAL WEATHER SERVICE SEATTLE WA
1234 AM PST MON JAN 23 2017


...................................

...THE HOQUIAM WA AIRPORT CLIMATE SUMMARY FOR JANUARY 22 2017...

CLIMATE NORMAL PERIOD 1981 TO 2010
CLIMATE RECORD PERIOD 1953 TO 2017


WEATHER ITEM   OBSERVED TIME   RECORD YEAR NORMAL DEPARTURE LAST
                VALUE   (LST)  VALUE       VALUE  FROM      YEAR
                                                  NORMAL
..................................................................
TEMPERATURE (F)
 YESTERDAY
  MAXIMUM         47    325 PM  58    1981  48     -1       52
  MINIMUM         40   1014 PM  20    1969  38      2       46
                                      1962
  AVERAGE         44                        43      1       49

PRECIPITATION (IN)
  YESTERDAY        0.13          2.30 1982   0.31  -0.18     0.35
  MONTH TO DATE    5.00                      7.65  -2.65     9.70
  SINCE OCT 1     46.54                     35.31  11.23    43.12
  SINCE JAN 1      5.00                      7.65  -2.65     9.70

DEGREE DAYS
 HEATING
  YESTERDAY       21                        22     -1       16
  MONTH TO DATE  590                       495     95      480
  SINCE DEC 1   1398                      1222    176     1146

 COOLING
  YESTERDAY        0                         0      0        0
  MONTH TO DATE    0                         0      0        0
  SINCE DEC 1      0                         0      0        0
  SINCE JAN 1      0                         0      0        0
..................................................................


WIND (MPH)
  RESULTANT WIND SPEED  11   RESULTANT WIND DIRECTION   E (70)
  HIGHEST WIND SPEED    23   HIGHEST WIND DIRECTION    NE (40)
  HIGHEST GUST SPEED    28   HIGHEST GUST DIRECTION    NE (40)
  AVERAGE WIND SPEED    11.3


SKY COVER
  AVERAGE SKY COVER 0.7


WEATHER CONDITIONS
 THE FOLLOWING WEATHER WAS RECORDED YESTERDAY.
  LIGHT RAIN
  FOG


RELATIVE HUMIDITY (PERCENT)
 HIGHEST    96          1200 AM
 LOWEST     82           200 PM
 AVERAGE    89

..........................................................


THE HOQUIAM WA AIRPORT CLIMATE NORMALS FOR TODAY
                         NORMAL    RECORD    YEAR
 MAXIMUM TEMPERATURE (F)   48        58      1968
 MINIMUM TEMPERATURE (F)   38        19      1969


SUNRISE AND SUNSET
JANUARY 23 2017.......SUNRISE   750 AM PST   SUNSET   506 PM PST
JANUARY 24 2017.......SUNRISE   749 AM PST   SUNSET   507 PM PST


-  INDICATES NEGATIVE NUMBERS.
R  INDICATES RECORD WAS SET OR TIED.
MM INDICATES DATA IS MISSING.
T  INDICATES TRACE AMOUNT.




$$
