000
CDUS46 KSEW 190842
CLIHQM


CLIMATE REPORT
NATIONAL WEATHER SERVICE SEATTLE WA
1242 AM PST SUN FEB 19 2017


...................................

...THE HOQUIAM WA AIRPORT CLIMATE SUMMARY FOR FEBRUARY 18 2017...

CLIMATE NORMAL PERIOD 1981 TO 2010
CLIMATE RECORD PERIOD 1953 TO 2017


WEATHER ITEM   OBSERVED TIME   RECORD YEAR NORMAL DEPARTURE LAST
                VALUE   (LST)  VALUE       VALUE  FROM      YEAR
                                                  NORMAL
..................................................................
TEMPERATURE (F)
 YESTERDAY
  MAXIMUM         47    416 PM  63    1977  50     -3       50
  MINIMUM         42   1159 PM  25    1955  38      4       44
  AVERAGE         45                        44      1       47

PRECIPITATION (IN)
  YESTERDAY        0.07          1.83 1995   0.24  -0.17     0.35
  MONTH TO DATE    6.00                      4.80   1.20     5.86
  SINCE OCT 1     52.63                     42.79   9.84    53.58
  SINCE JAN 1     11.09                     15.13  -4.04    20.16

DEGREE DAYS
 HEATING
  YESTERDAY       20                        21     -1       18
  MONTH TO DATE  398                       388     10      293
  SINCE DEC 1   2004                      1809    195     1602

 COOLING
  YESTERDAY        0                         0      0        0
  MONTH TO DATE    0                         0      0        0
  SINCE DEC 1      0                         0      0        0
  SINCE JAN 1      0                         0      0        0
..................................................................


WIND (MPH)
  RESULTANT WIND SPEED   2   RESULTANT WIND DIRECTION  NE (60)
  HIGHEST WIND SPEED    18   HIGHEST WIND DIRECTION     S (170)
  HIGHEST GUST SPEED    21   HIGHEST GUST DIRECTION     S (170)
  AVERAGE WIND SPEED     5.8


SKY COVER
  AVERAGE SKY COVER 0.9


WEATHER CONDITIONS
 THE FOLLOWING WEATHER WAS RECORDED YESTERDAY.
  LIGHT RAIN
  FOG


RELATIVE HUMIDITY (PERCENT)
 HIGHEST   100           900 AM
 LOWEST     71          1200 AM
 AVERAGE    86

..........................................................


THE HOQUIAM WA AIRPORT CLIMATE NORMALS FOR TODAY
                         NORMAL    RECORD    YEAR
 MAXIMUM TEMPERATURE (F)   50        61      1978
 MINIMUM TEMPERATURE (F)   38        22      2006


SUNRISE AND SUNSET
FEBRUARY 19 2017......SUNRISE   713 AM PST   SUNSET   547 PM PST
FEBRUARY 20 2017......SUNRISE   711 AM PST   SUNSET   548 PM PST


-  INDICATES NEGATIVE NUMBERS.
R  INDICATES RECORD WAS SET OR TIED.
MM INDICATES DATA IS MISSING.
T  INDICATES TRACE AMOUNT.




$$
