000
CDUS46 KSEW 060828
CLIHQM


CLIMATE REPORT
NATIONAL WEATHER SERVICE SEATTLE WA
128 AM PDT MON JUL 6 2015


...................................

...THE HOQUIAM WA AIRPORT CLIMATE SUMMARY FOR JULY 5 2015...

CLIMATE NORMAL PERIOD 1981 TO 2010
CLIMATE RECORD PERIOD 1953 TO 2015


WEATHER ITEM   OBSERVED TIME   RECORD YEAR NORMAL DEPARTURE LAST
                VALUE   (LST)  VALUE       VALUE  FROM      YEAR
                                                  NORMAL
..................................................................
TEMPERATURE (F)
 YESTERDAY
  MAXIMUM         69   1059 AM  85    1960  66      3       68
  MINIMUM         56    533 AM  43    1955  53      3       55
  AVERAGE         63                        59      4       62

PRECIPITATION (IN)
  YESTERDAY        0.00          0.96 1956   0.05  -0.05     0.01
  MONTH TO DATE    0.00                      0.25  -0.25     0.08
  SINCE OCT 1     57.91                     63.07  -5.16    53.02
  SINCE JAN 1     26.49                     35.41  -8.92    40.91

DEGREE DAYS
 HEATING
  YESTERDAY        2                         6     -4        3
  MONTH TO DATE    6                        30    -24       14
  SINCE JUN 1    166                       276   -110      218

 COOLING
  YESTERDAY        0                         0      0        0
  MONTH TO DATE    1                         0      1        7
  SINCE JUN 1      4                         2      2        7
  SINCE JAN 1      4                         3      1       22
..................................................................


WIND (MPH)
  RESULTANT WIND SPEED   7   RESULTANT WIND DIRECTION  SW (230)
  HIGHEST WIND SPEED    18   HIGHEST WIND DIRECTION    SW (240)
  HIGHEST GUST SPEED    21   HIGHEST GUST DIRECTION     W (260)
  AVERAGE WIND SPEED     8.8


SKY COVER
  AVERAGE SKY COVER 0.5


WEATHER CONDITIONS
 THE FOLLOWING WEATHER WAS RECORDED YESTERDAY.
  FOG
  FOG W/VISIBILITY <= 1/4 MILE
  HAZE


RELATIVE HUMIDITY (PERCENT)
 HIGHEST   100          1200 AM
 LOWEST     73          1000 AM
 AVERAGE    87

..........................................................


THE HOQUIAM WA AIRPORT CLIMATE NORMALS FOR TODAY
                         NORMAL    RECORD    YEAR
 MAXIMUM TEMPERATURE (F)   66        86      1953
 MINIMUM TEMPERATURE (F)   53        40      1971


SUNRISE AND SUNSET
JULY  6 2015..........SUNRISE   528 AM PDT   SUNSET   913 PM PDT
JULY  7 2015..........SUNRISE   529 AM PDT   SUNSET   912 PM PDT


-  INDICATES NEGATIVE NUMBERS.
R  INDICATES RECORD WAS SET OR TIED.
MM INDICATES DATA IS MISSING.
T  INDICATES TRACE AMOUNT.




$$
