000
CDUS46 KSEW 030133
CLIHQM


CLIMATE REPORT
NATIONAL WEATHER SERVICE SEATTLE WA
633 PM PDT WED SEP 2 2015


...................................

...THE HOQUIAM WA AIRPORT CLIMATE SUMMARY FOR SEPTEMBER 2 2015...
VALID TODAY AS OF 0600 PM LOCAL TIME.

CLIMATE NORMAL PERIOD 1981 TO 2010
CLIMATE RECORD PERIOD 1953 TO 2015


WEATHER ITEM   OBSERVED TIME   RECORD YEAR NORMAL DEPARTURE LAST
                VALUE   (LST)  VALUE       VALUE  FROM      YEAR
                                                  NORMAL
..................................................................
TEMPERATURE (F)
 TODAY
  MAXIMUM         67    218 PM  96    1988  68     -1       65
  MINIMUM         55    535 AM  44    1960  53      2       56
                                      1959
  AVERAGE         61                        60      1       61

PRECIPITATION (IN)
  TODAY            T             1.20 1977   0.06  -0.06     0.24
  MONTH TO DATE    0.53                      0.12   0.41     0.24
  SINCE OCT 1     60.59                     65.39  -4.80    56.00
  SINCE JAN 1     29.17                     37.73  -8.56    43.89

DEGREE DAYS
 HEATING
  TODAY            4                         5     -1        4
  MONTH TO DATE    7                        10     -3        6
  SINCE SEP 1      7                        10     -3        6

 COOLING
  TODAY            0                         0      0        0
  MONTH TO DATE    0                         0      0        0
  SINCE SEP 1      0                         0      0        0
  SINCE JAN 1     31                        16     15       30
..................................................................


WIND (MPH)
  RESULTANT WIND SPEED  10   RESULTANT WIND DIRECTION  SW (220)
  HIGHEST WIND SPEED    17   HIGHEST WIND DIRECTION    SW (230)
  HIGHEST GUST SPEED    20   HIGHEST GUST DIRECTION    SW (220)
  AVERAGE WIND SPEED     9.9


SKY COVER
  AVERAGE SKY COVER 0.4


WEATHER CONDITIONS
 THE FOLLOWING WEATHER WAS RECORDED TODAY.
  LIGHT RAIN
  FOG


RELATIVE HUMIDITY (PERCENT)
 HIGHEST    93           200 AM
 LOWEST     56          1100 AM
 AVERAGE    75

..........................................................


THE HOQUIAM WA AIRPORT CLIMATE NORMALS FOR TOMORROW
                         NORMAL    RECORD    YEAR
 MAXIMUM TEMPERATURE (F)   68        84      2011
 MINIMUM TEMPERATURE (F)   53        41      1956


SUNRISE AND SUNSET
SEPTEMBER  2 2015.....SUNRISE   636 AM PDT   SUNSET   754 PM PDT
SEPTEMBER  3 2015.....SUNRISE   638 AM PDT   SUNSET   752 PM PDT


-  INDICATES NEGATIVE NUMBERS.
R  INDICATES RECORD WAS SET OR TIED.
MM INDICATES DATA IS MISSING.
T  INDICATES TRACE AMOUNT.




$$
