000
CDUS44 KBRO 060726
CLIHRL


CLIMATE REPORT
NATIONAL WEATHER SERVICE BROWNSVILLE TX
126 AM CST SAT FEB 6 2016


...................................

...THE HARLINGEN CLIMATE SUMMARY FOR FEBRUARY 5 2016...

CLIMATE NORMAL PERIOD 1981 TO 2010
CLIMATE RECORD PERIOD 1912 TO 2016


WEATHER ITEM   OBSERVED TIME   RECORD YEAR NORMAL DEPARTURE LAST
                VALUE   (LST)  VALUE       VALUE  FROM      YEAR
                                                  NORMAL
..................................................................
TEMPERATURE (F)
 YESTERDAY
  MAXIMUM         70   1221 PM  89    1922  72     -2       64
  MINIMUM         39    202 AM  28    2011  52    -13       50
  AVERAGE         55                        62     -7       57

PRECIPITATION (IN)
  YESTERDAY        0.00          2.54 1991   0.05  -0.05     0.00
  MONTH TO DATE    0.00                      0.28  -0.28     0.69
  SINCE DEC 1      2.21                      2.60  -0.39     4.93
  SINCE JAN 1      1.91                      1.34   0.57     2.62

SNOWFALL (IN)
  YESTERDAY        0.0
  MONTH TO DATE    0.0
  SINCE DEC 1      0.0
  SINCE JUL 1      0.0

DEGREE DAYS
 HEATING
  YESTERDAY       10                         5      5        8
  MONTH TO DATE   27                        25      2       38
  SINCE DEC 1    300                       416   -116      437
  SINCE JUL 1    336                       473   -137      572

 COOLING
  YESTERDAY        0                         2     -2        0
  MONTH TO DATE   12                        10      2        6
  SINCE DEC 1    173                       117     56      111
  SINCE JAN 1     40                        59    -19       20
..................................................................


WIND (MPH)
  HIGHEST WIND SPEED    21   HIGHEST WIND DIRECTION    SE (130)
  HIGHEST GUST SPEED    30   HIGHEST GUST DIRECTION     E (100)
  AVERAGE WIND SPEED     8.1



WEATHER CONDITIONS
 THE FOLLOWING WEATHER WAS RECORDED YESTERDAY.
  NO SIGNIFICANT WEATHER WAS OBSERVED.


RELATIVE HUMIDITY (PERCENT)
 HIGHEST    77
 LOWEST     39
 AVERAGE    58

..........................................................


THE HARLINGEN CLIMATE NORMALS FOR TODAY
                         NORMAL    RECORD    YEAR
 MAXIMUM TEMPERATURE (F)   73        89      1957
 MINIMUM TEMPERATURE (F)   52        29      1923
                                             1989


SUNRISE AND SUNSET
FEBRUARY  6 2016......SUNRISE   713 AM CST   SUNSET   617 PM CST
FEBRUARY  7 2016......SUNRISE   712 AM CST   SUNSET   618 PM CST


-  INDICATES NEGATIVE NUMBERS.
R  INDICATES RECORD WAS SET OR TIED.
MM INDICATES DATA IS MISSING.
T  INDICATES TRACE AMOUNT.




$$
