000
CDUS44 KBRO 300631
CLIHRL


CLIMATE REPORT
NATIONAL WEATHER SERVICE BROWNSVILLE TX
131 AM CDT THU OCT 30 2014


...................................

...THE HARLINGEN CLIMATE SUMMARY FOR OCTOBER 29 2014...

CLIMATE NORMAL PERIOD 1981 TO 2010
CLIMATE RECORD PERIOD 1912 TO 2014


WEATHER ITEM   OBSERVED TIME   RECORD YEAR NORMAL DEPARTURE LAST
                VALUE   (LST)  VALUE       VALUE  FROM      YEAR
                                                  NORMAL
..................................................................
TEMPERATURE (F)
 YESTERDAY
  MAXIMUM         86    209 PM  99    1927  85      1       89
  MINIMUM         64    650 AM  46    1925  62      2       73
  AVERAGE         75                        74      1       81

PRECIPITATION (IN)
  YESTERDAY        0.00          1.45 1976   0.09  -0.09     0.00
  MONTH TO DATE    0.62                      2.81  -2.19     0.74
  SINCE SEP 1     10.03                      8.03   2.00     9.94
  SINCE JAN 1     16.68                     22.24  -5.56    21.78

SNOWFALL (IN)
  YESTERDAY        0.0
  MONTH TO DATE    0.0
  SINCE SEP 1      0.0
  SINCE JUL 1      0.0

DEGREE DAYS
 HEATING
  YESTERDAY        0                         0      0        0
  MONTH TO DATE    0                         0      0        0
  SINCE SEP 1      0                         0      0        0
  SINCE JUL 1      0                         0      0        0

 COOLING
  YESTERDAY       10                         9      1       16
  MONTH TO DATE  326                       331     -5      345
  SINCE SEP 1    838                       836      2      843
  SINCE JAN 1   3735                      3760    -25     3860
..................................................................


WIND (MPH)
  HIGHEST WIND SPEED    16   HIGHEST WIND DIRECTION     E (70)
  HIGHEST GUST SPEED    20   HIGHEST GUST DIRECTION     E (70)
  AVERAGE WIND SPEED     4.8



WEATHER CONDITIONS
 THE FOLLOWING WEATHER WAS RECORDED YESTERDAY.
  NO SIGNIFICANT WEATHER WAS OBSERVED.


RELATIVE HUMIDITY (PERCENT)
 HIGHEST   100
 LOWEST     57
 AVERAGE    79

..........................................................


THE HARLINGEN CLIMATE NORMALS FOR TODAY
                         NORMAL    RECORD    YEAR
 MAXIMUM TEMPERATURE (F)   85        95      1947
                                             1942
 MINIMUM TEMPERATURE (F)   62        42      1925


SUNRISE AND SUNSET
OCTOBER 30 2014.......SUNRISE   738 AM CDT   SUNSET   650 PM CDT
OCTOBER 31 2014.......SUNRISE   739 AM CDT   SUNSET   649 PM CDT


-  INDICATES NEGATIVE NUMBERS.
R  INDICATES RECORD WAS SET OR TIED.
MM INDICATES DATA IS MISSING.
T  INDICATES TRACE AMOUNT.




$$
