000
CDUS44 KBRO 202128
CLIHRL


CLIMATE REPORT
NATIONAL WEATHER SERVICE BROWNSVILLE TX
428 PM CDT SAT SEP 20 2014


...................................

...THE HARLINGEN CLIMATE SUMMARY FOR SEPTEMBER 20 2014...
VALID TODAY AS OF 0400 PM LOCAL TIME.

CLIMATE NORMAL PERIOD 1981 TO 2010
CLIMATE RECORD PERIOD 1912 TO 2014


WEATHER ITEM   OBSERVED TIME   RECORD YEAR NORMAL DEPARTURE LAST
                VALUE   (LST)  VALUE       VALUE  FROM      YEAR
                                                  NORMAL
..................................................................
TEMPERATURE (F)
 TODAY
  MAXIMUM         89   1033 AM 106    1947  90     -1       89
  MINIMUM         78    130 PM  59    1981  72      6       77
  AVERAGE         84                        81      3       83

PRECIPITATION (IN)
  TODAY            0.01          3.85 1967   0.18  -0.17     0.39
  MONTH TO DATE    5.23                      3.60   1.63     9.08
  SINCE SEP 1      5.23                      3.60   1.63     9.08
  SINCE JAN 1     11.88                     17.81  -5.93    20.92

SNOWFALL (IN)
  TODAY            0.0
  MONTH TO DATE    0.0
  SINCE SEP 1      0.0
  SINCE JUL 1      0.0
  SNOW DEPTH       0

DEGREE DAYS
 HEATING
  TODAY            0                         0      0        0
  MONTH TO DATE    0                         0      0        0
  SINCE SEP 1      0                         0      0        0
  SINCE JUL 1      0                         0      0        0

 COOLING
  TODAY           19                        16      3       18
  MONTH TO DATE  372                       355     17      336
  SINCE SEP 1    372                       355     17      336
  SINCE JAN 1   3269                      3279    -10     3353
..................................................................


WIND (MPH)
  HIGHEST WIND SPEED    18   HIGHEST WIND DIRECTION     E (80)
  HIGHEST GUST SPEED    22   HIGHEST GUST DIRECTION     E (90)
  AVERAGE WIND SPEED     5.2



WEATHER CONDITIONS
 THE FOLLOWING WEATHER WAS RECORDED TODAY.
  LIGHT RAIN
  FOG


RELATIVE HUMIDITY (PERCENT)
 HIGHEST   100
 LOWEST     68
 AVERAGE    84

..........................................................


THE HARLINGEN CLIMATE NORMALS FOR TOMORROW
                         NORMAL    RECORD    YEAR
 MAXIMUM TEMPERATURE (F)   90       106      1947
 MINIMUM TEMPERATURE (F)   72        59      1938


SUNRISE AND SUNSET
SEPTEMBER 20 2014.....SUNRISE   718 AM CDT   SUNSET   729 PM CDT
SEPTEMBER 21 2014.....SUNRISE   719 AM CDT   SUNSET   728 PM CDT


-  INDICATES NEGATIVE NUMBERS.
R  INDICATES RECORD WAS SET OR TIED.
MM INDICATES DATA IS MISSING.
T  INDICATES TRACE AMOUNT.




$$
