000
CDUS44 KBRO 222235
CLIHRL


CLIMATE REPORT
NATIONAL WEATHER SERVICE BROWNSVILLE TX
433 PM CST MON DEC 22 2014


...................................

...THE HARLINGEN CLIMATE SUMMARY FOR DECEMBER 22 2014...
VALID TODAY AS OF 0400 PM LOCAL TIME.

CLIMATE NORMAL PERIOD 1981 TO 2010
CLIMATE RECORD PERIOD 1912 TO 2014


WEATHER ITEM   OBSERVED TIME   RECORD YEAR NORMAL DEPARTURE LAST
                VALUE   (LST)  VALUE       VALUE  FROM      YEAR
                                                  NORMAL
..................................................................
TEMPERATURE (F)
 TODAY
  MAXIMUM         80    349 PM  89    1948  70     10       78
  MINIMUM         57    432 AM  25    1989  49      8       55
  AVERAGE         69                        60      9       67

PRECIPITATION (IN)
  TODAY            0.00          5.50 1940   0.03  -0.03     0.00
  MONTH TO DATE    1.06                      1.05   0.01     0.13
  SINCE DEC 1      1.06                      1.05   0.01     0.13
  SINCE JAN 1     22.85                     24.97  -2.12    29.30

SNOWFALL (IN)
  TODAY            0.0
  MONTH TO DATE    0.0
  SINCE DEC 1      0.0
  SINCE JUL 1      0.0
  SNOW DEPTH       0

DEGREE DAYS
 HEATING
  TODAY            0                         7     -7        0
  MONTH TO DATE   27                       128   -101      154
  SINCE DEC 1     27                       128   -101      154
  SINCE JUL 1    162                       185    -23      286

 COOLING
  TODAY            4                         1      3        2
  MONTH TO DATE   84                        45     39       63
  SINCE DEC 1     84                        45     39       63
  SINCE JAN 1   3911                      3979    -68     4076
..................................................................


WIND (MPH)
  HIGHEST WIND SPEED    21   HIGHEST WIND DIRECTION     S (190)
  HIGHEST GUST SPEED    25   HIGHEST GUST DIRECTION     S (200)
  AVERAGE WIND SPEED     8.5



WEATHER CONDITIONS
 THE FOLLOWING WEATHER WAS RECORDED TODAY.
  FOG


RELATIVE HUMIDITY (PERCENT)
 HIGHEST   100
 LOWEST     58
 AVERAGE    79

..........................................................


THE HARLINGEN CLIMATE NORMALS FOR TOMORROW
                         NORMAL    RECORD    YEAR
 MAXIMUM TEMPERATURE (F)   70        86      1981
 MINIMUM TEMPERATURE (F)   49        15      1989


SUNRISE AND SUNSET
DECEMBER 22 2014......SUNRISE   714 AM CST   SUNSET   544 PM CST
DECEMBER 23 2014......SUNRISE   715 AM CST   SUNSET   545 PM CST


-  INDICATES NEGATIVE NUMBERS.
R  INDICATES RECORD WAS SET OR TIED.
MM INDICATES DATA IS MISSING.
T  INDICATES TRACE AMOUNT.




$$
