000
CDUS44 KBRO 310627
CLIHRL


CLIMATE REPORT
NATIONAL WEATHER SERVICE BROWNSVILLE TX
126 AM CDT FRI JUL 31 2015


...................................

...THE HARLINGEN CLIMATE SUMMARY FOR JULY 30 2015...

CLIMATE NORMAL PERIOD 1981 TO 2010
CLIMATE RECORD PERIOD 1912 TO 2015


WEATHER ITEM   OBSERVED TIME   RECORD YEAR NORMAL DEPARTURE LAST
                VALUE   (LST)  VALUE       VALUE  FROM      YEAR
                                                  NORMAL
..................................................................
TEMPERATURE (F)
 YESTERDAY
  MAXIMUM        100    100 PM 105    1946  96      4      101
  MINIMUM         72    611 AM  69    1971  75     -3       74
  AVERAGE         86                        86      0       88

PRECIPITATION (IN)
  YESTERDAY        0.00          0.30 1931   0.04  -0.04     0.00
  MONTH TO DATE    1.12                      1.88  -0.76     0.59
  SINCE JUN 1      3.33                      4.38  -1.05     0.88
  SINCE JAN 1     15.83                     12.30   3.53     5.72

SNOWFALL (IN)
  YESTERDAY        0.0
  MONTH TO DATE    0.0
  SINCE JUN 1      0.0
  SINCE JUL 1      0.0

DEGREE DAYS
 HEATING
  YESTERDAY        0                         0      0        0
  MONTH TO DATE    0                         0      0        0
  SINCE JUN 1      0                         0      0        0
  SINCE JUL 1      0                         0      0        0

 COOLING
  YESTERDAY       21                        21      0       23
  MONTH TO DATE  635                       601     34      626
  SINCE JUN 1   1202                      1169     33     1248
  SINCE JAN 1   2286                      2270     16     2184
..................................................................


WIND (MPH)
  HIGHEST WIND SPEED    20   HIGHEST WIND DIRECTION     E (100)
  HIGHEST GUST SPEED    26   HIGHEST GUST DIRECTION    SE (120)
  AVERAGE WIND SPEED     7.6



WEATHER CONDITIONS
 THE FOLLOWING WEATHER WAS RECORDED YESTERDAY.
  FOG
  FOG W/VISIBILITY <= 1/4 MILE


RELATIVE HUMIDITY (PERCENT)
 HIGHEST   100
 LOWEST     42
 AVERAGE    71

..........................................................


THE HARLINGEN CLIMATE NORMALS FOR TODAY
                         NORMAL    RECORD    YEAR
 MAXIMUM TEMPERATURE (F)   96       104      1960
 MINIMUM TEMPERATURE (F)   75        69      1971


SUNRISE AND SUNSET
JULY 31 2015..........SUNRISE   656 AM CDT   SUNSET   818 PM CDT
AUGUST  1 2015........SUNRISE   656 AM CDT   SUNSET   818 PM CDT


-  INDICATES NEGATIVE NUMBERS.
R  INDICATES RECORD WAS SET OR TIED.
MM INDICATES DATA IS MISSING.
T  INDICATES TRACE AMOUNT.




$$
