000
CDUS44 KBRO 260625
CLIHRL


CLIMATE REPORT
NATIONAL WEATHER SERVICE BROWNSVILLE TX
125 AM CDT TUE MAY 26 2015


...................................

...THE HARLINGEN CLIMATE SUMMARY FOR MAY 25 2015...

CLIMATE NORMAL PERIOD 1981 TO 2010
CLIMATE RECORD PERIOD 1912 TO 2015


WEATHER ITEM   OBSERVED TIME   RECORD YEAR NORMAL DEPARTURE LAST
                VALUE   (LST)  VALUE       VALUE  FROM      YEAR
                                                  NORMAL
..................................................................
TEMPERATURE (F)
 YESTERDAY
  MAXIMUM         90    351 PM  98    1955  92     -2       91
  MINIMUM         75    147 AM  57    1967  72      3       77
  AVERAGE         83                        82      1       84

PRECIPITATION (IN)
  YESTERDAY       MM             6.73 2007   0.10  MM        0.00
  MONTH TO DATE    1.13                      1.96  -0.83     1.77
  SINCE MAR 1      7.92                      4.92   3.00     3.72
  SINCE JAN 1     10.84                      7.39   3.45     4.72

SNOWFALL (IN)
  YESTERDAY        0.0
  MONTH TO DATE    0.0
  SINCE MAR 1      0.0
  SINCE JUL 1      0.0

DEGREE DAYS
 HEATING
  YESTERDAY        0                         0      0        0
  MONTH TO DATE    0                         0      0        0
  SINCE MAR 1     74                        54     20      119
  SINCE JUL 1    767                       622    145      930

 COOLING
  YESTERDAY       18                        17      1       19
  MONTH TO DATE  419                       382     37      300
  SINCE MAR 1    919                       871     48      711
  SINCE JAN 1    978                       996    -18      822
..................................................................


WIND (MPH)
  HIGHEST WIND SPEED    28   HIGHEST WIND DIRECTION    SE (150)
  HIGHEST GUST SPEED    33   HIGHEST GUST DIRECTION    SE (150)
  AVERAGE WIND SPEED    16.4



WEATHER CONDITIONS
 THE FOLLOWING WEATHER WAS RECORDED YESTERDAY.
  NO SIGNIFICANT WEATHER WAS OBSERVED.


RELATIVE HUMIDITY (PERCENT)
 HIGHEST   100
 LOWEST     68
 AVERAGE    84

..........................................................


THE HARLINGEN CLIMATE NORMALS FOR TODAY
                         NORMAL    RECORD    YEAR
 MAXIMUM TEMPERATURE (F)   92       100      1924
 MINIMUM TEMPERATURE (F)   72        60      1913
                                             1940
                                             1967


SUNRISE AND SUNSET
MAY 26 2015...........SUNRISE   640 AM CDT   SUNSET   816 PM CDT
MAY 27 2015...........SUNRISE   639 AM CDT   SUNSET   816 PM CDT


-  INDICATES NEGATIVE NUMBERS.
R  INDICATES RECORD WAS SET OR TIED.
MM INDICATES DATA IS MISSING.
T  INDICATES TRACE AMOUNT.




$$
