000
CDUS44 KBRO 280626
CLIHRL


CLIMATE REPORT
NATIONAL WEATHER SERVICE BROWNSVILLE TX
126 AM CDT WED JUN 28 2017


...................................

...THE HARLINGEN CLIMATE SUMMARY FOR JUNE 27 2017...

CLIMATE NORMAL PERIOD 1981 TO 2010
CLIMATE RECORD PERIOD 1912 TO 2017


WEATHER ITEM   OBSERVED TIME   RECORD YEAR NORMAL DEPARTURE LAST
                VALUE   (LST)  VALUE       VALUE  FROM      YEAR
                                                  NORMAL
..................................................................
TEMPERATURE (F)
 YESTERDAY
  MAXIMUM         90   1228 PM 105    2012  94     -4       95
  MINIMUM         75    636 AM  59    1974  75      0       75
  AVERAGE         83                        85     -2       85

PRECIPITATION (IN)
  YESTERDAY        0.06          3.75 1931   0.11  -0.05     0.00
  MONTH TO DATE    1.18                      2.19  -1.01     5.12
  SINCE JUN 1      1.18                      2.19  -1.01     5.12
  SINCE JAN 1      7.77                     10.11  -2.34    12.01

SNOWFALL (IN)
  YESTERDAY        0.0
  MONTH TO DATE    0.0
  SINCE JUN 1      0.0
  SINCE JUL 1      0.0

DEGREE DAYS
 HEATING
  YESTERDAY        0                         0      0        0
  MONTH TO DATE    0                         0      0        0
  SINCE JUN 1      0                         0      0        0
  SINCE JUL 1    234                       622   -388      389

 COOLING
  YESTERDAY       18                        20     -2       20
  MONTH TO DATE  550                       508     42      521
  SINCE JUN 1    550                       508     42      521
  SINCE JAN 1   2085                      1609    476     1882
..................................................................


WIND (MPH)
  HIGHEST WIND SPEED    24   HIGHEST WIND DIRECTION     N (10)
  HIGHEST GUST SPEED    30   HIGHEST GUST DIRECTION     N (20)
  AVERAGE WIND SPEED     6.9



WEATHER CONDITIONS
 THE FOLLOWING WEATHER WAS RECORDED YESTERDAY.
  THUNDERSTORM
  RAIN
  LIGHT RAIN
  FOG


RELATIVE HUMIDITY (PERCENT)
 HIGHEST   100
 LOWEST     70
 AVERAGE    85

..........................................................


THE HARLINGEN CLIMATE NORMALS FOR TODAY
                         NORMAL    RECORD    YEAR
 MAXIMUM TEMPERATURE (F)   94       102      1980
 MINIMUM TEMPERATURE (F)   75        60      1974


SUNRISE AND SUNSET
JUNE 28 2017..........SUNRISE   641 AM CDT   SUNSET   827 PM CDT
JUNE 29 2017..........SUNRISE   641 AM CDT   SUNSET   827 PM CDT


-  INDICATES NEGATIVE NUMBERS.
R  INDICATES RECORD WAS SET OR TIED.
MM INDICATES DATA IS MISSING.
T  INDICATES TRACE AMOUNT.




$$
