000
CDUS44 KBRO 220628
CLIHRL


CLIMATE REPORT
NATIONAL WEATHER SERVICE BROWNSVILLE TX
128 AM CDT WED OCT 22 2014


...................................

...THE HARLINGEN CLIMATE SUMMARY FOR OCTOBER 21 2014...

CLIMATE NORMAL PERIOD 1981 TO 2010
CLIMATE RECORD PERIOD 1912 TO 2014


WEATHER ITEM   OBSERVED TIME   RECORD YEAR NORMAL DEPARTURE LAST
                VALUE   (LST)  VALUE       VALUE  FROM      YEAR
                                                  NORMAL
..................................................................
TEMPERATURE (F)
 YESTERDAY
  MAXIMUM         83   1256 PM  97    1956  86     -3       88
  MINIMUM         68    544 AM  44    1964  64      4       71
  AVERAGE         76                        75      1       80

PRECIPITATION (IN)
  YESTERDAY        0.27          1.18 1985   0.11   0.16     0.67
  MONTH TO DATE    0.47                      2.01  -1.54     0.74
  SINCE SEP 1      9.88                      7.23   2.65     9.94
  SINCE JAN 1     16.53                     21.44  -4.91    21.78

SNOWFALL (IN)
  YESTERDAY        0.0
  MONTH TO DATE    0.0
  SINCE SEP 1      0.0
  SINCE JUL 1      0.0

DEGREE DAYS
 HEATING
  YESTERDAY        0                         0      0        0
  MONTH TO DATE    0                         0      0        0
  SINCE SEP 1      0                         0      0        0
  SINCE JUL 1      0                         0      0        0

 COOLING
  YESTERDAY       11                        10      1       15
  MONTH TO DATE  248                       255     -7      269
  SINCE SEP 1    760                       760      0      767
  SINCE JAN 1   3657                      3684    -27     3784
..................................................................


WIND (MPH)
  HIGHEST WIND SPEED    25   HIGHEST WIND DIRECTION    NE (40)
  HIGHEST GUST SPEED    29   HIGHEST GUST DIRECTION    NE (40)
  AVERAGE WIND SPEED     7.0



WEATHER CONDITIONS
 THE FOLLOWING WEATHER WAS RECORDED YESTERDAY.
  HEAVY RAIN
  LIGHT RAIN
  FOG
  HAZE


RELATIVE HUMIDITY (PERCENT)
 HIGHEST   100
 LOWEST     69
 AVERAGE    85

..........................................................


THE HARLINGEN CLIMATE NORMALS FOR TODAY
                         NORMAL    RECORD    YEAR
 MAXIMUM TEMPERATURE (F)   86        96      1931
 MINIMUM TEMPERATURE (F)   64        44      1964


SUNRISE AND SUNSET
OCTOBER 22 2014.......SUNRISE   734 AM CDT   SUNSET   656 PM CDT
OCTOBER 23 2014.......SUNRISE   734 AM CDT   SUNSET   655 PM CDT


-  INDICATES NEGATIVE NUMBERS.
R  INDICATES RECORD WAS SET OR TIED.
MM INDICATES DATA IS MISSING.
T  INDICATES TRACE AMOUNT.




$$
