000
CDUS44 KBRO 280626
CLIHRL


CLIMATE REPORT
NATIONAL WEATHER SERVICE BROWNSVILLE TX
126 AM CDT FRI AUG 28 2015


...................................

...THE HARLINGEN CLIMATE SUMMARY FOR AUGUST 27 2015...

CLIMATE NORMAL PERIOD 1981 TO 2010
CLIMATE RECORD PERIOD 1912 TO 2015


WEATHER ITEM   OBSERVED TIME   RECORD YEAR NORMAL DEPARTURE LAST
                VALUE   (LST)  VALUE       VALUE  FROM      YEAR
                                                  NORMAL
..................................................................
TEMPERATURE (F)
 YESTERDAY
  MAXIMUM         93    246 PM 104    1948  95     -2       98
  MINIMUM         74   1159 PM  67    1961  75     -1       75
  AVERAGE         84                        85     -1       87

PRECIPITATION (IN)
  YESTERDAY        0.00          4.08 1974   0.12  -0.12     0.00
  MONTH TO DATE    2.24                      1.34   0.90     0.44
  SINCE JUN 1      5.57                      5.77  -0.20     1.32
  SINCE JAN 1     18.07                     13.69   4.38     6.16

SNOWFALL (IN)
  YESTERDAY        0.0
  MONTH TO DATE    0.0
  SINCE JUN 1      0.0
  SINCE JUL 1      0.0

DEGREE DAYS
 HEATING
  YESTERDAY        0                         0      0        0
  MONTH TO DATE    0                         0      0        0
  SINCE JUN 1      0                         0      0        0
  SINCE JUL 1      0                         0      0        0

 COOLING
  YESTERDAY       19                        20     -1       22
  MONTH TO DATE  613                       558     55      608
  SINCE JUN 1   1835                      1749     86     1880
  SINCE JAN 1   2919                      2850     69     2816
..................................................................


WIND (MPH)
  HIGHEST WIND SPEED    18   HIGHEST WIND DIRECTION    NE (60)
  HIGHEST GUST SPEED    22   HIGHEST GUST DIRECTION    NE (60)
  AVERAGE WIND SPEED     7.2



WEATHER CONDITIONS
 THE FOLLOWING WEATHER WAS RECORDED YESTERDAY.
  FOG


RELATIVE HUMIDITY (PERCENT)
 HIGHEST    94
 LOWEST     41
 AVERAGE    68

..........................................................


THE HARLINGEN CLIMATE NORMALS FOR TODAY
                         NORMAL    RECORD    YEAR
 MAXIMUM TEMPERATURE (F)   95       106      2011
 MINIMUM TEMPERATURE (F)   75        66      1970


SUNRISE AND SUNSET
AUGUST 28 2015........SUNRISE   709 AM CDT   SUNSET   755 PM CDT
AUGUST 29 2015........SUNRISE   709 AM CDT   SUNSET   754 PM CDT


-  INDICATES NEGATIVE NUMBERS.
R  INDICATES RECORD WAS SET OR TIED.
MM INDICATES DATA IS MISSING.
T  INDICATES TRACE AMOUNT.




$$
