000
CDUS44 KLZK 220640
CLIHRO


CLIMATE REPORT
NATIONAL WEATHER SERVICE LITTLE ROCK AR
139 AM CDT MON MAY 22 2017


...................................

...THE HARRISON CLIMATE SUMMARY FOR MAY 21 2017...

CLIMATE NORMAL PERIOD 1981 TO 2010
CLIMATE RECORD PERIOD 1891 TO 2017


WEATHER ITEM   OBSERVED TIME   RECORD YEAR NORMAL DEPARTURE LAST
                VALUE   (LST)  VALUE       VALUE  FROM      YEAR
                                                  NORMAL
..................................................................
TEMPERATURE (F)
 YESTERDAY
  MAXIMUM         71    407 PM  96    1904  77     -6       75
  MINIMUM         49    350 AM  33    1919  57     -8       49
  AVERAGE         60                        67     -7       62

PRECIPITATION (IN)
  YESTERDAY        0.00          3.43 1920   0.13  -0.13     0.00
  MONTH TO DATE    4.50                      3.32   1.18     1.64
  SINCE MAR 1     21.82                     11.43  10.39     8.70
  SINCE JAN 1     25.40                     16.63   8.77    10.98

SNOWFALL (IN)
  YESTERDAY        0.0          MM      MM   0.0    0.0      0.0
  MONTH TO DATE    0.0                       0.0    0.0      0.0
  SINCE MAR 1      2.5                       2.3    0.2      0.0
  SINCE JUL 1      3.4                      11.5   -8.1      3.7
  SNOW DEPTH       0

DEGREE DAYS
 HEATING
  YESTERDAY        5                         2      3        3
  MONTH TO DATE   58                        64     -6      104
  SINCE MAR 1    574                       813   -239      620
  SINCE JUL 1   2980                      3985  -1005     3233

 COOLING
  YESTERDAY        0                         4     -4        0
  MONTH TO DATE   60                        57      3       23
  SINCE MAR 1    106                        94     12       46
  SINCE JAN 1    113                        94     19       46
..................................................................


WIND (MPH)
  HIGHEST WIND SPEED    17   HIGHEST WIND DIRECTION    NW (330)
  HIGHEST GUST SPEED    24   HIGHEST GUST DIRECTION    NW (320)
  AVERAGE WIND SPEED     6.5


SKY COVER
  POSSIBLE SUNSHINE  MM
  AVERAGE SKY COVER 0.0


WEATHER CONDITIONS
 THE FOLLOWING WEATHER WAS RECORDED YESTERDAY.
  NO SIGNIFICANT WEATHER WAS OBSERVED.


RELATIVE HUMIDITY (PERCENT)
 HIGHEST    96           300 AM
 LOWEST     33           300 PM
 AVERAGE    65

..........................................................


THE HARRISON CLIMATE NORMALS FOR TODAY
                         NORMAL    RECORD    YEAR
 MAXIMUM TEMPERATURE (F)   78        93      1941
 MINIMUM TEMPERATURE (F)   57        39      1892


SUNRISE AND SUNSET
MAY 22 2017...........SUNRISE   601 AM CDT   SUNSET   818 PM CDT
MAY 23 2017...........SUNRISE   601 AM CDT   SUNSET   819 PM CDT


-  INDICATES NEGATIVE NUMBERS.
R  INDICATES RECORD WAS SET OR TIED.
MM INDICATES DATA IS MISSING.
T  INDICATES TRACE AMOUNT.




$$
