000
CDUS44 KLZK 250640
CLIHRO


CLIMATE REPORT
NATIONAL WEATHER SERVICE LITTLE ROCK AR
140 AM CDT SUN SEP 25 2016


...................................

...THE HARRISON CLIMATE SUMMARY FOR SEPTEMBER 24 2016...

CLIMATE NORMAL PERIOD 1981 TO 2010
CLIMATE RECORD PERIOD 1891 TO 2016


WEATHER ITEM   OBSERVED TIME   RECORD YEAR NORMAL DEPARTURE LAST
                VALUE   (LST)  VALUE       VALUE  FROM      YEAR
                                                  NORMAL
..................................................................
TEMPERATURE (F)
 YESTERDAY
  MAXIMUM         89    243 PM  99    1926  77     12       84
  MINIMUM         65    624 AM  33    1989  55     10       56
  AVERAGE         77                        66     11       70

PRECIPITATION (IN)
  YESTERDAY        0.00          4.75 1941   0.14  -0.14     0.00
  MONTH TO DATE    1.08                      3.39  -2.31     5.05
  SINCE SEP 1      1.08                      3.39  -2.31     5.05
  SINCE JAN 1     29.36                     32.35  -2.99    45.27

SNOWFALL (IN)
  YESTERDAY        0.0          MM      MM   0.0    0.0      0.0
  MONTH TO DATE    0.0                       0.0    0.0      0.0
  SINCE SEP 1      0.0                       0.0    0.0      0.0
  SINCE JUL 1      0.0                       0.0    0.0      0.0
  SNOW DEPTH       0

DEGREE DAYS
 HEATING
  YESTERDAY        0                         3     -3        0
  MONTH TO DATE    0                        22    -22       11
  SINCE SEP 1      0                        22    -22       11
  SINCE JUL 1      0                        23    -23       12

 COOLING
  YESTERDAY       12                         3      9        5
  MONTH TO DATE  215                       151     64      191
  SINCE SEP 1    215                       151     64      191
  SINCE JAN 1   1526                      1362    164     1411
..................................................................


WIND (MPH)
  HIGHEST WIND SPEED    15   HIGHEST WIND DIRECTION    SE (150)
  HIGHEST GUST SPEED    19   HIGHEST GUST DIRECTION    SE (150)
  AVERAGE WIND SPEED     5.2


SKY COVER
  POSSIBLE SUNSHINE  MM
  AVERAGE SKY COVER 0.0


WEATHER CONDITIONS
 THE FOLLOWING WEATHER WAS RECORDED YESTERDAY.
  FOG


RELATIVE HUMIDITY (PERCENT)
 HIGHEST   100           200 AM
 LOWEST     46           300 PM
 AVERAGE    73

..........................................................


THE HARRISON CLIMATE NORMALS FOR TODAY
                         NORMAL    RECORD    YEAR
 MAXIMUM TEMPERATURE (F)   77        95      1939
 MINIMUM TEMPERATURE (F)   54        33      1950


SUNRISE AND SUNSET
SEPTEMBER 25 2016.....SUNRISE   703 AM CDT   SUNSET   704 PM CDT
SEPTEMBER 26 2016.....SUNRISE   704 AM CDT   SUNSET   703 PM CDT


-  INDICATES NEGATIVE NUMBERS.
R  INDICATES RECORD WAS SET OR TIED.
MM INDICATES DATA IS MISSING.
T  INDICATES TRACE AMOUNT.




$$
