000
CDUS44 KLZK 050904
CLIHRO


CLIMATE REPORT
NATIONAL WEATHER SERVICE LITTLE ROCK AR
404 AM CDT SAT SEP 5 2015


...................................

...THE HARRISON CLIMATE SUMMARY FOR SEPTEMBER 4 2015...

CLIMATE NORMAL PERIOD 1981 TO 2010
CLIMATE RECORD PERIOD 1891 TO 2015


WEATHER ITEM   OBSERVED TIME   RECORD YEAR NORMAL DEPARTURE LAST
                VALUE   (LST)  VALUE       VALUE  FROM      YEAR
                                                  NORMAL
..................................................................
TEMPERATURE (F)
 YESTERDAY
  MAXIMUM         90    152 PM 106    1913  85      5       92
  MINIMUM         67    612 AM  40    1974  62      5       73
  AVERAGE         79                        74      5       83

PRECIPITATION (IN)
  YESTERDAY        0.00          3.10 2007   0.12  -0.12     0.00
  MONTH TO DATE    0.00                      0.50  -0.50     0.93
  SINCE SEP 1      0.00                      0.50  -0.50     0.93
  SINCE JAN 1     40.22                     29.46  10.76    27.61

SNOWFALL (IN)
  YESTERDAY        0.0          MM      MM   0.0    0.0      0.0
  MONTH TO DATE    0.0                       0.0    0.0      0.0
  SINCE SEP 1      0.0                       0.0    0.0      0.0
  SINCE JUL 1      0.0                       0.0    0.0      0.0
  SNOW DEPTH       0

DEGREE DAYS
 HEATING
  YESTERDAY        0                         0      0        0
  MONTH TO DATE    0                         0      0        0
  SINCE SEP 1      0                         0      0        0
  SINCE JUL 1      1                         1      0        1

 COOLING
  YESTERDAY       14                         9      5       18
  MONTH TO DATE   50                        37     13       50
  SINCE SEP 1     50                        37     13       50
  SINCE JAN 1   1270                      1248     22     1180
..................................................................


WIND (MPH)
  HIGHEST WIND SPEED    12   HIGHEST WIND DIRECTION    SE (130)
  HIGHEST GUST SPEED    15   HIGHEST GUST DIRECTION    SE (150)
  AVERAGE WIND SPEED     5.3


SKY COVER
  POSSIBLE SUNSHINE  MM
  AVERAGE SKY COVER 0.1


WEATHER CONDITIONS
 THE FOLLOWING WEATHER WAS RECORDED YESTERDAY.
  NO SIGNIFICANT WEATHER WAS OBSERVED.


RELATIVE HUMIDITY (PERCENT)
 HIGHEST   100           600 AM
 LOWEST     47           100 PM
 AVERAGE    74

..........................................................


THE HARRISON CLIMATE NORMALS FOR TODAY
                         NORMAL    RECORD    YEAR
 MAXIMUM TEMPERATURE (F)   85       106      1913
                                             1899
 MINIMUM TEMPERATURE (F)   62        40      1974


SUNRISE AND SUNSET
SEPTEMBER  5 2015.....SUNRISE   647 AM CDT   SUNSET   735 PM CDT
SEPTEMBER  6 2015.....SUNRISE   648 AM CDT   SUNSET   734 PM CDT


-  INDICATES NEGATIVE NUMBERS.
R  INDICATES RECORD WAS SET OR TIED.
MM INDICATES DATA IS MISSING.
T  INDICATES TRACE AMOUNT.




$$
