000
CDUS44 KLZK 310912
CLIHRO


CLIMATE REPORT
NATIONAL WEATHER SERVICE LITTLE ROCK AR
412 AM CDT FRI OCT 31 2014


...................................

...THE HARRISON CLIMATE SUMMARY FOR OCTOBER 30 2014...

CLIMATE NORMAL PERIOD 1981 TO 2010
CLIMATE RECORD PERIOD 1891 TO 2014


WEATHER ITEM   OBSERVED TIME   RECORD YEAR NORMAL DEPARTURE LAST
                VALUE   (LST)  VALUE       VALUE  FROM      YEAR
                                                  NORMAL
..................................................................
TEMPERATURE (F)
 YESTERDAY
  MAXIMUM         70    253 PM  87    1950  66      4       68
  MINIMUM         39    631 AM  17    1925  44     -5       61
  AVERAGE         55                        55      0       65

PRECIPITATION (IN)
  YESTERDAY        T             3.47 1967   0.12  -0.12     0.40
  MONTH TO DATE    5.04                      3.43   1.61     4.46
  SINCE SEP 1     10.19                      7.63   2.56     5.81
  SINCE JAN 1     36.87                     36.59   0.28    38.63

SNOWFALL (IN)
  YESTERDAY        0.0           T    1993   0.0    0.0      0.0
  MONTH TO DATE    0.0                       0.0    0.0      0.0
  SINCE SEP 1      0.0                       0.0    0.0      0.0
  SINCE JUL 1      0.0                       0.0    0.0      0.0
  SNOW DEPTH       0

DEGREE DAYS
 HEATING
  YESTERDAY       10                        11     -1        0
  MONTH TO DATE  139                       210    -71      226
  SINCE SEP 1    172                       252    -80      233
  SINCE JUL 1    173                       253    -80      234

 COOLING
  YESTERDAY        0                         1     -1        0
  MONTH TO DATE   58                        36     22       47
  SINCE SEP 1    224                       204     20      270
  SINCE JAN 1   1354                      1415    -61     1414
..................................................................


WIND (MPH)
  HIGHEST WIND SPEED    17   HIGHEST WIND DIRECTION     W (280)
  HIGHEST GUST SPEED    25   HIGHEST GUST DIRECTION     W (270)
  AVERAGE WIND SPEED     6.5


SKY COVER
  POSSIBLE SUNSHINE  MM
  AVERAGE SKY COVER 0.0


WEATHER CONDITIONS
 THE FOLLOWING WEATHER WAS RECORDED YESTERDAY.
  LIGHT RAIN


RELATIVE HUMIDITY (PERCENT)
 HIGHEST    93           300 AM
 LOWEST     36           200 PM
 AVERAGE    65

..........................................................


THE HARRISON CLIMATE NORMALS FOR TODAY
                         NORMAL    RECORD    YEAR
 MAXIMUM TEMPERATURE (F)   66        85      1950
 MINIMUM TEMPERATURE (F)   44        21      1993


SUNRISE AND SUNSET
OCTOBER 31 2014.......SUNRISE   735 AM CDT   SUNSET   617 PM CDT
NOVEMBER  1 2014......SUNRISE   736 AM CDT   SUNSET   616 PM CDT


-  INDICATES NEGATIVE NUMBERS.
R  INDICATES RECORD WAS SET OR TIED.
MM INDICATES DATA IS MISSING.
T  INDICATES TRACE AMOUNT.




$$
