000
CDUS44 KLZK 230634
CLIHRO


CLIMATE REPORT
NATIONAL WEATHER SERVICE LITTLE ROCK AR
133 AM CDT WED AUG 23 2017


...................................

...THE HARRISON CLIMATE SUMMARY FOR AUGUST 22 2017...

CLIMATE NORMAL PERIOD 1981 TO 2010
CLIMATE RECORD PERIOD 1891 TO 2017


WEATHER ITEM   OBSERVED TIME   RECORD YEAR NORMAL DEPARTURE LAST
                VALUE   (LST)  VALUE       VALUE  FROM      YEAR
                                                  NORMAL
..................................................................
TEMPERATURE (F)
 YESTERDAY
  MAXIMUM         86    337 PM 104    1936  89     -3       81
  MINIMUM         67    807 AM  45    1956  66      1       55
                                      1950
  AVERAGE         77                        77      0       68

PRECIPITATION (IN)
  YESTERDAY        0.05          2.00 1911   0.11  -0.06     0.00
  MONTH TO DATE    2.10                      2.58  -0.48     6.86
  SINCE JUN 1      9.10                      9.96  -0.86    15.38
  SINCE JAN 1     35.18                     27.96   7.22    28.21

SNOWFALL (IN)
  YESTERDAY        0.0          MM      MM   0.0    0.0      0.0
  MONTH TO DATE    0.0                       0.0    0.0      0.0
  SINCE JUN 1      0.0                       0.0    0.0      0.0
  SINCE JUL 1      0.0                       0.0    0.0      0.0
  SNOW DEPTH       0

DEGREE DAYS
 HEATING
  YESTERDAY        0                         0      0        0
  MONTH TO DATE    0                         0      0        0
  SINCE JUN 1      0                         6     -6        0
  SINCE JUL 1      0                         0      0        0

 COOLING
  YESTERDAY       12                        12      0        3
  MONTH TO DATE  208                       296    -88      268
  SINCE JUN 1    881                       975    -94     1088
  SINCE JAN 1   1032                      1114    -82     1193
..................................................................


WIND (MPH)
  HIGHEST WIND SPEED    24   HIGHEST WIND DIRECTION     N (360)
  HIGHEST GUST SPEED    37   HIGHEST GUST DIRECTION     N (340)
  AVERAGE WIND SPEED     5.9


SKY COVER
  POSSIBLE SUNSHINE  MM
  AVERAGE SKY COVER 0.4


WEATHER CONDITIONS
 THE FOLLOWING WEATHER WAS RECORDED YESTERDAY.
  THUNDERSTORM
  HEAVY RAIN
  RAIN
  LIGHT RAIN
  FOG


RELATIVE HUMIDITY (PERCENT)
 HIGHEST    88           800 PM
 LOWEST     58          1200 PM
 AVERAGE    73

..........................................................


THE HARRISON CLIMATE NORMALS FOR TODAY
                         NORMAL    RECORD    YEAR
 MAXIMUM TEMPERATURE (F)   88       103      1928
 MINIMUM TEMPERATURE (F)   66        47      1949


SUNRISE AND SUNSET
AUGUST 23 2017........SUNRISE   637 AM CDT   SUNSET   752 PM CDT
AUGUST 24 2017........SUNRISE   638 AM CDT   SUNSET   751 PM CDT


-  INDICATES NEGATIVE NUMBERS.
R  INDICATES RECORD WAS SET OR TIED.
MM INDICATES DATA IS MISSING.
T  INDICATES TRACE AMOUNT.




$$
