000
CDUS44 KLZK 240652
CLIHRO


CLIMATE REPORT
NATIONAL WEATHER SERVICE LITTLE ROCK AR
152 AM CDT MON APR 24 2017


...................................

...THE HARRISON CLIMATE SUMMARY FOR APRIL 23 2017...

CLIMATE NORMAL PERIOD 1981 TO 2010
CLIMATE RECORD PERIOD 1891 TO 2017


WEATHER ITEM   OBSERVED TIME   RECORD YEAR NORMAL DEPARTURE LAST
                VALUE   (LST)  VALUE       VALUE  FROM      YEAR
                                                  NORMAL
..................................................................
TEMPERATURE (F)
 YESTERDAY
  MAXIMUM         70    238 PM  90    1965  71     -1       81
                                      1926
  MINIMUM         43    605 AM  25    1951  49     -6       49
  AVERAGE         57                        60     -3       65

PRECIPITATION (IN)
  YESTERDAY        0.00          3.42 2011   0.16  -0.16     0.00
  MONTH TO DATE    5.21                      3.17   2.04     0.57
  SINCE MAR 1     10.85                      6.96   3.89     4.36
  SINCE JAN 1     14.43                     12.16   2.27     6.64

SNOWFALL (IN)
  YESTERDAY        0.0          MM      MM   0.0    0.0      0.0
  MONTH TO DATE    0.0                       0.3   -0.3      0.0
  SINCE MAR 1      2.5                       2.3    0.2      0.0
  SINCE JUL 1      3.4                      11.5   -8.1      3.7
  SNOW DEPTH       0

DEGREE DAYS
 HEATING
  YESTERDAY        8                         6      2        0
  MONTH TO DATE  108                       204    -96      144
  SINCE MAR 1    476                       712   -236      507
  SINCE JUL 1   2882                      3884  -1002     3120

 COOLING
  YESTERDAY        0                         1     -1        0
  MONTH TO DATE   34                        23     11        2
  SINCE MAR 1     40                        29     11        7
  SINCE JAN 1     47                        29     18        7
..................................................................


WIND (MPH)
  HIGHEST WIND SPEED    15   HIGHEST WIND DIRECTION     N (10)
  HIGHEST GUST SPEED    21   HIGHEST GUST DIRECTION     N (10)
  AVERAGE WIND SPEED     6.7


SKY COVER
  POSSIBLE SUNSHINE  MM
  AVERAGE SKY COVER 0.2


WEATHER CONDITIONS
 THE FOLLOWING WEATHER WAS RECORDED YESTERDAY.
  NO SIGNIFICANT WEATHER WAS OBSERVED.


RELATIVE HUMIDITY (PERCENT)
 HIGHEST    93          1200 AM
 LOWEST     26           300 PM
 AVERAGE    60

..........................................................


THE HARRISON CLIMATE NORMALS FOR TODAY
                         NORMAL    RECORD    YEAR
 MAXIMUM TEMPERATURE (F)   71        89      1989
 MINIMUM TEMPERATURE (F)   50        27      1910


SUNRISE AND SUNSET
APRIL 24 2017.........SUNRISE   627 AM CDT   SUNSET   755 PM CDT
APRIL 25 2017.........SUNRISE   626 AM CDT   SUNSET   755 PM CDT


-  INDICATES NEGATIVE NUMBERS.
R  INDICATES RECORD WAS SET OR TIED.
MM INDICATES DATA IS MISSING.
T  INDICATES TRACE AMOUNT.




$$
