000
CDUS44 KLZK 282059
CLIHRO


CLIMATE REPORT
NATIONAL WEATHER SERVICE LITTLE ROCK AR
358 PM CDT SUN AUG 28 2016


...................................

...THE HARRISON CLIMATE SUMMARY FOR AUGUST 28 2016...
VALID TODAY AS OF 0300 PM LOCAL TIME.

CLIMATE NORMAL PERIOD 1981 TO 2010
CLIMATE RECORD PERIOD 1891 TO 2016


WEATHER ITEM   OBSERVED TIME   RECORD YEAR NORMAL DEPARTURE LAST
                VALUE   (LST)  VALUE       VALUE  FROM      YEAR
                                                  NORMAL
..................................................................
TEMPERATURE (F)
 TODAY
  MAXIMUM         87    247 PM 104    1938  87      0       82
  MINIMUM         67    619 AM  42    1906  64      3       58
  AVERAGE         77                        76      1       70

PRECIPITATION (IN)
  TODAY            0.00          2.00 1979   0.12  -0.12     0.00
  MONTH TO DATE    6.87                      3.24   3.63     2.54
  SINCE JUN 1     15.39                     10.62   4.77    14.68
  SINCE JAN 1     28.22                     28.62  -0.40    37.63

SNOWFALL (IN)
  TODAY            0.0          MM      MM   0.0    0.0      0.0
  MONTH TO DATE    0.0                       0.0    0.0      0.0
  SINCE JUN 1      0.0                       0.0    0.0      0.0
  SINCE JUL 1      0.0                       0.0    0.0      0.0
  SNOW DEPTH       0

DEGREE DAYS
 HEATING
  TODAY            0                         0      0        0
  MONTH TO DATE    0                         0      0        1
  SINCE JUN 1      0                         6     -6        1
  SINCE JUL 1      0                         0      0        1

 COOLING
  TODAY           12                        11      1        5
  MONTH TO DATE  348                       365    -17      272
  SINCE JUN 1   1168                      1044    124     1066
  SINCE JAN 1   1273                      1183     90     1190
..................................................................


WIND (MPH)
  HIGHEST WIND SPEED    12   HIGHEST WIND DIRECTION     E (110)
  HIGHEST GUST SPEED    15   HIGHEST GUST DIRECTION    SE (120)
  AVERAGE WIND SPEED     3.4


SKY COVER
  POSSIBLE SUNSHINE  MM
  AVERAGE SKY COVER 0.4


WEATHER CONDITIONS
 THE FOLLOWING WEATHER WAS RECORDED TODAY.
  FOG
  FOG W/VISIBILITY <= 1/4 MILE


RELATIVE HUMIDITY (PERCENT)
 HIGHEST   100           100 AM
 LOWEST     55           200 PM
 AVERAGE    78

..........................................................


THE HARRISON CLIMATE NORMALS FOR TOMORROW
                         NORMAL    RECORD    YEAR
 MAXIMUM TEMPERATURE (F)   87       105      1984
 MINIMUM TEMPERATURE (F)   64        47      1967


SUNRISE AND SUNSET
AUGUST 28 2016........SUNRISE   641 AM CDT   SUNSET   745 PM CDT
AUGUST 29 2016........SUNRISE   642 AM CDT   SUNSET   744 PM CDT


-  INDICATES NEGATIVE NUMBERS.
R  INDICATES RECORD WAS SET OR TIED.
MM INDICATES DATA IS MISSING.
T  INDICATES TRACE AMOUNT.




$$
