000
CDUS44 KLZK 200908
CLIHRO


CLIMATE REPORT
NATIONAL WEATHER SERVICE LITTLE ROCK AR
408 AM CDT SAT SEP 20 2014


...................................

...THE HARRISON CLIMATE SUMMARY FOR SEPTEMBER 19 2014...

CLIMATE NORMAL PERIOD 1981 TO 2010
CLIMATE RECORD PERIOD 1891 TO 2014


WEATHER ITEM   OBSERVED TIME   RECORD YEAR NORMAL DEPARTURE LAST
                VALUE   (LST)  VALUE       VALUE  FROM      YEAR
                                                  NORMAL
..................................................................
TEMPERATURE (F)
 YESTERDAY
  MAXIMUM         80    321 PM 100    1954  79      1       90
  MINIMUM         60    549 AM  35    1901  56      4       69
  AVERAGE         70                        68      2       80

PRECIPITATION (IN)
  YESTERDAY        0.00          2.72 1958   0.14  -0.14      T
  MONTH TO DATE    5.14                      2.68   2.46     0.35
  SINCE SEP 1      5.14                      2.68   2.46     0.35
  SINCE JAN 1     31.82                     31.64   0.18    33.17

SNOWFALL (IN)
  YESTERDAY        0.0          MM      MM   0.0    0.0      0.0
  MONTH TO DATE    0.0                       0.0    0.0      0.0
  SINCE SEP 1      0.0                       0.0    0.0      0.0
  SINCE JUL 1      0.0                       0.0    0.0      0.0
  SNOW DEPTH       0

DEGREE DAYS
 HEATING
  YESTERDAY        0                         2     -2        0
  MONTH TO DATE   22                        11     11        0
  SINCE SEP 1     22                        11     11        0
  SINCE JUL 1     23                        12     11        1

 COOLING
  YESTERDAY        5                         5      0       15
  MONTH TO DATE  126                       132     -6      187
  SINCE SEP 1    126                       132     -6      187
  SINCE JAN 1   1256                      1343    -87     1331
..................................................................


WIND (MPH)
  HIGHEST WIND SPEED    12   HIGHEST WIND DIRECTION    SE (140)
  HIGHEST GUST SPEED    13   HIGHEST GUST DIRECTION    SE (150)
  AVERAGE WIND SPEED     4.1


SKY COVER
  POSSIBLE SUNSHINE  MM
  AVERAGE SKY COVER 0.5


WEATHER CONDITIONS
 THE FOLLOWING WEATHER WAS RECORDED YESTERDAY.
  FOG
  FOG W/VISIBILITY <= 1/4 MILE
  HAZE


RELATIVE HUMIDITY (PERCENT)
 HIGHEST   100           300 AM
 LOWEST     64           200 PM
 AVERAGE    82

..........................................................


THE HARRISON CLIMATE NORMALS FOR TODAY
                         NORMAL    RECORD    YEAR
 MAXIMUM TEMPERATURE (F)   79       101      1954
 MINIMUM TEMPERATURE (F)   56        31      1918


SUNRISE AND SUNSET
SEPTEMBER 20 2014.....SUNRISE   659 AM CDT   SUNSET   712 PM CDT
SEPTEMBER 21 2014.....SUNRISE   700 AM CDT   SUNSET   711 PM CDT


-  INDICATES NEGATIVE NUMBERS.
R  INDICATES RECORD WAS SET OR TIED.
MM INDICATES DATA IS MISSING.
T  INDICATES TRACE AMOUNT.




$$
