000
CDUS42 KMHX 180534
CLIHSE


CLIMATE REPORT
NATIONAL WEATHER SERVICE NEWPORT/MOREHEAD CITY NC
1233 AM EST THU JAN 18 2018


...................................

...THE CAPE HATTERAS NC CLIMATE SUMMARY FOR JANUARY 17 2018...

CLIMATE NORMAL PERIOD 1981 TO 2010
CLIMATE RECORD PERIOD 1874 TO 2018


WEATHER ITEM   OBSERVED TIME   RECORD YEAR NORMAL DEPARTURE LAST
                VALUE   (LST)  VALUE       VALUE  FROM      YEAR
                                                  NORMAL
..................................................................
TEMPERATURE (F)
 YESTERDAY
  MAXIMUM         44   1127 AM  71    1913  52     -8       63
  MINIMUM         32    245 AM  13    1977  39     -7       47
  AVERAGE         38                        45     -7       55

PRECIPITATION (IN)
  YESTERDAY        0.17          1.74 1896   0.17   0.00      T
  MONTH TO DATE    5.44                      2.90   2.54     2.76
  SINCE DEC 1     10.34                      7.17   3.17     7.77
  SINCE JAN 1      5.44                      2.90   2.54     2.76

SNOWFALL (IN)
  YESTERDAY       MM
  MONTH TO DATE    1.0
  SINCE NOV 1      1.0
  SINCE JUL 1      1.0
  SNOW DEPTH       0

DEGREE DAYS
 HEATING
  YESTERDAY       27                        20      7       10
  MONTH TO DATE  446                       333    113      225
  SINCE DEC 1    919                       822     97      611
  SINCE JUL 1   1165                      1140     25      883

 COOLING
  YESTERDAY        0                         0      0        0
  MONTH TO DATE    0                         0      0        0
  SINCE DEC 1      2                         3     -1        3
  SINCE JAN 1      0                         0      0        0
..................................................................


WIND (MPH)
  HIGHEST WIND SPEED    21   HIGHEST WIND DIRECTION     N (20)
  HIGHEST GUST SPEED    36   HIGHEST GUST DIRECTION     N (10)
  AVERAGE WIND SPEED     8.7


SKY COVER
  POSSIBLE SUNSHINE  MM
  AVERAGE SKY COVER 0.7


WEATHER CONDITIONS
 THE FOLLOWING WEATHER WAS RECORDED YESTERDAY.
  HEAVY RAIN
  RAIN
  LIGHT RAIN
  FOG


RELATIVE HUMIDITY (PERCENT)
 HIGHEST   100           400 AM
 LOWEST     82           100 PM
 AVERAGE    91

..........................................................


THE CAPE HATTERAS NC CLIMATE NORMALS FOR TODAY
                         NORMAL    RECORD    YEAR
 MAXIMUM TEMPERATURE (F)   52        72      1937
 MINIMUM TEMPERATURE (F)   39        19      1982


SUNRISE AND SUNSET
JANUARY 18 2018.......SUNRISE   710 AM EST   SUNSET   517 PM EST
JANUARY 19 2018.......SUNRISE   709 AM EST   SUNSET   518 PM EST


-  INDICATES NEGATIVE NUMBERS.
R  INDICATES RECORD WAS SET OR TIED.
MM INDICATES DATA IS MISSING.
T  INDICATES TRACE AMOUNT.




$$
