000
CDUS42 KMHX 250529
CLIHSE


CLIMATE REPORT
NATIONAL WEATHER SERVICE NEWPORT/MOREHEAD CITY NC
128 AM EDT FRI APR 25 2014


...................................

...THE CAPE HATTERAS NC CLIMATE SUMMARY FOR APRIL 24 2014...

CLIMATE NORMAL PERIOD 1981 TO 2010
CLIMATE RECORD PERIOD 1874 TO 2014


WEATHER ITEM   OBSERVED TIME   RECORD YEAR NORMAL DEPARTURE LAST
                VALUE   (LST)  VALUE       VALUE  FROM      YEAR
                                                  NORMAL
..................................................................
TEMPERATURE (F)
 YESTERDAY
  MAXIMUM         61    438 PM  82    1990  68     -7       65
  MINIMUM         46   1234 AM  37    1982  55     -9       44
  AVERAGE         54                        62     -8       55

PRECIPITATION (IN)
  YESTERDAY        0.00          1.29 1977   0.12  -0.12     0.00
  MONTH TO DATE    4.33                      2.99   1.34     3.36
  SINCE MAR 1      9.81                      7.76   2.05     5.58
  SINCE JAN 1     19.90                     17.02   2.88    15.31

SNOWFALL (IN)
  YESTERDAY        0.0
  MONTH TO DATE    0.0
  SINCE NOV 1      5.7
  SINCE JUL 1      5.7
  SNOW DEPTH       0

DEGREE DAYS
 HEATING
  YESTERDAY       11                         5      6       10
  MONTH TO DATE  182                       168     14      152
  SINCE MAR 1    685                       587     98      639
  SINCE JUL 1   2518                      2511      7     2371

 COOLING
  YESTERDAY        0                         1     -1        0
  MONTH TO DATE   11                        15     -4        9
  SINCE MAR 1     11                        18     -7        9
  SINCE JAN 1     11                        18     -7        9
..................................................................


WIND (MPH)
  HIGHEST WIND SPEED    16   HIGHEST WIND DIRECTION    NE (30)
  HIGHEST GUST SPEED    25   HIGHEST GUST DIRECTION     N (360)
  AVERAGE WIND SPEED     6.8


SKY COVER
  POSSIBLE SUNSHINE  MM
  AVERAGE SKY COVER 0.0


WEATHER CONDITIONS
 THE FOLLOWING WEATHER WAS RECORDED YESTERDAY.
  NO SIGNIFICANT WEATHER WAS OBSERVED.


RELATIVE HUMIDITY (PERCENT)
 HIGHEST    82          1200 AM
 LOWEST     40           100 PM
 AVERAGE    61

..........................................................


THE CAPE HATTERAS NC CLIMATE NORMALS FOR TODAY
                         NORMAL    RECORD    YEAR
 MAXIMUM TEMPERATURE (F)   69        84      1990
 MINIMUM TEMPERATURE (F)   55        40      1969


SUNRISE AND SUNSET
APRIL 25 2014.........SUNRISE   618 AM EDT   SUNSET   743 PM EDT
APRIL 26 2014.........SUNRISE   617 AM EDT   SUNSET   744 PM EDT


-  INDICATES NEGATIVE NUMBERS.
R  INDICATES RECORD WAS SET OR TIED.
MM INDICATES DATA IS MISSING.
T  INDICATES TRACE AMOUNT.




$$
