217
CDUS43 KGID 300631
CLIHSI


CLIMATE REPORT
NATIONAL WEATHER SERVICE HASTINGS NE
129 AM CDT SAT APR 30 2016


...................................

...THE HASTINGS NE CLIMATE SUMMARY FOR APRIL 29 2016...

CLIMATE NORMAL PERIOD 1981 TO 2010
CLIMATE RECORD PERIOD 1894 TO 2016


WEATHER ITEM   OBSERVED TIME   RECORD YEAR NORMAL DEPARTURE LAST
                VALUE   (LST)  VALUE       VALUE  FROM      YEAR
                                                  NORMAL
..................................................................
TEMPERATURE (F)
 YESTERDAY
  MAXIMUM         45    203 PM  90    1934  67    -22       70
  MINIMUM         40    608 AM  24    1975  44     -4       39
  AVERAGE         43                        55    -12       55

PRECIPITATION (IN)
  YESTERDAY        0.53          2.00 1919   0.13   0.40     0.00
  MONTH TO DATE    5.20                      2.43   2.77     3.55
  SINCE MAR 1      5.74                      4.22   1.52     3.75
  SINCE JAN 1      7.66                      5.12   2.54     4.86

SNOWFALL (IN)
  YESTERDAY        0.0           2.0  1994   0.0    0.0      0.0
                                      1903
  MONTH TO DATE    0.0                       1.2   -1.2       T
  SINCE MAR 1      2.1                       6.4   -4.3      0.8
  SINCE JUL 1     32.4                      28.8    3.6     17.0
  SNOW DEPTH       0

DEGREE DAYS
 HEATING
  YESTERDAY       22                        10     12       10
  MONTH TO DATE  340                       423    -83      354
  SINCE MAR 1    910                      1200   -290      988
  SINCE JUL 1   4820                      5830  -1010     5611

 COOLING
  YESTERDAY        0                         0      0        0
  MONTH TO DATE    0                         0      0        4
  SINCE MAR 1      0                         0      0        4
  SINCE JAN 1      0                         0      0        4
..................................................................


WIND (MPH)
  HIGHEST WIND SPEED    26   HIGHEST WIND DIRECTION     E (70)
  HIGHEST GUST SPEED    35   HIGHEST GUST DIRECTION     E (70)
  AVERAGE WIND SPEED    14.1


SKY COVER
  AVERAGE SKY COVER 0.8


WEATHER CONDITIONS
 THE FOLLOWING WEATHER WAS RECORDED YESTERDAY.
  HEAVY RAIN
  RAIN
  LIGHT RAIN
  FOG


RELATIVE HUMIDITY (PERCENT)
 HIGHEST    96           900 PM
 LOWEST     76          1000 AM
 AVERAGE    86

..........................................................


THE HASTINGS NE CLIMATE NORMALS FOR TODAY
                         NORMAL    RECORD    YEAR
 MAXIMUM TEMPERATURE (F)   67        92      1987
 MINIMUM TEMPERATURE (F)   44        27      1950


SUNRISE AND SUNSET
APRIL 30 2016.........SUNRISE   633 AM CDT   SUNSET   829 PM CDT
MAY  1 2016...........SUNRISE   632 AM CDT   SUNSET   830 PM CDT


-  INDICATES NEGATIVE NUMBERS.
R  INDICATES RECORD WAS SET OR TIED.
MM INDICATES DATA IS MISSING.
T  INDICATES TRACE AMOUNT.

$$

HALBLAUB
