000
CDUS43 KGID 260645
CLIHSI


CLIMATE REPORT
NATIONAL WEATHER SERVICE HASTINGS NE
1243 AM CST MON JAN 26 2015


...................................

...THE HASTINGS NE CLIMATE SUMMARY FOR JANUARY 25 2015...

CLIMATE NORMAL PERIOD 1981 TO 2010
CLIMATE RECORD PERIOD 1894 TO 2015


WEATHER ITEM   OBSERVED TIME   RECORD YEAR NORMAL DEPARTURE LAST
                VALUE   (LST)  VALUE       VALUE  FROM      YEAR
                                                  NORMAL
..................................................................
TEMPERATURE (F)
 YESTERDAY
  MAXIMUM         46    103 AM  67    1944  37      9       50
  MINIMUM         25   1018 PM -15    1940  16      9       38
  AVERAGE         36                        26     10       44

PRECIPITATION (IN)
  YESTERDAY        T             0.80 1921   0.02  -0.02     0.00
  MONTH TO DATE    0.07                      0.29  -0.22     0.17
  SINCE DEC 1      0.61                      0.90  -0.29     0.31
  SINCE JAN 1      0.07                      0.29  -0.22     0.17

SNOWFALL (IN)
  YESTERDAY        0.0           4.0  1950   0.2   -0.2      0.0
  MONTH TO DATE    1.2                       4.6   -3.4      2.1
  SINCE DEC 1      4.6                      10.7   -6.1      7.1
  SINCE JUL 1      6.3                      14.5   -8.2      7.5
  SNOW DEPTH       0

DEGREE DAYS
 HEATING
  YESTERDAY       29                        39    -10       21
  MONTH TO DATE  958                       979    -21      949
  SINCE DEC 1   2032                      2138   -106     2202
  SINCE JUL 1   3370                      3419    -49     3467

 COOLING
  YESTERDAY        0                         0      0        0
  MONTH TO DATE    0                         0      0        0
  SINCE DEC 1      0                         0      0        0
  SINCE JAN 1      0                         0      0        0
..................................................................


WIND (MPH)
  HIGHEST WIND SPEED    39   HIGHEST WIND DIRECTION    NW (310)
  HIGHEST GUST SPEED    48   HIGHEST GUST DIRECTION    NW (320)
  AVERAGE WIND SPEED    18.0


SKY COVER
  AVERAGE SKY COVER 0.7


WEATHER CONDITIONS
 THE FOLLOWING WEATHER WAS RECORDED YESTERDAY.
  LIGHT RAIN


RELATIVE HUMIDITY (PERCENT)
 HIGHEST    85          1100 PM
 LOWEST     53           100 AM
 AVERAGE    69

..........................................................


THE HASTINGS NE CLIMATE NORMALS FOR TODAY
                         NORMAL    RECORD    YEAR
 MAXIMUM TEMPERATURE (F)   37        71      2002
 MINIMUM TEMPERATURE (F)   16       -18      1950


SUNRISE AND SUNSET
JANUARY 26 2015.......SUNRISE   749 AM CST   SUNSET   544 PM CST
JANUARY 27 2015.......SUNRISE   748 AM CST   SUNSET   545 PM CST


-  INDICATES NEGATIVE NUMBERS.
R  INDICATES RECORD WAS SET OR TIED.
MM INDICATES DATA IS MISSING.
T  INDICATES TRACE AMOUNT.




$$

BRYANT
