000
CDUS43 KGID 032222
CLIHSI


CLIMATE REPORT
NATIONAL WEATHER SERVICE HASTINGS NE
521 PM CDT MON AUG 3 2015


...................................

...THE HASTINGS NE CLIMATE SUMMARY FOR AUGUST 3 2015...
VALID TODAY AS OF 0500 PM LOCAL TIME.

CLIMATE NORMAL PERIOD 1981 TO 2010
CLIMATE RECORD PERIOD 1894 TO 2015


WEATHER ITEM   OBSERVED TIME   RECORD YEAR NORMAL DEPARTURE LAST
                VALUE   (LST)  VALUE       VALUE  FROM      YEAR
                                                  NORMAL
..................................................................
TEMPERATURE (F)
 TODAY
  MAXIMUM         85    138 PM 105    1954  87     -2       90
                                      1918
                                      1916
  MINIMUM         66    615 AM  50    1978  66      0       62
                                      1974
  AVERAGE         76                        76      0       76

PRECIPITATION (IN)
  TODAY            0.00          5.11 1990   0.08  -0.08     0.00
  MONTH TO DATE    0.00                      0.21  -0.21      T
  SINCE JUN 1     12.18                      7.75   4.43    10.17
  SINCE JAN 1     20.90                     17.57   3.33    17.11

SNOWFALL (IN)
  TODAY            0.0                       0.0    0.0      0.0
  MONTH TO DATE    0.0                       0.0    0.0      0.0
  SINCE JUN 1      0.0                       0.0    0.0      0.0
  SINCE JUL 1      0.0                       0.0    0.0      0.0
  SNOW DEPTH       0

DEGREE DAYS
 HEATING
  TODAY            0                         0      0        0
  MONTH TO DATE    0                         0      0        0
  SINCE JUN 1      7                        22    -15       14
  SINCE JUL 1      4                         1      3        6

 COOLING
  TODAY           11                        12     -1       11
  MONTH TO DATE   37                        36      1       29
  SINCE JUN 1    601                       637    -36      540
  SINCE JAN 1    632                       696    -64      658
..................................................................


WIND (MPH)
  HIGHEST WIND SPEED    18   HIGHEST WIND DIRECTION     E (70)
  HIGHEST GUST SPEED    24   HIGHEST GUST DIRECTION     E (80)
  AVERAGE WIND SPEED     8.8


SKY COVER
  AVERAGE SKY COVER 0.0


WEATHER CONDITIONS
 THE FOLLOWING WEATHER WAS RECORDED TODAY.
  NO SIGNIFICANT WEATHER WAS OBSERVED.


RELATIVE HUMIDITY (PERCENT)
 HIGHEST    93           200 AM
 LOWEST     58          1100 AM
 AVERAGE    76

..........................................................


THE HASTINGS NE CLIMATE NORMALS FOR TOMORROW
                         NORMAL    RECORD    YEAR
 MAXIMUM TEMPERATURE (F)   87       107      1934
 MINIMUM TEMPERATURE (F)   66        48      1915


SUNRISE AND SUNSET
AUGUST  3 2015........SUNRISE   632 AM CDT   SUNSET   847 PM CDT
AUGUST  4 2015........SUNRISE   633 AM CDT   SUNSET   846 PM CDT


-  INDICATES NEGATIVE NUMBERS.
R  INDICATES RECORD WAS SET OR TIED.
MM INDICATES DATA IS MISSING.
T  INDICATES TRACE AMOUNT.




$$
