000
CDUS43 KGID 310634
CLIHSI


CLIMATE REPORT
NATIONAL WEATHER SERVICE HASTINGS NE
133 AM CDT SUN AUG 31 2014


...................................

...THE HASTINGS NE CLIMATE SUMMARY FOR AUGUST 30 2014...

CLIMATE NORMAL PERIOD 1981 TO 2010
CLIMATE RECORD PERIOD 1894 TO 2014


WEATHER ITEM   OBSERVED TIME   RECORD YEAR NORMAL DEPARTURE LAST
                VALUE   (LST)  VALUE       VALUE  FROM      YEAR
                                                  NORMAL
..................................................................
TEMPERATURE (F)
 YESTERDAY
  MAXIMUM         83    526 PM 103    1947  83      0       93
                                      1913
  MINIMUM         59    615 AM  40    1911  60     -1       66
  AVERAGE         71                        71      0       80

PRECIPITATION (IN)
  YESTERDAY        0.00          1.32 1944   0.14  -0.14     0.00
  MONTH TO DATE    7.79                      3.16   4.63     3.25
  SINCE JUN 1     17.96                     10.70   7.26     6.26
  SINCE JAN 1     24.90                     20.52   4.38    18.06

SNOWFALL (IN)
  YESTERDAY        0.0                       0.0    0.0      0.0
  MONTH TO DATE    0.0                       0.0    0.0      0.0
  SINCE JUN 1      0.0                       0.0    0.0      0.0
  SINCE JUL 1      0.0                       0.0    0.0      0.0
  SNOW DEPTH       0

DEGREE DAYS
 HEATING
  YESTERDAY        0                         1     -1        0
  MONTH TO DATE    0                         1     -1        0
  SINCE JUN 1     14                        23     -9       33
  SINCE JUL 1      6                         2      4        6

 COOLING
  YESTERDAY        6                         7     -1       15
  MONTH TO DATE  281                       286     -5      298
  SINCE JUN 1    792                       887    -95      867
  SINCE JAN 1    910                       946    -36      941
..................................................................


WIND (MPH)
  HIGHEST WIND SPEED    15   HIGHEST WIND DIRECTION    SE (140)
  HIGHEST GUST SPEED    21   HIGHEST GUST DIRECTION    SE (150)
  AVERAGE WIND SPEED     7.3


SKY COVER
  AVERAGE SKY COVER 0.0


WEATHER CONDITIONS
 THE FOLLOWING WEATHER WAS RECORDED YESTERDAY.
  NO SIGNIFICANT WEATHER WAS OBSERVED.


RELATIVE HUMIDITY (PERCENT)
 HIGHEST    90           300 AM
 LOWEST     47           300 PM
 AVERAGE    69

..........................................................


THE HASTINGS NE CLIMATE NORMALS FOR TODAY
                         NORMAL    RECORD    YEAR
 MAXIMUM TEMPERATURE (F)   83       103      1984
 MINIMUM TEMPERATURE (F)   60        44      1915


SUNRISE AND SUNSET
AUGUST 31 2014........SUNRISE   700 AM CDT   SUNSET   807 PM CDT
SEPTEMBER  1 2014.....SUNRISE   701 AM CDT   SUNSET   806 PM CDT


-  INDICATES NEGATIVE NUMBERS.
R  INDICATES RECORD WAS SET OR TIED.
MM INDICATES DATA IS MISSING.
T  INDICATES TRACE AMOUNT.




$$
