000
CDUS43 KGID 200635
CLIHSI


CLIMATE REPORT
NATIONAL WEATHER SERVICE HASTINGS NE
1230 AM CST MON FEB 20 2017


...................................

...THE HASTINGS NE CLIMATE SUMMARY FOR FEBRUARY 19 2017...

CLIMATE NORMAL PERIOD 1981 TO 2010
CLIMATE RECORD PERIOD 1894 TO 2017


WEATHER ITEM   OBSERVED TIME   RECORD YEAR NORMAL DEPARTURE LAST
                VALUE   (LST)  VALUE       VALUE  FROM      YEAR
                                                  NORMAL
..................................................................
TEMPERATURE (F)
 YESTERDAY
  MAXIMUM         71R   319 PM  70    1996  41     30       65
                                      1948
  MINIMUM         44    646 AM  -8    1993  21     23       41
  AVERAGE         58                        31     27       53

PRECIPITATION (IN)
  YESTERDAY        0.00          1.53 1971   0.02  -0.02     0.00
  MONTH TO DATE    0.03                      0.31  -0.28     1.57
  SINCE DEC 1      1.47                      1.33   0.14     4.10
  SINCE JAN 1      0.86                      0.72   0.14     1.92

SNOWFALL (IN)
  YESTERDAY        0.0           2.0  1908   0.2   -0.2      0.0
  MONTH TO DATE    1.1                       4.7   -3.6     16.0
  SINCE DEC 1      5.8                      16.8  -11.0     26.1
  SINCE JUL 1      5.9                      20.6  -14.7     30.3
  SNOW DEPTH       0

DEGREE DAYS
 HEATING
  YESTERDAY        7                        34    -27       12
  MONTH TO DATE  507                       688   -181      626
  SINCE DEC 1   2839                      3056   -217     2751
  SINCE JUL 1   3706                      4337   -631     3677

 COOLING
  YESTERDAY        0                         0      0        0
  MONTH TO DATE    0                         0      0        0
  SINCE DEC 1      0                         0      0        0
  SINCE JAN 1      0                         0      0        0
..................................................................


WIND (MPH)
  HIGHEST WIND SPEED    24   HIGHEST WIND DIRECTION     S (190)
  HIGHEST GUST SPEED    33   HIGHEST GUST DIRECTION     S (190)
  AVERAGE WIND SPEED    13.0


SKY COVER
  AVERAGE SKY COVER 0.0


WEATHER CONDITIONS
 THE FOLLOWING WEATHER WAS RECORDED YESTERDAY.
  FOG


RELATIVE HUMIDITY (PERCENT)
 HIGHEST    93           800 AM
 LOWEST     44           200 PM
 AVERAGE    69

..........................................................


THE HASTINGS NE CLIMATE NORMALS FOR TODAY
                         NORMAL    RECORD    YEAR
 MAXIMUM TEMPERATURE (F)   41        73      1930
 MINIMUM TEMPERATURE (F)   21       -12      1918


SUNRISE AND SUNSET
FEBRUARY 20 2017......SUNRISE   720 AM CST   SUNSET   615 PM CST
FEBRUARY 21 2017......SUNRISE   719 AM CST   SUNSET   616 PM CST


-  INDICATES NEGATIVE NUMBERS.
R  INDICATES RECORD WAS SET OR TIED.
MM INDICATES DATA IS MISSING.
T  INDICATES TRACE AMOUNT.




$$
