000
CDUS43 KGID 030626
CLIHSI


CLIMATE REPORT
NATIONAL WEATHER SERVICE HASTINGS NE
1225 AM CST SAT DEC 3 2016


...................................

...THE HASTINGS NE CLIMATE SUMMARY FOR DECEMBER 2 2016...

CLIMATE NORMAL PERIOD 1981 TO 2010
CLIMATE RECORD PERIOD 1894 TO 2016


WEATHER ITEM   OBSERVED TIME   RECORD YEAR NORMAL DEPARTURE LAST
                VALUE   (LST)  VALUE       VALUE  FROM      YEAR
                                                  NORMAL
..................................................................
TEMPERATURE (F)
 YESTERDAY
  MAXIMUM         42    130 PM  68    2012  41      1       39
                                      1956
  MINIMUM         18    650 AM  -7    1919  22     -4       24
  AVERAGE         30                        31     -1       32

PRECIPITATION (IN)
  YESTERDAY        0.00          1.47 1933   0.04  -0.04      T
  MONTH TO DATE    0.00                      0.08  -0.08      T
  SINCE DEC 1      0.00                      0.08  -0.08      T
  SINCE JAN 1     20.05                     26.58  -6.53    27.73

SNOWFALL (IN)
  YESTERDAY        0.0           3.0  1978   0.1   -0.1      0.1
  MONTH TO DATE    0.0                       0.3   -0.3      0.2
  SINCE DEC 1      0.0                       0.3   -0.3      0.2
  SINCE JUL 1      0.1                       4.1   -4.0      4.4
  SNOW DEPTH       0

DEGREE DAYS
 HEATING
  YESTERDAY       35                        34      1       33
  MONTH TO DATE   68                        67      1       72
  SINCE DEC 1     68                        67      1       72
  SINCE JUL 1    935                      1348   -413      998

 COOLING
  YESTERDAY        0                         0      0        0
  MONTH TO DATE    0                         0      0        0
  SINCE DEC 1      0                         0      0        0
  SINCE JAN 1   1195                      1077    118     1097
..................................................................


WIND (MPH)
  HIGHEST WIND SPEED    10   HIGHEST WIND DIRECTION    NE (50)
  HIGHEST GUST SPEED    12   HIGHEST GUST DIRECTION    NE (40)
  AVERAGE WIND SPEED     2.9


SKY COVER
  AVERAGE SKY COVER 0.0


WEATHER CONDITIONS
 THE FOLLOWING WEATHER WAS RECORDED YESTERDAY.
  NO SIGNIFICANT WEATHER WAS OBSERVED.


RELATIVE HUMIDITY (PERCENT)
 HIGHEST    88          1000 PM
 LOWEST     54           400 PM
 AVERAGE    71

..........................................................


THE HASTINGS NE CLIMATE NORMALS FOR TODAY
                         NORMAL    RECORD    YEAR
 MAXIMUM TEMPERATURE (F)   40        72      1959
 MINIMUM TEMPERATURE (F)   21       -12      1919


SUNRISE AND SUNSET
DECEMBER  3 2016......SUNRISE   741 AM CST   SUNSET   507 PM CST
DECEMBER  4 2016......SUNRISE   742 AM CST   SUNSET   507 PM CST


-  INDICATES NEGATIVE NUMBERS.
R  INDICATES RECORD WAS SET OR TIED.
MM INDICATES DATA IS MISSING.
T  INDICATES TRACE AMOUNT.




$$
