000
CDUS43 KGID 232231
CLIHSI


CLIMATE REPORT
NATIONAL WEATHER SERVICE HASTINGS NE
530 PM CDT TUE SEP 23 2014


...................................

...THE HASTINGS NE CLIMATE SUMMARY FOR SEPTEMBER 23 2014...
VALID TODAY AS OF 0500 PM LOCAL TIME.

CLIMATE NORMAL PERIOD 1981 TO 2010
CLIMATE RECORD PERIOD 1894 TO 2014


WEATHER ITEM   OBSERVED TIME   RECORD YEAR NORMAL DEPARTURE LAST
                VALUE   (LST)  VALUE       VALUE  FROM      YEAR
                                                  NORMAL
..................................................................
TEMPERATURE (F)
 TODAY
  MAXIMUM         68    236 PM  98    1937  75     -7       75
  MINIMUM         56    736 AM  31    1983  51      5       55
  AVERAGE         62                        63     -1       65

PRECIPITATION (IN)
  TODAY            0.30          1.93 1997   0.09   0.21     0.04
  MONTH TO DATE    1.66                      2.03  -0.37     0.72
  SINCE SEP 1      1.66                      2.03  -0.37     0.72
  SINCE JAN 1     26.56                     22.69   3.87    18.78

SNOWFALL (IN)
  TODAY            0.0                       0.0    0.0      0.0
  MONTH TO DATE    0.0                       0.1   -0.1      0.0
  SINCE SEP 1      0.0                       0.1   -0.1      0.0
  SINCE JUL 1      0.0                       0.1   -0.1      0.0
  SNOW DEPTH       0

DEGREE DAYS
 HEATING
  TODAY            3                         4     -1        0
  MONTH TO DATE  109                        49     60       15
  SINCE SEP 1    109                        49     60       15
  SINCE JUL 1    115                        55     60       21

 COOLING
  TODAY            0                         2     -2        0
  MONTH TO DATE   62                        97    -35      164
  SINCE SEP 1     62                        97    -35      164
  SINCE JAN 1    982                      1050    -68     1122
..................................................................


WIND (MPH)
  HIGHEST WIND SPEED    20   HIGHEST WIND DIRECTION     S (160)
  HIGHEST GUST SPEED    27   HIGHEST GUST DIRECTION     S (180)
  AVERAGE WIND SPEED    12.9


SKY COVER
  AVERAGE SKY COVER 0.7


WEATHER CONDITIONS
 THE FOLLOWING WEATHER WAS RECORDED TODAY.
  RAIN
  LIGHT RAIN
  FOG


RELATIVE HUMIDITY (PERCENT)
 HIGHEST    93           700 AM
 LOWEST     59           100 PM
 AVERAGE    76

..........................................................


THE HASTINGS NE CLIMATE NORMALS FOR TOMORROW
                         NORMAL    RECORD    YEAR
 MAXIMUM TEMPERATURE (F)   74        94      1938
 MINIMUM TEMPERATURE (F)   51        32      1989
                                             1985


SUNRISE AND SUNSET
SEPTEMBER 23 2014.....SUNRISE   722 AM CDT   SUNSET   729 PM CDT
SEPTEMBER 24 2014.....SUNRISE   723 AM CDT   SUNSET   727 PM CDT


-  INDICATES NEGATIVE NUMBERS.
R  INDICATES RECORD WAS SET OR TIED.
MM INDICATES DATA IS MISSING.
T  INDICATES TRACE AMOUNT.




$$
