000
CDUS43 KGID 250643
CLIHSI


CLIMATE REPORT
NATIONAL WEATHER SERVICE HASTINGS NE
139 AM CDT SUN SEP 25 2016


...................................

...THE HASTINGS NE CLIMATE SUMMARY FOR SEPTEMBER 24 2016...

CLIMATE NORMAL PERIOD 1981 TO 2010
CLIMATE RECORD PERIOD 1894 TO 2016


WEATHER ITEM   OBSERVED TIME   RECORD YEAR NORMAL DEPARTURE LAST
                VALUE   (LST)  VALUE       VALUE  FROM      YEAR
                                                  NORMAL
..................................................................
TEMPERATURE (F)
 YESTERDAY
  MAXIMUM         74    535 PM  94    1938  74      0       75
  MINIMUM         57   1159 PM  32    1989  51      6       63
                                      1985
  AVERAGE         66                        62      4       69

PRECIPITATION (IN)
  YESTERDAY        0.47          1.10 1970   0.09   0.38      T
                                      1910
  MONTH TO DATE    1.80                      2.12  -0.32     0.92
  SINCE SEP 1      1.80                      2.12  -0.32     0.92
  SINCE JAN 1     18.37                     22.78  -4.41    23.97

SNOWFALL (IN)
  YESTERDAY        0.0                       0.0    0.0      0.0
  MONTH TO DATE    0.0                       0.1   -0.1      0.0
  SINCE SEP 1      0.0                       0.1   -0.1      0.0
  SINCE JUL 1      0.0                       0.1   -0.1      0.0
  SNOW DEPTH       0

DEGREE DAYS
 HEATING
  YESTERDAY        0                         5     -5        0
  MONTH TO DATE   26                        54    -28       12
  SINCE SEP 1     26                        54    -28       12
  SINCE JUL 1     30                        60    -30       27

 COOLING
  YESTERDAY        1                         2     -1        4
  MONTH TO DATE  137                        99     38      208
  SINCE SEP 1    137                        99     38      208
  SINCE JAN 1   1185                      1052    133     1051
..................................................................


WIND (MPH)
  HIGHEST WIND SPEED    20   HIGHEST WIND DIRECTION    SE (150)
  HIGHEST GUST SPEED    26   HIGHEST GUST DIRECTION    NW (310)
  AVERAGE WIND SPEED     6.4


SKY COVER
  AVERAGE SKY COVER 0.5


WEATHER CONDITIONS
 THE FOLLOWING WEATHER WAS RECORDED YESTERDAY.
  THUNDERSTORM
  HEAVY RAIN
  RAIN
  LIGHT RAIN


RELATIVE HUMIDITY (PERCENT)
 HIGHEST    97          1100 PM
 LOWEST     68          1200 AM
 AVERAGE    83

..........................................................


THE HASTINGS NE CLIMATE NORMALS FOR TODAY
                         NORMAL    RECORD    YEAR
 MAXIMUM TEMPERATURE (F)   74        99      1998
 MINIMUM TEMPERATURE (F)   50        28      1926


SUNRISE AND SUNSET
SEPTEMBER 25 2016.....SUNRISE   725 AM CDT   SUNSET   725 PM CDT
SEPTEMBER 26 2016.....SUNRISE   726 AM CDT   SUNSET   723 PM CDT


-  INDICATES NEGATIVE NUMBERS.
R  INDICATES RECORD WAS SET OR TIED.
MM INDICATES DATA IS MISSING.
T  INDICATES TRACE AMOUNT.

$$

KELLEY
