000
CDUS43 KGID 222337
CLIHSI


CLIMATE REPORT
NATIONAL WEATHER SERVICE HASTINGS NE
537 PM CST THU FEB 22 2018


...................................

...THE HASTINGS NE CLIMATE SUMMARY FOR FEBRUARY 22 2018...
VALID TODAY AS OF 0500 PM LOCAL TIME.

CLIMATE NORMAL PERIOD 1981 TO 2010
CLIMATE RECORD PERIOD 1894 TO 2018


WEATHER ITEM   OBSERVED TIME   RECORD YEAR NORMAL DEPARTURE LAST
                VALUE   (LST)  VALUE       VALUE  FROM      YEAR
                                                  NORMAL
..................................................................
TEMPERATURE (F)
 TODAY
  MAXIMUM         25    459 PM  75    1982  42    -17       72
  MINIMUM         20    908 AM  -9    1918  22     -2       37
  AVERAGE         23                        32     -9       55

PRECIPITATION (IN)
  TODAY            0.02          0.85 1971   0.02   0.00     0.00
  MONTH TO DATE    0.48                      0.36   0.12     0.03
  SINCE DEC 1      1.25                      1.38  -0.13     1.47
  SINCE JAN 1      0.97                      0.77   0.20     0.86

SNOWFALL (IN)
  TODAY            0.2           8.0  1971   0.3   -0.1      0.0
  MONTH TO DATE    7.7                       5.4    2.3      1.1
  SINCE DEC 1     19.4                      17.5    1.9      5.8
  SINCE JUL 1     19.6                      21.3   -1.7      5.9
  5PM SNOW DEPTH   T

DEGREE DAYS
 HEATING
  TODAY           42                        33      9       10
  MONTH TO DATE  978                       789    189      540
  SINCE DEC 1   3392                      3157    235     2872
  SINCE JUL 1   4535                      4438     97     3739

 COOLING
  TODAY            0                         0      0        0
  MONTH TO DATE    0                         0      0        0
  SINCE DEC 1      0                         0      0        0
  SINCE JAN 1      0                         0      0        0
..................................................................


WIND (MPH)
  HIGHEST WIND SPEED    14   HIGHEST WIND DIRECTION     E (90)
  HIGHEST GUST SPEED    20   HIGHEST GUST DIRECTION     E (70)
  AVERAGE WIND SPEED     8.1


SKY COVER
  AVERAGE SKY COVER 1.0


WEATHER CONDITIONS
 THE FOLLOWING WEATHER WAS RECORDED TODAY.
  LT FREEZING RAIN
  LIGHT SNOW
  FOG
  HAZE


RELATIVE HUMIDITY (PERCENT)
 HIGHEST    92           500 PM
 LOWEST     62          1200 AM
 AVERAGE    77

..........................................................


THE HASTINGS NE CLIMATE NORMALS FOR TOMORROW
                         NORMAL    RECORD    YEAR
 MAXIMUM TEMPERATURE (F)   42        75      1918
 MINIMUM TEMPERATURE (F)   22        -7      1910


SUNRISE AND SUNSET
FEBRUARY 22 2018......SUNRISE   718 AM CST   SUNSET   617 PM CST
FEBRUARY 23 2018......SUNRISE   716 AM CST   SUNSET   618 PM CST


-  INDICATES NEGATIVE NUMBERS.
R  INDICATES RECORD WAS SET OR TIED.
MM INDICATES DATA IS MISSING.
T  INDICATES TRACE AMOUNT.




$$
