000
CDUS43 KGID 260636
CLIHSI


CLIMATE REPORT
NATIONAL WEATHER SERVICE HASTINGS NE
136 AM CDT SAT JUL 26 2014


...................................

...THE HASTINGS NE CLIMATE SUMMARY FOR JULY 25 2014...

CLIMATE NORMAL PERIOD 1981 TO 2010
CLIMATE RECORD PERIOD 1894 TO 2014


WEATHER ITEM   OBSERVED TIME   RECORD YEAR NORMAL DEPARTURE LAST
                VALUE   (LST)  VALUE       VALUE  FROM      YEAR
                                                  NORMAL
..................................................................
TEMPERATURE (F)
 YESTERDAY
  MAXIMUM         93    428 PM 112    1936  88      5       75
  MINIMUM         73   1155 PM  52    1911  67      6       66
  AVERAGE         83                        77      6       71

PRECIPITATION (IN)
  YESTERDAY        T             0.94 1925   0.09  -0.09      T
  MONTH TO DATE    1.45                      3.11  -1.66     0.97
  SINCE JUN 1     10.14                      6.91   3.23     2.21
  SINCE JAN 1     17.08                     16.73   0.35    14.01

SNOWFALL (IN)
  YESTERDAY        0.0                       0.0    0.0      0.0
  MONTH TO DATE    0.0                       0.0    0.0      0.0
  SINCE JUN 1      0.0                       0.0    0.0      0.0
  SINCE JUL 1      0.0                       0.0    0.0      0.0
  SNOW DEPTH       0

DEGREE DAYS
 HEATING
  YESTERDAY        0                         0      0        0
  MONTH TO DATE    6                         0      6        0
  SINCE JUN 1     14                        21     -7       27
  SINCE JUL 1      6                         0      6        0

 COOLING
  YESTERDAY       18                        12      6        6
  MONTH TO DATE  229                       303    -74      318
  SINCE JUN 1    460                       528    -68      554
  SINCE JAN 1    578                       587     -9      628
..................................................................


WIND (MPH)
  HIGHEST WIND SPEED    18   HIGHEST WIND DIRECTION     S (200)
  HIGHEST GUST SPEED    26   HIGHEST GUST DIRECTION     S (200)
  AVERAGE WIND SPEED     8.0


SKY COVER
  AVERAGE SKY COVER 0.0


WEATHER CONDITIONS
 THE FOLLOWING WEATHER WAS RECORDED YESTERDAY.
  LIGHT RAIN


RELATIVE HUMIDITY (PERCENT)
 HIGHEST    84          1100 PM
 LOWEST     38          1100 AM
 AVERAGE    61

..........................................................


THE HASTINGS NE CLIMATE NORMALS FOR TODAY
                         NORMAL    RECORD    YEAR
 MAXIMUM TEMPERATURE (F)   88       113      1936
 MINIMUM TEMPERATURE (F)   67        54      2004
                                             1962


SUNRISE AND SUNSET
JULY 26 2014..........SUNRISE   625 AM CDT   SUNSET   855 PM CDT
JULY 27 2014..........SUNRISE   626 AM CDT   SUNSET   854 PM CDT


-  INDICATES NEGATIVE NUMBERS.
R  INDICATES RECORD WAS SET OR TIED.
MM INDICATES DATA IS MISSING.
T  INDICATES TRACE AMOUNT.




$$
