000
CDUS43 KGID 081059 CCA
CLIHSI

CLIMATE REPORT
NATIONAL WEATHER SERVICE HASTINGS NE
1240 AM CST MON FEB 8 2016


...................................

...THE HASTINGS NE CLIMATE SUMMARY FOR FEBRUARY 7 2016...

CLIMATE NORMAL PERIOD 1981 TO 2010
CLIMATE RECORD PERIOD 1894 TO 2016


WEATHER ITEM   OBSERVED TIME   RECORD YEAR NORMAL DEPARTURE LAST
                VALUE   (LST)  VALUE       VALUE  FROM      YEAR
                                                  NORMAL
..................................................................
TEMPERATURE (F)
 YESTERDAY
  MAXIMUM         42    244 PM  66    1930  38      4       63
  MINIMUM         30   1159 PM -17    1933  18     12       34
  AVERAGE         36                        28      8       49

PRECIPITATION (IN)
  YESTERDAY        0.00          0.78 1928   0.02  -0.02     0.00
  MONTH TO DATE    1.57                      0.12   1.45     0.22
  SINCE DEC 1      4.10                      1.14   2.96     1.53
  SINCE JAN 1      1.92                      0.53   1.39     0.99

SNOWFALL (IN)
  YESTERDAY        0.0           6.0  1980   0.3   -0.3      0.0
  MONTH TO DATE   16.0                       1.8   14.2      3.6
  SINCE DEC 1     26.1                      13.9   12.2     12.7
  SINCE JUL 1     30.3                      17.7   12.6     14.4
  SNOW DEPTH      12

DEGREE DAYS
 HEATING
  YESTERDAY       29                        37     -8       16
  MONTH TO DATE  268                       262      6      275
  SINCE DEC 1   2393                      2630   -237     2458
  SINCE JUL 1   3319                      3911   -592     3796

 COOLING
  YESTERDAY        0                         0      0        0
  MONTH TO DATE    0                         0      0        0
  SINCE DEC 1      0                         0      0        0
  SINCE JAN 1      0                         0      0        0
..................................................................


WIND (MPH)
  HIGHEST WIND SPEED    47   HIGHEST WIND DIRECTION    NW (320)
  HIGHEST GUST SPEED    58   HIGHEST GUST DIRECTION    NW (320)
  AVERAGE WIND SPEED    19.8


SKY COVER
  AVERAGE SKY COVER 0.2


WEATHER CONDITIONS
 THE FOLLOWING WEATHER WAS RECORDED YESTERDAY.
  NO SIGNIFICANT WEATHER WAS OBSERVED.


RELATIVE HUMIDITY (PERCENT)
 HIGHEST    75           100 AM
 LOWEST     41           300 PM
 AVERAGE    58

..........................................................


THE HASTINGS NE CLIMATE NORMALS FOR TODAY
                         NORMAL    RECORD    YEAR
 MAXIMUM TEMPERATURE (F)   39        72      1999
 MINIMUM TEMPERATURE (F)   18       -19      1936


SUNRISE AND SUNSET
FEBRUARY  8 2016......SUNRISE   737 AM CST   SUNSET   600 PM CST
FEBRUARY  9 2016......SUNRISE   735 AM CST   SUNSET   601 PM CST


-  INDICATES NEGATIVE NUMBERS.
R  INDICATES RECORD WAS SET OR TIED.
MM INDICATES DATA IS MISSING.
T  INDICATES TRACE AMOUNT.




$$
