000
CDUS43 KGID 212229
CLIHSI


CLIMATE REPORT
NATIONAL WEATHER SERVICE HASTINGS NE
529 PM CDT SUN SEP 21 2014


...................................

...THE HASTINGS NE CLIMATE SUMMARY FOR SEPTEMBER 21 2014...
VALID TODAY AS OF 0500 PM LOCAL TIME.

CLIMATE NORMAL PERIOD 1981 TO 2010
CLIMATE RECORD PERIOD 1894 TO 2014


WEATHER ITEM   OBSERVED TIME   RECORD YEAR NORMAL DEPARTURE LAST
                VALUE   (LST)  VALUE       VALUE  FROM      YEAR
                                                  NORMAL
..................................................................
TEMPERATURE (F)
 TODAY
  MAXIMUM         74    359 PM  98    2005  75     -1       83
  MINIMUM         50    656 AM  28    1995  52     -2       50
  AVERAGE         62                        64     -2       67

PRECIPITATION (IN)
  TODAY            0.00          1.45 1990   0.09  -0.09     0.00
  MONTH TO DATE    1.34                      1.86  -0.52     0.68
  SINCE SEP 1      1.34                      1.86  -0.52     0.68
  SINCE JAN 1     26.24                     22.52   3.72    18.74

SNOWFALL (IN)
  TODAY            0.0                       0.0    0.0      0.0
  MONTH TO DATE    0.0                       0.1   -0.1      0.0
  SINCE SEP 1      0.0                       0.1   -0.1      0.0
  SINCE JUL 1      0.0                       0.1   -0.1      0.0
  SNOW DEPTH       0

DEGREE DAYS
 HEATING
  TODAY            3                         4     -1        0
  MONTH TO DATE  101                        41     60       15
  SINCE SEP 1    101                        41     60       15
  SINCE JUL 1    107                        47     60       21

 COOLING
  TODAY            0                         2     -2        2
  MONTH TO DATE   62                        93    -31      160
  SINCE SEP 1     62                        93    -31      160
  SINCE JAN 1    982                      1046    -64     1118
..................................................................


WIND (MPH)
  HIGHEST WIND SPEED    20   HIGHEST WIND DIRECTION     N (350)
  HIGHEST GUST SPEED    25   HIGHEST GUST DIRECTION     N (10)
  AVERAGE WIND SPEED     9.1


SKY COVER
  AVERAGE SKY COVER 0.0


WEATHER CONDITIONS
 THE FOLLOWING WEATHER WAS RECORDED TODAY.
  NO SIGNIFICANT WEATHER WAS OBSERVED.


RELATIVE HUMIDITY (PERCENT)
 HIGHEST    77           300 AM
 LOWEST     29           100 PM
 AVERAGE    53

..........................................................


THE HASTINGS NE CLIMATE NORMALS FOR TOMORROW
                         NORMAL    RECORD    YEAR
 MAXIMUM TEMPERATURE (F)   75       100      1937
 MINIMUM TEMPERATURE (F)   51        26      1995


SUNRISE AND SUNSET
SEPTEMBER 21 2014.....SUNRISE   720 AM CDT   SUNSET   732 PM CDT
SEPTEMBER 22 2014.....SUNRISE   721 AM CDT   SUNSET   731 PM CDT


-  INDICATES NEGATIVE NUMBERS.
R  INDICATES RECORD WAS SET OR TIED.
MM INDICATES DATA IS MISSING.
T  INDICATES TRACE AMOUNT.




$$
