000
CDUS43 KGID 230631
CLIHSI


CLIMATE REPORT
NATIONAL WEATHER SERVICE HASTINGS NE
130 AM CDT THU MAR 23 2017


...................................

...THE HASTINGS NE CLIMATE SUMMARY FOR MARCH 22 2017...

CLIMATE NORMAL PERIOD 1981 TO 2010
CLIMATE RECORD PERIOD 1894 TO 2017


WEATHER ITEM   OBSERVED TIME   RECORD YEAR NORMAL DEPARTURE LAST
                VALUE   (LST)  VALUE       VALUE  FROM      YEAR
                                                  NORMAL
..................................................................
TEMPERATURE (F)
 YESTERDAY
  MAXIMUM         56    305 PM  89    1910  54      2       69
  MINIMUM         33    121 AM   6    1955  31      2       44
  AVERAGE         45                        42      3       57

PRECIPITATION (IN)
  YESTERDAY        0.00          0.90 1979   0.07  -0.07     0.00
  MONTH TO DATE    0.06                      1.05  -0.99     0.17
  SINCE MAR 1      0.06                      1.05  -0.99     0.17
  SINCE JAN 1      1.16                      1.95  -0.79     2.09

SNOWFALL (IN)
  YESTERDAY        0.0           8.5  1944   0.1   -0.1      0.0
  MONTH TO DATE    1.2                       3.9   -2.7       T
  SINCE MAR 1      1.2                       3.9   -2.7       T
  SINCE JUL 1     10.3                      26.3  -16.0     30.3
  SNOW DEPTH       0

DEGREE DAYS
 HEATING
  YESTERDAY       20                        23     -3        8
  MONTH TO DATE  493                       589    -96      385
  SINCE MAR 1    493                       589    -96      385
  SINCE JUL 1   4423                      5219   -796     4295

 COOLING
  YESTERDAY        0                         0      0        0
  MONTH TO DATE    0                         0      0        0
  SINCE MAR 1      0                         0      0        0
  SINCE JAN 1      0                         0      0        0
..................................................................


WIND (MPH)
  HIGHEST WIND SPEED    21   HIGHEST WIND DIRECTION    SE (150)
  HIGHEST GUST SPEED    27   HIGHEST GUST DIRECTION     S (160)
  AVERAGE WIND SPEED    13.5


SKY COVER
  AVERAGE SKY COVER 0.8


WEATHER CONDITIONS
 THE FOLLOWING WEATHER WAS RECORDED YESTERDAY.
  NO SIGNIFICANT WEATHER WAS OBSERVED.


RELATIVE HUMIDITY (PERCENT)
 HIGHEST    69          1200 AM
 LOWEST     26           300 PM
 AVERAGE    48

..........................................................


THE HASTINGS NE CLIMATE NORMALS FOR TODAY
                         NORMAL    RECORD    YEAR
 MAXIMUM TEMPERATURE (F)   54        90      1910
 MINIMUM TEMPERATURE (F)   31         5      1965


SUNRISE AND SUNSET
MARCH 23 2017.........SUNRISE   732 AM CDT   SUNSET   749 PM CDT
MARCH 24 2017.........SUNRISE   730 AM CDT   SUNSET   750 PM CDT


-  INDICATES NEGATIVE NUMBERS.
R  INDICATES RECORD WAS SET OR TIED.
MM INDICATES DATA IS MISSING.
T  INDICATES TRACE AMOUNT.




$$
