000
CDUS43 KGID 290624
CLIHSI


CLIMATE REPORT
NATIONAL WEATHER SERVICE HASTINGS NE
123 AM CDT FRI JUL 29 2016


...................................

...THE HASTINGS NE CLIMATE SUMMARY FOR JULY 28 2016...

CLIMATE NORMAL PERIOD 1981 TO 2010
CLIMATE RECORD PERIOD 1894 TO 2016


WEATHER ITEM   OBSERVED TIME   RECORD YEAR NORMAL DEPARTURE LAST
                VALUE   (LST)  VALUE       VALUE  FROM      YEAR
                                                  NORMAL
..................................................................
TEMPERATURE (F)
 YESTERDAY
  MAXIMUM         83    301 PM 105    1931  88     -5       83
  MINIMUM         62    355 AM  51    1994  67     -5       65
  AVERAGE         73                        77     -4       74

PRECIPITATION (IN)
  YESTERDAY        0.18          1.52 1962   0.10   0.08     0.00
  MONTH TO DATE    2.02                      3.41  -1.39     4.01
  SINCE JUN 1      2.77                      7.21  -4.44    12.06
  SINCE JAN 1     14.60                     17.03  -2.43    20.78

SNOWFALL (IN)
  YESTERDAY        0.0                       0.0    0.0      0.0
  MONTH TO DATE    0.0                       0.0    0.0      0.0
  SINCE JUN 1      0.0                       0.0    0.0      0.0
  SINCE JUL 1      0.0                       0.0    0.0      0.0
  SNOW DEPTH       0

DEGREE DAYS
 HEATING
  YESTERDAY        0                         0      0        0
  MONTH TO DATE    3                         0      3        4
  SINCE JUN 1      3                        21    -18        7
  SINCE JUL 1      3                         0      3        4

 COOLING
  YESTERDAY        8                        12     -4        9
  MONTH TO DATE  346                       339      7      316
  SINCE JUN 1    697                       564    133      536
  SINCE JAN 1    726                       623    103      567
..................................................................


WIND (MPH)
  HIGHEST WIND SPEED    15   HIGHEST WIND DIRECTION     E (70)
  HIGHEST GUST SPEED    21   HIGHEST GUST DIRECTION     N (350)
  AVERAGE WIND SPEED     5.4


SKY COVER
  AVERAGE SKY COVER 0.1


WEATHER CONDITIONS
 THE FOLLOWING WEATHER WAS RECORDED YESTERDAY.
  THUNDERSTORM
  HEAVY RAIN
  RAIN
  LIGHT RAIN
  FOG


RELATIVE HUMIDITY (PERCENT)
 HIGHEST    93           100 AM
 LOWEST     58           200 PM
 AVERAGE    76

..........................................................


THE HASTINGS NE CLIMATE NORMALS FOR TODAY
                         NORMAL    RECORD    YEAR
 MAXIMUM TEMPERATURE (F)   87       108      1917
 MINIMUM TEMPERATURE (F)   67        53      1971
                                             1925


SUNRISE AND SUNSET
JULY 29 2016..........SUNRISE   628 AM CDT   SUNSET   851 PM CDT
JULY 30 2016..........SUNRISE   629 AM CDT   SUNSET   850 PM CDT


-  INDICATES NEGATIVE NUMBERS.
R  INDICATES RECORD WAS SET OR TIED.
MM INDICATES DATA IS MISSING.
T  INDICATES TRACE AMOUNT.




$$
