000
CDUS43 KGID 310642
CLIHSI


CLIMATE REPORT
NATIONAL WEATHER SERVICE HASTINGS NE
141 AM CDT THU JUL 31 2014


...................................

...THE HASTINGS NE CLIMATE SUMMARY FOR JULY 30 2014...

CLIMATE NORMAL PERIOD 1981 TO 2010
CLIMATE RECORD PERIOD 1894 TO 2014


WEATHER ITEM   OBSERVED TIME   RECORD YEAR NORMAL DEPARTURE LAST
                VALUE   (LST)  VALUE       VALUE  FROM      YEAR
                                                  NORMAL
..................................................................
TEMPERATURE (F)
 YESTERDAY
  MAXIMUM         80    445 PM 106    1917  87     -7       73
  MINIMUM         59    551 AM  48    1971  67     -8       64
  AVERAGE         70                        77     -7       69

PRECIPITATION (IN)
  YESTERDAY        0.00          0.75 1915   0.10  -0.10     0.01
  MONTH TO DATE    1.48                      3.62  -2.14     1.77
  SINCE JUN 1     10.17                      7.42   2.75     3.01
  SINCE JAN 1     17.11                     17.24  -0.13    14.81

SNOWFALL (IN)
  YESTERDAY        0.0                       0.0    0.0      0.0
  MONTH TO DATE    0.0                       0.0    0.0      0.0
  SINCE JUN 1      0.0                       0.0    0.0      0.0
  SINCE JUL 1      0.0                       0.0    0.0      0.0
  SNOW DEPTH       0

DEGREE DAYS
 HEATING
  YESTERDAY        0                         0      0        0
  MONTH TO DATE    6                         0      6        6
  SINCE JUN 1     14                        21     -7       33
  SINCE JUL 1      6                         0      6        6

 COOLING
  YESTERDAY        5                        12     -7        4
  MONTH TO DATE  271                       363    -92      325
  SINCE JUN 1    502                       588    -86      561
  SINCE JAN 1    620                       647    -27      635
..................................................................


WIND (MPH)
  HIGHEST WIND SPEED    12   HIGHEST WIND DIRECTION     E (80)
  HIGHEST GUST SPEED    13   HIGHEST GUST DIRECTION    NE (50)
  AVERAGE WIND SPEED     4.7


SKY COVER
  AVERAGE SKY COVER 0.2


WEATHER CONDITIONS
 THE FOLLOWING WEATHER WAS RECORDED YESTERDAY.
  NO SIGNIFICANT WEATHER WAS OBSERVED.


RELATIVE HUMIDITY (PERCENT)
 HIGHEST    80           500 AM
 LOWEST     39           300 PM
 AVERAGE    60

..........................................................


THE HASTINGS NE CLIMATE NORMALS FOR TODAY
                         NORMAL    RECORD    YEAR
 MAXIMUM TEMPERATURE (F)   87       105      1935
                                             1934
 MINIMUM TEMPERATURE (F)   66        53      2009
                                             1992
                                             1971


SUNRISE AND SUNSET
JULY 31 2014..........SUNRISE   630 AM CDT   SUNSET   850 PM CDT
AUGUST  1 2014........SUNRISE   631 AM CDT   SUNSET   849 PM CDT


-  INDICATES NEGATIVE NUMBERS.
R  INDICATES RECORD WAS SET OR TIED.
MM INDICATES DATA IS MISSING.
T  INDICATES TRACE AMOUNT.




$$

BRYANT
