000
CDUS44 KHUN 290731
CLIHSV


CLIMATE REPORT
NATIONAL WEATHER SERVICE HUNTSVILLE AL
231 AM CDT WED JUL 29 2015


...................................

...THE HUNTSVILLE CLIMATE SUMMARY FOR JULY 28 2015...

CLIMATE NORMAL PERIOD 1981 TO 2010
CLIMATE RECORD PERIOD 1894 TO 2015


WEATHER ITEM   OBSERVED TIME   RECORD YEAR NORMAL DEPARTURE LAST
                VALUE   (LST)  VALUE       VALUE  FROM      YEAR
                                                  NORMAL
..................................................................
TEMPERATURE (F)
 YESTERDAY
  MAXIMUM        100    230 PM 110    1930  91      9       87
  MINIMUM         76    208 AM  56    1911  70      6       68
  AVERAGE         88                        81      7       78

PRECIPITATION (IN)
  YESTERDAY        0.37          2.04 1923   0.12   0.25      T
  MONTH TO DATE    4.84                      3.70   1.14     4.47
  SINCE JUN 1      7.22                      7.99  -0.77    11.60
  SINCE JAN 1     32.60                     32.36   0.24    35.07

SNOWFALL (IN)
  YESTERDAY        0.0
  MONTH TO DATE    0.0
  SINCE JUN 1      0.0
  SINCE JUL 1      0.0
  SNOW DEPTH       0

DEGREE DAYS
 HEATING
  YESTERDAY        0                         0      0        0
  MONTH TO DATE    0                         0      0        0
  SINCE JUN 1      0                         1     -1        0
  SINCE JUL 1      0                         0      0        0

 COOLING
  YESTERDAY       23                        16      7       13
  MONTH TO DATE  524                       440     84      369
  SINCE JUN 1   1021                       820    201      770
  SINCE JAN 1   1346                      1083    263     1041
..................................................................


WIND (MPH)
  HIGHEST WIND SPEED    25   HIGHEST WIND DIRECTION    NE (40)
  HIGHEST GUST SPEED    30   HIGHEST GUST DIRECTION     N (20)
  AVERAGE WIND SPEED     4.2


SKY COVER
  POSSIBLE SUNSHINE  MM
  AVERAGE SKY COVER 0.3


WEATHER CONDITIONS
 THE FOLLOWING WEATHER WAS RECORDED YESTERDAY.
  HEAVY RAIN
  RAIN
  LIGHT RAIN
  FOG
  HAZE


RELATIVE HUMIDITY (PERCENT)
 HIGHEST    88           500 AM
 LOWEST     38           100 PM
 AVERAGE    63

..........................................................


THE HUNTSVILLE CLIMATE NORMALS FOR TODAY
                         NORMAL    RECORD    YEAR
 MAXIMUM TEMPERATURE (F)   91       111      1930
 MINIMUM TEMPERATURE (F)   70        58      1944


SUNRISE AND SUNSET
JULY 29 2015..........SUNRISE   555 AM CDT   SUNSET   752 PM CDT
JULY 30 2015..........SUNRISE   556 AM CDT   SUNSET   751 PM CDT


-  INDICATES NEGATIVE NUMBERS.
R  INDICATES RECORD WAS SET OR TIED.
MM INDICATES DATA IS MISSING.
T  INDICATES TRACE AMOUNT.




$$
