000
CDUS44 KHUN 262130
CLIHSV


CLIMATE REPORT
NATIONAL WEATHER SERVICE HUNTSVILLE AL
430 PM CDT WED JUL 26 2017


...................................

...THE HUNTSVILLE CLIMATE SUMMARY FOR JULY 26 2017...
VALID TODAY AS OF 0400 PM LOCAL TIME.

CLIMATE NORMAL PERIOD 1981 TO 2010
CLIMATE RECORD PERIOD 1894 TO 2017


WEATHER ITEM   OBSERVED TIME   RECORD YEAR NORMAL DEPARTURE LAST
                VALUE   (LST)  VALUE       VALUE  FROM      YEAR
                                                  NORMAL
..................................................................
TEMPERATURE (F)
 TODAY
  MAXIMUM         97    256 PM 103    1925  91      6       98
  MINIMUM         75    525 AM  54    1911  71      4       77
  AVERAGE         86                        81      5       88

PRECIPITATION (IN)
  TODAY            0.00          5.33 1910   0.11  -0.11     0.00
  MONTH TO DATE    4.50                      3.46   1.04     4.33
  SINCE JUN 1     11.26                      7.75   3.51     8.73
  SINCE JAN 1     33.98                     32.12   1.86    27.03

SNOWFALL (IN)
  TODAY            0.0
  MONTH TO DATE    0.0
  SINCE JUN 1      0.0
  SINCE JUL 1      0.0
  SNOW DEPTH       0

DEGREE DAYS
 HEATING
  TODAY            0                         0      0        0
  MONTH TO DATE    0                         0      0        0
  SINCE JUN 1      0                         1     -1        0
  SINCE JUL 1      0                         0      0        0

 COOLING
  TODAY           21                        16      5       23
  MONTH TO DATE  466                       408     58      493
  SINCE JUN 1    831                       788     43      973
  SINCE JAN 1   1220                      1051    169     1260
..................................................................


WIND (MPH)
  HIGHEST WIND SPEED    10   HIGHEST WIND DIRECTION     W (290)
  HIGHEST GUST SPEED    14   HIGHEST GUST DIRECTION     W (290)
  AVERAGE WIND SPEED     3.5


SKY COVER
  POSSIBLE SUNSHINE  MM
  AVERAGE SKY COVER 0.3


WEATHER CONDITIONS
 THE FOLLOWING WEATHER WAS RECORDED TODAY.
  NO SIGNIFICANT WEATHER WAS OBSERVED.


RELATIVE HUMIDITY (PERCENT)
 HIGHEST   100           200 AM
 LOWEST     45           300 PM
 AVERAGE    73

..........................................................


THE HUNTSVILLE CLIMATE NORMALS FOR TOMORROW
                         NORMAL    RECORD    YEAR
 MAXIMUM TEMPERATURE (F)   91       106      1930
 MINIMUM TEMPERATURE (F)   70        54      1911


SUNRISE AND SUNSET
JULY 26 2017..........SUNRISE   553 AM CDT   SUNSET   754 PM CDT
JULY 27 2017..........SUNRISE   554 AM CDT   SUNSET   753 PM CDT


-  INDICATES NEGATIVE NUMBERS.
R  INDICATES RECORD WAS SET OR TIED.
MM INDICATES DATA IS MISSING.
T  INDICATES TRACE AMOUNT.




$$
