000
CDUS44 KHUN 290702
CLIHSV


CLIMATE REPORT
NATIONAL WEATHER SERVICE HUNTSVILLE AL
202 AM CDT MON MAY 29 2017


...................................

...THE HUNTSVILLE CLIMATE SUMMARY FOR MAY 28 2017...

CLIMATE NORMAL PERIOD 1981 TO 2010
CLIMATE RECORD PERIOD 1894 TO 2017


WEATHER ITEM   OBSERVED TIME   RECORD YEAR NORMAL DEPARTURE LAST
                VALUE   (LST)  VALUE       VALUE  FROM      YEAR
                                                  NORMAL
..................................................................
TEMPERATURE (F)
 YESTERDAY
  MAXIMUM         84    418 PM  98    1911  84      0       82
  MINIMUM         65    513 AM  41    1907  63      2       68
  AVERAGE         75                        74      1       75

PRECIPITATION (IN)
  YESTERDAY        1.14          2.83 2001   0.15   0.99      T
  MONTH TO DATE    5.71                      4.65   1.06     1.62
  SINCE MAR 1     13.59                     14.18  -0.59     8.35
  SINCE JAN 1     22.46                     23.91  -1.45    18.30

SNOWFALL (IN)
  YESTERDAY        0.0
  MONTH TO DATE    0.0
  SINCE MAR 1      T
  SINCE JUL 1      T
  SNOW DEPTH       0

DEGREE DAYS
 HEATING
  YESTERDAY        0                         0      0        0
  MONTH TO DATE   35                        25     10       20
  SINCE MAR 1    400                       547   -147      357
  SINCE JUL 1   1967                      2999  -1032     2253

 COOLING
  YESTERDAY       10                         9      1       10
  MONTH TO DATE  173                       163     10      155
  SINCE MAR 1    351                       234    117      245
  SINCE JAN 1    356                       235    121      246
..................................................................


WIND (MPH)
  HIGHEST WIND SPEED    24   HIGHEST WIND DIRECTION    NW (310)
  HIGHEST GUST SPEED    34   HIGHEST GUST DIRECTION    NW (310)
  AVERAGE WIND SPEED     7.8


SKY COVER
  POSSIBLE SUNSHINE  MM
  AVERAGE SKY COVER 0.7


WEATHER CONDITIONS
 THE FOLLOWING WEATHER WAS RECORDED YESTERDAY.
  THUNDERSTORM
  HEAVY RAIN
  RAIN
  LIGHT RAIN
  FOG


RELATIVE HUMIDITY (PERCENT)
 HIGHEST   100           100 AM
 LOWEST     55           200 PM
 AVERAGE    78

..........................................................


THE HUNTSVILLE CLIMATE NORMALS FOR TODAY
                         NORMAL    RECORD    YEAR
 MAXIMUM TEMPERATURE (F)   85        99      1914
 MINIMUM TEMPERATURE (F)   63        46      1984


SUNRISE AND SUNSET
MAY 29 2017...........SUNRISE   536 AM CDT   SUNSET   753 PM CDT
MAY 30 2017...........SUNRISE   536 AM CDT   SUNSET   754 PM CDT


-  INDICATES NEGATIVE NUMBERS.
R  INDICATES RECORD WAS SET OR TIED.
MM INDICATES DATA IS MISSING.
T  INDICATES TRACE AMOUNT.




$$
