000
CDUS44 KHUN 272126
CLIHSV


CLIMATE REPORT
NATIONAL WEATHER SERVICE HUNTSVILLE AL
425 PM CDT MON MAR 27 2017


...................................

...THE HUNTSVILLE CLIMATE SUMMARY FOR MARCH 27 2017...
VALID TODAY AS OF 0400 PM LOCAL TIME.

CLIMATE NORMAL PERIOD 1981 TO 2010
CLIMATE RECORD PERIOD 1894 TO 2017


WEATHER ITEM   OBSERVED TIME   RECORD YEAR NORMAL DEPARTURE LAST
                VALUE   (LST)  VALUE       VALUE  FROM      YEAR
                                                  NORMAL
..................................................................
TEMPERATURE (F)
 TODAY
  MAXIMUM         79    145 PM  86    1910  68     11       69
                                      1907
  MINIMUM         58    203 AM  16    1955  45     13       62
  AVERAGE         69                        56     13       66

PRECIPITATION (IN)
  TODAY            0.00          4.30 1994   0.17  -0.17      T
  MONTH TO DATE    3.07                      4.53  -1.46     2.64
  SINCE MAR 1      3.07                      4.53  -1.46     2.64
  SINCE JAN 1     11.94                     14.26  -2.32    12.59

SNOWFALL (IN)
  TODAY            0.0
  MONTH TO DATE    T
  SINCE MAR 1      T
  SINCE JUL 1      T
  SNOW DEPTH       0

DEGREE DAYS
 HEATING
  TODAY            0                         9     -9        0
  MONTH TO DATE  307                       334    -27      214
  SINCE MAR 1    307                       334    -27      214
  SINCE JUL 1   1874                      2786   -912     2110

 COOLING
  TODAY            4                         1      3        1
  MONTH TO DATE   18                         5     13       24
  SINCE MAR 1     18                         5     13       24
  SINCE JAN 1     23                         6     17       25
..................................................................


WIND (MPH)
  HIGHEST WIND SPEED    17   HIGHEST WIND DIRECTION     S (180)
  HIGHEST GUST SPEED    23   HIGHEST GUST DIRECTION     S (190)
  AVERAGE WIND SPEED     9.8


SKY COVER
  POSSIBLE SUNSHINE  MM
  AVERAGE SKY COVER 0.6


WEATHER CONDITIONS
 THE FOLLOWING WEATHER WAS RECORDED TODAY.
  NO SIGNIFICANT WEATHER WAS OBSERVED.


RELATIVE HUMIDITY (PERCENT)
 HIGHEST    93          1200 AM
 LOWEST     54           300 PM
 AVERAGE    74

..........................................................


THE HUNTSVILLE CLIMATE NORMALS FOR TOMORROW
                         NORMAL    RECORD    YEAR
 MAXIMUM TEMPERATURE (F)   69        87      1910
 MINIMUM TEMPERATURE (F)   45        25      1926


SUNRISE AND SUNSET
MARCH 27 2017.........SUNRISE   641 AM CDT   SUNSET   704 PM CDT
MARCH 28 2017.........SUNRISE   639 AM CDT   SUNSET   705 PM CDT


-  INDICATES NEGATIVE NUMBERS.
R  INDICATES RECORD WAS SET OR TIED.
MM INDICATES DATA IS MISSING.
T  INDICATES TRACE AMOUNT.




$$
