000
CDUS44 KHUN 252126
CLIHSV


CLIMATE REPORT
NATIONAL WEATHER SERVICE HUNTSVILLE AL
426 PM CDT THU AUG 25 2016


...................................

...THE HUNTSVILLE CLIMATE SUMMARY FOR AUGUST 25 2016...
VALID TODAY AS OF 0400 PM LOCAL TIME.

CLIMATE NORMAL PERIOD 1981 TO 2010
CLIMATE RECORD PERIOD 1894 TO 2016


WEATHER ITEM   OBSERVED TIME   RECORD YEAR NORMAL DEPARTURE LAST
                VALUE   (LST)  VALUE       VALUE  FROM      YEAR
                                                  NORMAL
..................................................................
TEMPERATURE (F)
 TODAY
  MAXIMUM         98    314 PM  99    1959  91      7       83
                                      1943
                                      1938
  MINIMUM         75    552 AM  53    1942  69      6       58
  AVERAGE         87                        80      7       71

PRECIPITATION (IN)
  TODAY            0.00          2.21 2008   0.10  -0.10     0.00
  MONTH TO DATE    3.27                      2.97   0.30     7.75
  SINCE JUN 1     12.60                     11.31   1.29    15.94
  SINCE JAN 1     30.90                     35.68  -4.78    41.32

SNOWFALL (IN)
  TODAY            0.0
  MONTH TO DATE    0.0
  SINCE JUN 1      0.0
  SINCE JUL 1      0.0
  SNOW DEPTH       0

DEGREE DAYS
 HEATING
  TODAY            0                         0      0        0
  MONTH TO DATE    0                         0      0        0
  SINCE JUN 1      0                         1     -1        0
  SINCE JUL 1      0                         0      0        0

 COOLING
  TODAY           22                        15      7        6
  MONTH TO DATE  450                       389     61      386
  SINCE JUN 1   1505                      1251    254     1459
  SINCE JAN 1   1792                      1514    278     1784
..................................................................


WIND (MPH)
  HIGHEST WIND SPEED     9   HIGHEST WIND DIRECTION     N (340)
  HIGHEST GUST SPEED    13   HIGHEST GUST DIRECTION    NW (330)
  AVERAGE WIND SPEED     4.6


SKY COVER
  POSSIBLE SUNSHINE  MM
  AVERAGE SKY COVER 0.3


WEATHER CONDITIONS
 THE FOLLOWING WEATHER WAS RECORDED TODAY.
  NO SIGNIFICANT WEATHER WAS OBSERVED.


RELATIVE HUMIDITY (PERCENT)
 HIGHEST    87           300 AM
 LOWEST     42           300 PM
 AVERAGE    65

..........................................................


THE HUNTSVILLE CLIMATE NORMALS FOR TOMORROW
                         NORMAL    RECORD    YEAR
 MAXIMUM TEMPERATURE (F)   91       100      1938
 MINIMUM TEMPERATURE (F)   69        50      1917


SUNRISE AND SUNSET
AUGUST 25 2016........SUNRISE   615 AM CDT   SUNSET   722 PM CDT
AUGUST 26 2016........SUNRISE   616 AM CDT   SUNSET   721 PM CDT


-  INDICATES NEGATIVE NUMBERS.
R  INDICATES RECORD WAS SET OR TIED.
MM INDICATES DATA IS MISSING.
T  INDICATES TRACE AMOUNT.




$$
