000
CDUS43 KAPX 310545
CLIHTL


CLIMATE REPORT
NATIONAL WEATHER SERVICE GAYLORD MI
145 AM EDT MON AUG 31 2015


...................................

...THE HOUGHTON LAKE MI CLIMATE SUMMARY FOR AUGUST 30 2015...

CLIMATE NORMAL PERIOD 1981 TO 2010
CLIMATE RECORD PERIOD 1913 TO 2015


WEATHER ITEM   OBSERVED TIME   RECORD YEAR NORMAL DEPARTURE LAST
                VALUE   (LST)  VALUE       VALUE  FROM      YEAR
                                                  NORMAL
..................................................................
TEMPERATURE (F)
 YESTERDAY
  MAXIMUM         78    353 PM  97    1925  75      3       81
  MINIMUM         52    208 AM  29    1931  50      2       66
  AVERAGE         65                        63      2       74

PRECIPITATION (IN)
  YESTERDAY        0.00          1.12 1955   0.10  -0.10     0.04
  MONTH TO DATE    3.27                      3.29  -0.02     2.11
  SINCE JUN 1      7.89                      9.15  -1.26     7.40
  SINCE JAN 1     16.51                     19.01  -2.50    19.88

DEGREE DAYS
 HEATING
  YESTERDAY        0                         4     -4        0
  MONTH TO DATE   42                        76    -34       52
  SINCE JUN 1    207                       247    -40      230
  SINCE JUL 1     90                       123    -33      156

 COOLING
  YESTERDAY        0                         2     -2        9
  MONTH TO DATE   91                        76     15       56
  SINCE JUN 1    227                       247    -20      176
  SINCE JAN 1    252                       263    -11      191
..................................................................


WIND (MPH)
  HIGHEST WIND SPEED     8   HIGHEST WIND DIRECTION    SW (210)
  HIGHEST GUST SPEED    11   HIGHEST GUST DIRECTION    SW (230)
  AVERAGE WIND SPEED     2.7




RELATIVE HUMIDITY (PERCENT)
 HIGHEST   100
 LOWEST     58
 AVERAGE    79

..........................................................


THE HOUGHTON LAKE MI CLIMATE NORMALS FOR TODAY
                         NORMAL    RECORD    YEAR
 MAXIMUM TEMPERATURE (F)   75        94      1932
 MINIMUM TEMPERATURE (F)   50        30      1931


SUNRISE AND SUNSET
AUGUST 31 2015........SUNRISE   700 AM EDT   SUNSET   817 PM EDT
SEPTEMBER  1 2015.....SUNRISE   701 AM EDT   SUNSET   815 PM EDT


-  INDICATES NEGATIVE NUMBERS.
R  INDICATES RECORD WAS SET OR TIED.
MM INDICATES DATA IS MISSING.
T  INDICATES TRACE AMOUNT.




$$
