000
CDUS43 KAPX 290536
CLIHTL


CLIMATE REPORT
NATIONAL WEATHER SERVICE GAYLORD MI
136 AM EDT FRI MAY 29 2015


...................................

...THE HOUGHTON LAKE MI CLIMATE SUMMARY FOR MAY 28 2015...

CLIMATE NORMAL PERIOD 1981 TO 2010
CLIMATE RECORD PERIOD 1913 TO 2015


WEATHER ITEM   OBSERVED TIME   RECORD YEAR NORMAL DEPARTURE LAST
                VALUE   (LST)  VALUE       VALUE  FROM      YEAR
                                                  NORMAL
..................................................................
TEMPERATURE (F)
 YESTERDAY
  MAXIMUM         82    451 PM  90    1931  70     12       77
  MINIMUM         53   1236 AM  27    2008  45      8       49
                                      1949
  AVERAGE         68                        58     10       63

PRECIPITATION (IN)
  YESTERDAY        0.00          1.16 1945   0.10  -0.10     0.00
  MONTH TO DATE    3.45                      2.52   0.93     2.87
  SINCE MAR 1      6.18                      6.84  -0.66     9.68
  SINCE JAN 1      7.99                      9.56  -1.57    12.48

DEGREE DAYS
 HEATING
  YESTERDAY        0                         8     -8        2
  MONTH TO DATE  235                       334    -99      319
  SINCE MAR 1   2089                      2123    -34     2441
  SINCE JUL 1   8456                      7995    461     8889

 COOLING
  YESTERDAY        3                         1      2        0
  MONTH TO DATE   20                         9     11       12
  SINCE MAR 1     20                        11      9       12
  SINCE JAN 1     20                        11      9       12
..................................................................


WIND (MPH)
  HIGHEST WIND SPEED    12   HIGHEST WIND DIRECTION     W (270)
  HIGHEST GUST SPEED    15   HIGHEST GUST DIRECTION     W (280)
  AVERAGE WIND SPEED     5.2




RELATIVE HUMIDITY (PERCENT)
 HIGHEST   100
 LOWEST     34
 AVERAGE    67

..........................................................


THE HOUGHTON LAKE MI CLIMATE NORMALS FOR TODAY
                         NORMAL    RECORD    YEAR
 MAXIMUM TEMPERATURE (F)   70        94      1929
 MINIMUM TEMPERATURE (F)   45        27      1949


SUNRISE AND SUNSET
MAY 29 2015...........SUNRISE   600 AM EDT   SUNSET   913 PM EDT
MAY 30 2015...........SUNRISE   559 AM EDT   SUNSET   914 PM EDT


-  INDICATES NEGATIVE NUMBERS.
R  INDICATES RECORD WAS SET OR TIED.
MM INDICATES DATA IS MISSING.
T  INDICATES TRACE AMOUNT.




$$
