000
CDUS43 KAPX 230527
CLIHTL


CLIMATE REPORT
NATIONAL WEATHER SERVICE GAYLORD MI
1226 AM EST FRI FEB 23 2018


...................................

...THE HOUGHTON LAKE MI CLIMATE SUMMARY FOR FEBRUARY 22 2018...

CLIMATE NORMAL PERIOD 1981 TO 2010
CLIMATE RECORD PERIOD 1913 TO 2018


WEATHER ITEM   OBSERVED TIME   RECORD YEAR NORMAL DEPARTURE LAST
                VALUE   (LST)  VALUE       VALUE  FROM      YEAR
                                                  NORMAL
..................................................................
TEMPERATURE (F)
 YESTERDAY
  MAXIMUM         34    129 PM  64    1930  31      3       58
  MINIMUM         20    138 AM -22    1936  12      8       30
  AVERAGE         27                        22      5       44

PRECIPITATION (IN)
  YESTERDAY        0.00          0.60 1922   0.05  -0.05     0.00
  MONTH TO DATE    2.19                      0.90   1.29     0.81
  SINCE DEC 1      5.44                      4.06   1.38     6.00
  SINCE JAN 1      3.96                      2.41   1.55     3.78

SNOWFALL (IN)
  YESTERDAY        0.0           6.7  1974   0.4   -0.4      0.0
  MONTH TO DATE    9.1                      10.0   -0.9      2.3
  SINCE OCT 1     34.9                      52.1  -17.2     64.7
  SINCE JUL 1     34.9                      52.1  -17.2     64.7
  SNOW DEPTH       T

DEGREE DAYS
 HEATING
  YESTERDAY       38                        44     -6       21
  MONTH TO DATE  992                      1006    -14      835
  SINCE DEC 1   3782                      3735     47     3337
  SINCE JUL 1   5383                      5618   -235     4657
..................................................................


WIND (MPH)
  HIGHEST WIND SPEED    15   HIGHEST WIND DIRECTION     E (100)
  HIGHEST GUST SPEED    19   HIGHEST GUST DIRECTION     E (110)
  AVERAGE WIND SPEED     7.7




RELATIVE HUMIDITY (PERCENT)
 HIGHEST    88
 LOWEST     61
 AVERAGE    75

..........................................................


THE HOUGHTON LAKE MI CLIMATE NORMALS FOR TODAY
                         NORMAL    RECORD    YEAR
 MAXIMUM TEMPERATURE (F)   32        59      1984
 MINIMUM TEMPERATURE (F)   12       -23      2015


SUNRISE AND SUNSET
FEBRUARY 23 2018......SUNRISE   726 AM EST   SUNSET   619 PM EST
FEBRUARY 24 2018......SUNRISE   724 AM EST   SUNSET   620 PM EST


-  INDICATES NEGATIVE NUMBERS.
R  INDICATES RECORD WAS SET OR TIED.
MM INDICATES DATA IS MISSING.
T  INDICATES TRACE AMOUNT.




$$
