000
CDUS43 KAPX 240533
CLIHTL


CLIMATE REPORT
NATIONAL WEATHER SERVICE GAYLORD MI
1232 AM EST FRI NOV 24 2017


...................................

...THE HOUGHTON LAKE MI CLIMATE SUMMARY FOR NOVEMBER 23 2017...

CLIMATE NORMAL PERIOD 1981 TO 2010
CLIMATE RECORD PERIOD 1913 TO 2017


WEATHER ITEM   OBSERVED TIME   RECORD YEAR NORMAL DEPARTURE LAST
                VALUE   (LST)  VALUE       VALUE  FROM      YEAR
                                                  NORMAL
..................................................................
TEMPERATURE (F)
 YESTERDAY
  MAXIMUM         40    319 PM  64    1931  39      1       33
  MINIMUM         27    149 AM  -2    1989  25      2       22
  AVERAGE         34                        32      2       28

PRECIPITATION (IN)
  YESTERDAY        0.00          0.70 1963   0.08  -0.08     0.33
  MONTH TO DATE    2.33                      1.81   0.52     0.73
  SINCE SEP 1      9.83                      7.47   2.36     6.57
  SINCE JAN 1     35.44                     26.59   8.85    30.18

SNOWFALL (IN)
  YESTERDAY        0.0          11.1  1970   0.4   -0.4      2.0
  MONTH TO DATE    5.4                       5.6   -0.2      9.0
  SINCE OCT 1      5.4                       6.2   -0.8     11.0
  SINCE JUL 1      5.4                       6.2   -0.8     11.0
  SNOW DEPTH       1

DEGREE DAYS
 HEATING
  YESTERDAY       31                        33     -2       37
  MONTH TO DATE  733                       663     70      520
  SINCE SEP 1   1318                      1514   -196     1103
  SINCE JUL 1   1408                      1641   -233     1136
..................................................................


WIND (MPH)
  HIGHEST WIND SPEED    16   HIGHEST WIND DIRECTION    SW (240)
  HIGHEST GUST SPEED    20   HIGHEST GUST DIRECTION    SW (240)
  AVERAGE WIND SPEED     8.0




RELATIVE HUMIDITY (PERCENT)
 HIGHEST    85
 LOWEST     54
 AVERAGE    70

..........................................................


THE HOUGHTON LAKE MI CLIMATE NORMALS FOR TODAY
                         NORMAL    RECORD    YEAR
 MAXIMUM TEMPERATURE (F)   38        63      1931
 MINIMUM TEMPERATURE (F)   25       -13      1950


SUNRISE AND SUNSET
NOVEMBER 24 2017......SUNRISE   747 AM EST   SUNSET   504 PM EST
NOVEMBER 25 2017......SUNRISE   748 AM EST   SUNSET   503 PM EST


-  INDICATES NEGATIVE NUMBERS.
R  INDICATES RECORD WAS SET OR TIED.
MM INDICATES DATA IS MISSING.
T  INDICATES TRACE AMOUNT.




$$
