000
CDUS43 KAPX 250526
CLIHTL


CLIMATE REPORT
NATIONAL WEATHER SERVICE GAYLORD MI
126 AM EDT MON JUL 25 2016


...................................

...THE HOUGHTON LAKE MI CLIMATE SUMMARY FOR JULY 24 2016...

CLIMATE NORMAL PERIOD 1981 TO 2010
CLIMATE RECORD PERIOD 1913 TO 2016


WEATHER ITEM   OBSERVED TIME   RECORD YEAR NORMAL DEPARTURE LAST
                VALUE   (LST)  VALUE       VALUE  FROM      YEAR
                                                  NORMAL
..................................................................
TEMPERATURE (F)
 YESTERDAY
  MAXIMUM         82    518 PM 106    1934  80      2       86
  MINIMUM         70    803 AM  36    1931  55     15       57
  AVERAGE         76                        67      9       72

PRECIPITATION (IN)
  YESTERDAY        0.16          1.65 2011   0.10   0.06     0.00
  MONTH TO DATE    2.76                      2.08   0.68     1.39
  SINCE JUN 1      5.52                      5.18   0.34     4.55
  SINCE JAN 1     19.59                     15.04   4.55    13.17

DEGREE DAYS
 HEATING
  YESTERDAY        0                         1     -1        0
  MONTH TO DATE   27                        36     -9       48
  SINCE JUN 1    132                       160    -28      165
  SINCE JUL 1     27                        36     -9       48

 COOLING
  YESTERDAY       11                         4      7        7
  MONTH TO DATE  129                        93     36       64
  SINCE JUN 1    173                       152     21       84
  SINCE JAN 1    202                       168     34      109
..................................................................


WIND (MPH)
  HIGHEST WIND SPEED    15   HIGHEST WIND DIRECTION     W (280)
  HIGHEST GUST SPEED    19   HIGHEST GUST DIRECTION     W (270)
  AVERAGE WIND SPEED     7.8




RELATIVE HUMIDITY (PERCENT)
 HIGHEST    91
 LOWEST     68
 AVERAGE    80

..........................................................


THE HOUGHTON LAKE MI CLIMATE NORMALS FOR TODAY
                         NORMAL    RECORD    YEAR
 MAXIMUM TEMPERATURE (F)   80        99      1941
 MINIMUM TEMPERATURE (F)   55        37      2004


SUNRISE AND SUNSET
JULY 25 2016..........SUNRISE   619 AM EDT   SUNSET   911 PM EDT
JULY 26 2016..........SUNRISE   620 AM EDT   SUNSET   910 PM EDT


-  INDICATES NEGATIVE NUMBERS.
R  INDICATES RECORD WAS SET OR TIED.
MM INDICATES DATA IS MISSING.
T  INDICATES TRACE AMOUNT.




$$
