000
CDUS43 KAPX 220526
CLIHTL


CLIMATE REPORT
NATIONAL WEATHER SERVICE GAYLORD MI
125 AM EDT MON MAY 22 2017


...................................

...THE HOUGHTON LAKE MI CLIMATE SUMMARY FOR MAY 21 2017...

CLIMATE NORMAL PERIOD 1981 TO 2010
CLIMATE RECORD PERIOD 1913 TO 2017


WEATHER ITEM   OBSERVED TIME   RECORD YEAR NORMAL DEPARTURE LAST
                VALUE   (LST)  VALUE       VALUE  FROM      YEAR
                                                  NORMAL
..................................................................
TEMPERATURE (F)
 YESTERDAY
  MAXIMUM         69    426 PM  90    1994  68      1       78
  MINIMUM         45    527 AM  21    1924  43      2       45
  AVERAGE         57                        56      1       62

PRECIPITATION (IN)
  YESTERDAY        0.16          1.24 2001   0.09   0.07     0.00
  MONTH TO DATE    1.54                      1.83  -0.29     1.22
  SINCE MAR 1      9.44                      6.15   3.29     8.09
  SINCE JAN 1     14.92                      8.87   6.05    11.21

DEGREE DAYS
 HEATING
  YESTERDAY        8                        10     -2        3
  MONTH TO DATE  300                       271     29      294
  SINCE MAR 1   1919                      2060   -141     1977
  SINCE JUL 1   6769                      7932  -1163     6890

 COOLING
  YESTERDAY        0                         1     -1        0
  MONTH TO DATE   13                         2     11        0
  SINCE MAR 1     14                         4     10        0
  SINCE JAN 1     14                         4     10        0
..................................................................


WIND (MPH)
  HIGHEST WIND SPEED    20   HIGHEST WIND DIRECTION    SW (230)
  HIGHEST GUST SPEED    28   HIGHEST GUST DIRECTION    SW (230)
  AVERAGE WIND SPEED    10.2




RELATIVE HUMIDITY (PERCENT)
 HIGHEST   100
 LOWEST     56
 AVERAGE    78

..........................................................


THE HOUGHTON LAKE MI CLIMATE NORMALS FOR TODAY
                         NORMAL    RECORD    YEAR
 MAXIMUM TEMPERATURE (F)   68        94      1927
                                             1921
 MINIMUM TEMPERATURE (F)   43        26      1924


SUNRISE AND SUNSET
MAY 22 2017...........SUNRISE   604 AM EDT   SUNSET   907 PM EDT
MAY 23 2017...........SUNRISE   604 AM EDT   SUNSET   908 PM EDT


-  INDICATES NEGATIVE NUMBERS.
R  INDICATES RECORD WAS SET OR TIED.
MM INDICATES DATA IS MISSING.
T  INDICATES TRACE AMOUNT.




$$
