000
CDUS43 KAPX 282126
CLIHTL


CLIMATE REPORT
NATIONAL WEATHER SERVICE GAYLORD MI
526 PM EDT TUE MAR 28 2017


...................................

...THE HOUGHTON LAKE MI CLIMATE SUMMARY FOR MARCH 28 2017...
VALID TODAY AS OF 0500 PM LOCAL TIME.

CLIMATE NORMAL PERIOD 1981 TO 2010
CLIMATE RECORD PERIOD 1913 TO 2017


WEATHER ITEM   OBSERVED TIME   RECORD YEAR NORMAL DEPARTURE LAST
                VALUE   (LST)  VALUE       VALUE  FROM      YEAR
                                                  NORMAL
..................................................................
TEMPERATURE (F)
 TODAY
  MAXIMUM         56    359 PM  80    1946  45     11       43
  MINIMUM         35    724 AM  -4    1926  23     12       30
  AVERAGE         46                        34     12       37

PRECIPITATION (IN)
  TODAY            0.00          0.79 1985   0.07  -0.07     0.28
  MONTH TO DATE    2.47                      1.63   0.84     3.45
  SINCE MAR 1      2.47                      1.63   0.84     3.45
  SINCE JAN 1      7.95                      4.35   3.60     6.57

SNOWFALL (IN)
  TODAY            0.0           2.5  1922   0.3              T
  MONTH TO DATE    9.4                       7.7            13.1
  SINCE OCT 1     75.8                      62.2            46.5
  SINCE JUL 1     75.8                      62.2            46.5

DEGREE DAYS
 HEATING
  TODAY           19                        31    -12       28
  MONTH TO DATE 1008                      1024    -16      862
  SINCE MAR 1   1008                      1024    -16      862
  SINCE JUL 1   5858                      6896  -1038     5775

 COOLING
  TODAY            0                         0      0        0
  MONTH TO DATE    0                         0      0        0
  SINCE MAR 1      0                         0      0        0
  SINCE JAN 1      0                         0      0        0
..................................................................


WIND (MPH)
  RESULTANT WIND SPEED   3   RESULTANT WIND DIRECTION   N (360)
  HIGHEST WIND SPEED    13   HIGHEST WIND DIRECTION    NW (330)
  HIGHEST GUST SPEED    16   HIGHEST GUST DIRECTION    NE (40)
  AVERAGE WIND SPEED     6.0


SKY COVER
  POSSIBLE SUNSHINE  MM
  AVERAGE SKY COVER 0.7


WEATHER CONDITIONS
 THE FOLLOWING WEATHER WAS RECORDED TODAY.
  FOG


RELATIVE HUMIDITY (PERCENT)
 HIGHEST    92          1200 AM
 LOWEST     41           400 PM
 AVERAGE    67

..........................................................


THE HOUGHTON LAKE MI CLIMATE NORMALS FOR TOMORROW
                         NORMAL    RECORD    YEAR
 MAXIMUM TEMPERATURE (F)   46        78      1946
 MINIMUM TEMPERATURE (F)   24       -12      1923


SUNRISE AND SUNSET
MARCH 28 2017.........SUNRISE   727 AM EDT   SUNSET   801 PM EDT
MARCH 29 2017.........SUNRISE   725 AM EDT   SUNSET   803 PM EDT


-  INDICATES NEGATIVE NUMBERS.
R  INDICATES RECORD WAS SET OR TIED.
MM INDICATES DATA IS MISSING.
T  INDICATES TRACE AMOUNT.




$$
