000
CDUS43 KAPX 142129
CLIHTL


CLIMATE REPORT
NATIONAL WEATHER SERVICE GAYLORD MI
528 PM EDT SUN SEP 14 2014


...................................

...THE HOUGHTON LAKE MI CLIMATE SUMMARY FOR SEPTEMBER 14 2014...
VALID TODAY AS OF 0500 PM LOCAL TIME.

CLIMATE NORMAL PERIOD 1981 TO 2010
CLIMATE RECORD PERIOD 1913 TO 2014


WEATHER ITEM   OBSERVED TIME   RECORD YEAR NORMAL DEPARTURE LAST
                VALUE   (LST)  VALUE       VALUE  FROM      YEAR
                                                  NORMAL
..................................................................
TEMPERATURE (F)
 TODAY
  MAXIMUM         57    359 PM  94    1939  70    -13       67
  MINIMUM         31    213 AM  30    2013  46    -15       30
                                      1975
                                      1937
  AVERAGE         44                        58    -14       49

PRECIPITATION (IN)
  TODAY            0.00          1.50 1961   0.10  -0.10     0.00
  MONTH TO DATE    2.57                      1.43   1.14     0.41
  SINCE SEP 1      2.57                      1.43   1.14     0.41
  SINCE JAN 1     22.45                     20.55   1.90    20.51

DEGREE DAYS
 HEATING
  TODAY           21                         8     13       16
  MONTH TO DATE   96                        83     13       74
  SINCE SEP 1     96                        83     13       74
  SINCE JUL 1    252                       210     42      199

 COOLING
  TODAY            0                         1     -1        0
  MONTH TO DATE   15                        14      1       30
  SINCE SEP 1     15                        14      1       30
  SINCE JAN 1    210                       279    -69      376
..................................................................


WIND (MPH)
  RESULTANT WIND SPEED   4   RESULTANT WIND DIRECTION   S (190)
  HIGHEST WIND SPEED    14   HIGHEST WIND DIRECTION    SW (220)
  HIGHEST GUST SPEED    19   HIGHEST GUST DIRECTION    SW (210)
  AVERAGE WIND SPEED     5.0


SKY COVER
  POSSIBLE SUNSHINE  MM
  AVERAGE SKY COVER 0.8


WEATHER CONDITIONS
 THE FOLLOWING WEATHER WAS RECORDED TODAY.
  FOG


RELATIVE HUMIDITY (PERCENT)
 HIGHEST   100           300 AM
 LOWEST     61           300 PM
 AVERAGE    81

..........................................................


THE HOUGHTON LAKE MI CLIMATE NORMALS FOR TOMORROW
                         NORMAL    RECORD    YEAR
 MAXIMUM TEMPERATURE (F)   69        93      1939
 MINIMUM TEMPERATURE (F)   46        24      1923


SUNRISE AND SUNSET
SEPTEMBER 14 2014.....SUNRISE   716 AM EDT   SUNSET   751 PM EDT
SEPTEMBER 15 2014.....SUNRISE   718 AM EDT   SUNSET   749 PM EDT


-  INDICATES NEGATIVE NUMBERS.
R  INDICATES RECORD WAS SET OR TIED.
MM INDICATES DATA IS MISSING.
T  INDICATES TRACE AMOUNT.




$$
