000
CDUS43 KAPX 232126
CLIHTL


CLIMATE REPORT
NATIONAL WEATHER SERVICE GAYLORD MI
526 PM EDT FRI JUN 23 2017


...................................

...THE HOUGHTON LAKE MI CLIMATE SUMMARY FOR JUNE 23 2017...
VALID TODAY AS OF 0500 PM LOCAL TIME.

CLIMATE NORMAL PERIOD 1981 TO 2010
CLIMATE RECORD PERIOD 1913 TO 2017


WEATHER ITEM   OBSERVED TIME   RECORD YEAR NORMAL DEPARTURE LAST
                VALUE   (LST)  VALUE       VALUE  FROM      YEAR
                                                  NORMAL
..................................................................
TEMPERATURE (F)
 TODAY
  MAXIMUM         77    359 PM  96    1923  78     -1       78
  MINIMUM         64    608 AM  31    1918  52     12       48
  AVERAGE         71                        65      6       63

PRECIPITATION (IN)
  TODAY            0.19          0.68 1940   0.09   0.10     0.00
  MONTH TO DATE    4.19                      2.41   1.78     2.39
  SINCE JUN 1      4.19                      2.41   1.78     2.39
  SINCE JAN 1     20.10                     12.27   7.83    16.46

DEGREE DAYS
 HEATING
  TODAY            0                         3     -3        2
  MONTH TO DATE   39                       108    -69       91
  SINCE JUN 1     39                       108    -69       91
  SINCE JUL 1   6871                      8127  -1256     6995

 COOLING
  TODAY            6                         3      3        0
  MONTH TO DATE   75                        38     37       29
  SINCE JUN 1     75                        38     37       29
  SINCE JAN 1     89                        54     35       58
..................................................................


WIND (MPH)
  RESULTANT WIND SPEED   8   RESULTANT WIND DIRECTION  NW (300)
  HIGHEST WIND SPEED    18   HIGHEST WIND DIRECTION    NW (320)
  HIGHEST GUST SPEED    25   HIGHEST GUST DIRECTION    NW (310)
  AVERAGE WIND SPEED     7.8


SKY COVER
  POSSIBLE SUNSHINE  MM
  AVERAGE SKY COVER 0.5


WEATHER CONDITIONS
 THE FOLLOWING WEATHER WAS RECORDED TODAY.
  THUNDERSTORM
  RAIN
  LIGHT RAIN
  FOG


RELATIVE HUMIDITY (PERCENT)
 HIGHEST    93           200 AM
 LOWEST     31           400 PM
 AVERAGE    62

..........................................................


THE HOUGHTON LAKE MI CLIMATE NORMALS FOR TOMORROW
                         NORMAL    RECORD    YEAR
 MAXIMUM TEMPERATURE (F)   78        93      2009
                                             1923
                                             1921
 MINIMUM TEMPERATURE (F)   52        34      1932


SUNRISE AND SUNSET
JUNE 23 2017..........SUNRISE   555 AM EDT   SUNSET   927 PM EDT
JUNE 24 2017..........SUNRISE   555 AM EDT   SUNSET   927 PM EDT


-  INDICATES NEGATIVE NUMBERS.
R  INDICATES RECORD WAS SET OR TIED.
MM INDICATES DATA IS MISSING.
T  INDICATES TRACE AMOUNT.




$$
