000
CDUS43 KAPX 030534
CLIHTL


CLIMATE REPORT
NATIONAL WEATHER SERVICE GAYLORD MI
134 AM EDT MON AUG 3 2015


...................................

...THE HOUGHTON LAKE MI CLIMATE SUMMARY FOR AUGUST 2 2015...

CLIMATE NORMAL PERIOD 1981 TO 2010
CLIMATE RECORD PERIOD 1913 TO 2015


WEATHER ITEM   OBSERVED TIME   RECORD YEAR NORMAL DEPARTURE LAST
                VALUE   (LST)  VALUE       VALUE  FROM      YEAR
                                                  NORMAL
..................................................................
TEMPERATURE (F)
 YESTERDAY
  MAXIMUM         79    254 PM  97    1938  79      0       82
  MINIMUM         59    617 PM  30    1927  55      4       51
  AVERAGE         69                        67      2       67

PRECIPITATION (IN)
  YESTERDAY        1.05          1.22 1928   0.11   0.94     0.00
  MONTH TO DATE    1.05                      0.23   0.82     0.00
  SINCE JUN 1      5.67                      6.09  -0.42     5.29
  SINCE JAN 1     14.29                     15.95  -1.66    17.77

DEGREE DAYS
 HEATING
  YESTERDAY        0                         2     -2        0
  MONTH TO DATE    0                         4     -4        1
  SINCE JUN 1    165                       175    -10      179
  SINCE JUL 1     48                        51     -3      105

 COOLING
  YESTERDAY        4                         3      1        2
  MONTH TO DATE    7                         6      1        2
  SINCE JUN 1    143                       177    -34      122
  SINCE JAN 1    168                       193    -25      137
..................................................................


WIND (MPH)
  HIGHEST WIND SPEED    39   HIGHEST WIND DIRECTION    NW (320)
  HIGHEST GUST SPEED    53   HIGHEST GUST DIRECTION    NW (320)
  AVERAGE WIND SPEED     9.1




RELATIVE HUMIDITY (PERCENT)
 HIGHEST    97
 LOWEST     63
 AVERAGE    80

..........................................................


THE HOUGHTON LAKE MI CLIMATE NORMALS FOR TODAY
                         NORMAL    RECORD    YEAR
 MAXIMUM TEMPERATURE (F)   79        94      1944
                                             1938
                                             1926
 MINIMUM TEMPERATURE (F)   54        32      1918


SUNRISE AND SUNSET
AUGUST  3 2015........SUNRISE   628 AM EDT   SUNSET   901 PM EDT
AUGUST  4 2015........SUNRISE   629 AM EDT   SUNSET   900 PM EDT


-  INDICATES NEGATIVE NUMBERS.
R  INDICATES RECORD WAS SET OR TIED.
MM INDICATES DATA IS MISSING.
T  INDICATES TRACE AMOUNT.




$$
