000
CDUS41 KRLX 300718
CLIHTS


CLIMATE REPORT
NATIONAL WEATHER SERVICE CHARLESTON WV
318 AM EDT SAT MAY 30 2015


...................................

...THE HUNTINGTON WV CLIMATE SUMMARY FOR MAY 29 2015...

CLIMATE NORMAL PERIOD 1981 TO 2010
CLIMATE RECORD PERIOD 1897 TO 2015


WEATHER ITEM   OBSERVED TIME   RECORD YEAR NORMAL DEPARTURE LAST
                VALUE   (LST)  VALUE       VALUE  FROM      YEAR
                                                  NORMAL
..................................................................
TEMPERATURE (F)
 YESTERDAY
  MAXIMUM         85    421 PM  96    1914  78      7       81
  MINIMUM         65    500 AM  38    1949  56      9       63
  AVERAGE         75                        67      8       72

PRECIPITATION (IN)
  YESTERDAY        0.05          1.25 1974   0.17  -0.12     0.01
  MONTH TO DATE    0.98                      4.38  -3.40     2.56
  SINCE JAN 1     20.32                     17.76   2.56    19.54

SNOWFALL (IN)
  YESTERDAY        0.0
  MONTH TO DATE    0.0
  SINCE SEP 1     36.6
  SNOW DEPTH       0

DEGREE DAYS
 HEATING
  YESTERDAY        0                         2     -2        0
  MONTH TO DATE   64                       110    -46      106
  SINCE MAR 1    966                       997    -31     1056
  SINCE JUL 1   4982                      4498    484     4817

 COOLING
  YESTERDAY       10                         4      6        7
  MONTH TO DATE  136                        72     64       89
  SINCE MAR 1    145                       104     41      103
  SINCE JAN 1    145                       104     41      103
..................................................................


WIND (MPH)
  HIGHEST WIND SPEED    12   HIGHEST WIND DIRECTION    SW (240)
  HIGHEST GUST SPEED    18   HIGHEST GUST DIRECTION    SW (240)
  AVERAGE WIND SPEED     3.3


SKY COVER
  POSSIBLE SUNSHINE  MM


WEATHER CONDITIONS
 THE FOLLOWING WEATHER WAS RECORDED YESTERDAY.
  THUNDERSTORM
  LIGHT RAIN
  FOG


RELATIVE HUMIDITY (PERCENT)
 HIGHEST   100           200 AM
 LOWEST     51           400 PM
 AVERAGE    76

..........................................................


THE HUNTINGTON WV CLIMATE NORMALS FOR TODAY
                         NORMAL    RECORD    YEAR
 MAXIMUM TEMPERATURE (F)   79        97      1914
 MINIMUM TEMPERATURE (F)   57        39      1961


SUNRISE AND SUNSET
MAY 30 2015...........SUNRISE   609 AM EDT   SUNSET   847 PM EDT
MAY 31 2015...........SUNRISE   609 AM EDT   SUNSET   847 PM EDT


-  INDICATES NEGATIVE NUMBERS.
R  INDICATES RECORD WAS SET OR TIED.
MM INDICATES DATA IS MISSING.
T  INDICATES TRACE AMOUNT.




$$
