000
CDUS41 KRLX 282224
CLIHTS


CLIMATE REPORT
NATIONAL WEATHER SERVICE CHARLESTON WV
522 PM EST FRI NOV 28 2014


...................................

...THE HUNTINGTON WV CLIMATE SUMMARY FOR NOVEMBER 28 2014...
VALID TODAY AS OF 0500 PM LOCAL TIME.

CLIMATE NORMAL PERIOD 1981 TO 2010
CLIMATE RECORD PERIOD 1897 TO 2014


WEATHER ITEM   OBSERVED TIME   RECORD YEAR NORMAL DEPARTURE LAST
                VALUE   (LST)  VALUE       VALUE  FROM      YEAR
                                                  NORMAL
..................................................................
TEMPERATURE (F)
 TODAY
  MAXIMUM         35    356 PM  76    2005  51    -16       34
  MINIMUM         27    750 AM  13    1930  33     -6       18
  AVERAGE         31                        42    -11       26

PRECIPITATION (IN)
  TODAY            0.04          1.31 1949   0.11  -0.07     0.00
  MONTH TO DATE    2.12                      3.20  -1.08     3.12
  SINCE SEP 1     10.67                      8.79   1.88     6.94
  SINCE JAN 1     45.01                     39.04   5.97    39.36

DEGREE DAYS
 HEATING
  TODAY           34                        23     11       39
  MONTH TO DATE  691                       502    189      587
  SINCE SEP 1   1048                       839    209      886
  SINCE JUL 1   1051                       841    210      890

 COOLING
  TODAY            0                         0      0        0
  MONTH TO DATE    0                         0      0        1
  SINCE SEP 1    130                       155    -25      183
  SINCE JAN 1    971                      1132   -161     1215
..................................................................


WIND (MPH)
  HIGHEST WIND SPEED    10   HIGHEST WIND DIRECTION     S (200)
  HIGHEST GUST SPEED    15   HIGHEST GUST DIRECTION     S (190)
  AVERAGE WIND SPEED     5.8


SKY COVER
  POSSIBLE SUNSHINE  MM
  AVERAGE SKY COVER 0.7


WEATHER CONDITIONS
 THE FOLLOWING WEATHER WAS RECORDED TODAY.
  LIGHT RAIN
  LIGHT SNOW
  FOG
  HAZE


RELATIVE HUMIDITY (PERCENT)
 HIGHEST    85           300 AM
 LOWEST     47           400 PM
 AVERAGE    66

..........................................................


THE HUNTINGTON WV CLIMATE NORMALS FOR TOMORROW
                         NORMAL    RECORD    YEAR
 MAXIMUM TEMPERATURE (F)   51        72      1933
 MINIMUM TEMPERATURE (F)   33         8      1950


SUNRISE AND SUNSET
NOVEMBER 28 2014......SUNRISE   725 AM EST   SUNSET   511 PM EST
NOVEMBER 29 2014......SUNRISE   726 AM EST   SUNSET   510 PM EST


-  INDICATES NEGATIVE NUMBERS.
R  INDICATES RECORD WAS SET OR TIED.
MM INDICATES DATA IS MISSING.
T  INDICATES TRACE AMOUNT.




$$
