000
CDUS41 KRLX 310720
CLIHTS


CLIMATE REPORT
NATIONAL WEATHER SERVICE CHARLESTON WV
320 AM EDT TUE MAY 31 2016


...................................

...THE HUNTINGTON WV CLIMATE SUMMARY FOR MAY 30 2016...

CLIMATE NORMAL PERIOD 1981 TO 2010
CLIMATE RECORD PERIOD 1897 TO 2016


WEATHER ITEM   OBSERVED TIME   RECORD YEAR NORMAL DEPARTURE LAST
                VALUE   (LST)  VALUE       VALUE  FROM      YEAR
                                                  NORMAL
..................................................................
TEMPERATURE (F)
 YESTERDAY
  MAXIMUM         86    418 PM  97    1914  79      7       86
  MINIMUM         63   1159 PM  39    1961  57      6       66
  AVERAGE         75                        68      7       76

PRECIPITATION (IN)
  YESTERDAY        0.00          1.35 1974   0.16  -0.16     0.00
  MONTH TO DATE    5.36                      4.54   0.82     0.98
  SINCE JAN 1     19.73                     17.92   1.81    20.32

SNOWFALL (IN)
  YESTERDAY        0.0
  MONTH TO DATE    0.0
  SINCE SEP 1     23.8
  SNOW DEPTH       0

DEGREE DAYS
 HEATING
  YESTERDAY        0                         2     -2        0
  MONTH TO DATE  127                       112     15       64
  SINCE MAR 1    753                       999   -246      966
  SINCE JUL 1   3788                      4500   -712     4982

 COOLING
  YESTERDAY       10                         4      6       11
  MONTH TO DATE   84                        76      8      147
  SINCE MAR 1    131                       108     23      156
  SINCE JAN 1    131                       108     23      156
..................................................................


WIND (MPH)
  HIGHEST WIND SPEED    12   HIGHEST WIND DIRECTION    NW (300)
  HIGHEST GUST SPEED    17   HIGHEST GUST DIRECTION     W (290)
  AVERAGE WIND SPEED     4.1


SKY COVER
  POSSIBLE SUNSHINE  MM


WEATHER CONDITIONS
 THE FOLLOWING WEATHER WAS RECORDED YESTERDAY.
  FOG


RELATIVE HUMIDITY (PERCENT)
 HIGHEST    90          1200 AM
 LOWEST     43           600 PM
 AVERAGE    67

..........................................................


THE HUNTINGTON WV CLIMATE NORMALS FOR TODAY
                         NORMAL    RECORD    YEAR
 MAXIMUM TEMPERATURE (F)   79        96      1919
 MINIMUM TEMPERATURE (F)   57        35      1966


SUNRISE AND SUNSET
MAY 31 2016...........SUNRISE   608 AM EDT   SUNSET   848 PM EDT
JUNE  1 2016..........SUNRISE   608 AM EDT   SUNSET   848 PM EDT


-  INDICATES NEGATIVE NUMBERS.
R  INDICATES RECORD WAS SET OR TIED.
MM INDICATES DATA IS MISSING.
T  INDICATES TRACE AMOUNT.




$$
