000
CDUS41 KRLX 250716
CLIHTS


CLIMATE REPORT
NATIONAL WEATHER SERVICE CHARLESTON WV
316 AM EDT SUN SEP 25 2016


...................................

...THE HUNTINGTON WV CLIMATE SUMMARY FOR SEPTEMBER 24 2016...

CLIMATE NORMAL PERIOD 1981 TO 2010
CLIMATE RECORD PERIOD 1897 TO 2016


WEATHER ITEM   OBSERVED TIME   RECORD YEAR NORMAL DEPARTURE LAST
                VALUE   (LST)  VALUE       VALUE  FROM      YEAR
                                                  NORMAL
..................................................................
TEMPERATURE (F)
 YESTERDAY
  MAXIMUM         91    125 PM  94    2007  76     15       80
                                      1941
  MINIMUM         65    545 AM  31    1983  53     12       54
  AVERAGE         78                        64     14       67

PRECIPITATION (IN)
  YESTERDAY        0.00          1.39 1986   0.09  -0.09     0.00
  MONTH TO DATE    0.34                      2.26  -1.92     3.44
  SINCE JAN 1     36.43                     32.51   3.92    38.24

SNOWFALL (IN)
  YESTERDAY        0.0
  MONTH TO DATE    0.0
  SINCE SEP 1      0.0
  SNOW DEPTH       0

DEGREE DAYS
 HEATING
  YESTERDAY        0                         3     -3        0
  MONTH TO DATE    0                        29    -29       21
  SINCE SEP 1      0                        29    -29       21
  SINCE JUL 1      0                        31    -31       21

 COOLING
  YESTERDAY       13                         3     10        2
  MONTH TO DATE  258                       121    137      147
  SINCE SEP 1    258                       121    137      147
  SINCE JAN 1   1508                      1098    410     1115
..................................................................


WIND (MPH)
  HIGHEST WIND SPEED    12   HIGHEST WIND DIRECTION    NW (320)
  HIGHEST GUST SPEED    15   HIGHEST GUST DIRECTION    NW (320)
  AVERAGE WIND SPEED     3.9


SKY COVER
  POSSIBLE SUNSHINE  MM


WEATHER CONDITIONS
 THE FOLLOWING WEATHER WAS RECORDED YESTERDAY.
  NO SIGNIFICANT WEATHER WAS OBSERVED.


RELATIVE HUMIDITY (PERCENT)
 HIGHEST    93           300 AM
 LOWEST     44           100 PM
 AVERAGE    69

..........................................................


THE HUNTINGTON WV CLIMATE NORMALS FOR TODAY
                         NORMAL    RECORD    YEAR
 MAXIMUM TEMPERATURE (F)   75        96      2007
 MINIMUM TEMPERATURE (F)   53        35      1983


SUNRISE AND SUNSET
SEPTEMBER 25 2016.....SUNRISE   721 AM EDT   SUNSET   722 PM EDT
SEPTEMBER 26 2016.....SUNRISE   722 AM EDT   SUNSET   720 PM EDT


-  INDICATES NEGATIVE NUMBERS.
R  INDICATES RECORD WAS SET OR TIED.
MM INDICATES DATA IS MISSING.
T  INDICATES TRACE AMOUNT.




$$
