000
CDUS41 KRLX 252118
CLIHTS


CLIMATE REPORT
NATIONAL WEATHER SERVICE CHARLESTON WV
518 PM EDT TUE JUL 25 2017


...................................

...THE HUNTINGTON WV CLIMATE SUMMARY FOR JULY 25 2017...
VALID TODAY AS OF 0500 PM LOCAL TIME.

CLIMATE NORMAL PERIOD 1981 TO 2010
CLIMATE RECORD PERIOD 1897 TO 2017


WEATHER ITEM   OBSERVED TIME   RECORD YEAR NORMAL DEPARTURE LAST
                VALUE   (LST)  VALUE       VALUE  FROM      YEAR
                                                  NORMAL
..................................................................
TEMPERATURE (F)
 TODAY
  MAXIMUM         81    323 PM 104    1934  86     -5       93
  MINIMUM         63    555 AM  52    1947  66     -3       75
  AVERAGE         72                        76     -4       84

PRECIPITATION (IN)
  TODAY            0.00          2.24 1912   0.15  -0.15     0.01
  MONTH TO DATE    4.90                      3.65   1.25     3.45
  SINCE JUN 1      9.76                      7.53   2.23    10.70
  SINCE JAN 1     27.97                     25.61   2.36    30.34

DEGREE DAYS
 HEATING
  TODAY            0                         0      0        0
  MONTH TO DATE    0                         0      0        0
  SINCE JUN 1      4                        12     -8        1
  SINCE JUL 1      0                         0      0        0

 COOLING
  TODAY            7                        11     -4       19
  MONTH TO DATE  312                       272     40      310
  SINCE JUN 1    535                       497     38      590
  SINCE JAN 1    707                       610     97      730
..................................................................


WIND (MPH)
  HIGHEST WIND SPEED    12   HIGHEST WIND DIRECTION    NE (50)
  HIGHEST GUST SPEED    15   HIGHEST GUST DIRECTION    NE (50)
  AVERAGE WIND SPEED     5.5


SKY COVER
  POSSIBLE SUNSHINE  MM
  AVERAGE SKY COVER 0.1


WEATHER CONDITIONS
 THE FOLLOWING WEATHER WAS RECORDED TODAY.
  NO SIGNIFICANT WEATHER WAS OBSERVED.


RELATIVE HUMIDITY (PERCENT)
 HIGHEST    81           300 AM
 LOWEST     45           300 PM
 AVERAGE    63

..........................................................


THE HUNTINGTON WV CLIMATE NORMALS FOR TOMORROW
                         NORMAL    RECORD    YEAR
 MAXIMUM TEMPERATURE (F)   86       102      1934
 MINIMUM TEMPERATURE (F)   66        54      1962
                                             1920


SUNRISE AND SUNSET
JULY 25 2017..........SUNRISE   627 AM EDT   SUNSET   846 PM EDT
JULY 26 2017..........SUNRISE   628 AM EDT   SUNSET   845 PM EDT


-  INDICATES NEGATIVE NUMBERS.
R  INDICATES RECORD WAS SET OR TIED.
MM INDICATES DATA IS MISSING.
T  INDICATES TRACE AMOUNT.




$$
