000
CDUS41 KRLX 210736
CLIHTS


CLIMATE REPORT
NATIONAL WEATHER SERVICE CHARLESTON WV
336 AM EDT THU SEP 21 2017


...................................

...THE HUNTINGTON WV CLIMATE SUMMARY FOR SEPTEMBER 20 2017...

CLIMATE NORMAL PERIOD 1981 TO 2010
CLIMATE RECORD PERIOD 1897 TO 2017


WEATHER ITEM   OBSERVED TIME   RECORD YEAR NORMAL DEPARTURE LAST
                VALUE   (LST)  VALUE       VALUE  FROM      YEAR
                                                  NORMAL
..................................................................
TEMPERATURE (F)
 YESTERDAY
  MAXIMUM         86    247 PM  96    1940  77      9       88
  MINIMUM         65    329 AM  38    1903  55     10       63
  AVERAGE         76                        66     10       76

PRECIPITATION (IN)
  YESTERDAY        0.00          1.87 1948   0.08  -0.08     0.00
  MONTH TO DATE    2.72                      1.91   0.81     0.34
  SINCE JAN 1     36.13                     32.16   3.97    36.43

SNOWFALL (IN)
  YESTERDAY        0.0           0.0  2016   0.0    0.0      0.0
  MONTH TO DATE    0.0                       0.0    0.0      0.0
  SINCE SEP 1      0.0                       0.0    0.0      0.0
  SNOW DEPTH       0

DEGREE DAYS
 HEATING
  YESTERDAY        0                         2     -2        0
  MONTH TO DATE   26                        17      9        0
  SINCE SEP 1     26                        17      9        0
  SINCE JUL 1     26                        19      7        0

 COOLING
  YESTERDAY       11                         3      8       11
  MONTH TO DATE   58                       109    -51      211
  SINCE SEP 1     58                       109    -51      211
  SINCE JAN 1   1060                      1086    -26     1461
..................................................................


WIND (MPH)
  HIGHEST WIND SPEED     9   HIGHEST WIND DIRECTION    NW (330)
  HIGHEST GUST SPEED    15   HIGHEST GUST DIRECTION     W (270)
  AVERAGE WIND SPEED     2.3


SKY COVER
  POSSIBLE SUNSHINE  MM
  AVERAGE SKY COVER 0.4


WEATHER CONDITIONS
 THE FOLLOWING WEATHER WAS RECORDED YESTERDAY.
  FOG


RELATIVE HUMIDITY (PERCENT)
 HIGHEST    93           100 AM
 LOWEST     48           400 PM
 AVERAGE    71

..........................................................


THE HUNTINGTON WV CLIMATE NORMALS FOR TODAY
                         NORMAL    RECORD    YEAR
 MAXIMUM TEMPERATURE (F)   77        96      1940
                                             1931
 MINIMUM TEMPERATURE (F)   54        36      1962
                                             1956


SUNRISE AND SUNSET
SEPTEMBER 21 2017.....SUNRISE   717 AM EDT   SUNSET   728 PM EDT
SEPTEMBER 22 2017.....SUNRISE   718 AM EDT   SUNSET   727 PM EDT


-  INDICATES NEGATIVE NUMBERS.
R  INDICATES RECORD WAS SET OR TIED.
MM INDICATES DATA IS MISSING.
T  INDICATES TRACE AMOUNT.




$$
