000
CDUS41 KRLX 072244
CLIHTS


CLIMATE REPORT
NATIONAL WEATHER SERVICE CHARLESTON WV
543 PM EST WED DEC 7 2016


...................................

...THE HUNTINGTON WV CLIMATE SUMMARY FOR DECEMBER 7 2016...
VALID TODAY AS OF 0500 PM LOCAL TIME.

CLIMATE NORMAL PERIOD 1981 TO 2010
CLIMATE RECORD PERIOD 1897 TO 2016


WEATHER ITEM   OBSERVED TIME   RECORD YEAR NORMAL DEPARTURE LAST
                VALUE   (LST)  VALUE       VALUE  FROM      YEAR
                                                  NORMAL
..................................................................
TEMPERATURE (F)
 TODAY
  MAXIMUM         49    258 PM  78    1951  48      1       47
  MINIMUM         35    810 AM   3    1977  31      4       37
  AVERAGE         42                        39      3       42

PRECIPITATION (IN)
  TODAY            0.00          1.82 1919   0.11  -0.11     0.11
  MONTH TO DATE    0.57                      0.77  -0.20     2.58
  SINCE DEC 1      0.57                      0.77  -0.20     2.58
  SINCE JAN 1     42.86                     40.05   2.81    45.49

DEGREE DAYS
 HEATING
  TODAY           23                        26     -3       23
  MONTH TO DATE  162                       175    -13      163
  SINCE DEC 1    162                       175    -13      163
  SINCE JUL 1    760                      1062   -302      883

 COOLING
  TODAY            0                         0      0        0
  MONTH TO DATE    0                         0      0        0
  SINCE DEC 1      0                         0      0        0
  SINCE JAN 1   1589                      1134    455     1137
..................................................................


WIND (MPH)
  HIGHEST WIND SPEED    12   HIGHEST WIND DIRECTION    NW (320)
  HIGHEST GUST SPEED    16   HIGHEST GUST DIRECTION    NW (310)
  AVERAGE WIND SPEED     4.2


SKY COVER
  POSSIBLE SUNSHINE  MM
  AVERAGE SKY COVER 0.4


WEATHER CONDITIONS
 THE FOLLOWING WEATHER WAS RECORDED TODAY.
  NO SIGNIFICANT WEATHER WAS OBSERVED.


RELATIVE HUMIDITY (PERCENT)
 HIGHEST    82           500 AM
 LOWEST     31           500 PM
 AVERAGE    57

..........................................................


THE HUNTINGTON WV CLIMATE NORMALS FOR TOMORROW
                         NORMAL    RECORD    YEAR
 MAXIMUM TEMPERATURE (F)   47        73      1966
 MINIMUM TEMPERATURE (F)   30         9      1977


SUNRISE AND SUNSET
DECEMBER  7 2016......SUNRISE   734 AM EST   SUNSET   509 PM EST
DECEMBER  8 2016......SUNRISE   735 AM EST   SUNSET   510 PM EST


-  INDICATES NEGATIVE NUMBERS.
R  INDICATES RECORD WAS SET OR TIED.
MM INDICATES DATA IS MISSING.
T  INDICATES TRACE AMOUNT.




$$
