000
CDUS41 KRLX 070717
CLIHTS


CLIMATE REPORT
NATIONAL WEATHER SERVICE CHARLESTON WV
316 AM EDT TUE JUL 7 2015


...................................

...THE HUNTINGTON WV CLIMATE SUMMARY FOR JULY 6 2015...

CLIMATE NORMAL PERIOD 1981 TO 2010
CLIMATE RECORD PERIOD 1897 TO 2015


WEATHER ITEM   OBSERVED TIME   RECORD YEAR NORMAL DEPARTURE LAST
                VALUE   (LST)  VALUE       VALUE  FROM      YEAR
                                                  NORMAL
..................................................................
TEMPERATURE (F)
 YESTERDAY
  MAXIMUM         83    221 PM 100    2012  86     -3       86
  MINIMUM         66    709 AM  51    1964  65      1       54
  AVERAGE         75                        76     -1       70

PRECIPITATION (IN)
  YESTERDAY        0.00          2.75 1989   0.14  -0.14     0.00
  MONTH TO DATE    1.34                      0.77   0.57      T
  SINCE JAN 1     26.97                     22.73   4.24    24.06

SNOWFALL (IN)
  YESTERDAY        0.0
  MONTH TO DATE    0.0
  SINCE SEP 1     36.6
  SNOW DEPTH       0

DEGREE DAYS
 HEATING
  YESTERDAY        0                         0      0        0
  MONTH TO DATE    0                         0      0        0
  SINCE JUN 1     14                        12      2        0
  SINCE JUL 1      0                         0      0        0

 COOLING
  YESTERDAY       10                        11     -1        5
  MONTH TO DATE   36                        63    -27       47
  SINCE JUN 1    309                       288     21      292
  SINCE JAN 1    475                       401     74      406
..................................................................


WIND (MPH)
  HIGHEST WIND SPEED    14   HIGHEST WIND DIRECTION     W (260)
  HIGHEST GUST SPEED    19   HIGHEST GUST DIRECTION     W (270)
  AVERAGE WIND SPEED     4.7


SKY COVER
  POSSIBLE SUNSHINE  MM


WEATHER CONDITIONS
 THE FOLLOWING WEATHER WAS RECORDED YESTERDAY.
  FOG
  FOG W/VISIBILITY <= 1/4 MILE


RELATIVE HUMIDITY (PERCENT)
 HIGHEST   100          1200 AM
 LOWEST     58           300 PM
 AVERAGE    79

..........................................................


THE HUNTINGTON WV CLIMATE NORMALS FOR TODAY
                         NORMAL    RECORD    YEAR
 MAXIMUM TEMPERATURE (F)   86       104      2012
 MINIMUM TEMPERATURE (F)   65        48      1972


SUNRISE AND SUNSET
JULY  7 2015..........SUNRISE   613 AM EDT   SUNSET   857 PM EDT
JULY  8 2015..........SUNRISE   614 AM EDT   SUNSET   856 PM EDT


-  INDICATES NEGATIVE NUMBERS.
R  INDICATES RECORD WAS SET OR TIED.
MM INDICATES DATA IS MISSING.
T  INDICATES TRACE AMOUNT.




$$
