000
CDUS41 KRLX 302116
CLIHTS


CLIMATE REPORT
NATIONAL WEATHER SERVICE CHARLESTON WV
516 PM EDT SAT AUG 30 2014


...................................

...THE HUNTINGTON WV CLIMATE SUMMARY FOR AUGUST 30 2014...
VALID TODAY AS OF 0500 PM LOCAL TIME.

CLIMATE NORMAL PERIOD 1981 TO 2010
CLIMATE RECORD PERIOD 1897 TO 2014


WEATHER ITEM   OBSERVED TIME   RECORD YEAR NORMAL DEPARTURE LAST
                VALUE   (LST)  VALUE       VALUE  FROM      YEAR
                                                  NORMAL
..................................................................
TEMPERATURE (F)
 TODAY
  MAXIMUM         89    330 PM 101    1953  84      5       87
  MINIMUM         72    646 AM  43    1946  62     10       68
  AVERAGE         81                        73      8       78

PRECIPITATION (IN)
  TODAY            0.00          3.25 2006   0.11  -0.11     0.00
  MONTH TO DATE    5.97                      3.63   2.34     5.07
  SINCE JUN 1     14.49                     12.06   2.43    18.73
  SINCE JAN 1     34.03                     30.14   3.89    32.31

DEGREE DAYS
 HEATING
  TODAY            0                         0      0        0
  MONTH TO DATE    0                         0      0        4
  SINCE JUN 1      3                        12     -9        4
  SINCE JUL 1      3                         0      3        4

 COOLING
  TODAY           16                         8      8       13
  MONTH TO DATE  239                       301    -62      257
  SINCE JUN 1    720                       858   -138      851
  SINCE JAN 1    834                       971   -137     1021
..................................................................


WIND (MPH)
  HIGHEST WIND SPEED    13   HIGHEST WIND DIRECTION    SW (220)
  HIGHEST GUST SPEED    17   HIGHEST GUST DIRECTION    SW (210)
  AVERAGE WIND SPEED     6.2


SKY COVER
  POSSIBLE SUNSHINE  MM
  AVERAGE SKY COVER 0.2


WEATHER CONDITIONS
 THE FOLLOWING WEATHER WAS RECORDED TODAY.
  NO SIGNIFICANT WEATHER WAS OBSERVED.


RELATIVE HUMIDITY (PERCENT)
 HIGHEST   100          1200 AM
 LOWEST     50           300 PM
 AVERAGE    75

..........................................................


THE HUNTINGTON WV CLIMATE NORMALS FOR TOMORROW
                         NORMAL    RECORD    YEAR
 MAXIMUM TEMPERATURE (F)   84       101      1953
 MINIMUM TEMPERATURE (F)   62        48      1946


SUNRISE AND SUNSET
AUGUST 30 2014........SUNRISE   658 AM EDT   SUNSET   803 PM EDT
AUGUST 31 2014........SUNRISE   659 AM EDT   SUNSET   802 PM EDT


-  INDICATES NEGATIVE NUMBERS.
R  INDICATES RECORD WAS SET OR TIED.
MM INDICATES DATA IS MISSING.
T  INDICATES TRACE AMOUNT.




$$
