000
CDUS41 KRLX 172231
CLIHTS


CLIMATE REPORT
NATIONAL WEATHER SERVICE CHARLESTON WV
531 PM EST SAT FEB 17 2018


...................................

...THE HUNTINGTON WV CLIMATE SUMMARY FOR FEBRUARY 17 2018...
VALID TODAY AS OF 0500 PM LOCAL TIME.

CLIMATE NORMAL PERIOD 1981 TO 2010
CLIMATE RECORD PERIOD 1897 TO 2018


WEATHER ITEM   OBSERVED TIME   RECORD YEAR NORMAL DEPARTURE LAST
                VALUE   (LST)  VALUE       VALUE  FROM      YEAR
                                                  NORMAL
..................................................................
TEMPERATURE (F)
 TODAY
  MAXIMUM         38    359 PM  70    2011  47     -9       68
                                      1975
                                      1927
  MINIMUM         33    751 AM  -4    1958  28      5       33
  AVERAGE         36                        38     -2       51

PRECIPITATION (IN)
  TODAY            0.74          1.46 1956   0.11   0.63     0.00
  MONTH TO DATE    5.92                      1.81   4.11     0.78
  SINCE DEC 1     11.18                      8.09   3.09     8.77
  SINCE JAN 1      8.83                      4.78   4.05     4.76

DEGREE DAYS
 HEATING
  TODAY           29                        27      2       14
  MONTH TO DATE  437                       493    -56      379
  SINCE DEC 1   2361                      2330     31     1906
  SINCE JUL 1   3133                      3217    -84     2504

 COOLING
  TODAY            0                         0      0        0
  MONTH TO DATE    1                         0      1        0
  SINCE DEC 1      1                         1      0        0
  SINCE JAN 1      1                         0      1        0
..................................................................


WIND (MPH)
  HIGHEST WIND SPEED    10   HIGHEST WIND DIRECTION    SE (120)
  HIGHEST GUST SPEED    13   HIGHEST GUST DIRECTION    SE (130)
  AVERAGE WIND SPEED     4.5


SKY COVER
  POSSIBLE SUNSHINE  MM
  AVERAGE SKY COVER 0.7


WEATHER CONDITIONS
 THE FOLLOWING WEATHER WAS RECORDED TODAY.
  HEAVY RAIN
  RAIN
  LIGHT RAIN
  FOG


RELATIVE HUMIDITY (PERCENT)
 HIGHEST    92           200 PM
 LOWEST     70          1200 AM
 AVERAGE    81

..........................................................


THE HUNTINGTON WV CLIMATE NORMALS FOR TOMORROW
                         NORMAL    RECORD    YEAR
 MAXIMUM TEMPERATURE (F)   47        71      1948
                                             1911
 MINIMUM TEMPERATURE (F)   29        -1      1958


SUNRISE AND SUNSET
FEBRUARY 17 2018......SUNRISE   718 AM EST   SUNSET   611 PM EST
FEBRUARY 18 2018......SUNRISE   717 AM EST   SUNSET   612 PM EST


-  INDICATES NEGATIVE NUMBERS.
R  INDICATES RECORD WAS SET OR TIED.
MM INDICATES DATA IS MISSING.
T  INDICATES TRACE AMOUNT.




$$
