000
CDUS41 KRLX 250716
CLIHTS


CLIMATE REPORT
NATIONAL WEATHER SERVICE CHARLESTON WV
315 AM EDT TUE APR 25 2017


...................................

...THE HUNTINGTON WV CLIMATE SUMMARY FOR APRIL 24 2017...

CLIMATE NORMAL PERIOD 1981 TO 2010
CLIMATE RECORD PERIOD 1897 TO 2017


WEATHER ITEM   OBSERVED TIME   RECORD YEAR NORMAL DEPARTURE LAST
                VALUE   (LST)  VALUE       VALUE  FROM      YEAR
                                                  NORMAL
..................................................................
TEMPERATURE (F)
 YESTERDAY
  MAXIMUM         65    132 PM  91    1921  71     -6       78
  MINIMUM         52    632 AM  29    1986  47      5       41
  AVERAGE         59                        59      0       60

PRECIPITATION (IN)
  YESTERDAY        T             1.42 1975   0.12  -0.12     0.00
  MONTH TO DATE    1.72                      2.70  -0.98     2.41
  SINCE JAN 1     12.60                     12.64  -0.04    12.54

SNOWFALL (IN)
  YESTERDAY        0.0
  MONTH TO DATE    0.0
  SINCE SEP 1      5.9
  SNOW DEPTH       0

DEGREE DAYS
 HEATING
  YESTERDAY        6                         7     -1        5
  MONTH TO DATE  137                       252   -115      244
  SINCE MAR 1    689                       848   -159      619
  SINCE JUL 1   3338                      4349  -1011     3654

 COOLING
  YESTERDAY        0                         1     -1        0
  MONTH TO DATE   38                        23     15       20
  SINCE MAR 1     40                        28     12       29
  SINCE JAN 1     41                        28     13       29
..................................................................


WIND (MPH)
  HIGHEST WIND SPEED    15   HIGHEST WIND DIRECTION    NE (50)
  HIGHEST GUST SPEED    22   HIGHEST GUST DIRECTION     E (70)
  AVERAGE WIND SPEED     7.4


SKY COVER
  POSSIBLE SUNSHINE  MM


WEATHER CONDITIONS
 THE FOLLOWING WEATHER WAS RECORDED YESTERDAY.
  LIGHT RAIN


RELATIVE HUMIDITY (PERCENT)
 HIGHEST    96          1200 AM
 LOWEST     67           900 AM
 AVERAGE    82

..........................................................


THE HUNTINGTON WV CLIMATE NORMALS FOR TODAY
                         NORMAL    RECORD    YEAR
 MAXIMUM TEMPERATURE (F)   71        91      1960
 MINIMUM TEMPERATURE (F)   47        28      1967


SUNRISE AND SUNSET
APRIL 25 2017.........SUNRISE   640 AM EDT   SUNSET   816 PM EDT
APRIL 26 2017.........SUNRISE   639 AM EDT   SUNSET   817 PM EDT


-  INDICATES NEGATIVE NUMBERS.
R  INDICATES RECORD WAS SET OR TIED.
MM INDICATES DATA IS MISSING.
T  INDICATES TRACE AMOUNT.




$$
