000
CDUS41 KRLX 292116
CLIHTS


CLIMATE REPORT
NATIONAL WEATHER SERVICE CHARLESTON WV
516 PM EDT MON AUG 29 2016


...................................

...THE HUNTINGTON WV CLIMATE SUMMARY FOR AUGUST 29 2016...
VALID TODAY AS OF 0500 PM LOCAL TIME.

CLIMATE NORMAL PERIOD 1981 TO 2010
CLIMATE RECORD PERIOD 1897 TO 2016


WEATHER ITEM   OBSERVED TIME   RECORD YEAR NORMAL DEPARTURE LAST
                VALUE   (LST)  VALUE       VALUE  FROM      YEAR
                                                  NORMAL
..................................................................
TEMPERATURE (F)
 TODAY
  MAXIMUM         92    222 PM 102    1948  84      8       87
  MINIMUM         70    627 AM  43    1986  63      7       58
                                      1965
  AVERAGE         81                        73      8       73

PRECIPITATION (IN)
  TODAY            0.00          1.88 2004   0.11  -0.11     0.00
  MONTH TO DATE    3.19                      3.52  -0.33     1.20
  SINCE JUN 1     16.37                     11.95   4.42    14.37
  SINCE JAN 1     36.01                     30.03   5.98    34.80

DEGREE DAYS
 HEATING
  TODAY            0                         0      0        0
  MONTH TO DATE    0                         0      0        0
  SINCE JUN 1      1                        12    -11       14
  SINCE JUL 1      0                         0      0        0

 COOLING
  TODAY           16                         9      7        8
  MONTH TO DATE  410                       293    117      210
  SINCE JUN 1   1082                       850    232      780
  SINCE JAN 1   1222                       963    259      946
..................................................................


WIND (MPH)
  HIGHEST WIND SPEED    13   HIGHEST WIND DIRECTION     N (360)
  HIGHEST GUST SPEED    15   HIGHEST GUST DIRECTION     N (360)
  AVERAGE WIND SPEED     3.7


SKY COVER
  POSSIBLE SUNSHINE  MM
  AVERAGE SKY COVER 0.1


WEATHER CONDITIONS
 THE FOLLOWING WEATHER WAS RECORDED TODAY.
  FOG


RELATIVE HUMIDITY (PERCENT)
 HIGHEST    97           600 AM
 LOWEST     49           300 PM
 AVERAGE    73

..........................................................


THE HUNTINGTON WV CLIMATE NORMALS FOR TOMORROW
                         NORMAL    RECORD    YEAR
 MAXIMUM TEMPERATURE (F)   84       101      1953
 MINIMUM TEMPERATURE (F)   62        43      1946


SUNRISE AND SUNSET
AUGUST 29 2016........SUNRISE   657 AM EDT   SUNSET   804 PM EDT
AUGUST 30 2016........SUNRISE   658 AM EDT   SUNSET   802 PM EDT


-  INDICATES NEGATIVE NUMBERS.
R  INDICATES RECORD WAS SET OR TIED.
MM INDICATES DATA IS MISSING.
T  INDICATES TRACE AMOUNT.




$$
