000
CDUS41 KRLX 170835
CLIHTS


CLIMATE REPORT
NATIONAL WEATHER SERVICE CHARLESTON WV
327 AM EST WED DEC 17 2014


...................................

...THE HUNTINGTON WV CLIMATE SUMMARY FOR DECEMBER 16 2014...

CLIMATE NORMAL PERIOD 1981 TO 2010
CLIMATE RECORD PERIOD 1897 TO 2014


WEATHER ITEM   OBSERVED TIME   RECORD YEAR NORMAL DEPARTURE LAST
                VALUE   (LST)  VALUE       VALUE  FROM      YEAR
                                                  NORMAL
..................................................................
TEMPERATURE (F)
 YESTERDAY
  MAXIMUM         55   1029 AM  67    1984  45     10       39
  MINIMUM         42   1159 PM  -4    1917  28     14       30
  AVERAGE         49                        37     12       35

PRECIPITATION (IN)
  YESTERDAY        0.07          2.21 2000   0.10  -0.03     0.02
  MONTH TO DATE    2.61                      1.76   0.85     3.80
  SINCE JAN 1     47.81                     41.04   6.77    43.16

SNOWFALL (IN)
  YESTERDAY        0.0
  MONTH TO DATE    0.0
  SINCE SEP 1      T
  SNOW DEPTH       0

DEGREE DAYS
 HEATING
  YESTERDAY       16                        28    -12       30
  MONTH TO DATE  398                       421    -23      438
  SINCE DEC 1    398                       421    -23      438
  SINCE JUL 1   1477                      1308    169     1389

 COOLING
  YESTERDAY        0                         0      0        0
  MONTH TO DATE    0                         0      0        0
  SINCE DEC 1      0                         0      0        0
  SINCE JAN 1    971                      1134   -163     1215
..................................................................


WIND (MPH)
  HIGHEST WIND SPEED    22   HIGHEST WIND DIRECTION     W (260)
  HIGHEST GUST SPEED    32   HIGHEST GUST DIRECTION     W (250)
  AVERAGE WIND SPEED    10.3


SKY COVER
  POSSIBLE SUNSHINE  MM


WEATHER CONDITIONS
 THE FOLLOWING WEATHER WAS RECORDED YESTERDAY.
  RAIN
  LIGHT RAIN
  FOG
  HAZE


RELATIVE HUMIDITY (PERCENT)
 HIGHEST    89           800 PM
 LOWEST     48           100 AM
 AVERAGE    69

..........................................................


THE HUNTINGTON WV CLIMATE NORMALS FOR TODAY
                         NORMAL    RECORD    YEAR
 MAXIMUM TEMPERATURE (F)   45        74      1933
 MINIMUM TEMPERATURE (F)   28        -2      1914


SUNRISE AND SUNSET
DECEMBER 17 2014......SUNRISE   741 AM EST   SUNSET   511 PM EST
DECEMBER 18 2014......SUNRISE   742 AM EST   SUNSET   512 PM EST


-  INDICATES NEGATIVE NUMBERS.
R  INDICATES RECORD WAS SET OR TIED.
MM INDICATES DATA IS MISSING.
T  INDICATES TRACE AMOUNT.




$$
