000
CDUS41 KRLX 300912
CLIHTS


CLIMATE REPORT
NATIONAL WEATHER SERVICE CHARLESTON WV
319 AM EST FRI JAN 30 2015


...................................

...THE HUNTINGTON WV CLIMATE SUMMARY FOR JANUARY 29 2015...

CLIMATE NORMAL PERIOD 1981 TO 2010
CLIMATE RECORD PERIOD 1897 TO 2015


WEATHER ITEM   OBSERVED TIME   RECORD YEAR NORMAL DEPARTURE LAST
                VALUE   (LST)  VALUE       VALUE  FROM      YEAR
                                                  NORMAL
..................................................................
TEMPERATURE (F)
 YESTERDAY
  MAXIMUM         52    508 PM  72    1903  43      9       22
  MINIMUM         23    440 AM  -8    1963  26     -3       -4
  AVERAGE         38                        34      4        9

PRECIPITATION (IN)
  YESTERDAY        0.05          1.65 1932   0.10  -0.05     0.00
  MONTH TO DATE    2.13                      2.76  -0.63     2.30
  SINCE JAN 1      2.13                      2.76  -0.63     2.30

SNOWFALL (IN)
  YESTERDAY       MM
  MONTH TO DATE    0.4
  SINCE SEP 1      0.4
  SNOW DEPTH      MM

DEGREE DAYS
 HEATING
  YESTERDAY       27                        31     -4       56
  MONTH TO DATE  959                       905     54     1091
  SINCE DEC 1   1752                      1773    -21     1888
  SINCE JUL 1   2831                      2660    171     2839

 COOLING
  YESTERDAY        0                         0      0        0
  MONTH TO DATE    0                         0      0        0
  SINCE DEC 1      0                         1     -1        2
  SINCE JAN 1      0                         0      0        0
..................................................................


WIND (MPH)
  HIGHEST WIND SPEED    20   HIGHEST WIND DIRECTION     W (280)
  HIGHEST GUST SPEED    34   HIGHEST GUST DIRECTION     W (270)
  AVERAGE WIND SPEED     8.6


SKY COVER
  POSSIBLE SUNSHINE  MM


WEATHER CONDITIONS
 THE FOLLOWING WEATHER WAS RECORDED YESTERDAY.
  LIGHT RAIN
  LIGHT SNOW
  FOG


RELATIVE HUMIDITY (PERCENT)
 HIGHEST    82          1100 PM
 LOWEST     52           900 AM
 AVERAGE    67

..........................................................


THE HUNTINGTON WV CLIMATE NORMALS FOR TODAY
                         NORMAL    RECORD    YEAR
 MAXIMUM TEMPERATURE (F)   43        70      2013
                                             1914
 MINIMUM TEMPERATURE (F)   26        -5      1966


SUNRISE AND SUNSET
JANUARY 30 2015.......SUNRISE   737 AM EST   SUNSET   550 PM EST
JANUARY 31 2015.......SUNRISE   736 AM EST   SUNSET   551 PM EST


-  INDICATES NEGATIVE NUMBERS.
R  INDICATES RECORD WAS SET OR TIED.
MM INDICATES DATA IS MISSING.
T  INDICATES TRACE AMOUNT.




$$
