000
CDUS43 KIND 260532
CLIHUF


CLIMATE REPORT
NATIONAL WEATHER SERVICE INDIANAPOLIS IN
131 AM EDT TUE SEP 26 2017


...................................

...THE TERRE HAUTE IN CLIMATE SUMMARY FOR SEPTEMBER 25 2017...

CLIMATE NORMAL PERIOD 1981 TO 2010
CLIMATE RECORD PERIOD 9999 TO 9999


WEATHER ITEM   OBSERVED TIME   NORMAL DEPARTURE LAST
                VALUE   (LST)  VALUE  FROM      YEAR
                                      NORMAL
......................................................
TEMPERATURE (F)
 YESTERDAY
  MAXIMUM         92    333 PM  75     17       88
  MINIMUM         60    606 AM  50     10       64
  AVERAGE         76            62     14       76

PRECIPITATION (IN)
  YESTERDAY        0.00          0.09  -0.09     0.15
  MONTH TO DATE    0.31          2.91  -2.60     3.15
  SINCE SEP 1      0.31          2.91  -2.60     3.15
  SINCE JAN 1     36.15         34.19   1.96    30.11

DEGREE DAYS
 HEATING
  YESTERDAY        0             5     -5        0
  MONTH TO DATE   38            44     -6        0
  SINCE SEP 1     38            44     -6        0
  SINCE JUL 1     38            49    -11        4

 COOLING
  YESTERDAY       11             2      9       11
  MONTH TO DATE  145            91     54      191
  SINCE SEP 1    145            91     54      191
  SINCE JAN 1   1055           970     85     1339
......................................................


WIND (MPH)
  HIGHEST WIND SPEED    10   HIGHEST WIND DIRECTION    SE (150)
  HIGHEST GUST SPEED    14   HIGHEST GUST DIRECTION    SE (140)
  AVERAGE WIND SPEED     2.3


SKY COVER
  AVERAGE SKY COVER 0.1


WEATHER CONDITIONS
 THE FOLLOWING WEATHER WAS RECORDED YESTERDAY.
  NO SIGNIFICANT WEATHER WAS OBSERVED.


RELATIVE HUMIDITY (PERCENT)
 HIGHEST    90           300 AM
 LOWEST     36           400 PM
 AVERAGE    63

..........................................................


THE TERRE HAUTE IN CLIMATE NORMALS FOR TODAY
                         NORMAL
 MAXIMUM TEMPERATURE (F)   74
 MINIMUM TEMPERATURE (F)   49


SUNRISE AND SUNSET
SEPTEMBER 26 2017.....SUNRISE   741 AM EDT   SUNSET   739 PM EDT
SEPTEMBER 27 2017.....SUNRISE   742 AM EDT   SUNSET   738 PM EDT


-  INDICATES NEGATIVE NUMBERS.
R  INDICATES RECORD WAS SET OR TIED.
MM INDICATES DATA IS MISSING.
T  INDICATES TRACE AMOUNT.




$$
