000
CDUS43 KIND 230535
CLIHUF


CLIMATE REPORT
NATIONAL WEATHER SERVICE INDIANAPOLIS IN
134 AM EDT THU OCT 23 2014


...................................

...THE TERRE HAUTE IN CLIMATE SUMMARY FOR OCTOBER 22 2014...

CLIMATE NORMAL PERIOD 1981 TO 2010
CLIMATE RECORD PERIOD 9999 TO 9999


WEATHER ITEM   OBSERVED TIME   NORMAL DEPARTURE LAST
                VALUE   (LST)  VALUE  FROM      YEAR
                                      NORMAL
......................................................
TEMPERATURE (F)
 YESTERDAY
  MAXIMUM         60    346 PM  63     -3       51
  MINIMUM         34    715 AM  41     -7       26
  AVERAGE         47            52     -5       39

PRECIPITATION (IN)
  YESTERDAY        0.00          0.11  -0.11     0.03
  MONTH TO DATE    6.24          2.56   3.68     1.63
  SINCE SEP 1      9.23          5.98   3.25     2.83
  SINCE JAN 1     37.36         37.26   0.10    35.86

DEGREE DAYS
 HEATING
  YESTERDAY       18            13      5       26
  MONTH TO DATE  229           219     10      176
  SINCE SEP 1    323           292     31      229
  SINCE JUL 1    334           297     37      239

 COOLING
  YESTERDAY        0             0      0        0
  MONTH TO DATE   11            12     -1       33
  SINCE SEP 1     87           111    -24      181
  SINCE JAN 1    938           990    -52     1056
......................................................


WIND (MPH)
  HIGHEST WIND SPEED    10   HIGHEST WIND DIRECTION     E (90)
  HIGHEST GUST SPEED    15   HIGHEST GUST DIRECTION     E (90)
  AVERAGE WIND SPEED     3.5


SKY COVER
  AVERAGE SKY COVER 0.0


WEATHER CONDITIONS
 THE FOLLOWING WEATHER WAS RECORDED YESTERDAY.
  NO SIGNIFICANT WEATHER WAS OBSERVED.


RELATIVE HUMIDITY (PERCENT)
 HIGHEST   100           800 AM
 LOWEST     47           200 PM
 AVERAGE    74

..........................................................


THE TERRE HAUTE IN CLIMATE NORMALS FOR TODAY
                         NORMAL
 MAXIMUM TEMPERATURE (F)   63
 MINIMUM TEMPERATURE (F)   41


SUNRISE AND SUNSET
OCTOBER 23 2014.......SUNRISE   807 AM EDT   SUNSET   659 PM EDT
OCTOBER 24 2014.......SUNRISE   809 AM EDT   SUNSET   658 PM EDT


-  INDICATES NEGATIVE NUMBERS.
R  INDICATES RECORD WAS SET OR TIED.
MM INDICATES DATA IS MISSING.
T  INDICATES TRACE AMOUNT.




$$
