000
CDUS43 KIND 290531
CLIHUF


CLIMATE REPORT
NATIONAL WEATHER SERVICE INDIANAPOLIS IN
131 AM EDT FRI APR 29 2016


...................................

...THE TERRE HAUTE IN CLIMATE SUMMARY FOR APRIL 28 2016...

CLIMATE NORMAL PERIOD 1981 TO 2010
CLIMATE RECORD PERIOD 9999 TO 9999


WEATHER ITEM   OBSERVED TIME   NORMAL DEPARTURE LAST
                VALUE   (LST)  VALUE  FROM      YEAR
                                      NORMAL
......................................................
TEMPERATURE (F)
 YESTERDAY
  MAXIMUM         72    530 PM  68      4       64
  MINIMUM         55   1159 PM  46      9       37
  AVERAGE         64            57      7       51

PRECIPITATION (IN)
  YESTERDAY        0.43          0.23   0.20     0.00
  MONTH TO DATE    4.76          3.62   1.14     4.57
  SINCE MAR 1      8.76          6.99   1.77     7.97
  SINCE JAN 1     11.21         11.28  -0.07    10.87

DEGREE DAYS
 HEATING
  YESTERDAY        1             8     -7       14
  MONTH TO DATE  314           350    -36      291
  SINCE MAR 1    802          1041   -239     1094
  SINCE JUL 1   4264          5204   -940     5728

 COOLING
  YESTERDAY        0             1     -1        0
  MONTH TO DATE    9            14     -5        6
  SINCE MAR 1      9            15     -6        6
  SINCE JAN 1      9            15     -6        6
......................................................


WIND (MPH)
  HIGHEST WIND SPEED    23   HIGHEST WIND DIRECTION    NW (300)
  HIGHEST GUST SPEED    28   HIGHEST GUST DIRECTION    NW (300)
  AVERAGE WIND SPEED     9.9


SKY COVER
  AVERAGE SKY COVER 0.5


WEATHER CONDITIONS
 THE FOLLOWING WEATHER WAS RECORDED YESTERDAY.
  THUNDERSTORM
  HEAVY RAIN
  RAIN
  LIGHT RAIN
  FOG


RELATIVE HUMIDITY (PERCENT)
 HIGHEST    93           200 AM
 LOWEST     49           400 PM
 AVERAGE    71

..........................................................


THE TERRE HAUTE IN CLIMATE NORMALS FOR TODAY
                         NORMAL
 MAXIMUM TEMPERATURE (F)   69
 MINIMUM TEMPERATURE (F)   46


SUNRISE AND SUNSET
APRIL 29 2016.........SUNRISE   652 AM EDT   SUNSET   841 PM EDT
APRIL 30 2016.........SUNRISE   651 AM EDT   SUNSET   842 PM EDT


-  INDICATES NEGATIVE NUMBERS.
R  INDICATES RECORD WAS SET OR TIED.
MM INDICATES DATA IS MISSING.
T  INDICATES TRACE AMOUNT.




$$
