000
CDUS43 KIND 280530
CLIHUF


CLIMATE REPORT
NATIONAL WEATHER SERVICE INDIANAPOLIS IN
130 AM EDT MON JUL 28 2014


...................................

...THE TERRE HAUTE IN CLIMATE SUMMARY FOR JULY 27 2014...

CLIMATE NORMAL PERIOD 1981 TO 2010
CLIMATE RECORD PERIOD 9999 TO 9999


WEATHER ITEM   OBSERVED TIME   NORMAL DEPARTURE LAST
                VALUE   (LST)  VALUE  FROM      YEAR
                                      NORMAL
......................................................
TEMPERATURE (F)
 YESTERDAY
  MAXIMUM         87    257 PM  85      2       79
  MINIMUM         68   1156 PM  64      4       55
  AVERAGE         78            74      4       67

PRECIPITATION (IN)
  YESTERDAY        0.36          0.13   0.23     0.03
  MONTH TO DATE    2.41          4.29  -1.88     1.89
  SINCE JUN 1     10.33          8.73   1.60    10.68
  SINCE JAN 1     25.34         27.17  -1.83    31.71

DEGREE DAYS
 HEATING
  YESTERDAY        0             0      0        0
  MONTH TO DATE    6             0      6        0
  SINCE JUN 1      8            13     -5        7
  SINCE JUL 1      6             0      6        0

 COOLING
  YESTERDAY       13             9      4        2
  MONTH TO DATE  161           274   -113      260
  SINCE JUN 1    448           509    -61      489
  SINCE JAN 1    575           595    -20      603
......................................................


WIND (MPH)
  HIGHEST WIND SPEED    24   HIGHEST WIND DIRECTION    NW (300)
  HIGHEST GUST SPEED    36   HIGHEST GUST DIRECTION    NW (310)
  AVERAGE WIND SPEED     9.2


SKY COVER
  AVERAGE SKY COVER 0.5


WEATHER CONDITIONS
 THE FOLLOWING WEATHER WAS RECORDED YESTERDAY.
  THUNDERSTORM
  HEAVY RAIN
  RAIN
  LIGHT RAIN
  FOG
  HAZE


RELATIVE HUMIDITY (PERCENT)
 HIGHEST    97           400 AM
 LOWEST     43           500 PM
 AVERAGE    70

..........................................................


THE TERRE HAUTE IN CLIMATE NORMALS FOR TODAY
                         NORMAL
 MAXIMUM TEMPERATURE (F)   85
 MINIMUM TEMPERATURE (F)   64


SUNRISE AND SUNSET
JULY 28 2014..........SUNRISE   645 AM EDT   SUNSET   906 PM EDT
JULY 29 2014..........SUNRISE   646 AM EDT   SUNSET   905 PM EDT


-  INDICATES NEGATIVE NUMBERS.
R  INDICATES RECORD WAS SET OR TIED.
MM INDICATES DATA IS MISSING.
T  INDICATES TRACE AMOUNT.




$$
