000
CDUS41 KCAR 170531
CLIHUL


CLIMATE REPORT
NATIONAL WEATHER SERVICE CARIBOU, ME
130 AM EDT WED SEP 17 2014


...................................

...THE HOULTON ME CLIMATE SUMMARY FOR SEPTEMBER 16 2014...

CLIMATE NORMAL PERIOD 1981 TO 2010
CLIMATE RECORD PERIOD 1948 TO 2014


WEATHER ITEM   OBSERVED TIME   RECORD YEAR NORMAL DEPARTURE LAST
                VALUE   (LST)  VALUE       VALUE  FROM      YEAR
                                                  NORMAL
..................................................................
TEMPERATURE (F)
 YESTERDAY
  MAXIMUM         58    235 PM  91    1939  67     -9       55
  MINIMUM         39    437 AM  25    1959  43     -4       32
  AVERAGE         49                        55     -6       44

PRECIPITATION (IN)
  YESTERDAY        T             1.06 1999   0.11  -0.11     0.06
  MONTH TO DATE    1.25                      1.72  -0.47     4.86
  SINCE SEP 1      1.25                      1.72  -0.47     4.86
  SINCE JAN 1     28.91                     27.34   1.57    32.39

SNOWFALL (IN)
  YESTERDAY       MM             0.0  2003   0.0   MM       MM
  MONTH TO DATE   MM                         0.0   MM       MM
  SINCE SEP 1     MM                         0.0   MM       MM
  SINCE JUL 1     MM                         0.0   MM       MM
  SNOW DEPTH      MM

DEGREE DAYS
 HEATING
  YESTERDAY       16                        10      6       21
  MONTH TO DATE  136                       126     10      122
  SINCE SEP 1    136                       126     10      122
  SINCE JUL 1    221                       282    -61      255

 COOLING
  YESTERDAY        0                         0      0        0
  MONTH TO DATE   27                        12     15       19
  SINCE SEP 1     27                        12     15       19
  SINCE JAN 1    230                       190     40      198
..................................................................


WIND (MPH)
  HIGHEST WIND SPEED    13   HIGHEST WIND DIRECTION     S (200)
  HIGHEST GUST SPEED    18   HIGHEST GUST DIRECTION    SW (220)
  AVERAGE WIND SPEED     5.4


SKY COVER
  POSSIBLE SUNSHINE  MM
  AVERAGE SKY COVER 0.6


WEATHER CONDITIONS
 THE FOLLOWING WEATHER WAS RECORDED YESTERDAY.
  LIGHT RAIN
  FOG


RELATIVE HUMIDITY (PERCENT)
 HIGHEST    96           800 PM
 LOWEST     83           100 PM
 AVERAGE    90

..........................................................


THE HOULTON ME CLIMATE NORMALS FOR TODAY
                         NORMAL    RECORD    YEAR
 MAXIMUM TEMPERATURE (F)   66        85      1942
 MINIMUM TEMPERATURE (F)   43        27      1959


SUNRISE AND SUNSET
SEPTEMBER 17 2014.....SUNRISE   612 AM EDT   SUNSET   639 PM EDT
SEPTEMBER 18 2014.....SUNRISE   613 AM EDT   SUNSET   637 PM EDT


-  INDICATES NEGATIVE NUMBERS.
R  INDICATES RECORD WAS SET OR TIED.
MM INDICATES DATA IS MISSING.
T  INDICATES TRACE AMOUNT.




$$
