000
CDUS41 KCAR 080527
CLIHUL


CLIMATE REPORT
NATIONAL WEATHER SERVICE CARIBOU, ME
1226 AM EST MON FEB 8 2016


...................................

...THE HOULTON ME CLIMATE SUMMARY FOR FEBRUARY 7 2016...

CLIMATE NORMAL PERIOD 1981 TO 2010
CLIMATE RECORD PERIOD 1948 TO 2016


WEATHER ITEM   OBSERVED TIME   RECORD YEAR NORMAL DEPARTURE LAST
                VALUE   (LST)  VALUE       VALUE  FROM      YEAR
                                                  NORMAL
..................................................................
TEMPERATURE (F)
 YESTERDAY
  MAXIMUM         29    932 AM  47    2005  24      5       12
                                      1951
  MINIMUM          2   1148 PM -33    1993   1      1      -16
  AVERAGE         16                        13      3       -2

PRECIPITATION (IN)
  YESTERDAY        T             0.83 1995   0.07  -0.07      T
  MONTH TO DATE    0.54                      0.52   0.02     0.12
  SINCE DEC 1      6.15                      6.67  -0.52     7.06
  SINCE JAN 1      1.96                      3.38  -1.42     1.56

SNOWFALL (IN)
  YESTERDAY       MM             9.0  1955   0.7   MM       MM
  MONTH TO DATE   MM                         4.7   MM       MM
  SINCE DEC 1     MM                        44.4   MM       MM
  SINCE JUL 1     MM                        52.5   MM       MM
  SNOW DEPTH      MM

DEGREE DAYS
 HEATING
  YESTERDAY       49                        52     -3       67
  MONTH TO DATE  281                       369    -88      452
  SINCE DEC 1   2804                      3436   -632     3389
  SINCE JUL 1   4599                      5544   -945     5286

 COOLING
  YESTERDAY        0                         0      0        0
  MONTH TO DATE    0                         0      0        0
  SINCE DEC 1      0                         0      0        0
  SINCE JAN 1      0                         0      0        0
..................................................................


WIND (MPH)
  HIGHEST WIND SPEED    21   HIGHEST WIND DIRECTION    NW (300)
  HIGHEST GUST SPEED    30   HIGHEST GUST DIRECTION     W (260)
  AVERAGE WIND SPEED     9.1


SKY COVER
  POSSIBLE SUNSHINE  MM
  AVERAGE SKY COVER 0.3


WEATHER CONDITIONS
 THE FOLLOWING WEATHER WAS RECORDED YESTERDAY.
  LIGHT SNOW
  FOG


RELATIVE HUMIDITY (PERCENT)
 HIGHEST    88          1200 AM
 LOWEST     27           300 PM
 AVERAGE    58

..........................................................


THE HOULTON ME CLIMATE NORMALS FOR TODAY
                         NORMAL    RECORD    YEAR
 MAXIMUM TEMPERATURE (F)   24        48      1951
 MINIMUM TEMPERATURE (F)    2       -29      1994


SUNRISE AND SUNSET
FEBRUARY  8 2016......SUNRISE   645 AM EST   SUNSET   446 PM EST
FEBRUARY  9 2016......SUNRISE   644 AM EST   SUNSET   447 PM EST


-  INDICATES NEGATIVE NUMBERS.
R  INDICATES RECORD WAS SET OR TIED.
MM INDICATES DATA IS MISSING.
T  INDICATES TRACE AMOUNT.




$$
