000
CDUS41 KCAR 170532
CLIHUL


CLIMATE REPORT
NATIONAL WEATHER SERVICE CARIBOU, ME
131 AM EDT THU APR 17 2014


...................................

...THE HOULTON ME CLIMATE SUMMARY FOR APRIL 16 2014...

CLIMATE NORMAL PERIOD 1981 TO 2010
CLIMATE RECORD PERIOD 1948 TO 2014


WEATHER ITEM   OBSERVED TIME   RECORD YEAR NORMAL DEPARTURE LAST
                VALUE   (LST)  VALUE       VALUE  FROM      YEAR
                                                  NORMAL
..................................................................
TEMPERATURE (F)
 YESTERDAY
  MAXIMUM         42   1201 AM  73    2012  50     -8       51
  MINIMUM         16   1159 PM   8    1981  29    -13       34
  AVERAGE         29                        39    -10       43

PRECIPITATION (IN)
  YESTERDAY        0.35          1.01 2007   0.13   0.22     0.04
  MONTH TO DATE    2.29                      2.05   0.24     0.92
  SINCE MAR 1      4.77                      4.64   0.13     2.69
  SINCE JAN 1     10.35                      9.50   0.85     5.09

SNOWFALL (IN)
  YESTERDAY       MM             5.8  1971   0.2   MM       MM
  MONTH TO DATE    0.0                       4.3   -4.3     MM
  SINCE MAR 1      0.0                      22.1  -22.1     MM
  SINCE JUL 1      0.0                      87.7  -87.7     MM
  SNOW DEPTH      MM

DEGREE DAYS
 HEATING
  YESTERDAY       36                        26     10       22
  MONTH TO DATE  437                       467    -30      505
  SINCE MAR 1   1938                      1690    248     1580
  SINCE JUL 1   8528                      8263    265     7685

 COOLING
  YESTERDAY        0                         0      0        0
  MONTH TO DATE    0                         0      0        0
  SINCE MAR 1      0                         0      0        0
  SINCE JAN 1      0                         0      0        0
..................................................................


WIND (MPH)
  HIGHEST WIND SPEED    21   HIGHEST WIND DIRECTION    NW (310)
  HIGHEST GUST SPEED    30   HIGHEST GUST DIRECTION     N (340)
  AVERAGE WIND SPEED    10.6


SKY COVER
  POSSIBLE SUNSHINE  MM
  AVERAGE SKY COVER 0.7


WEATHER CONDITIONS
 THE FOLLOWING WEATHER WAS RECORDED YESTERDAY.
  RAIN
  LIGHT RAIN
  HEAVY SNOW
  SNOW
  LIGHT SNOW
  FOG
  FOG W/VISIBILITY <= 1/4 MILE
  HAZE


RELATIVE HUMIDITY (PERCENT)
 HIGHEST    96           300 AM
 LOWEST     49           500 PM
 AVERAGE    73

..........................................................


THE HOULTON ME CLIMATE NORMALS FOR TODAY
                         NORMAL    RECORD    YEAR
 MAXIMUM TEMPERATURE (F)   51        80      2012
 MINIMUM TEMPERATURE (F)   29         8      2003


SUNRISE AND SUNSET
APRIL 17 2014.........SUNRISE   541 AM EDT   SUNSET   721 PM EDT
APRIL 18 2014.........SUNRISE   540 AM EDT   SUNSET   722 PM EDT


-  INDICATES NEGATIVE NUMBERS.
R  INDICATES RECORD WAS SET OR TIED.
MM INDICATES DATA IS MISSING.
T  INDICATES TRACE AMOUNT.




$$
