000
CDUS41 KCAR 300528
CLIHUL


CLIMATE REPORT
NATIONAL WEATHER SERVICE CARIBOU, ME
128 AM EDT TUE MAY 30 2017


...................................

...THE HOULTON ME CLIMATE SUMMARY FOR MAY 29 2017...

CLIMATE NORMAL PERIOD 1981 TO 2010
CLIMATE RECORD PERIOD 1948 TO 2017


WEATHER ITEM   OBSERVED TIME   RECORD YEAR NORMAL DEPARTURE LAST
                VALUE   (LST)  VALUE       VALUE  FROM      YEAR
                                                  NORMAL
..................................................................
TEMPERATURE (F)
 YESTERDAY
  MAXIMUM         57    216 PM  96    1978  68    -11       56
  MINIMUM         48   1159 PM  29    1970  42      6       50
  AVERAGE         53                        55     -2       53

PRECIPITATION (IN)
  YESTERDAY        0.00          1.51 1955   0.10  -0.10     0.04
  MONTH TO DATE    4.76                      3.08   1.68     2.58
  SINCE MAR 1     10.15                      9.55   0.60     9.34
  SINCE JAN 1     14.60                     14.41   0.19    14.30

SNOWFALL (IN)
  YESTERDAY       MM             0.0  2003   0.0   MM       MM
  MONTH TO DATE   MM                         0.1   MM       MM
  SINCE MAR 1     MM                        23.9   MM       MM
  SINCE JUL 1     MM                        89.5   MM       MM
  SNOW DEPTH      MM

DEGREE DAYS
 HEATING
  YESTERDAY       12                        10      2       12
  MONTH TO DATE  411                       415     -4      366
  SINCE MAR 1   2439                      2415     24     2394
  SINCE JUL 1   8400                      8988   -588     8012

 COOLING
  YESTERDAY        0                         0      0        0
  MONTH TO DATE    6                         0      6        3
  SINCE MAR 1      6                         0      6        3
  SINCE JAN 1      6                         0      6        3
..................................................................


WIND (MPH)
  HIGHEST WIND SPEED    16   HIGHEST WIND DIRECTION     E (100)
  HIGHEST GUST SPEED    20   HIGHEST GUST DIRECTION     E (100)
  AVERAGE WIND SPEED     7.7


SKY COVER
  POSSIBLE SUNSHINE  MM
  AVERAGE SKY COVER 0.9


WEATHER CONDITIONS
 THE FOLLOWING WEATHER WAS RECORDED YESTERDAY.
  NO SIGNIFICANT WEATHER WAS OBSERVED.


RELATIVE HUMIDITY (PERCENT)
 HIGHEST    93           400 AM
 LOWEST     72           800 AM
 AVERAGE    83

..........................................................


THE HOULTON ME CLIMATE NORMALS FOR TODAY
                         NORMAL    RECORD    YEAR
 MAXIMUM TEMPERATURE (F)   68        89      1972
 MINIMUM TEMPERATURE (F)   43        28      2008


SUNRISE AND SUNSET
MAY 30 2017...........SUNRISE   445 AM EDT   SUNSET   813 PM EDT
MAY 31 2017...........SUNRISE   444 AM EDT   SUNSET   814 PM EDT


-  INDICATES NEGATIVE NUMBERS.
R  INDICATES RECORD WAS SET OR TIED.
MM INDICATES DATA IS MISSING.
T  INDICATES TRACE AMOUNT.




$$
