000
CDUS41 KCAR 180526
CLIHUL


CLIMATE REPORT
NATIONAL WEATHER SERVICE CARIBOU, ME
1226 AM EST WED JAN 18 2017


...................................

...THE HOULTON ME CLIMATE SUMMARY FOR JANUARY 17 2017...

CLIMATE NORMAL PERIOD 1981 TO 2010
CLIMATE RECORD PERIOD 1948 TO 2017


WEATHER ITEM   OBSERVED TIME   RECORD YEAR NORMAL DEPARTURE LAST
                VALUE   (LST)  VALUE       VALUE  FROM      YEAR
                                                  NORMAL
..................................................................
TEMPERATURE (F)
 YESTERDAY
  MAXIMUM         27    446 AM  49    1959  22      5       28
  MINIMUM         -2   1107 PM -33    2009   0     -2       18
  AVERAGE         13                        11      2       23

PRECIPITATION (IN)
  YESTERDAY        0.00          0.91 1995   0.09  -0.09     0.01
  MONTH TO DATE    1.41                      1.56  -0.15     1.36
  SINCE DEC 1      4.33                      4.85  -0.52     5.55
  SINCE JAN 1      1.41                      1.56  -0.15     1.36

SNOWFALL (IN)
  YESTERDAY       MM             6.9  1994   0.8   MM       MM
  MONTH TO DATE   MM                        12.8   MM       MM
  SINCE DEC 1     MM                        29.2   MM       MM
  SINCE JUL 1     MM                        37.3   MM       MM
  SNOW DEPTH      MM

DEGREE DAYS
 HEATING
  YESTERDAY       52                        54     -2       42
  MONTH TO DATE  849                       900    -51      788
  SINCE DEC 1   2293                      2312    -19     1875
  SINCE JUL 1   4036                      4420   -384     3670

 COOLING
  YESTERDAY        0                         0      0        0
  MONTH TO DATE    0                         0      0        0
  SINCE DEC 1      0                         0      0        0
  SINCE JAN 1      0                         0      0        0
..................................................................


WIND (MPH)
  HIGHEST WIND SPEED    20   HIGHEST WIND DIRECTION     N (10)
  HIGHEST GUST SPEED    23   HIGHEST GUST DIRECTION     N (10)
  AVERAGE WIND SPEED     7.4


SKY COVER
  POSSIBLE SUNSHINE  MM
  AVERAGE SKY COVER 0.3


WEATHER CONDITIONS
 THE FOLLOWING WEATHER WAS RECORDED YESTERDAY.
  NO SIGNIFICANT WEATHER WAS OBSERVED.


RELATIVE HUMIDITY (PERCENT)
 HIGHEST    87          1000 PM
 LOWEST     47           100 PM
 AVERAGE    67

..........................................................


THE HOULTON ME CLIMATE NORMALS FOR TODAY
                         NORMAL    RECORD    YEAR
 MAXIMUM TEMPERATURE (F)   22        51      2006
 MINIMUM TEMPERATURE (F)    0       -34      1971


SUNRISE AND SUNSET
JANUARY 18 2017.......SUNRISE   707 AM EST   SUNSET   416 PM EST
JANUARY 19 2017.......SUNRISE   707 AM EST   SUNSET   418 PM EST


-  INDICATES NEGATIVE NUMBERS.
R  INDICATES RECORD WAS SET OR TIED.
MM INDICATES DATA IS MISSING.
T  INDICATES TRACE AMOUNT.




$$
