000
CDUS41 KCAR 230527
CLIHUL


CLIMATE REPORT
NATIONAL WEATHER SERVICE CARIBOU, ME
126 AM EDT SAT JUL 23 2016


...................................

...THE HOULTON ME CLIMATE SUMMARY FOR JULY 22 2016...

CLIMATE NORMAL PERIOD 1981 TO 2010
CLIMATE RECORD PERIOD 1948 TO 2016


WEATHER ITEM   OBSERVED TIME   RECORD YEAR NORMAL DEPARTURE LAST
                VALUE   (LST)  VALUE       VALUE  FROM      YEAR
                                                  NORMAL
..................................................................
TEMPERATURE (F)
 YESTERDAY
  MAXIMUM         88    208 PM  90    1998  78     10       78
  MINIMUM         66   1153 PM  37    1992  54     12       58
  AVERAGE         77                        66     11       68

PRECIPITATION (IN)
  YESTERDAY        0.00          1.52 1978   0.12  -0.12     0.01
  MONTH TO DATE    2.68                      2.58   0.10     1.25
  SINCE JUN 1      5.34                      6.23  -0.89     5.27
  SINCE JAN 1     19.72                     20.86  -1.14    14.62

SNOWFALL (IN)
  YESTERDAY       MM             0.0  2003   0.0   MM       MM
  MONTH TO DATE   MM                         0.0   MM       MM
  SINCE JUN 1     MM                         0.0   MM       MM
  SINCE JUL 1     MM                         0.0   MM       MM
  SNOW DEPTH      MM

DEGREE DAYS
 HEATING
  YESTERDAY        0                         2     -2        0
  MONTH TO DATE   41                        47     -6       47
  SINCE JUN 1    216                       228    -12      284
  SINCE JUL 1     41                        47     -6       47

 COOLING
  YESTERDAY       12                         3      9        3
  MONTH TO DATE   58                        64     -6       25
  SINCE JUN 1     88                        99    -11       37
  SINCE JAN 1     95                       103     -8       62
..................................................................


WIND (MPH)
  HIGHEST WIND SPEED    17   HIGHEST WIND DIRECTION    SW (240)
  HIGHEST GUST SPEED    25   HIGHEST GUST DIRECTION    SW (230)
  AVERAGE WIND SPEED     9.1


SKY COVER
  POSSIBLE SUNSHINE  MM
  AVERAGE SKY COVER 0.2


WEATHER CONDITIONS
 THE FOLLOWING WEATHER WAS RECORDED YESTERDAY.
  THUNDERSTORM


RELATIVE HUMIDITY (PERCENT)
 HIGHEST    87          1100 PM
 LOWEST     50           200 PM
 AVERAGE    69

..........................................................


THE HOULTON ME CLIMATE NORMALS FOR TODAY
                         NORMAL    RECORD    YEAR
 MAXIMUM TEMPERATURE (F)   78        97      1952
 MINIMUM TEMPERATURE (F)   54        42      1962


SUNRISE AND SUNSET
JULY 23 2016..........SUNRISE   503 AM EDT   SUNSET   811 PM EDT
JULY 24 2016..........SUNRISE   505 AM EDT   SUNSET   810 PM EDT


-  INDICATES NEGATIVE NUMBERS.
R  INDICATES RECORD WAS SET OR TIED.
MM INDICATES DATA IS MISSING.
T  INDICATES TRACE AMOUNT.




$$
