000
CDUS41 KCAR 272131
CLIHUL


CLIMATE REPORT
NATIONAL WEATHER SERVICE CARIBOU, ME
428 PM EST SAT DEC 27 2014


...................................

...THE HOULTON ME CLIMATE SUMMARY FOR DECEMBER 27 2014...
VALID TODAY AS OF 0400 PM LOCAL TIME.

CLIMATE NORMAL PERIOD 1981 TO 2010
CLIMATE RECORD PERIOD 1948 TO 2014


WEATHER ITEM   OBSERVED TIME   RECORD YEAR NORMAL DEPARTURE LAST
                VALUE   (LST)  VALUE       VALUE  FROM      YEAR
                                                  NORMAL
..................................................................
TEMPERATURE (F)
 TODAY
  MAXIMUM         41    239 PM  54    1964  25     16       22
  MINIMUM         36    803 AM -18    1993   5     31       -4
  AVERAGE         39                        15     24        9

PRECIPITATION (IN)
  TODAY            0.00          0.72 1976   0.09  -0.09      T
  MONTH TO DATE    5.37                      2.93   2.44     2.13
  SINCE DEC 1      5.37                      2.93   2.44     2.13
  SINCE JAN 1     42.21                     39.62   2.59    42.08

SNOWFALL (IN)
  TODAY           MM             4.0  1976   0.6   MM       MM
  MONTH TO DATE   MM                        13.7   MM       MM
  SINCE DEC 1     MM                        13.7   MM       MM
  SINCE JUL 1     MM                        21.8   MM       MM
  SNOW DEPTH      MM

DEGREE DAYS
 HEATING
  TODAY           26                        50    -24       56
  MONTH TO DATE 1037                      1209   -172     1340
  SINCE DEC 1   1037                      1209   -172     1340
  SINCE JUL 1   2934                      3317   -383     3341

 COOLING
  TODAY            0                         0      0        0
  MONTH TO DATE    0                         0      0        0
  SINCE DEC 1      0                         0      0        0
  SINCE JAN 1    233                       191     42      198
..................................................................


WIND (MPH)
  HIGHEST WIND SPEED    20   HIGHEST WIND DIRECTION     W (290)
  HIGHEST GUST SPEED    27   HIGHEST GUST DIRECTION     W (290)
  AVERAGE WIND SPEED     8.4


SKY COVER
  POSSIBLE SUNSHINE  MM
  AVERAGE SKY COVER 0.5


WEATHER CONDITIONS
 THE FOLLOWING WEATHER WAS RECORDED TODAY.
  NO SIGNIFICANT WEATHER WAS OBSERVED.


RELATIVE HUMIDITY (PERCENT)
 HIGHEST    70           100 AM
 LOWEST     45           200 PM
 AVERAGE    58

..........................................................


THE HOULTON ME CLIMATE NORMALS FOR TOMORROW
                         NORMAL    RECORD    YEAR
 MAXIMUM TEMPERATURE (F)   25        51      2011
                                             1982
 MINIMUM TEMPERATURE (F)    5       -22      1993


SUNRISE AND SUNSET
DECEMBER 27 2014......SUNRISE   713 AM EST   SUNSET   352 PM EST
DECEMBER 28 2014......SUNRISE   713 AM EST   SUNSET   353 PM EST


-  INDICATES NEGATIVE NUMBERS.
R  INDICATES RECORD WAS SET OR TIED.
MM INDICATES DATA IS MISSING.
T  INDICATES TRACE AMOUNT.




$$
