000
CDUS45 KTFX 221034
CLIHVR


CLIMATE REPORT
NATIONAL WEATHER SERVICE GREAT FALLS MT
427 AM MDT WED OCT 22 2014


...................................

...THE HAVRE MT CLIMATE SUMMARY FOR OCTOBER 21 2014...

CLIMATE NORMAL PERIOD 1981 TO 2010
CLIMATE RECORD PERIOD 1880 TO 2014


WEATHER ITEM   OBSERVED TIME   RECORD YEAR NORMAL DEPARTURE LAST
                VALUE   (LST)  VALUE       VALUE  FROM      YEAR
                                                  NORMAL
..................................................................
TEMPERATURE (F)
 YESTERDAY
  MAXIMUM         61    211 PM  83    2003  56      5       64
  MINIMUM         34    554 AM   9    1881  29      5       44
  AVERAGE         48                        42      6       54

PRECIPITATION (IN)
  YESTERDAY        0.12          0.77 1980   0.01   0.11     0.00
  MONTH TO DATE    0.61                      0.42   0.19     0.16
  SINCE OCT 1      0.61                      0.42   0.19     0.16
  SINCE JAN 1     11.77                     10.21   1.56    17.31

SNOWFALL (IN)
  YESTERDAY        0.0           1.7  1961   0.0    0.0      0.0
  MONTH TO DATE    T                         1.1   -1.1      0.0
  SINCE SEP 1      T                         1.4   -1.4      0.0
  SINCE JUL 1      T                         1.4   -1.4      0.0
  SNOW DEPTH       0

DEGREE DAYS
 HEATING
  YESTERDAY       17                        23     -6       11
  MONTH TO DATE  260                       389   -129      412
  SINCE SEP 1    501                       663   -162      562
  SINCE JUL 1    545                       746   -201      580

 COOLING
  YESTERDAY        0                         0      0        0
  MONTH TO DATE    0                         0      0        0
  SINCE SEP 1     12                        19     -7       70
  SINCE JAN 1    402                       386     16      445
..................................................................


WIND (MPH)
  HIGHEST WIND SPEED    26   HIGHEST WIND DIRECTION    SW (220)
  HIGHEST GUST SPEED    31   HIGHEST GUST DIRECTION    SW (220)
  AVERAGE WIND SPEED    10.2


SKY COVER
  AVERAGE SKY COVER 0.4


WEATHER CONDITIONS
 THE FOLLOWING WEATHER WAS RECORDED YESTERDAY.
  LIGHT RAIN


RELATIVE HUMIDITY (PERCENT)
 HIGHEST    96           600 AM
 LOWEST     51          1200 PM
 AVERAGE    74

..........................................................


THE HAVRE MT CLIMATE NORMALS FOR TODAY
                         NORMAL    RECORD    YEAR
 MAXIMUM TEMPERATURE (F)   55        82      1915
 MINIMUM TEMPERATURE (F)   28         8      1881


SUNRISE AND SUNSET
OCTOBER 22 2014.......SUNRISE   750 AM MDT   SUNSET   616 PM MDT
OCTOBER 23 2014.......SUNRISE   751 AM MDT   SUNSET   615 PM MDT


-  INDICATES NEGATIVE NUMBERS.
R  INDICATES RECORD WAS SET OR TIED.
MM INDICATES DATA IS MISSING.
T  INDICATES TRACE AMOUNT.




$$
