000
CDUS45 KTFX 080752
CLIHVR


CLIMATE REPORT
NATIONAL WEATHER SERVICE GREAT FALLS MT
1251 AM MST MON FEB 8 2016


...................................

...THE HAVRE MT CLIMATE SUMMARY FOR FEBRUARY 7 2016...

CLIMATE NORMAL PERIOD 1981 TO 2010
CLIMATE RECORD PERIOD 1880 TO 2016


WEATHER ITEM   OBSERVED TIME   RECORD YEAR NORMAL DEPARTURE LAST
                VALUE   (LST)  VALUE       VALUE  FROM      YEAR
                                                  NORMAL
..................................................................
TEMPERATURE (F)
 YESTERDAY
  MAXIMUM         41    423 PM  62    1954  32      9       55
  MINIMUM         18   1109 PM -40    1994   9      9       37
  AVERAGE         30                        20     10       46

PRECIPITATION (IN)
  YESTERDAY        0.00          0.34 1979   0.01  -0.01      T
  MONTH TO DATE    T                         0.06  -0.06     0.22
  SINCE OCT 1      2.29                      1.80   0.49     3.09
  SINCE JAN 1      0.36                      0.39  -0.03     1.52

SNOWFALL (IN)
  YESTERDAY        0.0           5.2  1979   0.2   -0.2      0.0
  MONTH TO DATE    T                         1.3   -1.3      5.0
  SINCE DEC 1     10.8                      15.8   -5.0     15.8
  SINCE JUL 1     13.8                      23.4   -9.6     20.4
  SNOW DEPTH       0

DEGREE DAYS
 HEATING
  YESTERDAY       35                        44     -9       19
  MONTH TO DATE  234                       314    -80      338
  SINCE DEC 1   2941                      3194   -253     2950
  SINCE JUL 1   4794                      5237   -443     4887

 COOLING
  YESTERDAY        0                         0      0        0
  MONTH TO DATE    0                         0      0        0
  SINCE DEC 1      0                         0      0        0
  SINCE JAN 1      0                         0      0        0
..................................................................


WIND (MPH)
  HIGHEST WIND SPEED    22   HIGHEST WIND DIRECTION    NW (310)
  HIGHEST GUST SPEED    28   HIGHEST GUST DIRECTION    NW (310)
  AVERAGE WIND SPEED    10.1


SKY COVER
  AVERAGE SKY COVER 0.1


WEATHER CONDITIONS
 THE FOLLOWING WEATHER WAS RECORDED YESTERDAY.
  NO SIGNIFICANT WEATHER WAS OBSERVED.


RELATIVE HUMIDITY (PERCENT)
 HIGHEST    77           700 PM
 LOWEST     28           200 PM
 AVERAGE    53

..........................................................


THE HAVRE MT CLIMATE NORMALS FOR TODAY
                         NORMAL    RECORD    YEAR
 MAXIMUM TEMPERATURE (F)   32        62      1954
 MINIMUM TEMPERATURE (F)   10       -44      1994


SUNRISE AND SUNSET
FEBRUARY  8 2016......SUNRISE   739 AM MST   SUNSET   528 PM MST
FEBRUARY  9 2016......SUNRISE   737 AM MST   SUNSET   530 PM MST


-  INDICATES NEGATIVE NUMBERS.
R  INDICATES RECORD WAS SET OR TIED.
MM INDICATES DATA IS MISSING.
T  INDICATES TRACE AMOUNT.




$$
