000
CDUS45 KTFX 242230
CLIHVR


CLIMATE REPORT
NATIONAL WEATHER SERVICE GREAT FALLS MT
430 PM MDT SAT JUN 24 2017


...................................

...THE HAVRE MT CLIMATE SUMMARY FOR JUNE 24 2017...
VALID TODAY AS OF 0400 PM LOCAL TIME.

CLIMATE NORMAL PERIOD 1981 TO 2010
CLIMATE RECORD PERIOD 1880 TO 2017


WEATHER ITEM   OBSERVED TIME   RECORD YEAR NORMAL DEPARTURE LAST
                VALUE   (LST)  VALUE       VALUE  FROM      YEAR
                                                  NORMAL
..................................................................
TEMPERATURE (F)
 TODAY
  MAXIMUM         76    241 PM  99    1974  78     -2       67
                                      1941
  MINIMUM         39    338 AM  38    1905  50    -11       46
  AVERAGE         58                        64     -6       57

PRECIPITATION (IN)
  TODAY            0.00          1.35 1951   0.07  -0.07     0.17
  MONTH TO DATE    0.54                      1.77  -1.23     1.51
  SINCE OCT 1      7.06                      6.91   0.15    11.33
  SINCE JAN 1      3.07                      5.50  -2.43     9.40

SNOWFALL (IN)
  TODAY            0.0           0.0  2000   0.0    0.0      0.0
                                      2001
                                      1998
  MONTH TO DATE    0.0                       0.5   -0.5      0.0
  SINCE JUN 1      0.0                       0.5   -0.5      0.0
  SINCE JUL 1     32.9                      39.5   -6.6     17.3

DEGREE DAYS
 HEATING
  TODAY            7                         3      4        8
  MONTH TO DATE   75                       118    -43       74
  SINCE JUN 1     75                       118    -43       74
  SINCE JUL 1   7852                      8206   -354     7157

 COOLING
  TODAY            0                         2     -2        0
  MONTH TO DATE   47                        33     14       33
  SINCE JUN 1     47                        33     14       33
  SINCE JAN 1     58                        44     14       34
..................................................................


WIND (MPH)
  HIGHEST WIND SPEED    15   HIGHEST WIND DIRECTION    NW (300)
  HIGHEST GUST SPEED    20   HIGHEST GUST DIRECTION     W (290)
  AVERAGE WIND SPEED     5.1


SKY COVER
  AVERAGE SKY COVER 0.3


WEATHER CONDITIONS
 THE FOLLOWING WEATHER WAS RECORDED TODAY.
  NO SIGNIFICANT WEATHER WAS OBSERVED.


RELATIVE HUMIDITY (PERCENT)
 HIGHEST    85           300 AM
 LOWEST     25           300 PM
 AVERAGE    55

..........................................................


THE HAVRE MT CLIMATE NORMALS FOR TOMORROW
                         NORMAL    RECORD    YEAR
 MAXIMUM TEMPERATURE (F)   79        96      1961
                                             1883
 MINIMUM TEMPERATURE (F)   50        39      1968
                                             1904


SUNRISE AND SUNSET
JUNE 24 2017..........SUNRISE   518 AM MDT   SUNSET   925 PM MDT
JUNE 25 2017..........SUNRISE   518 AM MDT   SUNSET   925 PM MDT


-  INDICATES NEGATIVE NUMBERS.
R  INDICATES RECORD WAS SET OR TIED.
MM INDICATES DATA IS MISSING.
T  INDICATES TRACE AMOUNT.




$$
