000
CDUS45 KTFX 280951
CLIHVR


CLIMATE REPORT
NATIONAL WEATHER SERVICE GREAT FALLS MT
250 AM MST FRI NOV 28 2014


...................................

...THE HAVRE MT CLIMATE SUMMARY FOR NOVEMBER 27 2014...

CLIMATE NORMAL PERIOD 1981 TO 2010
CLIMATE RECORD PERIOD 1880 TO 2014


WEATHER ITEM   OBSERVED TIME   RECORD YEAR NORMAL DEPARTURE LAST
                VALUE   (LST)  VALUE       VALUE  FROM      YEAR
                                                  NORMAL
..................................................................
TEMPERATURE (F)
 YESTERDAY
  MAXIMUM         54    309 PM  63    1949  36     18       44
  MINIMUM         27   1159 PM -30    1887  14     13       16
  AVERAGE         41                        25     16       30

PRECIPITATION (IN)
  YESTERDAY        0.02          0.34 1905   0.01   0.01     0.00
  MONTH TO DATE    0.46                      0.39   0.07     0.35
  SINCE OCT 1      1.22                      0.97   0.25     0.67
  SINCE JAN 1     12.38                     10.76   1.62    17.82

SNOWFALL (IN)
  YESTERDAY        T             5.0  2005   0.2   -0.2      0.0
  MONTH TO DATE    4.6                       4.6    0.0      4.8
  SINCE SEP 1      4.6                       6.9   -2.3      5.8
  SINCE JUL 1      4.6                       6.9   -2.3      5.8
  SNOW DEPTH       T

DEGREE DAYS
 HEATING
  YESTERDAY       24                        40    -16       35
  MONTH TO DATE 1015                       921     94      998
  SINCE SEP 1   1712                      1837   -125     1812
  SINCE JUL 1   1756                      1920   -164     1830

 COOLING
  YESTERDAY        0                         0      0        0
  MONTH TO DATE    0                         0      0        0
  SINCE SEP 1     12                        20     -8       70
  SINCE JAN 1    402                       387     15      445
..................................................................


WIND (MPH)
  HIGHEST WIND SPEED    22   HIGHEST WIND DIRECTION    SW (230)
  HIGHEST GUST SPEED    27   HIGHEST GUST DIRECTION    SW (230)
  AVERAGE WIND SPEED     6.2


SKY COVER
  AVERAGE SKY COVER 0.7


WEATHER CONDITIONS
 THE FOLLOWING WEATHER WAS RECORDED YESTERDAY.
  LT FREEZING RAIN
  FOG
  FOG W/VISIBILITY <= 1/4 MILE


RELATIVE HUMIDITY (PERCENT)
 HIGHEST   100           600 PM
 LOWEST     54           300 PM
 AVERAGE    77

..........................................................


THE HAVRE MT CLIMATE NORMALS FOR TODAY
                         NORMAL    RECORD    YEAR
 MAXIMUM TEMPERATURE (F)   35        62      1901
 MINIMUM TEMPERATURE (F)   14       -26      1985


SUNRISE AND SUNSET
NOVEMBER 28 2014......SUNRISE   746 AM MST   SUNSET   428 PM MST
NOVEMBER 29 2014......SUNRISE   747 AM MST   SUNSET   427 PM MST


-  INDICATES NEGATIVE NUMBERS.
R  INDICATES RECORD WAS SET OR TIED.
MM INDICATES DATA IS MISSING.
T  INDICATES TRACE AMOUNT.




$$
