000
CDUS45 KTFX 210934
CLIHVR


CLIMATE REPORT
NATIONAL WEATHER SERVICE GREAT FALLS MT
333 AM MDT THU AUG 21 2014


...................................

...THE HAVRE MT CLIMATE SUMMARY FOR AUGUST 20 2014...

CLIMATE NORMAL PERIOD 1981 TO 2010
CLIMATE RECORD PERIOD 1880 TO 2014


WEATHER ITEM   OBSERVED TIME   RECORD YEAR NORMAL DEPARTURE LAST
                VALUE   (LST)  VALUE       VALUE  FROM      YEAR
                                                  NORMAL
..................................................................
TEMPERATURE (F)
 YESTERDAY
  MAXIMUM         82    315 PM 102    1971  83     -1       89
  MINIMUM         55    511 AM  38    1907  51      4       54
  AVERAGE         69                        67      2       72

PRECIPITATION (IN)
  YESTERDAY        0.02          0.68 1923   0.04  -0.02     0.00
  MONTH TO DATE    0.55                      0.71  -0.16     0.93
  SINCE OCT 1      9.20                      9.68  -0.48    17.37
  SINCE JAN 1      7.19                      8.27  -1.08    14.89

SNOWFALL (IN)
  YESTERDAY        0.0           T    1952   0.0    0.0      0.0
                                      1998
  MONTH TO DATE    0.0                       0.0    0.0      0.0
  SINCE JUN 1      0.0                       0.0    0.0      0.0
  SINCE JUL 1      0.0                       0.0    0.0      0.0
  SNOW DEPTH       0

DEGREE DAYS
 HEATING
  YESTERDAY        0                         2     -2        0
  MONTH TO DATE    0                        21    -21        8
  SINCE JUN 1    175                       184     -9      129
  SINCE JUL 1      0                        51    -51       16

 COOLING
  YESTERDAY        4                         4      0        7
  MONTH TO DATE  164                       116     48       96
  SINCE JUN 1    371                       326     45      285
  SINCE JAN 1    378                       337     41      292
..................................................................


WIND (MPH)
  HIGHEST WIND SPEED    30   HIGHEST WIND DIRECTION    NW (300)
  HIGHEST GUST SPEED    37   HIGHEST GUST DIRECTION    NW (300)
  AVERAGE WIND SPEED     6.5


SKY COVER
  AVERAGE SKY COVER 0.2


WEATHER CONDITIONS
 THE FOLLOWING WEATHER WAS RECORDED YESTERDAY.
  LIGHT RAIN


RELATIVE HUMIDITY (PERCENT)
 HIGHEST    93           400 AM
 LOWEST     31           300 PM
 AVERAGE    62

..........................................................


THE HAVRE MT CLIMATE NORMALS FOR TODAY
                         NORMAL    RECORD    YEAR
 MAXIMUM TEMPERATURE (F)   83       102      1969
 MINIMUM TEMPERATURE (F)   51        40      2000
                                             1913
                                             1904


SUNRISE AND SUNSET
AUGUST 21 2014........SUNRISE   621 AM MDT   SUNSET   822 PM MDT
AUGUST 22 2014........SUNRISE   622 AM MDT   SUNSET   820 PM MDT


-  INDICATES NEGATIVE NUMBERS.
R  INDICATES RECORD WAS SET OR TIED.
MM INDICATES DATA IS MISSING.
T  INDICATES TRACE AMOUNT.




$$
