000
CDUS45 KTFX 011014
CLIHVR


CLIMATE REPORT
NATIONAL WEATHER SERVICE GREAT FALLS MT
414 AM MDT SAT AUG 1 2015


...................................

...THE HAVRE MT CLIMATE SUMMARY FOR JULY 31 2015...

CLIMATE NORMAL PERIOD 1981 TO 2010
CLIMATE RECORD PERIOD 1880 TO 2015


WEATHER ITEM   OBSERVED TIME   RECORD YEAR NORMAL DEPARTURE LAST
                VALUE   (LST)  VALUE       VALUE  FROM      YEAR
                                                  NORMAL
..................................................................
TEMPERATURE (F)
 YESTERDAY
  MAXIMUM         93    447 PM 103    2005  88      5       98
                                      1908
  MINIMUM         50    525 AM  42    1968  55     -5       56
  AVERAGE         72                        71      1       77

PRECIPITATION (IN)
  YESTERDAY        0.00          1.22 1975   0.04  -0.04     0.00
  MONTH TO DATE    3.27                      1.64   1.63     0.26
  SINCE OCT 1      9.40                      8.97   0.43     8.65
  SINCE JAN 1      7.83                      7.56   0.27     6.64

SNOWFALL (IN)
  YESTERDAY        0.0           0.0  1999   0.0    0.0      0.0
                                      1998
  MONTH TO DATE    0.0                       0.0    0.0      0.0
  SINCE JUN 1      0.0                       0.0    0.0      0.0
  SINCE JUL 1      0.0                       0.0    0.0      0.0
  SNOW DEPTH       0

DEGREE DAYS
 HEATING
  YESTERDAY        0                         0      0        0
  MONTH TO DATE   25                        29     -4        0
  SINCE JUN 1     82                       163    -81      175
  SINCE JUL 1     25                        30     -5        0

 COOLING
  YESTERDAY        7                         7      0       12
  MONTH TO DATE  153                       162     -9      201
  SINCE JUN 1    263                       210     53      207
  SINCE JAN 1    263                       221     42      214
..................................................................


WIND (MPH)
  HIGHEST WIND SPEED    20   HIGHEST WIND DIRECTION    NW (330)
  HIGHEST GUST SPEED    23   HIGHEST GUST DIRECTION    NW (330)
  AVERAGE WIND SPEED     5.5


SKY COVER
  AVERAGE SKY COVER 0.0


WEATHER CONDITIONS
 THE FOLLOWING WEATHER WAS RECORDED YESTERDAY.
  NO SIGNIFICANT WEATHER WAS OBSERVED.


RELATIVE HUMIDITY (PERCENT)
 HIGHEST    93           600 AM
 LOWEST     13           500 PM
 AVERAGE    53

..........................................................


THE HAVRE MT CLIMATE NORMALS FOR TODAY
                         NORMAL    RECORD    YEAR
 MAXIMUM TEMPERATURE (F)   88       106      1908
 MINIMUM TEMPERATURE (F)   55        38      1880


SUNRISE AND SUNSET
AUGUST  1 2015........SUNRISE   553 AM MDT   SUNSET   857 PM MDT
AUGUST  2 2015........SUNRISE   555 AM MDT   SUNSET   855 PM MDT


-  INDICATES NEGATIVE NUMBERS.
R  INDICATES RECORD WAS SET OR TIED.
MM INDICATES DATA IS MISSING.
T  INDICATES TRACE AMOUNT.




$$
