000
CDUS45 KTFX 010924
CLIHVR


CLIMATE REPORT
NATIONAL WEATHER SERVICE GREAT FALLS MT
324 AM MDT WED OCT 1 2014


...................................

...THE HAVRE MT CLIMATE SUMMARY FOR SEPTEMBER 30 2014...

CLIMATE NORMAL PERIOD 1981 TO 2010
CLIMATE RECORD PERIOD 1880 TO 2014


WEATHER ITEM   OBSERVED TIME   RECORD YEAR NORMAL DEPARTURE LAST
                VALUE   (LST)  VALUE       VALUE  FROM      YEAR
                                                  NORMAL
..................................................................
TEMPERATURE (F)
 YESTERDAY
  MAXIMUM         69   1254 PM  92    2011  66      3       65
  MINIMUM         46   1228 AM  19    1985  36     10       43
  AVERAGE         58                        51      7       54

PRECIPITATION (IN)
  YESTERDAY        0.10          0.88 1977   0.03   0.07      T
  MONTH TO DATE    0.84                      1.12  -0.28     2.05
  SINCE OCT 1     13.17                     11.20   1.97    19.63
  SINCE JAN 1     11.16                      9.79   1.37    17.15

SNOWFALL (IN)
  YESTERDAY        0.0           1.4  1944   0.0    0.0      0.0
  MONTH TO DATE    T                         0.3   -0.3      0.0
  SINCE SEP 1      T                         0.3   -0.3      0.0
  SINCE JUL 1      T                         0.3   -0.3      0.0
  SNOW DEPTH       0

DEGREE DAYS
 HEATING
  YESTERDAY        7                        14     -7       11
  MONTH TO DATE  241                       275    -34      150
  SINCE SEP 1    241                       274    -33      150
  SINCE JUL 1    285                       357    -72      168

 COOLING
  YESTERDAY        0                         0      0        0
  MONTH TO DATE   12                        19     -7       70
  SINCE SEP 1     12                        19     -7       70
  SINCE JAN 1    402                       386     16      445
..................................................................


WIND (MPH)
  HIGHEST WIND SPEED    26   HIGHEST WIND DIRECTION    NW (310)
  HIGHEST GUST SPEED    33   HIGHEST GUST DIRECTION    NW (320)
  AVERAGE WIND SPEED    16.6


SKY COVER
  AVERAGE SKY COVER 0.9


WEATHER CONDITIONS
 THE FOLLOWING WEATHER WAS RECORDED YESTERDAY.
  LIGHT RAIN


RELATIVE HUMIDITY (PERCENT)
 HIGHEST    86           800 PM
 LOWEST     37           100 PM
 AVERAGE    62

..........................................................


THE HAVRE MT CLIMATE NORMALS FOR TODAY
                         NORMAL    RECORD    YEAR
 MAXIMUM TEMPERATURE (F)   65        88      1992
 MINIMUM TEMPERATURE (F)   36        18      2004


SUNRISE AND SUNSET
OCTOBER  1 2014.......SUNRISE   719 AM MDT   SUNSET   658 PM MDT
OCTOBER  2 2014.......SUNRISE   720 AM MDT   SUNSET   656 PM MDT


-  INDICATES NEGATIVE NUMBERS.
R  INDICATES RECORD WAS SET OR TIED.
MM INDICATES DATA IS MISSING.
T  INDICATES TRACE AMOUNT.




$$
