000
CDUS45 KTFX 312232
CLIHVR


CLIMATE REPORT
NATIONAL WEATHER SERVICE GREAT FALLS MT
430 PM MDT WED AUG 31 2016


...................................

...THE HAVRE MT CLIMATE SUMMARY FOR AUGUST 31 2016...
VALID TODAY AS OF 0400 PM LOCAL TIME.

CLIMATE NORMAL PERIOD 1981 TO 2010
CLIMATE RECORD PERIOD 1880 TO 2016


WEATHER ITEM   OBSERVED TIME   RECORD YEAR NORMAL DEPARTURE LAST
                VALUE   (LST)  VALUE       VALUE  FROM      YEAR
                                                  NORMAL
..................................................................
TEMPERATURE (F)
 TODAY
  MAXIMUM         94    252 PM 102    1991  78     16       80
  MINIMUM         57    605 AM  35    1952  47     10       50
  AVERAGE         76                        63     13       65

PRECIPITATION (IN)
  TODAY            0.00          1.62 1887   0.03  -0.03     0.00
  MONTH TO DATE    1.02                      1.11  -0.09     0.74
  SINCE OCT 1     15.20                     10.08   5.12    10.14
  SINCE JAN 1     13.27                      8.67   4.60     8.57

SNOWFALL (IN)
  TODAY            0.0           0.0  1999   0.0    0.0      0.0
                                      2001
                                      1998
  MONTH TO DATE    0.0                       0.0    0.0      0.0
  SINCE JUN 1      0.0                       0.0    0.0       T
  SINCE JUL 1      0.0                       0.0    0.0       T

DEGREE DAYS
 HEATING
  TODAY            0                         4     -4        0
  MONTH TO DATE   42                        54    -12       50
  SINCE JUN 1    146                       216    -70      132
  SINCE JUL 1     61                        83    -22       75

 COOLING
  TODAY           11                         2      9        0
  MONTH TO DATE  118                       146    -28      147
  SINCE JUN 1    323                       356    -33      410
  SINCE JAN 1    324                       367    -43      410
..................................................................


WIND (MPH)
  HIGHEST WIND SPEED    16   HIGHEST WIND DIRECTION     E (80)
  HIGHEST GUST SPEED    19   HIGHEST GUST DIRECTION    NE (60)
  AVERAGE WIND SPEED     9.6


SKY COVER
  AVERAGE SKY COVER 0.0


WEATHER CONDITIONS
 THE FOLLOWING WEATHER WAS RECORDED TODAY.
  NO SIGNIFICANT WEATHER WAS OBSERVED.


RELATIVE HUMIDITY (PERCENT)
 HIGHEST    93           600 AM
 LOWEST     28           300 PM
 AVERAGE    61

..........................................................


THE HAVRE MT CLIMATE NORMALS FOR TOMORROW
                         NORMAL    RECORD    YEAR
 MAXIMUM TEMPERATURE (F)   78        99      1983
 MINIMUM TEMPERATURE (F)   47        35      1999
                                             1930
                                             1917


SUNRISE AND SUNSET
AUGUST 31 2016........SUNRISE   636 AM MDT   SUNSET   802 PM MDT
SEPTEMBER  1 2016.....SUNRISE   637 AM MDT   SUNSET   800 PM MDT


-  INDICATES NEGATIVE NUMBERS.
R  INDICATES RECORD WAS SET OR TIED.
MM INDICATES DATA IS MISSING.
T  INDICATES TRACE AMOUNT.




$$
