000
CDUS43 KUNR 250848
CLIICR


CLIMATE REPORT
NATIONAL WEATHER SERVICE RAPID CITY SD
244 AM MDT WED MAY 25 2016


...................................

...THE WINNER REGIONAL AIRPORT SD CLIMATE SUMMARY FOR MAY 24 2016...

CLIMATE NORMAL PERIOD 1981 TO 2010
CLIMATE RECORD PERIOD 9999 TO 9999


WEATHER ITEM   OBSERVED TIME   NORMAL DEPARTURE LAST
                VALUE   (LST)  VALUE  FROM      YEAR
                                      NORMAL
......................................................
TEMPERATURE (F)
 YESTERDAY
  MAXIMUM         83    448 PM  73     10       62
  MINIMUM         47    449 AM  49     -2       56
  AVERAGE         65            61      4       59

PRECIPITATION (IN)
  YESTERDAY        0.04          0.10  -0.06     0.05
  MONTH TO DATE    1.59          2.52  -0.93     2.59
  SINCE MAR 1      7.73          6.39   1.34     3.44
  SINCE JAN 1      8.12          7.15   0.97     3.53

DEGREE DAYS
 HEATING
  YESTERDAY        0             5     -5        6
  MONTH TO DATE  175           209    -34      223
  SINCE MAR 1   1274          1604   -330     1236
  SINCE JUL 1   5567          6613  -1046     5996

 COOLING
  YESTERDAY        0             1     -1        0
  MONTH TO DATE   26            19      7       12
  SINCE MAR 1     35            21     14       24
  SINCE JAN 1     35            21     14       24
......................................................


WIND (MPH)
  HIGHEST WIND SPEED    28   HIGHEST WIND DIRECTION     W (280)
  HIGHEST GUST SPEED    34   HIGHEST GUST DIRECTION     W (280)
  AVERAGE WIND SPEED     8.0


SKY COVER
  AVERAGE SKY COVER 0.1


WEATHER CONDITIONS
 THE FOLLOWING WEATHER WAS RECORDED YESTERDAY.
  THUNDERSTORM
  HEAVY RAIN
  RAIN
  LIGHT RAIN
  FOG


RELATIVE HUMIDITY (PERCENT)
 HIGHEST    71           500 AM
 LOWEST     28           100 PM
 AVERAGE    50

..........................................................




SUNRISE AND SUNSET
MAY 25 2016...........SUNRISE   606 AM CDT   SUNSET   908 PM CDT
MAY 26 2016...........SUNRISE   605 AM CDT   SUNSET   909 PM CDT


-  INDICATES NEGATIVE NUMBERS.
R  INDICATES RECORD WAS SET OR TIED.
MM INDICATES DATA IS MISSING.
T  INDICATES TRACE AMOUNT.




$$
