000
CDUS43 KUNR 230835
CLIICR


CLIMATE REPORT
NATIONAL WEATHER SERVICE RAPID CITY SD
134 AM MST MON JAN 23 2017


...................................

...THE WINNER REGIONAL AIRPORT SD CLIMATE SUMMARY FOR JANUARY 22 2017...

CLIMATE NORMAL PERIOD 1981 TO 2010
CLIMATE RECORD PERIOD 9999 TO 9999


WEATHER ITEM   OBSERVED TIME   NORMAL DEPARTURE LAST
                VALUE   (LST)  VALUE  FROM      YEAR
                                      NORMAL
......................................................
TEMPERATURE (F)
 YESTERDAY
  MAXIMUM         40    223 PM  36      4       28
  MINIMUM         23    922 PM  14      9       20
  AVERAGE         32            25      7       24

PRECIPITATION (IN)
  YESTERDAY        0.00          0.01  -0.01     0.00
  MONTH TO DATE    0.01          0.16  -0.15     0.03
  SINCE DEC 1      0.56          0.50   0.06     1.48
  SINCE JAN 1      0.01          0.16  -0.15     0.03

DEGREE DAYS
 HEATING
  YESTERDAY       33            40     -7       41
  MONTH TO DATE  956           885     71      968
  SINCE DEC 1   2140          2120     20     2092
  SINCE JUL 1   3010          3591   -581     3187

 COOLING
  YESTERDAY        0             0      0        0
  MONTH TO DATE    0             0      0        0
  SINCE DEC 1      0             0      0        0
  SINCE JAN 1      0             0      0        0
......................................................


WIND (MPH)
  HIGHEST WIND SPEED    18   HIGHEST WIND DIRECTION    NW (320)
  HIGHEST GUST SPEED    22   HIGHEST GUST DIRECTION    NW (320)
  AVERAGE WIND SPEED     8.3


SKY COVER
  AVERAGE SKY COVER 0.1


WEATHER CONDITIONS
 THE FOLLOWING WEATHER WAS RECORDED YESTERDAY.
  FOG


RELATIVE HUMIDITY (PERCENT)
 HIGHEST    92          1200 AM
 LOWEST     59           300 PM
 AVERAGE    76

..........................................................




SUNRISE AND SUNSET
JANUARY 23 2017.......SUNRISE   803 AM CST   SUNSET   540 PM CST
JANUARY 24 2017.......SUNRISE   803 AM CST   SUNSET   541 PM CST


-  INDICATES NEGATIVE NUMBERS.
R  INDICATES RECORD WAS SET OR TIED.
MM INDICATES DATA IS MISSING.
T  INDICATES TRACE AMOUNT.




$$
