000
CDUS43 KUNR 210830
CLIICR


CLIMATE REPORT
NATIONAL WEATHER SERVICE RAPID CITY SD
230 AM MDT THU AUG 21 2014


...................................

...THE WINNER REGIONAL AIRPORT SD CLIMATE SUMMARY FOR AUGUST 20 2014...

CLIMATE NORMAL PERIOD 1981 TO 2010
CLIMATE RECORD PERIOD 9999 TO 9999


WEATHER ITEM   OBSERVED TIME   NORMAL DEPARTURE LAST
                VALUE   (LST)  VALUE  FROM      YEAR
                                      NORMAL
......................................................
TEMPERATURE (F)
 YESTERDAY
  MAXIMUM         91    456 PM  87      4       98
  MINIMUM         68    708 AM  61      7       69
  AVERAGE         80            74      6       84

PRECIPITATION (IN)
  YESTERDAY        T             0.08  -0.08     0.04
  MONTH TO DATE    2.63          1.70   0.93     2.44
  SINCE JUN 1      7.04          8.31  -1.27     8.55
  SINCE JAN 1     11.83         16.38  -4.55    15.94

DEGREE DAYS
 HEATING
  YESTERDAY        0             0      0        0
  MONTH TO DATE    0             0      0        0
  SINCE JUN 1     49            59    -10       60
  SINCE JUL 1     12             5      7        7

 COOLING
  YESTERDAY       15             9      6       19
  MONTH TO DATE  183           212    -29      137
  SINCE JUN 1    586           688   -102      557
  SINCE JAN 1    667           718    -51      596
......................................................


WIND (MPH)
  HIGHEST WIND SPEED    20   HIGHEST WIND DIRECTION    NE (60)
  HIGHEST GUST SPEED    23   HIGHEST GUST DIRECTION    NE (60)
  AVERAGE WIND SPEED    10.4


SKY COVER
  AVERAGE SKY COVER 0.1


WEATHER CONDITIONS
 THE FOLLOWING WEATHER WAS RECORDED YESTERDAY.
  LIGHT RAIN


RELATIVE HUMIDITY (PERCENT)
 HIGHEST    87           600 AM
 LOWEST     44           400 PM
 AVERAGE    66

..........................................................




SUNRISE AND SUNSET
AUGUST 21 2014........SUNRISE   651 AM CDT   SUNSET   833 PM CDT
AUGUST 22 2014........SUNRISE   652 AM CDT   SUNSET   831 PM CDT


-  INDICATES NEGATIVE NUMBERS.
R  INDICATES RECORD WAS SET OR TIED.
MM INDICATES DATA IS MISSING.
T  INDICATES TRACE AMOUNT.




$$
