000
CDUS43 KUNR 250836
CLIICR


CLIMATE REPORT
NATIONAL WEATHER SERVICE RAPID CITY SD
236 AM MDT MON SEP 25 2017


...................................

...THE WINNER REGIONAL AIRPORT SD CLIMATE SUMMARY FOR SEPTEMBER 24 2017...

CLIMATE NORMAL PERIOD 1981 TO 2010
CLIMATE RECORD PERIOD 9999 TO 9999


WEATHER ITEM   OBSERVED TIME   NORMAL DEPARTURE LAST
                VALUE   (LST)  VALUE  FROM      YEAR
                                      NORMAL
......................................................
TEMPERATURE (F)
 YESTERDAY
  MAXIMUM         57    418 PM  73    -16       80
  MINIMUM         52   1159 PM  47      5       54
  AVERAGE         55            60     -5       67

PRECIPITATION (IN)
  YESTERDAY        0.55          0.06   0.49     0.00
  MONTH TO DATE    2.75          1.62   1.13     2.03
  SINCE SEP 1      2.75          1.62   1.13     2.03
  SINCE JAN 1     18.27         18.62  -0.35    16.89

DEGREE DAYS
 HEATING
  YESTERDAY       10             6      4        0
  MONTH TO DATE   69            83    -14       38
  SINCE SEP 1     69            83    -14       38
  SINCE JUL 1     71            97    -26       46

 COOLING
  YESTERDAY        0             2     -2        2
  MONTH TO DATE  130            95     35      116
  SINCE SEP 1    130            95     35      116
  SINCE JAN 1   1106           901    205     1160
......................................................


WIND (MPH)
  HIGHEST WIND SPEED    17   HIGHEST WIND DIRECTION    NW (310)
  HIGHEST GUST SPEED    22   HIGHEST GUST DIRECTION    NW (310)
  AVERAGE WIND SPEED    10.2


SKY COVER
  AVERAGE SKY COVER 1.0


WEATHER CONDITIONS
 THE FOLLOWING WEATHER WAS RECORDED YESTERDAY.
  RAIN
  LIGHT RAIN
  FOG


RELATIVE HUMIDITY (PERCENT)
 HIGHEST   100          1200 AM
 LOWEST     77           400 PM
 AVERAGE    89

..........................................................




SUNRISE AND SUNSET
SEPTEMBER 25 2017.....SUNRISE   730 AM CDT   SUNSET   731 PM CDT
SEPTEMBER 26 2017.....SUNRISE   731 AM CDT   SUNSET   729 PM CDT


-  INDICATES NEGATIVE NUMBERS.
R  INDICATES RECORD WAS SET OR TIED.
MM INDICATES DATA IS MISSING.
T  INDICATES TRACE AMOUNT.




$$
