000
CDUS43 KUNR 280836
CLIICR


CLIMATE REPORT
NATIONAL WEATHER SERVICE RAPID CITY SD
236 AM MDT FRI JUL 28 2017


...................................

...THE WINNER REGIONAL AIRPORT SD CLIMATE SUMMARY FOR JULY 27 2017...

CLIMATE NORMAL PERIOD 1981 TO 2010
CLIMATE RECORD PERIOD 9999 TO 9999


WEATHER ITEM   OBSERVED TIME   NORMAL DEPARTURE LAST
                VALUE   (LST)  VALUE  FROM      YEAR
                                      NORMAL
......................................................
TEMPERATURE (F)
 YESTERDAY
  MAXIMUM         88    401 PM  89     -1       88
  MINIMUM         62    559 AM  64     -2       62
  AVERAGE         75            77     -2       75

PRECIPITATION (IN)
  YESTERDAY        0.00          0.10  -0.10     0.22
  MONTH TO DATE    0.24          2.53  -2.29     1.74
  SINCE JUN 1      0.49          6.18  -5.69     2.79
  SINCE JAN 1      7.58         14.25  -6.67    12.14

DEGREE DAYS
 HEATING
  YESTERDAY        0             0      0        0
  MONTH TO DATE    0             0      0        1
  SINCE JUN 1      8            54    -46        4
  SINCE JUL 1      0             0      0        1

 COOLING
  YESTERDAY       10            12     -2       10
  MONTH TO DATE  480           284    196      347
  SINCE JUN 1    710           429    281      633
  SINCE JAN 1    738           459    279      680
......................................................


WIND (MPH)
  HIGHEST WIND SPEED    13   HIGHEST WIND DIRECTION    SE (150)
  HIGHEST GUST SPEED    18   HIGHEST GUST DIRECTION    SE (150)
  AVERAGE WIND SPEED     6.5


SKY COVER
  AVERAGE SKY COVER 0.0


WEATHER CONDITIONS
 THE FOLLOWING WEATHER WAS RECORDED YESTERDAY.
  NO SIGNIFICANT WEATHER WAS OBSERVED.


RELATIVE HUMIDITY (PERCENT)
 HIGHEST    84           400 AM
 LOWEST     35           200 PM
 AVERAGE    60

..........................................................




SUNRISE AND SUNSET
JULY 28 2017..........SUNRISE   625 AM CDT   SUNSET   906 PM CDT
JULY 29 2017..........SUNRISE   626 AM CDT   SUNSET   905 PM CDT


-  INDICATES NEGATIVE NUMBERS.
R  INDICATES RECORD WAS SET OR TIED.
MM INDICATES DATA IS MISSING.
T  INDICATES TRACE AMOUNT.




$$
