000
CDUS43 KUNR 310830
CLIICR


CLIMATE REPORT
NATIONAL WEATHER SERVICE RAPID CITY SD
230 AM MDT WED AUG 31 2016


...................................

...THE WINNER REGIONAL AIRPORT SD CLIMATE SUMMARY FOR AUGUST 30 2016...

CLIMATE NORMAL PERIOD 1981 TO 2010
CLIMATE RECORD PERIOD 9999 TO 9999


WEATHER ITEM   OBSERVED TIME   NORMAL DEPARTURE LAST
                VALUE   (LST)  VALUE  FROM      YEAR
                                      NORMAL
......................................................
TEMPERATURE (F)
 YESTERDAY
  MAXIMUM         91    338 PM  84      7       96
  MINIMUM         65    629 AM  58      7       69
  AVERAGE         78            71      7       83

PRECIPITATION (IN)
  YESTERDAY        0.00          0.06  -0.06     0.00
  MONTH TO DATE    1.99          2.26  -0.27     3.09
  SINCE JUN 1      5.51          8.87  -3.36     9.13
  SINCE JAN 1     14.86         16.94  -2.08    12.80

DEGREE DAYS
 HEATING
  YESTERDAY        0             1     -1        0
  MONTH TO DATE    7             4      3       14
  SINCE JUN 1     11            63    -52       17
  SINCE JUL 1      8             9     -1       14

 COOLING
  YESTERDAY       13             7      6       18
  MONTH TO DATE  315           293     22      299
  SINCE JUN 1    987           769    218      892
  SINCE JAN 1   1034           799    235      927
......................................................


WIND (MPH)
  HIGHEST WIND SPEED    15   HIGHEST WIND DIRECTION    SE (140)
  HIGHEST GUST SPEED    19   HIGHEST GUST DIRECTION    SE (140)
  AVERAGE WIND SPEED     7.9


SKY COVER
  AVERAGE SKY COVER 0.0


WEATHER CONDITIONS
 THE FOLLOWING WEATHER WAS RECORDED YESTERDAY.
  NO SIGNIFICANT WEATHER WAS OBSERVED.


RELATIVE HUMIDITY (PERCENT)
 HIGHEST    87           300 AM
 LOWEST     41           400 PM
 AVERAGE    64

..........................................................




SUNRISE AND SUNSET
AUGUST 31 2016........SUNRISE   703 AM CDT   SUNSET   815 PM CDT
SEPTEMBER  1 2016.....SUNRISE   704 AM CDT   SUNSET   814 PM CDT


-  INDICATES NEGATIVE NUMBERS.
R  INDICATES RECORD WAS SET OR TIED.
MM INDICATES DATA IS MISSING.
T  INDICATES TRACE AMOUNT.




$$
