000
CDUS45 KPIH 260733
CLIIDA


CLIMATE REPORT
NATIONAL WEATHER SERVICE POCATELLO ID
131 AM MDT WED JUL 26 2017


...................................

...THE IDAHO FALLS ID CLIMATE SUMMARY FOR JULY 25 2017...

CLIMATE NORMAL PERIOD 1981 TO 2010
CLIMATE RECORD PERIOD 1948 TO 2017


WEATHER ITEM   OBSERVED TIME   RECORD YEAR NORMAL DEPARTURE LAST
                VALUE   (LST)  VALUE       VALUE  FROM      YEAR
                                                  NORMAL
..................................................................
TEMPERATURE (F)
 YESTERDAY
  MAXIMUM         82    622 PM  98    1954  88     -6       94
  MINIMUM         53    320 AM  41    2016  51      2       41
                                      2000
  AVERAGE         68                        69     -1       68

PRECIPITATION (IN)
  YESTERDAY        0.00          0.17 1986   0.02  -0.02     0.00
  MONTH TO DATE    0.18                      0.41  -0.23     0.19
  SINCE OCT 1      9.28                      8.92   0.36     7.67
  SINCE JAN 1      5.00                      6.35  -1.35     5.35

SNOWFALL (IN)
  YESTERDAY       MM
  MONTH TO DATE   MM
  SINCE JUN 1     MM
  SINCE JUL 1     MM
  SNOW DEPTH      MM

DEGREE DAYS
 HEATING
  YESTERDAY        0                         0      0        0
  MONTH TO DATE    0                        25    -25       33
  SINCE JUN 1    108                       178    -70      107
  SINCE JUL 1      0                        25    -25       33

 COOLING
  YESTERDAY        3                         5     -2        3
  MONTH TO DATE  166                        98     68       72
  SINCE JUN 1    204                       128     76      132
  SINCE JAN 1    206                       130     76      132
..................................................................


WIND (MPH)
  HIGHEST WIND SPEED    22   HIGHEST WIND DIRECTION    SW (210)
  HIGHEST GUST SPEED    26   HIGHEST GUST DIRECTION    SW (230)
  AVERAGE WIND SPEED     6.4


SKY COVER
  POSSIBLE SUNSHINE  MM
  AVERAGE SKY COVER 0.5


WEATHER CONDITIONS
 THE FOLLOWING WEATHER WAS RECORDED YESTERDAY.
  NO SIGNIFICANT WEATHER WAS OBSERVED.


RELATIVE HUMIDITY (PERCENT)
 HIGHEST    93          1100 PM
 LOWEST     33           600 PM
 AVERAGE    63

..........................................................


THE IDAHO FALLS ID CLIMATE NORMALS FOR TODAY
                         NORMAL    RECORD    YEAR
 MAXIMUM TEMPERATURE (F)   88        96      2016
                                             2013
                                             2012
 MINIMUM TEMPERATURE (F)   51        40      1999


SUNRISE AND SUNSET
JULY 26 2017..........SUNRISE   612 AM MDT   SUNSET   857 PM MDT
JULY 27 2017..........SUNRISE   613 AM MDT   SUNSET   856 PM MDT


-  INDICATES NEGATIVE NUMBERS.
R  INDICATES RECORD WAS SET OR TIED.
MM INDICATES DATA IS MISSING.
T  INDICATES TRACE AMOUNT.




$$
