000
CDUS45 KPIH 300736
CLIIDA


CLIMATE REPORT
NATIONAL WEATHER SERVICE POCATELLO ID
134 AM MDT SUN AUG 30 2015


...................................

...THE IDAHO FALLS ID CLIMATE SUMMARY FOR AUGUST 29 2015...

CLIMATE NORMAL PERIOD 1981 TO 2010
CLIMATE RECORD PERIOD 1948 TO 2015


WEATHER ITEM   OBSERVED TIME   RECORD YEAR NORMAL DEPARTURE LAST
                VALUE   (LST)  VALUE       VALUE  FROM      YEAR
                                                  NORMAL
..................................................................
TEMPERATURE (F)
 YESTERDAY
  MAXIMUM         93    325 PM  95    1948  82     11       86
  MINIMUM         57   1212 AM  32    1960  46     11       47
  AVERAGE         75                        64     11       67

PRECIPITATION (IN)
  YESTERDAY        0.08          1.19 1971   0.03   0.05      T
  MONTH TO DATE    1.21                      0.50   0.71     2.29
  SINCE OCT 1      9.02                      9.51  -0.49     7.54
  SINCE JAN 1      7.56                      6.94   0.62     6.24

SNOWFALL (IN)
  YESTERDAY       MM
  MONTH TO DATE   MM
  SINCE JUN 1     MM
  SINCE JUL 1     MM
  SNOW DEPTH      MM

DEGREE DAYS
 HEATING
  YESTERDAY        0                         3     -3        0
  MONTH TO DATE   26                        31     -5       46
  SINCE JUN 1    114                       211    -97      176
  SINCE JUL 1     68                        58     10       48

 COOLING
  YESTERDAY       10                         2      8        2
  MONTH TO DATE  104                        92     12       79
  SINCE JUN 1    299                       245     54      281
  SINCE JAN 1    300                       247     53      282
..................................................................


WIND (MPH)
  HIGHEST WIND SPEED    30   HIGHEST WIND DIRECTION     W (250)
  HIGHEST GUST SPEED    42   HIGHEST GUST DIRECTION     W (260)
  AVERAGE WIND SPEED    10.2


SKY COVER
  POSSIBLE SUNSHINE  MM
  AVERAGE SKY COVER 0.6


WEATHER CONDITIONS
 THE FOLLOWING WEATHER WAS RECORDED YESTERDAY.
  THUNDERSTORM
  HEAVY RAIN
  LIGHT RAIN


RELATIVE HUMIDITY (PERCENT)
 HIGHEST    80           200 AM
 LOWEST     16           300 PM
 AVERAGE    48

..........................................................


THE IDAHO FALLS ID CLIMATE NORMALS FOR TODAY
                         NORMAL    RECORD    YEAR
 MAXIMUM TEMPERATURE (F)   82        99      1954
 MINIMUM TEMPERATURE (F)   46        31      1964


SUNRISE AND SUNSET
AUGUST 30 2015........SUNRISE   650 AM MDT   SUNSET   807 PM MDT
AUGUST 31 2015........SUNRISE   651 AM MDT   SUNSET   806 PM MDT


-  INDICATES NEGATIVE NUMBERS.
R  INDICATES RECORD WAS SET OR TIED.
MM INDICATES DATA IS MISSING.
T  INDICATES TRACE AMOUNT.




$$
