077
CDUS45 KPIH 132327
CLIIDA


CLIMATE REPORT
NATIONAL WEATHER SERVICE POCATELLO ID
425 PM MST WED DEC 13 2017


...................................

...THE IDAHO FALLS ID CLIMATE SUMMARY FOR DECEMBER 13 2017...
VALID TODAY AS OF 0400 PM LOCAL TIME.

CLIMATE NORMAL PERIOD 1981 TO 2010
CLIMATE RECORD PERIOD 1948 TO 2017


WEATHER ITEM   OBSERVED TIME   RECORD YEAR NORMAL DEPARTURE LAST
                VALUE   (LST)  VALUE       VALUE  FROM      YEAR
                                                  NORMAL
..................................................................
TEMPERATURE (F)
 TODAY
  MAXIMUM         27    109 PM  46    2014  29     -2       23
  MINIMUM         16    519 AM -14    1967  12      4        9
  AVERAGE         22                        21      1       16

PRECIPITATION (IN)
  TODAY            T             0.32 1974   0.02  -0.02     0.00
  MONTH TO DATE    0.14                      0.39  -0.25     0.38
  SINCE OCT 1      1.75                      2.09  -0.34     3.33
  SINCE JAN 1     10.74                      9.91   0.83    10.55

SNOWFALL (IN)
  TODAY           MM
  MONTH TO DATE   MM
  SINCE DEC 1     MM
  SINCE JUL 1     MM
  SNOW DEPTH      MM

DEGREE DAYS
 HEATING
  TODAY           43                        44     -1       49
  MONTH TO DATE  573                       553     20      562
  SINCE DEC 1    573                       553     20      562
  SINCE JUL 1   2397                      2456    -59     2180

 COOLING
  TODAY            0                         0      0        0
  MONTH TO DATE    0                         0      0        0
  SINCE DEC 1      0                         0      0        0
  SINCE JAN 1    362                       264     98      260
..................................................................


WIND (MPH)
  HIGHEST WIND SPEED    10   HIGHEST WIND DIRECTION    SE (150)
  HIGHEST GUST SPEED    14   HIGHEST GUST DIRECTION    NW (320)
  AVERAGE WIND SPEED     4.5


SKY COVER
  POSSIBLE SUNSHINE  MM
  AVERAGE SKY COVER 0.8


WEATHER CONDITIONS
 THE FOLLOWING WEATHER WAS RECORDED TODAY.
  LIGHT SNOW
  FOG


RELATIVE HUMIDITY (PERCENT)
 HIGHEST   100           500 AM
 LOWEST     81           200 PM
 AVERAGE    91

..........................................................


THE IDAHO FALLS ID CLIMATE NORMALS FOR TOMORROW
                         NORMAL    RECORD    YEAR
 MAXIMUM TEMPERATURE (F)   29        47      2004
 MINIMUM TEMPERATURE (F)   12       -13      1984


SUNRISE AND SUNSET
DECEMBER 13 2017......SUNRISE   753 AM MST   SUNSET   452 PM MST
DECEMBER 14 2017......SUNRISE   754 AM MST   SUNSET   452 PM MST


-  INDICATES NEGATIVE NUMBERS.
R  INDICATES RECORD WAS SET OR TIED.
MM INDICATES DATA IS MISSING.
T  INDICATES TRACE AMOUNT.




$$
