000
CDUS45 KPIH 280737
CLIIDA


CLIMATE REPORT
NATIONAL WEATHER SERVICE POCATELLO ID
134 AM MDT SUN AUG 28 2016


...................................

...THE IDAHO FALLS ID CLIMATE SUMMARY FOR AUGUST 27 2016...

CLIMATE NORMAL PERIOD 1981 TO 2010
CLIMATE RECORD PERIOD 1948 TO 2016


WEATHER ITEM   OBSERVED TIME   RECORD YEAR NORMAL DEPARTURE LAST
                VALUE   (LST)  VALUE       VALUE  FROM      YEAR
                                                  NORMAL
..................................................................
TEMPERATURE (F)
 YESTERDAY
  MAXIMUM         83    335 PM  93    1981  83      0       86
  MINIMUM         40    329 AM  33    1993  46     -6       49
  AVERAGE         62                        65     -3       68

PRECIPITATION (IN)
  YESTERDAY        0.00          0.63 1991   0.02  -0.02     0.10
  MONTH TO DATE    0.09                      0.45  -0.36     1.13
  SINCE OCT 1      7.76                      9.46  -1.70     8.94
  SINCE JAN 1      5.44                      6.89  -1.45     7.48

SNOWFALL (IN)
  YESTERDAY       MM
  MONTH TO DATE   MM
  SINCE JUN 1     MM
  SINCE JUL 1     MM
  SNOW DEPTH      MM

DEGREE DAYS
 HEATING
  YESTERDAY        3                         2      1        0
  MONTH TO DATE   44                        25     19       26
  SINCE JUN 1    151                       205    -54      114
  SINCE JUL 1     77                        52     25       68

 COOLING
  YESTERDAY        0                         2     -2        3
  MONTH TO DATE   56                        88    -32       90
  SINCE JUN 1    232                       241     -9      285
  SINCE JAN 1    232                       243    -11      286
..................................................................


WIND (MPH)
  HIGHEST WIND SPEED    25   HIGHEST WIND DIRECTION    SW (220)
  HIGHEST GUST SPEED    34   HIGHEST GUST DIRECTION     S (200)
  AVERAGE WIND SPEED     9.8


SKY COVER
  POSSIBLE SUNSHINE  MM
  AVERAGE SKY COVER 0.0


WEATHER CONDITIONS
 THE FOLLOWING WEATHER WAS RECORDED YESTERDAY.
  NO SIGNIFICANT WEATHER WAS OBSERVED.


RELATIVE HUMIDITY (PERCENT)
 HIGHEST    70           300 AM
 LOWEST     14           300 PM
 AVERAGE    42

..........................................................


THE IDAHO FALLS ID CLIMATE NORMALS FOR TODAY
                         NORMAL    RECORD    YEAR
 MAXIMUM TEMPERATURE (F)   82        94      2012
 MINIMUM TEMPERATURE (F)   46        33      1960


SUNRISE AND SUNSET
AUGUST 28 2016........SUNRISE   648 AM MDT   SUNSET   809 PM MDT
AUGUST 29 2016........SUNRISE   649 AM MDT   SUNSET   808 PM MDT


-  INDICATES NEGATIVE NUMBERS.
R  INDICATES RECORD WAS SET OR TIED.
MM INDICATES DATA IS MISSING.
T  INDICATES TRACE AMOUNT.




$$
