000
CDUS45 KPIH 170731
CLIIDA


CLIMATE REPORT
NATIONAL WEATHER SERVICE POCATELLO ID
1229 AM MST TUE JAN 17 2017


...................................

...THE IDAHO FALLS ID CLIMATE SUMMARY FOR JANUARY 16 2017...

CLIMATE NORMAL PERIOD 1981 TO 2010
CLIMATE RECORD PERIOD 1948 TO 2017


WEATHER ITEM   OBSERVED TIME   RECORD YEAR NORMAL DEPARTURE LAST
                VALUE   (LST)  VALUE       VALUE  FROM      YEAR
                                                  NORMAL
..................................................................
TEMPERATURE (F)
 YESTERDAY
  MAXIMUM          5    205 PM  48    1974  29    -24       24
  MINIMUM         -9    152 AM -14    1960  12    -21       19
  AVERAGE         -2                        20    -22       22

PRECIPITATION (IN)
  YESTERDAY        T             0.26 1970   0.02  -0.02     0.24
  MONTH TO DATE    0.53                      0.40   0.13     0.37
  SINCE OCT 1      4.81                      2.97   1.84     2.69
  SINCE JAN 1      0.53                      0.40   0.13     0.37

SNOWFALL (IN)
  YESTERDAY       MM
  MONTH TO DATE   MM
  SINCE DEC 1     MM
  SINCE JUL 1     MM
  SNOW DEPTH      MM

DEGREE DAYS
 HEATING
  YESTERDAY       67                        45     22       43
  MONTH TO DATE  893                       720    173      726
  SINCE DEC 1   2422                      2090    332     2097
  SINCE JUL 1   4040                      3993     47     3797

 COOLING
  YESTERDAY        0                         0      0        0
  MONTH TO DATE    0                         0      0        0
  SINCE DEC 1      0                         0      0        0
  SINCE JAN 1      0                         0      0        0
..................................................................


WIND (MPH)
  HIGHEST WIND SPEED    12   HIGHEST WIND DIRECTION     N (340)
  HIGHEST GUST SPEED    17   HIGHEST GUST DIRECTION     N (340)
  AVERAGE WIND SPEED     5.1


SKY COVER
  POSSIBLE SUNSHINE  MM
  AVERAGE SKY COVER 0.4


WEATHER CONDITIONS
 THE FOLLOWING WEATHER WAS RECORDED YESTERDAY.
  LIGHT SNOW
  FOG
  FOG W/VISIBILITY <= 1/4 MILE
  HAZE


RELATIVE HUMIDITY (PERCENT)
 HIGHEST    91          1200 AM
 LOWEST     79           400 AM
 AVERAGE    85

..........................................................


THE IDAHO FALLS ID CLIMATE NORMALS FOR TODAY
                         NORMAL    RECORD    YEAR
 MAXIMUM TEMPERATURE (F)   29        44      1981
 MINIMUM TEMPERATURE (F)   12       -24      1984


SUNRISE AND SUNSET
JANUARY 17 2017.......SUNRISE   757 AM MST   SUNSET   520 PM MST
JANUARY 18 2017.......SUNRISE   756 AM MST   SUNSET   522 PM MST


-  INDICATES NEGATIVE NUMBERS.
R  INDICATES RECORD WAS SET OR TIED.
MM INDICATES DATA IS MISSING.
T  INDICATES TRACE AMOUNT.




$$
