000
CDUS45 KPIH 220733
CLIIDA


CLIMATE REPORT
NATIONAL WEATHER SERVICE POCATELLO ID
132 AM MDT WED OCT 22 2014


...................................

...THE IDAHO FALLS ID CLIMATE SUMMARY FOR OCTOBER 21 2014...

CLIMATE NORMAL PERIOD 1981 TO 2010
CLIMATE RECORD PERIOD 1948 TO 2014


WEATHER ITEM   OBSERVED TIME   RECORD YEAR NORMAL DEPARTURE LAST
                VALUE   (LST)  VALUE       VALUE  FROM      YEAR
                                                  NORMAL
..................................................................
TEMPERATURE (F)
 YESTERDAY
  MAXIMUM         63   1241 AM  77    2003  57      6       61
  MINIMUM         42   1124 PM  19    1999  30     12       25
  AVERAGE         53                        43     10       43

PRECIPITATION (IN)
  YESTERDAY        0.01          0.80 1961   0.02  -0.01     0.00
  MONTH TO DATE    0.03                      0.57  -0.54     0.51
  SINCE OCT 1      0.03                      0.57  -0.54     0.51
  SINCE JAN 1      8.86                      8.39   0.47     5.53

SNOWFALL (IN)
  YESTERDAY       MM
  MONTH TO DATE   MM
  SINCE SEP 1     MM
  SINCE JUL 1     MM
  SNOW DEPTH      MM

DEGREE DAYS
 HEATING
  YESTERDAY       12                        22    -10       22
  MONTH TO DATE  281                       378    -97      460
  SINCE SEP 1    438                       621   -183      619
  SINCE JUL 1    493                       686   -193      619

 COOLING
  YESTERDAY        0                         0      0        0
  MONTH TO DATE    0                         0      0        0
  SINCE SEP 1     21                        12      9       50
  SINCE JAN 1    303                       264     39      510
..................................................................


WIND (MPH)
  HIGHEST WIND SPEED    35   HIGHEST WIND DIRECTION    SW (220)
  HIGHEST GUST SPEED    41   HIGHEST GUST DIRECTION    SW (220)
  AVERAGE WIND SPEED    17.5


SKY COVER
  POSSIBLE SUNSHINE  MM
  AVERAGE SKY COVER 0.7


WEATHER CONDITIONS
 THE FOLLOWING WEATHER WAS RECORDED YESTERDAY.
  THUNDERSTORM
  LIGHT RAIN


RELATIVE HUMIDITY (PERCENT)
 HIGHEST    82           800 AM
 LOWEST     39           100 AM
 AVERAGE    61

..........................................................


THE IDAHO FALLS ID CLIMATE NORMALS FOR TODAY
                         NORMAL    RECORD    YEAR
 MAXIMUM TEMPERATURE (F)   57        79      2003
 MINIMUM TEMPERATURE (F)   30        17      2008


SUNRISE AND SUNSET
OCTOBER 22 2014.......SUNRISE   751 AM MDT   SUNSET   634 PM MDT
OCTOBER 23 2014.......SUNRISE   752 AM MDT   SUNSET   632 PM MDT


-  INDICATES NEGATIVE NUMBERS.
R  INDICATES RECORD WAS SET OR TIED.
MM INDICATES DATA IS MISSING.
T  INDICATES TRACE AMOUNT.




$$
