000
CDUS45 KPIH 232321
CLIIDA


CLIMATE REPORT
NATIONAL WEATHER SERVICE POCATELLO ID
520 PM MDT TUE SEP 23 2014


...................................

...THE IDAHO FALLS ID CLIMATE SUMMARY FOR SEPTEMBER 23 2014...
VALID TODAY AS OF 0500 PM LOCAL TIME.

CLIMATE NORMAL PERIOD 1981 TO 2010
CLIMATE RECORD PERIOD 1948 TO 2014


WEATHER ITEM   OBSERVED TIME   RECORD YEAR NORMAL DEPARTURE LAST
                VALUE   (LST)  VALUE       VALUE  FROM      YEAR
                                                  NORMAL
..................................................................
TEMPERATURE (F)
 TODAY
  MAXIMUM         79    350 PM  88    1987  71      8       66
  MINIMUM         45    646 AM  23    1985  38      7       45
  AVERAGE         62                        54      8       56

PRECIPITATION (IN)
  TODAY            0.00          0.89 1973   0.03  -0.03     0.00
  MONTH TO DATE    0.11                      0.63  -0.52     2.05
  SINCE OCT 1      7.75                     10.18  -2.43     7.44
  SINCE JAN 1      6.45                      7.61  -1.16     4.75

SNOWFALL (IN)
  TODAY           MM
  MONTH TO DATE   MM
  SINCE SEP 1     MM
  SINCE JUL 1     MM
  SNOW DEPTH      MM

DEGREE DAYS
 HEATING
  TODAY            3                        11     -8        9
  MONTH TO DATE  111                       154    -43       63
  SINCE SEP 1    111                       154    -43       63
  SINCE JUL 1    166                       219    -53       63

 COOLING
  TODAY            0                         0      0        0
  MONTH TO DATE   14                        10      4       50
  SINCE SEP 1     14                        10      4       50
  SINCE JAN 1    296                       262     34      510
..................................................................


WIND (MPH)
  HIGHEST WIND SPEED    13   HIGHEST WIND DIRECTION    SW (230)
  HIGHEST GUST SPEED    16   HIGHEST GUST DIRECTION    SW (220)
  AVERAGE WIND SPEED     5.0


SKY COVER
  POSSIBLE SUNSHINE  MM
  AVERAGE SKY COVER 0.1


WEATHER CONDITIONS
 THE FOLLOWING WEATHER WAS RECORDED TODAY.
  FOG


RELATIVE HUMIDITY (PERCENT)
 HIGHEST   100           500 AM
 LOWEST     32           400 PM
 AVERAGE    66

..........................................................


THE IDAHO FALLS ID CLIMATE NORMALS FOR TOMORROW
                         NORMAL    RECORD    YEAR
 MAXIMUM TEMPERATURE (F)   70        88      1987
 MINIMUM TEMPERATURE (F)   37        18      2000


SUNRISE AND SUNSET
SEPTEMBER 23 2014.....SUNRISE   717 AM MDT   SUNSET   724 PM MDT
SEPTEMBER 24 2014.....SUNRISE   718 AM MDT   SUNSET   722 PM MDT


-  INDICATES NEGATIVE NUMBERS.
R  INDICATES RECORD WAS SET OR TIED.
MM INDICATES DATA IS MISSING.
T  INDICATES TRACE AMOUNT.




$$
