000
CDUS45 KPIH 130812
CLIIDA


CLIMATE REPORT
NATIONAL WEATHER SERVICE POCATELLO ID
211 AM MDT SUN JUL 13 2014


...................................

...THE IDAHO FALLS ID CLIMATE SUMMARY FOR JULY 12 2014...

CLIMATE NORMAL PERIOD 1981 TO 2010
CLIMATE RECORD PERIOD 1948 TO 2014


WEATHER ITEM   OBSERVED TIME   RECORD YEAR NORMAL DEPARTURE LAST
                VALUE   (LST)  VALUE       VALUE  FROM      YEAR
                                                  NORMAL
..................................................................
TEMPERATURE (F)
 YESTERDAY
  MAXIMUM         89    222 PM  98    1953  86      3       89
  MINIMUM         57    613 AM  40    2008  50      7       53
                                      1965
  AVERAGE         73                        68      5       71

PRECIPITATION (IN)
  YESTERDAY        0.00          0.39 1992   0.02  -0.02     0.00
  MONTH TO DATE    T                         0.19  -0.19     0.08
  SINCE OCT 1      5.14                      8.70  -3.56     4.71
  SINCE JAN 1      3.84                      6.13  -2.29     2.02

SNOWFALL (IN)
  YESTERDAY       MM
  MONTH TO DATE   MM
  SINCE JUN 1     MM
  SINCE JUL 1     MM
  SNOW DEPTH      MM

DEGREE DAYS
 HEATING
  YESTERDAY        0                         1     -1        0
  MONTH TO DATE    2                        16    -14        0
  SINCE JUN 1    130                       169    -39      100
  SINCE JUL 1      2                        16    -14        0

 COOLING
  YESTERDAY        8                         4      4        6
  MONTH TO DATE   79                        39     40       97
  SINCE JUN 1     88                        69     19      166
  SINCE JAN 1     89                        71     18      170
..................................................................


WIND (MPH)
  HIGHEST WIND SPEED    17   HIGHEST WIND DIRECTION    NE (60)
  HIGHEST GUST SPEED    23   HIGHEST GUST DIRECTION    NE (60)
  AVERAGE WIND SPEED     4.8


SKY COVER
  POSSIBLE SUNSHINE  MM
  AVERAGE SKY COVER 0.2


WEATHER CONDITIONS
 THE FOLLOWING WEATHER WAS RECORDED YESTERDAY.
  NO SIGNIFICANT WEATHER WAS OBSERVED.


RELATIVE HUMIDITY (PERCENT)
 HIGHEST    87          9999 MM
 LOWEST     32
 AVERAGE    60

..........................................................


THE IDAHO FALLS ID CLIMATE NORMALS FOR TODAY
                         NORMAL    RECORD    YEAR
 MAXIMUM TEMPERATURE (F)   86        98      1954
 MINIMUM TEMPERATURE (F)   50        38      1993


SUNRISE AND SUNSET
JULY 13 2014..........SUNRISE   559 AM MDT   SUNSET   908 PM MDT
JULY 14 2014..........SUNRISE   600 AM MDT   SUNSET   908 PM MDT


-  INDICATES NEGATIVE NUMBERS.
R  INDICATES RECORD WAS SET OR TIED.
MM INDICATES DATA IS MISSING.
T  INDICATES TRACE AMOUNT.




$$
