946
CDUS45 KPIH 270735
CLIIDA


CLIMATE REPORT
NATIONAL WEATHER SERVICE POCATELLO ID
133 AM MDT TUE SEP 27 2016


...................................

...THE IDAHO FALLS ID CLIMATE SUMMARY FOR SEPTEMBER 26 2016...

CLIMATE NORMAL PERIOD 1981 TO 2010
CLIMATE RECORD PERIOD 1948 TO 2016


WEATHER ITEM   OBSERVED TIME   RECORD YEAR NORMAL DEPARTURE LAST
                VALUE   (LST)  VALUE       VALUE  FROM      YEAR
                                                  NORMAL
..................................................................
TEMPERATURE (F)
 YESTERDAY
  MAXIMUM         73    424 PM  87    2010  69      4       86
                                      1963
  MINIMUM         36    520 AM  26    1970  37     -1       51
  AVERAGE         55                        53      2       69

PRECIPITATION (IN)
  YESTERDAY        0.00          0.63 1982   0.03  -0.03     0.00
  MONTH TO DATE    1.78                      0.72   1.06     0.52
  SINCE OCT 1      9.54                     10.27  -0.73     9.54
  SINCE JAN 1      7.22                      7.70  -0.48     8.08

SNOWFALL (IN)
  YESTERDAY       MM
  MONTH TO DATE   MM
  SINCE SEP 1     MM
  SINCE JUL 1     MM
  SNOW DEPTH      MM

DEGREE DAYS
 HEATING
  YESTERDAY       10                        12     -2        0
  MONTH TO DATE  223                       189     34      130
  SINCE SEP 1    223                       189     34      130
  SINCE JUL 1    300                       254     46      200

 COOLING
  YESTERDAY        0                         0      0        4
  MONTH TO DATE   16                        10      6       22
  SINCE SEP 1     16                        10      6       22
  SINCE JAN 1    260                       262     -2      324
..................................................................


WIND (MPH)
  HIGHEST WIND SPEED     7   HIGHEST WIND DIRECTION     N (350)
  HIGHEST GUST SPEED     7   HIGHEST GUST DIRECTION     N (10)
  AVERAGE WIND SPEED     2.1


SKY COVER
  POSSIBLE SUNSHINE  MM
  AVERAGE SKY COVER 0.0


WEATHER CONDITIONS
 THE FOLLOWING WEATHER WAS RECORDED YESTERDAY.
  NO SIGNIFICANT WEATHER WAS OBSERVED.


RELATIVE HUMIDITY (PERCENT)
 HIGHEST    92           200 AM
 LOWEST     29           400 PM
 AVERAGE    61

..........................................................


THE IDAHO FALLS ID CLIMATE NORMALS FOR TODAY
                         NORMAL    RECORD    YEAR
 MAXIMUM TEMPERATURE (F)   69        86      1969
 MINIMUM TEMPERATURE (F)   36        24      1999


SUNRISE AND SUNSET
SEPTEMBER 27 2016.....SUNRISE   722 AM MDT   SUNSET   715 PM MDT
SEPTEMBER 28 2016.....SUNRISE   723 AM MDT   SUNSET   714 PM MDT


-  INDICATES NEGATIVE NUMBERS.
R  INDICATES RECORD WAS SET OR TIED.
MM INDICATES DATA IS MISSING.
T  INDICATES TRACE AMOUNT.




$$
