000
CDUS45 KPIH 200749
CLIIDA


CLIMATE REPORT
NATIONAL WEATHER SERVICE POCATELLO ID
1248 AM MST MON FEB 20 2017


...................................

...THE IDAHO FALLS ID CLIMATE SUMMARY FOR FEBRUARY 19 2017...

CLIMATE NORMAL PERIOD 1981 TO 2010
CLIMATE RECORD PERIOD 1948 TO 2017


WEATHER ITEM   OBSERVED TIME   RECORD YEAR NORMAL DEPARTURE LAST
                VALUE   (LST)  VALUE       VALUE  FROM      YEAR
                                                  NORMAL
..................................................................
TEMPERATURE (F)
 YESTERDAY
  MAXIMUM         40    323 PM  60    1981  35      5       47
  MINIMUM         32   1159 PM -16    1955  16     16       31
  AVERAGE         36                        25     11       39

PRECIPITATION (IN)
  YESTERDAY        0.29          0.61 1993   0.03   0.26     0.00
  MONTH TO DATE    0.89                      0.42   0.47     0.11
  SINCE OCT 1      6.06                      3.68   2.38     3.38
  SINCE JAN 1      1.78                      1.11   0.67     1.06

SNOWFALL (IN)
  YESTERDAY       MM
  MONTH TO DATE   MM
  SINCE DEC 1     MM
  SINCE JUL 1     MM
  SNOW DEPTH      MM

DEGREE DAYS
 HEATING
  YESTERDAY       29                        40    -11       26
  MONTH TO DATE  658                       802   -144      800
  SINCE DEC 1   3817                      3562    255     3536
  SINCE JUL 1   5435                      5465    -30     5236

 COOLING
  YESTERDAY        0                         0      0        0
  MONTH TO DATE    0                         0      0        0
  SINCE DEC 1      0                         0      0        0
  SINCE JAN 1      0                         0      0        0
..................................................................


WIND (MPH)
  HIGHEST WIND SPEED    28   HIGHEST WIND DIRECTION     W (270)
  HIGHEST GUST SPEED    39   HIGHEST GUST DIRECTION    SW (240)
  AVERAGE WIND SPEED    14.0


SKY COVER
  POSSIBLE SUNSHINE  MM
  AVERAGE SKY COVER 0.7


WEATHER CONDITIONS
 THE FOLLOWING WEATHER WAS RECORDED YESTERDAY.
  RAIN
  LIGHT RAIN
  LIGHT SNOW
  FOG


RELATIVE HUMIDITY (PERCENT)
 HIGHEST   100           300 AM
 LOWEST     75           900 PM
 AVERAGE    88

..........................................................


THE IDAHO FALLS ID CLIMATE NORMALS FOR TODAY
                         NORMAL    RECORD    YEAR
 MAXIMUM TEMPERATURE (F)   36        53      1982
 MINIMUM TEMPERATURE (F)   16       -14      1955


SUNRISE AND SUNSET
FEBRUARY 20 2017......SUNRISE   719 AM MST   SUNSET   606 PM MST
FEBRUARY 21 2017......SUNRISE   717 AM MST   SUNSET   607 PM MST


-  INDICATES NEGATIVE NUMBERS.
R  INDICATES RECORD WAS SET OR TIED.
MM INDICATES DATA IS MISSING.
T  INDICATES TRACE AMOUNT.




$$
