000
CDUS45 KPIH 022327
CLIIDA


CLIMATE REPORT
NATIONAL WEATHER SERVICE POCATELLO ID
525 PM MDT TUE JUN 2 2015


...................................

...THE IDAHO FALLS ID CLIMATE SUMMARY FOR JUNE 2 2015...
VALID TODAY AS OF 0500 PM LOCAL TIME.

CLIMATE NORMAL PERIOD 1981 TO 2010
CLIMATE RECORD PERIOD 1948 TO 2015


WEATHER ITEM   OBSERVED TIME   RECORD YEAR NORMAL DEPARTURE LAST
                VALUE   (LST)  VALUE       VALUE  FROM      YEAR
                                                  NORMAL
..................................................................
TEMPERATURE (F)
 TODAY
  MAXIMUM         72    359 PM  88    1986  72      0       82
  MINIMUM         42    350 AM  29    1951  43     -1       37
  AVERAGE         57                        57      0       60

PRECIPITATION (IN)
  TODAY            T             0.56 1953   0.06  -0.06     0.00
  MONTH TO DATE    0.06                      0.11  -0.05     0.00
  SINCE OCT 1      6.74                      7.53  -0.79     4.73
  SINCE JAN 1      5.28                      4.96   0.32     3.43

SNOWFALL (IN)
  TODAY           MM
  MONTH TO DATE   MM
  SINCE JUN 1     MM
  SINCE JUL 1     MM
  SNOW DEPTH      MM

DEGREE DAYS
 HEATING
  TODAY            8                         8      0        5
  MONTH TO DATE   10                        16     -6       10
  SINCE JUN 1     10                        16     -6       10
  SINCE JUL 1   6401                      7707  -1306     7220

 COOLING
  TODAY            0                         0      0        0
  MONTH TO DATE    0                         0      0        0
  SINCE JUN 1      0                         0      0        0
  SINCE JAN 1      1                         2     -1        1
..................................................................


WIND (MPH)
  HIGHEST WIND SPEED    21   HIGHEST WIND DIRECTION     S (200)
  HIGHEST GUST SPEED    33   HIGHEST GUST DIRECTION     S (190)
  AVERAGE WIND SPEED     6.0


SKY COVER
  POSSIBLE SUNSHINE  MM
  AVERAGE SKY COVER 0.5


WEATHER CONDITIONS
 THE FOLLOWING WEATHER WAS RECORDED TODAY.
  NO SIGNIFICANT WEATHER WAS OBSERVED.


RELATIVE HUMIDITY (PERCENT)
 HIGHEST    96           400 AM
 LOWEST     41           400 PM
 AVERAGE    69

..........................................................


THE IDAHO FALLS ID CLIMATE NORMALS FOR TOMORROW
                         NORMAL    RECORD    YEAR
 MAXIMUM TEMPERATURE (F)   72        90      1957
 MINIMUM TEMPERATURE (F)   43        32      1950


SUNRISE AND SUNSET
JUNE  2 2015..........SUNRISE   550 AM MDT   SUNSET   903 PM MDT
JUNE  3 2015..........SUNRISE   549 AM MDT   SUNSET   904 PM MDT


-  INDICATES NEGATIVE NUMBERS.
R  INDICATES RECORD WAS SET OR TIED.
MM INDICATES DATA IS MISSING.
T  INDICATES TRACE AMOUNT.




$$
