000
CDUS43 KUNR 210831
CLIIEN


CLIMATE REPORT
NATIONAL WEATHER SERVICE RAPID CITY SD
230 AM MDT MON AUG 21 2017


...................................

...THE PINE RIDGE SD CLIMATE SUMMARY FOR AUGUST 20 2017...

CLIMATE NORMAL PERIOD 1981 TO 2010
CLIMATE RECORD PERIOD 9999 TO 9999


WEATHER ITEM   OBSERVED TIME   NORMAL DEPARTURE LAST
                VALUE   (LST)  VALUE  FROM      YEAR
                                      NORMAL
......................................................
TEMPERATURE (F)
 YESTERDAY
  MAXIMUM         85    306 PM  88     -3       73
  MINIMUM         55   1251 AM  55      0       40
  AVERAGE         70            71     -1       57

PRECIPITATION (IN)
  YESTERDAY        0.00          0.06  -0.06     0.00
  MONTH TO DATE    1.05          1.31  -0.26     2.18
  SINCE JUN 1      3.65          7.01  -3.36     6.25
  SINCE JAN 1     13.11         13.25  -0.14    12.33

DEGREE DAYS
 HEATING
  YESTERDAY        0             1     -1        8
  MONTH TO DATE   11             8      3       14
  SINCE JUN 1     46           107    -61       42
  SINCE JUL 1     11            20     -9       16

 COOLING
  YESTERDAY        5             7     -2        0
  MONTH TO DATE   79           177    -98      149
  SINCE JUN 1    565           568     -3      658
  SINCE JAN 1    581           585     -4      666
......................................................


WIND (MPH)
  HIGHEST WIND SPEED    18   HIGHEST WIND DIRECTION    SE (140)
  HIGHEST GUST SPEED    26   HIGHEST GUST DIRECTION     E (80)
  AVERAGE WIND SPEED     9.1


SKY COVER
  AVERAGE SKY COVER 0.0


WEATHER CONDITIONS
 THE FOLLOWING WEATHER WAS RECORDED YESTERDAY.
  NO SIGNIFICANT WEATHER WAS OBSERVED.


RELATIVE HUMIDITY (PERCENT)
 HIGHEST    83           100 AM
 LOWEST     34          1200 PM
 AVERAGE    59

..........................................................




SUNRISE AND SUNSET
AUGUST 21 2017........SUNRISE   603 AM MDT   SUNSET   743 PM MDT
AUGUST 22 2017........SUNRISE   604 AM MDT   SUNSET   741 PM MDT


-  INDICATES NEGATIVE NUMBERS.
R  INDICATES RECORD WAS SET OR TIED.
MM INDICATES DATA IS MISSING.
T  INDICATES TRACE AMOUNT.




$$
