000
CDUS43 KUNR 190859
CLIIEN


CLIMATE REPORT
NATIONAL WEATHER SERVICE RAPID CITY SD
159 AM MST THU JAN 19 2017


...................................

...THE PINE RIDGE SD CLIMATE SUMMARY FOR JANUARY 18 2017...

CLIMATE NORMAL PERIOD 1981 TO 2010
CLIMATE RECORD PERIOD 9999 TO 9999


WEATHER ITEM   OBSERVED TIME   NORMAL DEPARTURE LAST
                VALUE   (LST)  VALUE  FROM      YEAR
                                      NORMAL
......................................................
TEMPERATURE (F)
 YESTERDAY
  MAXIMUM         43    452 PM  37      6       32
  MINIMUM         19   1201 AM  10      9        2
  AVERAGE         31            24      7       17

PRECIPITATION (IN)
  YESTERDAY        0.00          0.01  -0.01     0.01
  MONTH TO DATE    0.05          0.15  -0.10     0.08
  SINCE DEC 1      0.88          0.50   0.38     1.10
  SINCE JAN 1      0.05          0.15  -0.10     0.08

DEGREE DAYS
 HEATING
  YESTERDAY       34            41     -7       48
  MONTH TO DATE  946           753    193      826
  SINCE DEC 1   2519          2053    466     2118
  SINCE JUL 1   3692          3743    -51     3606

 COOLING
  YESTERDAY        0             0      0        0
  MONTH TO DATE    0             0      0        0
  SINCE DEC 1      0             0      0        0
  SINCE JAN 1      0             0      0        0
......................................................


WIND (MPH)
  HIGHEST WIND SPEED    14   HIGHEST WIND DIRECTION    SW (240)
  HIGHEST GUST SPEED    17   HIGHEST GUST DIRECTION    SW (230)
  AVERAGE WIND SPEED     7.0


SKY COVER
  AVERAGE SKY COVER 0.0


WEATHER CONDITIONS
 THE FOLLOWING WEATHER WAS RECORDED YESTERDAY.
  NO SIGNIFICANT WEATHER WAS OBSERVED.


RELATIVE HUMIDITY (PERCENT)
 HIGHEST    80          1200 AM
 LOWEST     46          1200 PM
 AVERAGE    63

..........................................................




SUNRISE AND SUNSET
JANUARY 19 2017.......SUNRISE   716 AM MST   SUNSET   446 PM MST
JANUARY 20 2017.......SUNRISE   715 AM MST   SUNSET   447 PM MST


-  INDICATES NEGATIVE NUMBERS.
R  INDICATES RECORD WAS SET OR TIED.
MM INDICATES DATA IS MISSING.
T  INDICATES TRACE AMOUNT.




$$
