000
CDUS43 KUNR 240857
CLIIEN


CLIMATE REPORT
NATIONAL WEATHER SERVICE RAPID CITY SD
241 AM MDT TUE MAY 24 2016


...................................

...THE PINE RIDGE SD CLIMATE SUMMARY FOR MAY 23 2016...

CLIMATE NORMAL PERIOD 1981 TO 2010
CLIMATE RECORD PERIOD 9999 TO 9999


WEATHER ITEM   OBSERVED TIME   NORMAL DEPARTURE LAST
                VALUE   (LST)  VALUE  FROM      YEAR
                                      NORMAL
......................................................
TEMPERATURE (F)
 YESTERDAY
  MAXIMUM         74    332 PM  72      2       63
  MINIMUM         46   1144 PM  44      2       46
  AVERAGE         60            58      2       55

PRECIPITATION (IN)
  YESTERDAY        0.00          0.08  -0.08     0.05
  MONTH TO DATE    0.44          1.88  -1.44     5.99
  SINCE MAR 1      5.29          4.66   0.63     8.05
  SINCE JAN 1      5.79          5.45   0.34     8.51

DEGREE DAYS
 HEATING
  YESTERDAY        5             8     -3       10
  MONTH TO DATE  288           254     34      338
  SINCE MAR 1   1551          1724   -173     1598
  SINCE JUL 1   6420          7074   -654     6808

 COOLING
  YESTERDAY        0             1     -1        0
  MONTH TO DATE    6             6      0        0
  SINCE MAR 1      7             6      1        0
  SINCE JAN 1      7             6      1        0
......................................................


WIND (MPH)
  HIGHEST WIND SPEED    25   HIGHEST WIND DIRECTION     S (180)
  HIGHEST GUST SPEED    34   HIGHEST GUST DIRECTION     S (190)
  AVERAGE WIND SPEED    11.6


SKY COVER
  AVERAGE SKY COVER 0.0


WEATHER CONDITIONS
 THE FOLLOWING WEATHER WAS RECORDED YESTERDAY.
  NO SIGNIFICANT WEATHER WAS OBSERVED.


RELATIVE HUMIDITY (PERCENT)
 HIGHEST    71          1200 AM
 LOWEST     19           400 PM
 AVERAGE    45

..........................................................




SUNRISE AND SUNSET
MAY 24 2016...........SUNRISE   518 AM MDT   SUNSET   816 PM MDT
MAY 25 2016...........SUNRISE   518 AM MDT   SUNSET   817 PM MDT


-  INDICATES NEGATIVE NUMBERS.
R  INDICATES RECORD WAS SET OR TIED.
MM INDICATES DATA IS MISSING.
T  INDICATES TRACE AMOUNT.




$$
