000
CDUS43 KUNR 090830
CLIIEN


CLIMATE REPORT
NATIONAL WEATHER SERVICE RAPID CITY SD
130 AM MST FRI DEC 9 2016


...................................

...THE PINE RIDGE SD CLIMATE SUMMARY FOR DECEMBER 8 2016...

CLIMATE NORMAL PERIOD 1981 TO 2010
CLIMATE RECORD PERIOD 9999 TO 9999


WEATHER ITEM   OBSERVED TIME   NORMAL DEPARTURE LAST
                VALUE   (LST)  VALUE  FROM      YEAR
                                      NORMAL
......................................................
TEMPERATURE (F)
 YESTERDAY
  MAXIMUM         10    305 PM  37    -27       58
  MINIMUM        -18    603 AM  11    -29       30
  AVERAGE         -4            24    -28       44

PRECIPITATION (IN)
  YESTERDAY        0.00          0.01  -0.01      T
  MONTH TO DATE    0.04          0.08  -0.04     0.17
  SINCE DEC 1      0.04          0.08  -0.04     0.17
  SINCE JAN 1     14.60         17.25  -2.65    18.86

DEGREE DAYS
 HEATING
  YESTERDAY       69            41     28       21
  MONTH TO DATE  380           321     59      260
  SINCE DEC 1    380           321     59      260
  SINCE JUL 1   1553          2011   -458     1748

 COOLING
  YESTERDAY        0             0      0        0
  MONTH TO DATE    0             0      0        0
  SINCE DEC 1      0             0      0        0
  SINCE JAN 1    774           717     57      615
......................................................


WIND (MPH)
  HIGHEST WIND SPEED     8   HIGHEST WIND DIRECTION    SE (120)
  HIGHEST GUST SPEED    10   HIGHEST GUST DIRECTION    SE (120)
  AVERAGE WIND SPEED     3.0


SKY COVER
  AVERAGE SKY COVER 0.0


WEATHER CONDITIONS
 THE FOLLOWING WEATHER WAS RECORDED YESTERDAY.
  NO SIGNIFICANT WEATHER WAS OBSERVED.


RELATIVE HUMIDITY (PERCENT)
 HIGHEST    90          1100 PM
 LOWEST     57           200 PM
 AVERAGE    74

..........................................................




SUNRISE AND SUNSET
DECEMBER  9 2016......SUNRISE   710 AM MST   SUNSET   415 PM MST
DECEMBER 10 2016......SUNRISE   711 AM MST   SUNSET   415 PM MST


-  INDICATES NEGATIVE NUMBERS.
R  INDICATES RECORD WAS SET OR TIED.
MM INDICATES DATA IS MISSING.
T  INDICATES TRACE AMOUNT.




$$
