000
CDUS43 KUNR 180832
CLIIEN


CLIMATE REPORT
NATIONAL WEATHER SERVICE RAPID CITY SD
231 AM MDT WED OCT 18 2017


...................................

...THE PINE RIDGE SD CLIMATE SUMMARY FOR OCTOBER 17 2017...

CLIMATE NORMAL PERIOD 1981 TO 2010
CLIMATE RECORD PERIOD 9999 TO 9999


WEATHER ITEM   OBSERVED TIME   NORMAL DEPARTURE LAST
                VALUE   (LST)  VALUE  FROM      YEAR
                                      NORMAL
......................................................
TEMPERATURE (F)
 YESTERDAY
  MAXIMUM         79    254 PM  63     16       MM
  MINIMUM         27    625 AM  32     -5       MM
  AVERAGE         53            48      5       MM

PRECIPITATION (IN)
  YESTERDAY        0.00          0.04  -0.04     0.00
  MONTH TO DATE    0.81          0.70   0.11     0.07
  SINCE SEP 1      1.62          2.31  -0.69     0.75
  SINCE JAN 1     14.79         16.10  -1.31    13.67

DEGREE DAYS
 HEATING
  YESTERDAY       12            18     -6       MM
  MONTH TO DATE  271           245     26      165
  SINCE SEP 1    439           430      9      296
  SINCE JUL 1    451           467    -16      329

 COOLING
  YESTERDAY        0             0      0       MM
  MONTH TO DATE    0             0      0        8
  SINCE SEP 1    101            66     35       62
  SINCE JAN 1    774           714     60      774
......................................................


WIND (MPH)
  HIGHEST WIND SPEED    16   HIGHEST WIND DIRECTION    SW (240)
  HIGHEST GUST SPEED    21   HIGHEST GUST DIRECTION     W (250)
  AVERAGE WIND SPEED     4.9


SKY COVER
  AVERAGE SKY COVER 0.0


WEATHER CONDITIONS
 THE FOLLOWING WEATHER WAS RECORDED YESTERDAY.
  NO SIGNIFICANT WEATHER WAS OBSERVED.


RELATIVE HUMIDITY (PERCENT)
 HIGHEST    92           100 AM
 LOWEST     11           200 PM
 AVERAGE    52

..........................................................




SUNRISE AND SUNSET
OCTOBER 18 2017.......SUNRISE   708 AM MDT   SUNSET   602 PM MDT
OCTOBER 19 2017.......SUNRISE   709 AM MDT   SUNSET   600 PM MDT


-  INDICATES NEGATIVE NUMBERS.
R  INDICATES RECORD WAS SET OR TIED.
MM INDICATES DATA IS MISSING.
T  INDICATES TRACE AMOUNT.




$$
