000
CDUS43 KUNR 260834
CLIIEN


CLIMATE REPORT
NATIONAL WEATHER SERVICE RAPID CITY SD
132 AM MST FRI DEC 26 2014


...................................

...THE PINE RIDGE SD CLIMATE SUMMARY FOR DECEMBER 25 2014...

CLIMATE NORMAL PERIOD 1981 TO 2010
CLIMATE RECORD PERIOD 9999 TO 9999


WEATHER ITEM   OBSERVED TIME   NORMAL DEPARTURE LAST
                VALUE   (LST)  VALUE  FROM      YEAR
                                      NORMAL
......................................................
TEMPERATURE (F)
 YESTERDAY
  MAXIMUM         34    319 AM  35     -1       35
  MINIMUM         21   1159 PM   9     12       15
  AVERAGE         28            22      6       25

PRECIPITATION (IN)
  YESTERDAY        0.08          0.01   0.07     0.00
  MONTH TO DATE    0.50          0.28   0.22     0.23
  SINCE DEC 1      0.50          0.28   0.22     0.23
  SINCE JAN 1     22.60         17.45   5.15    20.19

DEGREE DAYS
 HEATING
  YESTERDAY       37            43     -6       40
  MONTH TO DATE  840          1045   -205     1063
  SINCE DEC 1    840          1045   -205     1063
  SINCE JUL 1   2639          2735    -96     2778

 COOLING
  YESTERDAY        0             0      0        0
  MONTH TO DATE    0             0      0        0
  SINCE DEC 1      0             0      0        0
  SINCE JAN 1    482           717   -235      804
......................................................


WIND (MPH)
  HIGHEST WIND SPEED    23   HIGHEST WIND DIRECTION    NE (30)
  HIGHEST GUST SPEED    29   HIGHEST GUST DIRECTION    NE (30)
  AVERAGE WIND SPEED    12.2


SKY COVER
  AVERAGE SKY COVER 0.9


WEATHER CONDITIONS
 THE FOLLOWING WEATHER WAS RECORDED YESTERDAY.
  LIGHT SNOW
  FOG


RELATIVE HUMIDITY (PERCENT)
 HIGHEST    88          1000 PM
 LOWEST     72           100 AM
 AVERAGE    80

..........................................................




SUNRISE AND SUNSET
DECEMBER 26 2014......SUNRISE   720 AM MST   SUNSET   421 PM MST
DECEMBER 27 2014......SUNRISE   721 AM MST   SUNSET   422 PM MST


-  INDICATES NEGATIVE NUMBERS.
R  INDICATES RECORD WAS SET OR TIED.
MM INDICATES DATA IS MISSING.
T  INDICATES TRACE AMOUNT.




$$
