000
CDUS43 KUNR 060837
CLIIEN


CLIMATE REPORT
NATIONAL WEATHER SERVICE RAPID CITY SD
132 AM MST FRI MAR 6 2015


...................................

...THE PINE RIDGE SD CLIMATE SUMMARY FOR MARCH 5 2015...

CLIMATE NORMAL PERIOD 1981 TO 2010
CLIMATE RECORD PERIOD 9999 TO 9999


WEATHER ITEM   OBSERVED TIME   NORMAL DEPARTURE LAST
                VALUE   (LST)  VALUE  FROM      YEAR
                                      NORMAL
......................................................
TEMPERATURE (F)
 YESTERDAY
  MAXIMUM         41    416 PM  46     -5       50
  MINIMUM         -9    219 AM  19    -28       14
  AVERAGE         16            32    -16       32

PRECIPITATION (IN)
  YESTERDAY        0.00          0.02  -0.02     0.00
  MONTH TO DATE    0.17          0.09   0.08     0.14
  SINCE MAR 1      0.17          0.09   0.08     0.14
  SINCE JAN 1      0.63          0.88  -0.25     0.41

DEGREE DAYS
 HEATING
  YESTERDAY       49            33     16       33
  MONTH TO DATE  230           167     63      243
  SINCE MAR 1    230           167     63      243
  SINCE JUL 1   5440          5517    -77     5725

 COOLING
  YESTERDAY        0             0      0        0
  MONTH TO DATE    0             0      0        0
  SINCE MAR 1      0             0      0        0
  SINCE JAN 1      0             0      0        0
......................................................


WIND (MPH)
  HIGHEST WIND SPEED    21   HIGHEST WIND DIRECTION     W (260)
  HIGHEST GUST SPEED    28   HIGHEST GUST DIRECTION     W (250)
  AVERAGE WIND SPEED     7.2


SKY COVER
  AVERAGE SKY COVER 0.0


WEATHER CONDITIONS
 THE FOLLOWING WEATHER WAS RECORDED YESTERDAY.
  NO SIGNIFICANT WEATHER WAS OBSERVED.


RELATIVE HUMIDITY (PERCENT)
 HIGHEST    83           800 AM
 LOWEST     41           400 PM
 AVERAGE    62

..........................................................




SUNRISE AND SUNSET
MARCH  6 2015.........SUNRISE   618 AM MST   SUNSET   545 PM MST
MARCH  7 2015.........SUNRISE   616 AM MST   SUNSET   547 PM MST


-  INDICATES NEGATIVE NUMBERS.
R  INDICATES RECORD WAS SET OR TIED.
MM INDICATES DATA IS MISSING.
T  INDICATES TRACE AMOUNT.




$$
