000
CDUS43 KUNR 190832
CLIIEN


CLIMATE REPORT
NATIONAL WEATHER SERVICE RAPID CITY SD
131 AM MST SUN FEB 19 2017


...................................

...THE PINE RIDGE SD CLIMATE SUMMARY FOR FEBRUARY 18 2017...

CLIMATE NORMAL PERIOD 1981 TO 2010
CLIMATE RECORD PERIOD 9999 TO 9999


WEATHER ITEM   OBSERVED TIME   NORMAL DEPARTURE LAST
                VALUE   (LST)  VALUE  FROM      YEAR
                                      NORMAL
......................................................
TEMPERATURE (F)
 YESTERDAY
  MAXIMUM         57    409 PM  41     16       73
  MINIMUM         31   1220 AM  14     17       38
  AVERAGE         44            27     17       56

PRECIPITATION (IN)
  YESTERDAY        0.00          0.01  -0.01     0.00
  MONTH TO DATE    0.40          0.30   0.10     0.21
  SINCE DEC 1      1.64          0.97   0.67     1.44
  SINCE JAN 1      0.81          0.62   0.19     0.42

DEGREE DAYS
 HEATING
  YESTERDAY       21            38    -17        9
  MONTH TO DATE  632           712    -80      548
  SINCE DEC 1   3659          3299    360     3091
  SINCE JUL 1   4832          4989   -157     4579

 COOLING
  YESTERDAY        0             0      0        0
  MONTH TO DATE    0             0      0        0
  SINCE DEC 1      0             0      0        0
  SINCE JAN 1      0             0      0        0
......................................................


WIND (MPH)
  HIGHEST WIND SPEED    28   HIGHEST WIND DIRECTION     S (180)
  HIGHEST GUST SPEED    35   HIGHEST GUST DIRECTION     S (180)
  AVERAGE WIND SPEED    13.7


SKY COVER
  AVERAGE SKY COVER 0.0


WEATHER CONDITIONS
 THE FOLLOWING WEATHER WAS RECORDED YESTERDAY.
  NO SIGNIFICANT WEATHER WAS OBSERVED.


RELATIVE HUMIDITY (PERCENT)
 HIGHEST    78          1200 AM
 LOWEST     36           400 PM
 AVERAGE    57

..........................................................




SUNRISE AND SUNSET
FEBRUARY 19 2017......SUNRISE   641 AM MST   SUNSET   527 PM MST
FEBRUARY 20 2017......SUNRISE   640 AM MST   SUNSET   528 PM MST


-  INDICATES NEGATIVE NUMBERS.
R  INDICATES RECORD WAS SET OR TIED.
MM INDICATES DATA IS MISSING.
T  INDICATES TRACE AMOUNT.




$$
