000
CDUS43 KUNR 290837
CLIIEN


CLIMATE REPORT
NATIONAL WEATHER SERVICE RAPID CITY SD
135 AM MST THU JAN 29 2015


...................................

...THE PINE RIDGE SD CLIMATE SUMMARY FOR JANUARY 28 2015...

CLIMATE NORMAL PERIOD 1981 TO 2010
CLIMATE RECORD PERIOD 9999 TO 9999


WEATHER ITEM   OBSERVED TIME   NORMAL DEPARTURE LAST
                VALUE   (LST)  VALUE  FROM      YEAR
                                      NORMAL
......................................................
TEMPERATURE (F)
 YESTERDAY
  MAXIMUM         58   1040 AM  38     20       25
  MINIMUM         31   1159 PM  11     20       -8
  AVERAGE         45            24     21        9

PRECIPITATION (IN)
  YESTERDAY        T             0.02  -0.02     0.00
  MONTH TO DATE    0.17          0.28  -0.11     0.06
  SINCE DEC 1      0.72          0.63   0.09     0.29
  SINCE JAN 1      0.17          0.28  -0.11     0.06

DEGREE DAYS
 HEATING
  YESTERDAY       20            41    -21       56
  MONTH TO DATE 1109          1163    -54     1074
  SINCE DEC 1   2295          2463   -168     2350
  SINCE JUL 1   4094          4153    -59     4065

 COOLING
  YESTERDAY        0             0      0        0
  MONTH TO DATE    0             0      0        0
  SINCE DEC 1      0             0      0        0
  SINCE JAN 1      0             0      0        0
......................................................


WIND (MPH)
  HIGHEST WIND SPEED    28   HIGHEST WIND DIRECTION     N (360)
  HIGHEST GUST SPEED    36   HIGHEST GUST DIRECTION     N (360)
  AVERAGE WIND SPEED    13.4


SKY COVER
  AVERAGE SKY COVER 0.3


WEATHER CONDITIONS
 THE FOLLOWING WEATHER WAS RECORDED YESTERDAY.
  NO SIGNIFICANT WEATHER WAS OBSERVED.


RELATIVE HUMIDITY (PERCENT)
 HIGHEST    75          1200 AM
 LOWEST     27           100 PM
 AVERAGE    51

..........................................................




SUNRISE AND SUNSET
JANUARY 29 2015.......SUNRISE   708 AM MST   SUNSET   458 PM MST
JANUARY 30 2015.......SUNRISE   707 AM MST   SUNSET   500 PM MST


-  INDICATES NEGATIVE NUMBERS.
R  INDICATES RECORD WAS SET OR TIED.
MM INDICATES DATA IS MISSING.
T  INDICATES TRACE AMOUNT.




$$
