000
CDUS43 KUNR 280833
CLIIEN


CLIMATE REPORT
NATIONAL WEATHER SERVICE RAPID CITY SD
231 AM MDT MON JUL 28 2014


...................................

...THE PINE RIDGE SD CLIMATE SUMMARY FOR JULY 27 2014...

CLIMATE NORMAL PERIOD 1981 TO 2010
CLIMATE RECORD PERIOD 9999 TO 9999


WEATHER ITEM   OBSERVED TIME   NORMAL DEPARTURE LAST
                VALUE   (LST)  VALUE  FROM      YEAR
                                      NORMAL
......................................................
TEMPERATURE (F)
 YESTERDAY
  MAXIMUM         81    405 PM  91    -10       75
  MINIMUM         46    410 AM  59    -13       54
  AVERAGE         64            75    -11       65

PRECIPITATION (IN)
  YESTERDAY        0.00          0.08  -0.08     0.00
  MONTH TO DATE    2.56          1.91   0.65     1.62
  SINCE JUN 1      7.10          5.34   1.76     3.73
  SINCE JAN 1     14.70         11.58   3.12    11.49

DEGREE DAYS
 HEATING
  YESTERDAY        1             0      1        0
  MONTH TO DATE   25             4     21        2
  SINCE JUN 1    133            91     42       80
  SINCE JUL 1     25             4     21        2

 COOLING
  YESTERDAY        0            10    -10        0
  MONTH TO DATE  172           239    -67      256
  SINCE JUN 1    229           349   -120      339
  SINCE JAN 1    254           366   -112      356
......................................................


WIND (MPH)
  HIGHEST WIND SPEED    14   HIGHEST WIND DIRECTION     N (10)
  HIGHEST GUST SPEED    23   HIGHEST GUST DIRECTION     N (20)
  AVERAGE WIND SPEED     5.7


SKY COVER
  AVERAGE SKY COVER 0.0


WEATHER CONDITIONS
 THE FOLLOWING WEATHER WAS RECORDED YESTERDAY.
  NO SIGNIFICANT WEATHER WAS OBSERVED.


RELATIVE HUMIDITY (PERCENT)
 HIGHEST    93           200 AM
 LOWEST     36           200 PM
 AVERAGE    65

..........................................................




SUNRISE AND SUNSET
JULY 28 2014..........SUNRISE   537 AM MDT   SUNSET   816 PM MDT
JULY 29 2014..........SUNRISE   538 AM MDT   SUNSET   815 PM MDT


-  INDICATES NEGATIVE NUMBERS.
R  INDICATES RECORD WAS SET OR TIED.
MM INDICATES DATA IS MISSING.
T  INDICATES TRACE AMOUNT.




$$
