000
CDUS43 KUNR 030843
CLIIEN


CLIMATE REPORT
NATIONAL WEATHER SERVICE RAPID CITY SD
243 AM MDT FRI JUL 3 2015


...................................

...THE PINE RIDGE SD CLIMATE SUMMARY FOR JULY 2 2015...

CLIMATE NORMAL PERIOD 1981 TO 2010
CLIMATE RECORD PERIOD 9999 TO 9999


WEATHER ITEM   OBSERVED TIME   NORMAL DEPARTURE LAST
                VALUE   (LST)  VALUE  FROM      YEAR
                                      NORMAL
......................................................
TEMPERATURE (F)
 YESTERDAY
  MAXIMUM         80    320 PM  86     -6       77
  MINIMUM         59   1159 PM  56      3       41
  AVERAGE         70            71     -1       59

PRECIPITATION (IN)
  YESTERDAY        0.01          0.07  -0.06     0.00
  MONTH TO DATE    1.10          0.19   0.91      T
  SINCE JUN 1      4.87          3.62   1.25     4.54
  SINCE JAN 1     14.55          9.86   4.69    12.14

DEGREE DAYS
 HEATING
  YESTERDAY        0             1     -1        6
  MONTH TO DATE    0             2     -2       11
  SINCE JUN 1     10            89    -79      119
  SINCE JUL 1      0             2     -2       11

 COOLING
  YESTERDAY        5             7     -2        0
  MONTH TO DATE   14            14      0        0
  SINCE JUN 1    135           124     11       57
  SINCE JAN 1    135           141     -6       82
......................................................


WIND (MPH)
  HIGHEST WIND SPEED    20   HIGHEST WIND DIRECTION     N (350)
  HIGHEST GUST SPEED    26   HIGHEST GUST DIRECTION     N (360)
  AVERAGE WIND SPEED     7.8


SKY COVER
  AVERAGE SKY COVER 0.2


WEATHER CONDITIONS
 THE FOLLOWING WEATHER WAS RECORDED YESTERDAY.
  THUNDERSTORM
  HEAVY RAIN
  LIGHT RAIN
  FOG


RELATIVE HUMIDITY (PERCENT)
 HIGHEST    90           200 AM
 LOWEST     45           300 PM
 AVERAGE    68

..........................................................




SUNRISE AND SUNSET
JULY  3 2015..........SUNRISE   516 AM MDT   SUNSET   833 PM MDT
JULY  4 2015..........SUNRISE   516 AM MDT   SUNSET   832 PM MDT


-  INDICATES NEGATIVE NUMBERS.
R  INDICATES RECORD WAS SET OR TIED.
MM INDICATES DATA IS MISSING.
T  INDICATES TRACE AMOUNT.




$$
