000
CDUS45 KVEF 180845
CLIIGM


CLIMATE REPORT
NATIONAL WEATHER SERVICE LAS VEGAS, NV
1245 AM PST WED JAN 18 2017


...................................

...THE KINGMAN AZ CLIMATE SUMMARY FOR JANUARY 17 2017...

CLIMATE NORMAL PERIOD 1981 TO 2010
CLIMATE RECORD PERIOD 1901 TO 2017


WEATHER ITEM   OBSERVED TIME   RECORD YEAR NORMAL DEPARTURE LAST
                VALUE   (LST)  VALUE       VALUE  FROM      YEAR
                                                  NORMAL
..................................................................
TEMPERATURE (F)
 YESTERDAY
  MAXIMUM         53    436 PM  74    1976  57     -4       63
  MINIMUM         31    754 AM  14    1917  31      0       26
  AVERAGE         42                        44     -2       45

PRECIPITATION (IN)
  YESTERDAY        0.00          0.98 1993   0.04  -0.04     0.00
  MONTH TO DATE    0.42                      0.53  -0.11     0.61
  SINCE OCT 1      3.98                      2.63   1.35     2.13
  SINCE JAN 1      0.42                      0.53  -0.11     0.61

DEGREE DAYS
 HEATING
  YESTERDAY       23                        21      2       20
  MONTH TO DATE  319                       370    -51      400
  SINCE DEC 1    960                      1053    -93     1130
  SINCE JUL 1   1282                      1619   -337     1706

 COOLING
  YESTERDAY        0                         0      0        0
  MONTH TO DATE    0                         0      0        0
  SINCE DEC 1      0                         0      0        0
  SINCE JAN 1      0                         0      0        0
..................................................................


WIND (MPH)
  RESULTANT WIND SPEED   6   RESULTANT WIND DIRECTION   E (80)
  HIGHEST WIND SPEED    14   HIGHEST WIND DIRECTION     N (20)
  HIGHEST GUST SPEED    18   HIGHEST GUST DIRECTION     E (80)
  AVERAGE WIND SPEED     7.5


SKY COVER
  POSSIBLE SUNSHINE  MM
  AVERAGE SKY COVER 0.0


WEATHER CONDITIONS
 THE FOLLOWING WEATHER WAS RECORDED YESTERDAY.
  NO SIGNIFICANT WEATHER WAS OBSERVED.


RELATIVE HUMIDITY (PERCENT)
 HIGHEST    69           800 AM
 LOWEST     24           300 PM
 AVERAGE    47

..........................................................


THE KINGMAN AZ CLIMATE NORMALS FOR TODAY
                         NORMAL    RECORD    YEAR
 MAXIMUM TEMPERATURE (F)   57        76      2000
 MINIMUM TEMPERATURE (F)   31        19      2007


SUNRISE AND SUNSET
JANUARY 18 2017.......SUNRISE   743 AM MST   SUNSET   550 PM MST
JANUARY 19 2017.......SUNRISE   742 AM MST   SUNSET   551 PM MST


-  INDICATES NEGATIVE NUMBERS.
R  INDICATES RECORD WAS SET OR TIED.
MM INDICATES DATA IS MISSING.
T  INDICATES TRACE AMOUNT.




$$
