297
CDUS45 KVEF 290829
CLIIGM


CLIMATE REPORT
NATIONAL WEATHER SERVICE LAS VEGAS, NV
129 AM PDT FRI APR 29 2016


...................................

...THE KINGMAN AZ CLIMATE SUMMARY FOR APRIL 28 2016...

CLIMATE NORMAL PERIOD 1981 TO 2010
CLIMATE RECORD PERIOD 1901 TO 2016


WEATHER ITEM   OBSERVED TIME   RECORD YEAR NORMAL DEPARTURE LAST
                VALUE   (LST)  VALUE       VALUE  FROM      YEAR
                                                  NORMAL
..................................................................
TEMPERATURE (F)
 YESTERDAY
  MAXIMUM         56    300 PM  94    2007  78    -22       86
  MINIMUM         43    532 AM  31    1970  48     -5       45
  AVERAGE         50                        63    -13       66

PRECIPITATION (IN)
  YESTERDAY        0.43          0.62 1953   0.01   0.42     0.00
  MONTH TO DATE    1.12                      0.40   0.72     0.11
  SINCE OCT 1      3.98                      5.42  -1.44     4.94
  SINCE JAN 1      2.46                      3.32  -0.86     2.81

DEGREE DAYS
 HEATING
  YESTERDAY       15                         4     11        0
  MONTH TO DATE  130                       207    -77      214
  SINCE MAR 1    409                       625   -216      462
  SINCE JUL 1   2761                      3038   -277     2442

 COOLING
  YESTERDAY        0                         2     -2        1
  MONTH TO DATE   18                        25     -7        5
  SINCE MAR 1     20                        28     -8        7
  SINCE JAN 1     20                        28     -8        7
..................................................................


WIND (MPH)
  RESULTANT WIND SPEED   3   RESULTANT WIND DIRECTION   S (160)
  HIGHEST WIND SPEED    29   HIGHEST WIND DIRECTION    SW (230)
  HIGHEST GUST SPEED    35   HIGHEST GUST DIRECTION    SW (230)
  AVERAGE WIND SPEED     7.9


SKY COVER
  POSSIBLE SUNSHINE  MM
  AVERAGE SKY COVER 0.7


WEATHER CONDITIONS
 THE FOLLOWING WEATHER WAS RECORDED YESTERDAY.
  HEAVY RAIN
  RAIN
  LIGHT RAIN
  FOG


RELATIVE HUMIDITY (PERCENT)
 HIGHEST    92           900 AM
 LOWEST     61           300 PM
 AVERAGE    77

..........................................................


THE KINGMAN AZ CLIMATE NORMALS FOR TODAY
                         NORMAL    RECORD    YEAR
 MAXIMUM TEMPERATURE (F)   78        94      2013
 MINIMUM TEMPERATURE (F)   48        28      1970


SUNRISE AND SUNSET
APRIL 29 2016.........SUNRISE   546 AM MST   SUNSET   721 PM MST
APRIL 30 2016.........SUNRISE   545 AM MST   SUNSET   721 PM MST


-  INDICATES NEGATIVE NUMBERS.
R  INDICATES RECORD WAS SET OR TIED.
MM INDICATES DATA IS MISSING.
T  INDICATES TRACE AMOUNT.




$$
