000
CDUS45 KIGM 150029
CLIIGM


CLIMATE REPORT
NATIONAL WEATHER SERVICE LAS VEGAS, NV
529 PM PDT SUN SEP 14 2014


...................................

...THE KINGMAN AZ CLIMATE SUMMARY FOR SEPTEMBER 14 2014...
VALID TODAY AS OF 0500 PM LOCAL TIME.

CLIMATE NORMAL PERIOD 1981 TO 2010
CLIMATE RECORD PERIOD 1901 TO 2014


WEATHER ITEM   OBSERVED TIME   RECORD YEAR NORMAL DEPARTURE LAST
                VALUE   (LST)  VALUE       VALUE  FROM      YEAR
                                                  NORMAL
..................................................................
TEMPERATURE (F)
 TODAY
  MAXIMUM         95    329 PM 102    1971  91      4       90
  MINIMUM         66    655 AM  46    1994  62      4       59
  AVERAGE         81                        76      5       75

PRECIPITATION (IN)
  TODAY            0.00          0.23 1959   0.05  -0.05     0.00
  MONTH TO DATE    1.50                      0.64   0.86     1.80
  SINCE OCT 1      6.47                      8.01  -1.54     7.01
  SINCE JAN 1      5.59                      5.91  -0.32     5.84

DEGREE DAYS
 HEATING
  TODAY            0                         0      0        0
  MONTH TO DATE    0                         0      0        0
  SINCE SEP 1      0                         0      0        0
  SINCE JUL 1      0                         0      0        0

 COOLING
  TODAY           16                        12      4       10
  MONTH TO DATE  190                       190      0      143
  SINCE SEP 1    190                       190      0      143
  SINCE JAN 1   1872                      1891    -19     2017
..................................................................


WIND (MPH)
  RESULTANT WIND SPEED   4   RESULTANT WIND DIRECTION  SE (130)
  HIGHEST WIND SPEED    15   HIGHEST WIND DIRECTION    SE (130)
  HIGHEST GUST SPEED    17   HIGHEST GUST DIRECTION    SE (130)
  AVERAGE WIND SPEED     5.8


SKY COVER
  POSSIBLE SUNSHINE  MM
  AVERAGE SKY COVER 0.0


WEATHER CONDITIONS
 THE FOLLOWING WEATHER WAS RECORDED TODAY.
  NO SIGNIFICANT WEATHER WAS OBSERVED.


RELATIVE HUMIDITY (PERCENT)
 HIGHEST    68           700 AM
 LOWEST     19           300 PM
 AVERAGE    44

..........................................................


THE KINGMAN AZ CLIMATE NORMALS FOR TOMORROW
                         NORMAL    RECORD    YEAR
 MAXIMUM TEMPERATURE (F)   90       101      2000
 MINIMUM TEMPERATURE (F)   62        44      1941


SUNRISE AND SUNSET
SEPTEMBER 14 2014.....SUNRISE   618 AM MST   SUNSET   644 PM MST
SEPTEMBER 15 2014.....SUNRISE   619 AM MST   SUNSET   643 PM MST


-  INDICATES NEGATIVE NUMBERS.
R  INDICATES RECORD WAS SET OR TIED.
MM INDICATES DATA IS MISSING.
T  INDICATES TRACE AMOUNT.




$$
