000
CDUS45 KVEF 270827
CLIIGM


CLIMATE REPORT
NATIONAL WEATHER SERVICE LAS VEGAS, NV
126 AM PDT FRI MAY 27 2016


...................................

...THE KINGMAN AZ CLIMATE SUMMARY FOR MAY 26 2016...

CLIMATE NORMAL PERIOD 1981 TO 2010
CLIMATE RECORD PERIOD 1901 TO 2016


WEATHER ITEM   OBSERVED TIME   RECORD YEAR NORMAL DEPARTURE LAST
                VALUE   (LST)  VALUE       VALUE  FROM      YEAR
                                                  NORMAL
..................................................................
TEMPERATURE (F)
 YESTERDAY
  MAXIMUM         79    526 PM 101    1951  88     -9       86
  MINIMUM         46    442 AM  34    1911  55     -9       56
  AVERAGE         63                        72     -9       71

PRECIPITATION (IN)
  YESTERDAY        0.00          0.48 1964   0.01  -0.01     0.00
  MONTH TO DATE    0.38                      0.12   0.26     0.18
  SINCE OCT 1      4.61                      5.55  -0.94     5.12
  SINCE JAN 1      3.09                      3.45  -0.36     2.99

DEGREE DAYS
 HEATING
  YESTERDAY        2                         1      1        0
  MONTH TO DATE   47                        51     -4       88
  SINCE MAR 1    476                       684   -208      550
  SINCE JUL 1   2828                      3097   -269     2530

 COOLING
  YESTERDAY        0                         8     -8        6
  MONTH TO DATE   83                       127    -44       34
  SINCE MAR 1    103                       158    -55       52
  SINCE JAN 1    103                       158    -55       52
..................................................................


WIND (MPH)
  RESULTANT WIND SPEED   8   RESULTANT WIND DIRECTION  SW (230)
  HIGHEST WIND SPEED    20   HIGHEST WIND DIRECTION    SW (240)
  HIGHEST GUST SPEED    29   HIGHEST GUST DIRECTION    SW (230)
  AVERAGE WIND SPEED     9.5


SKY COVER
  POSSIBLE SUNSHINE  MM
  AVERAGE SKY COVER 0.1


WEATHER CONDITIONS
 THE FOLLOWING WEATHER WAS RECORDED YESTERDAY.
  NO SIGNIFICANT WEATHER WAS OBSERVED.


RELATIVE HUMIDITY (PERCENT)
 HIGHEST    27           800 AM
 LOWEST     13           500 PM
 AVERAGE    20

..........................................................


THE KINGMAN AZ CLIMATE NORMALS FOR TODAY
                         NORMAL    RECORD    YEAR
 MAXIMUM TEMPERATURE (F)   88       105      2003
 MINIMUM TEMPERATURE (F)   56        36      1942


SUNRISE AND SUNSET
MAY 27 2016...........SUNRISE   524 AM MST   SUNSET   742 PM MST
MAY 28 2016...........SUNRISE   524 AM MST   SUNSET   743 PM MST


-  INDICATES NEGATIVE NUMBERS.
R  INDICATES RECORD WAS SET OR TIED.
MM INDICATES DATA IS MISSING.
T  INDICATES TRACE AMOUNT.




$$
