000
CDUS45 KVEF 070028
CLIIGM


CLIMATE REPORT
NATIONAL WEATHER SERVICE LAS VEGAS, NV
528 PM PDT MON JUL 6 2015


...................................

...THE KINGMAN AZ CLIMATE SUMMARY FOR JULY 6 2015...
VALID TODAY AS OF 0500 PM LOCAL TIME.

CLIMATE NORMAL PERIOD 1981 TO 2010
CLIMATE RECORD PERIOD 1901 TO 2015


WEATHER ITEM   OBSERVED TIME   RECORD YEAR NORMAL DEPARTURE LAST
                VALUE   (LST)  VALUE       VALUE  FROM      YEAR
                                                  NORMAL
..................................................................
TEMPERATURE (F)
 TODAY
  MAXIMUM         94    248 PM 108    1905  97     -3       95
  MINIMUM         67    550 AM  47    1934  69     -2       73
  AVERAGE         81                        83     -2       84

PRECIPITATION (IN)
  TODAY            0.02          1.17 1965   0.02   0.00     0.06
  MONTH TO DATE    0.03                      0.09  -0.06     0.06
  SINCE OCT 1      6.64                      5.74   0.90     1.73
  SINCE JAN 1      4.51                      3.64   0.87     0.85

DEGREE DAYS
 HEATING
  TODAY            0                         0      0        0
  MONTH TO DATE    0                         0      0        0
  SINCE JUN 1      0                         3     -3        0
  SINCE JUL 1      0                         0      0        0

 COOLING
  TODAY           16                        18     -2       19
  MONTH TO DATE  116                       104     12      123
  SINCE JUN 1    593                       489    104      563
  SINCE JAN 1    699                       687     12      788
..................................................................


WIND (MPH)
  RESULTANT WIND SPEED   5   RESULTANT WIND DIRECTION   S (190)
  HIGHEST WIND SPEED    29   HIGHEST WIND DIRECTION     N (10)
  HIGHEST GUST SPEED    36   HIGHEST GUST DIRECTION     N (10)
  AVERAGE WIND SPEED    12.3


SKY COVER
  POSSIBLE SUNSHINE  MM
  AVERAGE SKY COVER 0.2


WEATHER CONDITIONS
 THE FOLLOWING WEATHER WAS RECORDED TODAY.
  THUNDERSTORM
  LIGHT RAIN


RELATIVE HUMIDITY (PERCENT)
 HIGHEST    73           400 AM
 LOWEST     24           200 PM
 AVERAGE    49

..........................................................


THE KINGMAN AZ CLIMATE NORMALS FOR TOMORROW
                         NORMAL    RECORD    YEAR
 MAXIMUM TEMPERATURE (F)   97       109      1905
 MINIMUM TEMPERATURE (F)   69        54      1935


SUNRISE AND SUNSET
JULY  6 2015..........SUNRISE   527 AM MST   SUNSET   754 PM MST
JULY  7 2015..........SUNRISE   528 AM MST   SUNSET   754 PM MST


-  INDICATES NEGATIVE NUMBERS.
R  INDICATES RECORD WAS SET OR TIED.
MM INDICATES DATA IS MISSING.
T  INDICATES TRACE AMOUNT.




$$
