584
CDUS45 KVEF 290828
CLIIGM


CLIMATE REPORT
NATIONAL WEATHER SERVICE LAS VEGAS, NV
127 AM PDT MON MAY 29 2017


...................................

...THE KINGMAN AZ CLIMATE SUMMARY FOR MAY 28 2017...

CLIMATE NORMAL PERIOD 1981 TO 2010
CLIMATE RECORD PERIOD 1901 TO 2017


WEATHER ITEM   OBSERVED TIME   RECORD YEAR NORMAL DEPARTURE LAST
                VALUE   (LST)  VALUE       VALUE  FROM      YEAR
                                                  NORMAL
..................................................................
TEMPERATURE (F)
 YESTERDAY
  MAXIMUM         93    442 PM 104    2003  89      4       88
  MINIMUM         51    427 AM  35    1918  56     -5       59
  AVERAGE         72                        72      0       74

PRECIPITATION (IN)
  YESTERDAY        0.00          0.32 1990   0.00   0.00     0.00
  MONTH TO DATE    0.19                      0.12   0.07     0.38
  SINCE OCT 1      6.45                      5.55   0.90     4.61
  SINCE JAN 1      2.89                      3.45  -0.56     3.09

DEGREE DAYS
 HEATING
  YESTERDAY        0                         1     -1        0
  MONTH TO DATE   85                        53     32       47
  SINCE MAR 1    494                       686   -192      476
  SINCE JUL 1   2491                      3099   -608     2828

 COOLING
  YESTERDAY        7                         8     -1        9
  MONTH TO DATE  111                       143    -32       95
  SINCE MAR 1    126                       174    -48      115
  SINCE JAN 1    126                       174    -48      115
..................................................................


WIND (MPH)
  RESULTANT WIND SPEED   5   RESULTANT WIND DIRECTION  NW (320)
  HIGHEST WIND SPEED    21   HIGHEST WIND DIRECTION    NW (300)
  HIGHEST GUST SPEED    28   HIGHEST GUST DIRECTION     W (280)
  AVERAGE WIND SPEED     8.9


SKY COVER
  POSSIBLE SUNSHINE  MM
  AVERAGE SKY COVER 0.0


WEATHER CONDITIONS
 THE FOLLOWING WEATHER WAS RECORDED YESTERDAY.
  NO SIGNIFICANT WEATHER WAS OBSERVED.


RELATIVE HUMIDITY (PERCENT)
 HIGHEST    28           500 AM
 LOWEST      8           300 PM
 AVERAGE    18

..........................................................


THE KINGMAN AZ CLIMATE NORMALS FOR TODAY
                         NORMAL    RECORD    YEAR
 MAXIMUM TEMPERATURE (F)   89       102      2003
 MINIMUM TEMPERATURE (F)   56        35      1918


SUNRISE AND SUNSET
MAY 29 2017...........SUNRISE   523 AM MST   SUNSET   744 PM MST
MAY 30 2017...........SUNRISE   523 AM MST   SUNSET   744 PM MST


-  INDICATES NEGATIVE NUMBERS.
R  INDICATES RECORD WAS SET OR TIED.
MM INDICATES DATA IS MISSING.
T  INDICATES TRACE AMOUNT.




$$
