000
CDUS45 KVEF 220826
CLIIGM


CLIMATE REPORT
NATIONAL WEATHER SERVICE LAS VEGAS, NV
1226 AM PST WED NOV 22 2017


...................................

...THE KINGMAN AZ CLIMATE SUMMARY FOR NOVEMBER 21 2017...

CLIMATE NORMAL PERIOD 1981 TO 2010
CLIMATE RECORD PERIOD 1901 TO 2017


WEATHER ITEM   OBSERVED TIME   RECORD YEAR NORMAL DEPARTURE LAST
                VALUE   (LST)  VALUE       VALUE  FROM      YEAR
                                                  NORMAL
..................................................................
TEMPERATURE (F)
 YESTERDAY
  MAXIMUM         72    341 PM  78    2006  62     10       57
  MINIMUM         42    710 AM  16    1906  36      6       41
  AVERAGE         57                        49      8       49

PRECIPITATION (IN)
  YESTERDAY        0.00          0.76 2004   0.02  -0.02     0.28
  MONTH TO DATE    T                         0.47  -0.47     0.28
  SINCE OCT 1      T                         1.18  -1.18     0.78
  SINCE JAN 1      7.97                      7.47   0.50     8.21

DEGREE DAYS
 HEATING
  YESTERDAY        8                        16     -8       16
  MONTH TO DATE  166                       264    -98      117
  SINCE SEP 1    234                       403   -169      147
  SINCE JUL 1    234                       403   -169      147

 COOLING
  YESTERDAY        0                         0      0        0
  MONTH TO DATE    0                         0      0        2
  SINCE SEP 1    313                       391    -78      368
  SINCE JAN 1   2183                      2092     91     2244
..................................................................


WIND (MPH)
  RESULTANT WIND SPEED   6   RESULTANT WIND DIRECTION   E (70)
  HIGHEST WIND SPEED    13   HIGHEST WIND DIRECTION     E (110)
  HIGHEST GUST SPEED    15   HIGHEST GUST DIRECTION     E (80)
  AVERAGE WIND SPEED     7.1


SKY COVER
  POSSIBLE SUNSHINE  MM
  AVERAGE SKY COVER 0.0


WEATHER CONDITIONS
 THE FOLLOWING WEATHER WAS RECORDED YESTERDAY.
  NO SIGNIFICANT WEATHER WAS OBSERVED.


RELATIVE HUMIDITY (PERCENT)
 HIGHEST    31           200 AM
 LOWEST     12           200 PM
 AVERAGE    22

..........................................................


THE KINGMAN AZ CLIMATE NORMALS FOR TODAY
                         NORMAL    RECORD    YEAR
 MAXIMUM TEMPERATURE (F)   61        77      2002
 MINIMUM TEMPERATURE (F)   35        22      1941


SUNRISE AND SUNSET
NOVEMBER 22 2017......SUNRISE   718 AM MST   SUNSET   526 PM MST
NOVEMBER 23 2017......SUNRISE   719 AM MST   SUNSET   525 PM MST


-  INDICATES NEGATIVE NUMBERS.
R  INDICATES RECORD WAS SET OR TIED.
MM INDICATES DATA IS MISSING.
T  INDICATES TRACE AMOUNT.




$$
