000
CDUS45 KVEF 250826
CLIIGM


CLIMATE REPORT
NATIONAL WEATHER SERVICE LAS VEGAS, NV
1226 AM PST SAT FEB 25 2017


...................................

...THE KINGMAN AZ CLIMATE SUMMARY FOR FEBRUARY 24 2017...

CLIMATE NORMAL PERIOD 1981 TO 2010
CLIMATE RECORD PERIOD 1901 TO 2017


WEATHER ITEM   OBSERVED TIME   RECORD YEAR NORMAL DEPARTURE LAST
                VALUE   (LST)  VALUE       VALUE  FROM      YEAR
                                                  NORMAL
..................................................................
TEMPERATURE (F)
 YESTERDAY
  MAXIMUM         51    456 PM  80    1904  61    -10       66
  MINIMUM         24    555 AM  17    1912  35    -11       32
  AVERAGE         38                        48    -10       49

PRECIPITATION (IN)
  YESTERDAY        0.00          1.02 1941   0.04  -0.04     0.00
  MONTH TO DATE    0.18                      1.01  -0.83      T
  SINCE OCT 1      5.52                      4.13   1.39     2.70
  SINCE JAN 1      1.96                      2.03  -0.07     1.18

DEGREE DAYS
 HEATING
  YESTERDAY       27                        17     10       16
  MONTH TO DATE  301                       443   -142      357
  SINCE DEC 1   1588                      1782   -194     1739
  SINCE JUL 1   1910                      2348   -438     2315

 COOLING
  YESTERDAY        0                         0      0        0
  MONTH TO DATE    0                         0      0        0
  SINCE DEC 1      0                         0      0        0
  SINCE JAN 1      0                         0      0        0
..................................................................


WIND (MPH)
  RESULTANT WIND SPEED   2   RESULTANT WIND DIRECTION   E (100)
  HIGHEST WIND SPEED    12   HIGHEST WIND DIRECTION     N (360)
  HIGHEST GUST SPEED    16   HIGHEST GUST DIRECTION    SE (140)
  AVERAGE WIND SPEED     4.4


SKY COVER
  POSSIBLE SUNSHINE  MM
  AVERAGE SKY COVER 0.0


WEATHER CONDITIONS
 THE FOLLOWING WEATHER WAS RECORDED YESTERDAY.
  NO SIGNIFICANT WEATHER WAS OBSERVED.


RELATIVE HUMIDITY (PERCENT)
 HIGHEST    46           600 AM
 LOWEST      6           200 PM
 AVERAGE    26

..........................................................


THE KINGMAN AZ CLIMATE NORMALS FOR TODAY
                         NORMAL    RECORD    YEAR
 MAXIMUM TEMPERATURE (F)   61        81      1986
 MINIMUM TEMPERATURE (F)   35        22      1960


SUNRISE AND SUNSET
FEBRUARY 25 2017......SUNRISE   710 AM MST   SUNSET   628 PM MST
FEBRUARY 26 2017......SUNRISE   709 AM MST   SUNSET   629 PM MST


-  INDICATES NEGATIVE NUMBERS.
R  INDICATES RECORD WAS SET OR TIED.
MM INDICATES DATA IS MISSING.
T  INDICATES TRACE AMOUNT.




$$
