000
CDUS41 KPHI 140630
CLIILG


CLIMATE REPORT
NATIONAL WEATHER SERVICE MOUNT HOLLY NJ
126 AM EST SUN FEB 14 2016


...................................

...THE WILMINGTON DE CLIMATE SUMMARY FOR FEBRUARY 13 2016...

CLIMATE NORMAL PERIOD 1981 TO 2010
CLIMATE RECORD PERIOD 1894 TO 2016


WEATHER ITEM   OBSERVED TIME   RECORD YEAR NORMAL DEPARTURE LAST
                VALUE   (LST)  VALUE       VALUE  FROM      YEAR
                                                  NORMAL
..................................................................
TEMPERATURE (F)
 YESTERDAY
  MAXIMUM         23    130 AM  68    1951  43    -20       25
  MINIMUM         10   1159 PM  -2    1979  26    -16       10
  AVERAGE         17                        35    -18       18

PRECIPITATION (IN)
  YESTERDAY        T             2.28 1966   0.09  -0.09     0.00
  MONTH TO DATE    1.78                      1.24   0.54     0.86
  SINCE DEC 1      9.29                      7.73   1.56     8.32
  SINCE JAN 1      4.08                      4.25  -0.17     5.31

SNOWFALL (IN)
  YESTERDAY        T             9.5  2014   0.4   -0.4      0.0
  MONTH TO DATE    4.7                       4.2    0.5      0.2
  SINCE DEC 1     21.6                      13.5    8.1      4.1
  SINCE JUL 1     21.6                      13.9    7.7      4.4
  SNOW DEPTH       1

DEGREE DAYS
 HEATING
  YESTERDAY       48                        30     18       47
  MONTH TO DATE  403                       407     -4      448
  SINCE DEC 1   1889                      2296   -407     2279
  SINCE JUL 1   2593                      3194   -601     3168

 COOLING
  YESTERDAY        0                         0      0        0
  MONTH TO DATE    0                         0      0        0
  SINCE DEC 1      1                         0      1        0
  SINCE JAN 1      0                         0      0        0
..................................................................


WIND (MPH)
  HIGHEST WIND SPEED    35   HIGHEST WIND DIRECTION     W (290)
  HIGHEST GUST SPEED    43   HIGHEST GUST DIRECTION    NW (310)
  AVERAGE WIND SPEED    18.3


SKY COVER
  POSSIBLE SUNSHINE  MM
  AVERAGE SKY COVER 0.4


WEATHER CONDITIONS
 THE FOLLOWING WEATHER WAS RECORDED YESTERDAY.
  LIGHT SNOW


RELATIVE HUMIDITY (PERCENT)
 HIGHEST    77           200 AM
 LOWEST     42           500 PM
 AVERAGE    60

..........................................................


THE WILMINGTON DE CLIMATE NORMALS FOR TODAY
                         NORMAL    RECORD    YEAR
 MAXIMUM TEMPERATURE (F)   43        67      1990
 MINIMUM TEMPERATURE (F)   27        -4      1979


SUNRISE AND SUNSET
FEBRUARY 14 2016......SUNRISE   657 AM EST   SUNSET   537 PM EST
FEBRUARY 15 2016......SUNRISE   655 AM EST   SUNSET   538 PM EST


-  INDICATES NEGATIVE NUMBERS.
R  INDICATES RECORD WAS SET OR TIED.
MM INDICATES DATA IS MISSING.
T  INDICATES TRACE AMOUNT.




$$
