000
CDUS41 KPHI 250632
CLIILG


CLIMATE REPORT
NATIONAL WEATHER SERVICE MOUNT HOLLY NJ
227 AM EDT FRI JUL 25 2014


...................................

...THE WILMINGTON DE CLIMATE SUMMARY FOR JULY 24 2014...

CLIMATE NORMAL PERIOD 1981 TO 2010
CLIMATE RECORD PERIOD 1894 TO 2014


WEATHER ITEM   OBSERVED TIME   RECORD YEAR NORMAL DEPARTURE LAST
                VALUE   (LST)  VALUE       VALUE  FROM      YEAR
                                                  NORMAL
..................................................................
TEMPERATURE (F)
 YESTERDAY
  MAXIMUM         83    438 PM  98    2011  86     -3       82
  MINIMUM         66   1122 PM  56    1985  68     -2       66
  AVERAGE         75                        77     -2       74

PRECIPITATION (IN)
  YESTERDAY        T             2.51 1958   0.14  -0.14     0.00
  MONTH TO DATE    3.98                      3.56   0.42     2.33
  SINCE JUN 1      9.01                      7.44   1.57    15.99
  SINCE JAN 1     31.34                     24.50   6.84    29.39

SNOWFALL (IN)
  YESTERDAY        0.0           0.0  1894   0.0    0.0      0.0
  MONTH TO DATE    0.0                       0.0    0.0      0.0
  SINCE JUN 1      0.0                       0.0    0.0      0.0
  SINCE JUL 1      0.0                       0.0    0.0      0.0
  SNOW DEPTH       0

DEGREE DAYS
 HEATING
  YESTERDAY        0                         0      0        0
  MONTH TO DATE    0                         0      0        0
  SINCE JUN 1      2                        15    -13        0
  SINCE JUL 1      0                         0      0        0

 COOLING
  YESTERDAY       10                        12     -2        9
  MONTH TO DATE  298                       284     14      401
  SINCE JUN 1    538                       515     23      654
  SINCE JAN 1    605                       594     11      761
..................................................................


WIND (MPH)
  HIGHEST WIND SPEED    16   HIGHEST WIND DIRECTION    NW (330)
  HIGHEST GUST SPEED    22   HIGHEST GUST DIRECTION     N (340)
  AVERAGE WIND SPEED     8.3


SKY COVER
  POSSIBLE SUNSHINE  MM
  AVERAGE SKY COVER 0.3


WEATHER CONDITIONS
 THE FOLLOWING WEATHER WAS RECORDED YESTERDAY.
  LIGHT RAIN


RELATIVE HUMIDITY (PERCENT)
 HIGHEST    93          1200 AM
 LOWEST     45           200 PM
 AVERAGE    69

..........................................................


THE WILMINGTON DE CLIMATE NORMALS FOR TODAY
                         NORMAL    RECORD    YEAR
 MAXIMUM TEMPERATURE (F)   86        96      1987
 MINIMUM TEMPERATURE (F)   68        56      1953
                                             1932


SUNRISE AND SUNSET
JULY 25 2014..........SUNRISE   555 AM EDT   SUNSET   822 PM EDT
JULY 26 2014..........SUNRISE   556 AM EDT   SUNSET   821 PM EDT


-  INDICATES NEGATIVE NUMBERS.
R  INDICATES RECORD WAS SET OR TIED.
MM INDICATES DATA IS MISSING.
T  INDICATES TRACE AMOUNT.




$$
