000
CDUS41 KPHI 230555
CLIILG


CLIMATE REPORT
NATIONAL WEATHER SERVICE MOUNT HOLLY NJ
1253 AM EST FRI FEB 23 2018


...................................

...THE WILMINGTON DE CLIMATE SUMMARY FOR FEBRUARY 22 2018...

CLIMATE NORMAL PERIOD 1981 TO 2010
CLIMATE RECORD PERIOD 1894 TO 2018


WEATHER ITEM   OBSERVED TIME   RECORD YEAR NORMAL DEPARTURE LAST
                VALUE   (LST)  VALUE       VALUE  FROM      YEAR
                                                  NORMAL
..................................................................
TEMPERATURE (F)
 YESTERDAY
  MAXIMUM         59   1225 AM  69    1997  45     14       57
                                      1974
  MINIMUM         40   1159 PM   7    1968  28     12       39
  AVERAGE         50                        37     13       48

PRECIPITATION (IN)
  YESTERDAY        0.07          2.15 2003   0.10  -0.03     0.00
  MONTH TO DATE    4.99                      2.09   2.90     0.86
  SINCE DEC 1      8.66                      8.58   0.08     6.12
  SINCE JAN 1      7.43                      5.10   2.33     3.53

SNOWFALL (IN)
  YESTERDAY        0.0           5.0  1935   0.3   -0.3      0.0
  MONTH TO DATE    2.5                       7.0   -4.5      1.1
  SINCE DEC 1     13.8                      16.3   -2.5      5.6
  SINCE JUL 1     13.8                      16.7   -2.9      5.6
  SNOW DEPTH       0

DEGREE DAYS
 HEATING
  YESTERDAY       15                        28    -13       17
  MONTH TO DATE  555                       671   -116      526
  SINCE DEC 1   2516                      2560    -44     2198
  SINCE JUL 1   3244                      3458   -214     2922

 COOLING
  YESTERDAY        0                         0      0        0
  MONTH TO DATE    0                         0      0        0
  SINCE DEC 1      0                         0      0        0
  SINCE JAN 1      0                         0      0        0
..................................................................


WIND (MPH)
  HIGHEST WIND SPEED    22   HIGHEST WIND DIRECTION    NE (50)
  HIGHEST GUST SPEED    26   HIGHEST GUST DIRECTION    NE (40)
  AVERAGE WIND SPEED    12.8


SKY COVER
  POSSIBLE SUNSHINE  MM
  AVERAGE SKY COVER 1.0


WEATHER CONDITIONS
 THE FOLLOWING WEATHER WAS RECORDED YESTERDAY.
  RAIN
  LIGHT RAIN
  FOG
  HAZE


RELATIVE HUMIDITY (PERCENT)
 HIGHEST    89           500 PM
 LOWEST     45           500 AM
 AVERAGE    67

..........................................................


THE WILMINGTON DE CLIMATE NORMALS FOR TODAY
                         NORMAL    RECORD    YEAR
 MAXIMUM TEMPERATURE (F)   46        73      2017
 MINIMUM TEMPERATURE (F)   28         7      1963


SUNRISE AND SUNSET
FEBRUARY 23 2018......SUNRISE   644 AM EST   SUNSET   548 PM EST
FEBRUARY 24 2018......SUNRISE   643 AM EST   SUNSET   549 PM EST


-  INDICATES NEGATIVE NUMBERS.
R  INDICATES RECORD WAS SET OR TIED.
MM INDICATES DATA IS MISSING.
T  INDICATES TRACE AMOUNT.




$$
