000
CDUS41 KPHI 220628
CLIILG


CLIMATE REPORT
NATIONAL WEATHER SERVICE MOUNT HOLLY NJ
126 AM EST MON DEC 22 2014


...................................

...THE WILMINGTON DE CLIMATE SUMMARY FOR DECEMBER 21 2014...

CLIMATE NORMAL PERIOD 1981 TO 2010
CLIMATE RECORD PERIOD 1894 TO 2014


WEATHER ITEM   OBSERVED TIME   RECORD YEAR NORMAL DEPARTURE LAST
                VALUE   (LST)  VALUE       VALUE  FROM      YEAR
                                                  NORMAL
..................................................................
TEMPERATURE (F)
 YESTERDAY
  MAXIMUM         41    235 PM  68    2013  43     -2       68
  MINIMUM         25   1153 PM  -1    1942  27     -2       42
  AVERAGE         33                        35     -2       55

PRECIPITATION (IN)
  YESTERDAY        0.00          1.95 1905   0.11  -0.11     0.00
  MONTH TO DATE    1.84                      2.48  -0.64     3.22
  SINCE DEC 1      1.84                      2.48  -0.64     3.22
  SINCE JAN 1     49.74                     42.08   7.66    46.35

SNOWFALL (IN)
  YESTERDAY        0.0           3.3  1962   0.1   -0.1      0.0
  MONTH TO DATE    0.2                       2.2   -2.0     11.9
  SINCE DEC 1      0.2                       2.2   -2.0     11.9
  SINCE JUL 1      0.5                       2.6   -2.1     11.9
  SNOW DEPTH       0

DEGREE DAYS
 HEATING
  YESTERDAY       32                        30      2       10
  MONTH TO DATE  535                       568    -33      585
  SINCE DEC 1    535                       568    -33      585
  SINCE JUL 1   1424                      1466    -42     1506

 COOLING
  YESTERDAY        0                         0      0        0
  MONTH TO DATE    0                         0      0        0
  SINCE DEC 1      0                         0      0        0
  SINCE JAN 1   1073                      1145    -72     1241
..................................................................


WIND (MPH)
  HIGHEST WIND SPEED    13   HIGHEST WIND DIRECTION    NW (300)
  HIGHEST GUST SPEED    16   HIGHEST GUST DIRECTION    NW (330)
  AVERAGE WIND SPEED     4.9


SKY COVER
  POSSIBLE SUNSHINE  MM
  AVERAGE SKY COVER 0.4


WEATHER CONDITIONS
 THE FOLLOWING WEATHER WAS RECORDED YESTERDAY.
  FOG
  HAZE


RELATIVE HUMIDITY (PERCENT)
 HIGHEST    85           500 AM
 LOWEST     45           200 PM
 AVERAGE    65

..........................................................


THE WILMINGTON DE CLIMATE NORMALS FOR TODAY
                         NORMAL    RECORD    YEAR
 MAXIMUM TEMPERATURE (F)   43        70      2013
 MINIMUM TEMPERATURE (F)   27         5      1989


SUNRISE AND SUNSET
DECEMBER 22 2014......SUNRISE   720 AM EST   SUNSET   442 PM EST
DECEMBER 23 2014......SUNRISE   721 AM EST   SUNSET   442 PM EST


-  INDICATES NEGATIVE NUMBERS.
R  INDICATES RECORD WAS SET OR TIED.
MM INDICATES DATA IS MISSING.
T  INDICATES TRACE AMOUNT.




$$
