000
CDUS41 KPHI 210546
CLIILG


CLIMATE REPORT
NATIONAL WEATHER SERVICE MOUNT HOLLY NJ
144 AM EDT THU SEP 21 2017


...................................

...THE WILMINGTON DE CLIMATE SUMMARY FOR SEPTEMBER 20 2017...

CLIMATE NORMAL PERIOD 1981 TO 2010
CLIMATE RECORD PERIOD 1894 TO 2017


WEATHER ITEM   OBSERVED TIME   RECORD YEAR NORMAL DEPARTURE LAST
                VALUE   (LST)  VALUE       VALUE  FROM      YEAR
                                                  NORMAL
..................................................................
TEMPERATURE (F)
 YESTERDAY
  MAXIMUM         89    339 PM  93    1983  76     13       81
  MINIMUM         67   1154 PM  40    1920  57     10       66
  AVERAGE         78                        66     12       74

PRECIPITATION (IN)
  YESTERDAY        0.00          2.49 1938   0.16  -0.16     0.00
  MONTH TO DATE    1.12                      2.75  -1.63     1.19
  SINCE SEP 1      1.12                      2.75  -1.63     1.19
  SINCE JAN 1     33.26                     31.51   1.75    30.45

SNOWFALL (IN)
  YESTERDAY        0.0           0.0  1894   0.0    0.0      0.0
  MONTH TO DATE    0.0                       0.0    0.0      0.0
  SINCE SEP 1      0.0                       0.0    0.0      0.0
  SINCE JUL 1      0.0                       0.0    0.0      0.0
  SNOW DEPTH       0

DEGREE DAYS
 HEATING
  YESTERDAY        0                         2     -2        0
  MONTH TO DATE   14                        17     -3        0
  SINCE SEP 1     14                        17     -3        0
  SINCE JUL 1     14                        19     -5        0

 COOLING
  YESTERDAY       13                         3     10        9
  MONTH TO DATE   98                       111    -13      206
  SINCE SEP 1     98                       111    -13      206
  SINCE JAN 1   1144                      1104     40     1427
..................................................................


WIND (MPH)
  HIGHEST WIND SPEED    18   HIGHEST WIND DIRECTION     N (360)
  HIGHEST GUST SPEED    24   HIGHEST GUST DIRECTION     N (350)
  AVERAGE WIND SPEED     8.8


SKY COVER
  POSSIBLE SUNSHINE  MM
  AVERAGE SKY COVER 0.3


WEATHER CONDITIONS
 THE FOLLOWING WEATHER WAS RECORDED YESTERDAY.
  NO SIGNIFICANT WEATHER WAS OBSERVED.


RELATIVE HUMIDITY (PERCENT)
 HIGHEST    90          1200 AM
 LOWEST     46           200 PM
 AVERAGE    68

..........................................................


THE WILMINGTON DE CLIMATE NORMALS FOR TODAY
                         NORMAL    RECORD    YEAR
 MAXIMUM TEMPERATURE (F)   76        97      1895
 MINIMUM TEMPERATURE (F)   56        37      1956


SUNRISE AND SUNSET
SEPTEMBER 21 2017.....SUNRISE   649 AM EDT   SUNSET   701 PM EDT
SEPTEMBER 22 2017.....SUNRISE   650 AM EDT   SUNSET   659 PM EDT


-  INDICATES NEGATIVE NUMBERS.
R  INDICATES RECORD WAS SET OR TIED.
MM INDICATES DATA IS MISSING.
T  INDICATES TRACE AMOUNT.




$$
