000
CDUS41 KPHI 060630
CLIILG


CLIMATE REPORT
NATIONAL WEATHER SERVICE MOUNT HOLLY NJ
129 AM EST TUE DEC 6 2016


...................................

...THE WILMINGTON DE CLIMATE SUMMARY FOR DECEMBER 5 2016...

CLIMATE NORMAL PERIOD 1981 TO 2010
CLIMATE RECORD PERIOD 1894 TO 2016


WEATHER ITEM   OBSERVED TIME   RECORD YEAR NORMAL DEPARTURE LAST
                VALUE   (LST)  VALUE       VALUE  FROM      YEAR
                                                  NORMAL
..................................................................
TEMPERATURE (F)
 YESTERDAY
  MAXIMUM         52    129 PM  72    1982  48      4       51
  MINIMUM         37   1143 PM  12    1926  32      5       29
  AVERAGE         45                        40      5       40

PRECIPITATION (IN)
  YESTERDAY        0.12          2.70 1927   0.12   0.00     0.00
  MONTH TO DATE    0.15                      0.62  -0.47     1.26
  SINCE DEC 1      0.15                      0.62  -0.47     1.26
  SINCE JAN 1     38.34                     40.22  -1.88    44.79

SNOWFALL (IN)
  YESTERDAY        0.0           6.8  2002   0.1   -0.1      0.0
  MONTH TO DATE    0.0                       0.4   -0.4      0.0
  SINCE DEC 1      0.0                       0.4   -0.4      0.0
  SINCE JUL 1      0.0                       0.8   -0.8      0.0
  SNOW DEPTH       0

DEGREE DAYS
 HEATING
  YESTERDAY       20                        25     -5       25
  MONTH TO DATE   94                       122    -28       92
  SINCE DEC 1     94                       122    -28       92
  SINCE JUL 1    818                      1020   -202      796

 COOLING
  YESTERDAY        0                         0      0        0
  MONTH TO DATE    0                         0      0        0
  SINCE DEC 1      0                         0      0        0
  SINCE JAN 1   1489                      1145    344     1388
..................................................................


WIND (MPH)
  HIGHEST WIND SPEED    18   HIGHEST WIND DIRECTION    NW (310)
  HIGHEST GUST SPEED    22   HIGHEST GUST DIRECTION    NW (330)
  AVERAGE WIND SPEED     7.7


SKY COVER
  POSSIBLE SUNSHINE  MM
  AVERAGE SKY COVER 0.6


WEATHER CONDITIONS
 THE FOLLOWING WEATHER WAS RECORDED YESTERDAY.
  LIGHT RAIN
  FOG


RELATIVE HUMIDITY (PERCENT)
 HIGHEST    96           900 AM
 LOWEST     54           300 PM
 AVERAGE    75

..........................................................


THE WILMINGTON DE CLIMATE NORMALS FOR TODAY
                         NORMAL    RECORD    YEAR
 MAXIMUM TEMPERATURE (F)   48        72      2001
 MINIMUM TEMPERATURE (F)   31        15      1940
                                             1926


SUNRISE AND SUNSET
DECEMBER  6 2016......SUNRISE   709 AM EST   SUNSET   438 PM EST
DECEMBER  7 2016......SUNRISE   710 AM EST   SUNSET   438 PM EST


-  INDICATES NEGATIVE NUMBERS.
R  INDICATES RECORD WAS SET OR TIED.
MM INDICATES DATA IS MISSING.
T  INDICATES TRACE AMOUNT.




$$
