000
CDUS41 KPHI 010629
CLIILG


CLIMATE REPORT
NATIONAL WEATHER SERVICE MOUNT HOLLY NJ
229 AM EDT SUN MAY 1 2016


...................................

...THE WILMINGTON DE CLIMATE SUMMARY FOR APRIL 30 2016...

CLIMATE NORMAL PERIOD 1981 TO 2010
CLIMATE RECORD PERIOD 1894 TO 2016


WEATHER ITEM   OBSERVED TIME   RECORD YEAR NORMAL DEPARTURE LAST
                VALUE   (LST)  VALUE       VALUE  FROM      YEAR
                                                  NORMAL
..................................................................
TEMPERATURE (F)
 YESTERDAY
  MAXIMUM         61    318 PM  86    1942  68     -7       73
  MINIMUM         47    546 AM  33    1931  47      0       49
  AVERAGE         54                        58     -4       61

PRECIPITATION (IN)
  YESTERDAY        T             3.89 2014   0.11  -0.11     0.00
  MONTH TO DATE    1.84                      3.50  -1.66     4.29
  SINCE MAR 1      3.64                      7.42  -3.78     9.68
  SINCE JAN 1     10.37                     13.11  -2.74    16.29

SNOWFALL (IN)
  YESTERDAY        0.0           0.0  1894   0.0    0.0      0.0
  MONTH TO DATE    T                         0.3   -0.3      0.0
  SINCE MAR 1      2.7                       2.2    0.5      8.6
  SINCE JUL 1     25.4                      20.2    5.2     23.4
  SNOW DEPTH       0

DEGREE DAYS
 HEATING
  YESTERDAY       11                         8      3        4
  MONTH TO DATE  379                       363     16      328
  SINCE MAR 1    881                      1046   -165     1162
  SINCE JUL 1   3889                      4669   -780     5001

 COOLING
  YESTERDAY        0                         1     -1        0
  MONTH TO DATE   12                        11      1        4
  SINCE MAR 1     14                        12      2        4
  SINCE JAN 1     14                        12      2        4
..................................................................


WIND (MPH)
  HIGHEST WIND SPEED    16   HIGHEST WIND DIRECTION     S (160)
  HIGHEST GUST SPEED    20   HIGHEST GUST DIRECTION     S (160)
  AVERAGE WIND SPEED     7.7


SKY COVER
  POSSIBLE SUNSHINE  MM
  AVERAGE SKY COVER 1.0


WEATHER CONDITIONS
 THE FOLLOWING WEATHER WAS RECORDED YESTERDAY.
  LIGHT RAIN


RELATIVE HUMIDITY (PERCENT)
 HIGHEST    86           200 AM
 LOWEST     51           200 PM
 AVERAGE    69

..........................................................


THE WILMINGTON DE CLIMATE NORMALS FOR TODAY
                         NORMAL    RECORD    YEAR
 MAXIMUM TEMPERATURE (F)   69        88      1942
 MINIMUM TEMPERATURE (F)   48        30      1978


SUNRISE AND SUNSET
MAY  1 2016...........SUNRISE   602 AM EDT   SUNSET   757 PM EDT
MAY  2 2016...........SUNRISE   601 AM EDT   SUNSET   758 PM EDT


-  INDICATES NEGATIVE NUMBERS.
R  INDICATES RECORD WAS SET OR TIED.
MM INDICATES DATA IS MISSING.
T  INDICATES TRACE AMOUNT.




$$
