000
CDUS41 KPHI 230627
CLIILG


CLIMATE REPORT
NATIONAL WEATHER SERVICE MOUNT HOLLY NJ
226 AM EDT TUE SEP 23 2014


...................................

...THE WILMINGTON DE CLIMATE SUMMARY FOR SEPTEMBER 22 2014...

CLIMATE NORMAL PERIOD 1981 TO 2010
CLIMATE RECORD PERIOD 1894 TO 2014


WEATHER ITEM   OBSERVED TIME   RECORD YEAR NORMAL DEPARTURE LAST
                VALUE   (LST)  VALUE       VALUE  FROM      YEAR
                                                  NORMAL
..................................................................
TEMPERATURE (F)
 YESTERDAY
  MAXIMUM         72    252 PM  99    1895  75     -3       72
  MINIMUM         50   1159 PM  40    1962  56     -6       50
  AVERAGE         61                        65     -4       61

PRECIPITATION (IN)
  YESTERDAY        0.00          1.55 1990   0.15  -0.15     0.02
  MONTH TO DATE    1.57                      3.06  -1.49     1.92
  SINCE SEP 1      1.57                      3.06  -1.49     1.92
  SINCE JAN 1     39.64                     31.82   7.82    38.25

SNOWFALL (IN)
  YESTERDAY        0.0           0.0  1894   0.0    0.0      0.0
  MONTH TO DATE    0.0                       0.0    0.0      0.0
  SINCE SEP 1      0.0                       0.0    0.0      0.0
  SINCE JUL 1      0.0                       0.0    0.0      0.0
  SNOW DEPTH       0

DEGREE DAYS
 HEATING
  YESTERDAY        4                         2      2        4
  MONTH TO DATE   23                        21      2       38
  SINCE SEP 1     23                        21      2       38
  SINCE JUL 1     23                        23      0       38

 COOLING
  YESTERDAY        0                         3     -3        0
  MONTH TO DATE  135                       117     18      106
  SINCE SEP 1    135                       117     18      106
  SINCE JAN 1   1041                      1110    -69     1191
..................................................................


WIND (MPH)
  HIGHEST WIND SPEED    23   HIGHEST WIND DIRECTION    NW (300)
  HIGHEST GUST SPEED    29   HIGHEST GUST DIRECTION    NW (320)
  AVERAGE WIND SPEED    12.0


SKY COVER
  POSSIBLE SUNSHINE  MM
  AVERAGE SKY COVER 0.2


WEATHER CONDITIONS
 THE FOLLOWING WEATHER WAS RECORDED YESTERDAY.
  NO SIGNIFICANT WEATHER WAS OBSERVED.


RELATIVE HUMIDITY (PERCENT)
 HIGHEST    78           200 AM
 LOWEST     42           500 PM
 AVERAGE    60

..........................................................


THE WILMINGTON DE CLIMATE NORMALS FOR TODAY
                         NORMAL    RECORD    YEAR
 MAXIMUM TEMPERATURE (F)   75        97      1895
 MINIMUM TEMPERATURE (F)   55        37      1947


SUNRISE AND SUNSET
SEPTEMBER 23 2014.....SUNRISE   651 AM EDT   SUNSET   658 PM EDT
SEPTEMBER 24 2014.....SUNRISE   652 AM EDT   SUNSET   656 PM EDT


-  INDICATES NEGATIVE NUMBERS.
R  INDICATES RECORD WAS SET OR TIED.
MM INDICATES DATA IS MISSING.
T  INDICATES TRACE AMOUNT.




$$
