000
CDUS42 KILM 182143
CLIILM


CLIMATE REPORT
NATIONAL WEATHER SERVICE WILMINGTON NC
442 PM EST THU JAN 18 2018


...................................

...THE WILMINGTON NC CLIMATE SUMMARY FOR JANUARY 18 2018...
VALID TODAY AS OF 0400 PM LOCAL TIME.

CLIMATE NORMAL PERIOD 1981 TO 2010
CLIMATE RECORD PERIOD 1871 TO 2018


WEATHER ITEM   OBSERVED TIME   RECORD YEAR NORMAL DEPARTURE LAST
                VALUE   (LST)  VALUE       VALUE  FROM      YEAR
                                                  NORMAL
..................................................................
TEMPERATURE (F)
 TODAY
  MAXIMUM         40    332 PM  76    1937  56    -16       74
                                      1907
  MINIMUM         22    804 AM  17    2005  36    -14       50
                                      1982
                                      1977
  AVERAGE         31                        46    -15       62

PRECIPITATION (IN)
  TODAY            T             3.84 1915   0.11  -0.11      T
  MONTH TO DATE    3.79                      2.17   1.62     1.74
  SINCE DEC 1      7.65                      5.79   1.86     7.10
  SINCE JAN 1      3.79                      2.17   1.62     1.74

SNOWFALL (IN)
  TODAY            T             1.1  2000   0.0    0.0      0.0
  MONTH TO DATE    3.8                       0.3    3.5       T
  SINCE DEC 1      3.8                       1.1    2.7       T
  SINCE JUL 1      3.8                       1.1    2.7       T
  SNOW DEPTH       0

DEGREE DAYS
 HEATING
  TODAY           34                        19     15        3
  MONTH TO DATE  496                       342    154      256
  SINCE DEC 1    996                       857    139      726
  SINCE JUL 1   1334                      1226    108     1085

 COOLING
  TODAY            0                         0      0        0
  MONTH TO DATE    1                         0      1        0
  SINCE DEC 1      1                         5     -4        3
  SINCE JAN 1      1                         0      1        0
..................................................................


WIND (MPH)
  HIGHEST WIND SPEED    25   HIGHEST WIND DIRECTION    NW (330)
  HIGHEST GUST SPEED    32   HIGHEST GUST DIRECTION    NW (330)
  AVERAGE WIND SPEED    15.3


SKY COVER
  POSSIBLE SUNSHINE  MM
  AVERAGE SKY COVER 0.3


WEATHER CONDITIONS
 THE FOLLOWING WEATHER WAS RECORDED TODAY.
  NO SIGNIFICANT WEATHER WAS OBSERVED.


RELATIVE HUMIDITY (PERCENT)
 HIGHEST    84           200 AM
 LOWEST     34           400 PM
 AVERAGE    59

..........................................................


THE WILMINGTON NC CLIMATE NORMALS FOR TOMORROW
                         NORMAL    RECORD    YEAR
 MAXIMUM TEMPERATURE (F)   56        76      1950
                                             1949
 MINIMUM TEMPERATURE (F)   36        12      1994


SUNRISE AND SUNSET
JANUARY 18 2018.......SUNRISE   717 AM EST   SUNSET   528 PM EST
JANUARY 19 2018.......SUNRISE   716 AM EST   SUNSET   529 PM EST


-  INDICATES NEGATIVE NUMBERS.
R  INDICATES RECORD WAS SET OR TIED.
MM INDICATES DATA IS MISSING.
T  INDICATES TRACE AMOUNT.




$$
