000
CDUS42 KILM 262041
CLIILM


CLIMATE REPORT
NATIONAL WEATHER SERVICE WILMINGTON NC
440 PM EDT THU MAR 26 2015


...................................

...THE WILMINGTON NC CLIMATE SUMMARY FOR MARCH 26 2015...
VALID TODAY AS OF 0400 PM LOCAL TIME.

CLIMATE NORMAL PERIOD 1981 TO 2010
CLIMATE RECORD PERIOD 1871 TO 2015


WEATHER ITEM   OBSERVED TIME   RECORD YEAR NORMAL DEPARTURE LAST
                VALUE   (LST)  VALUE       VALUE  FROM      YEAR
                                                  NORMAL
..................................................................
TEMPERATURE (F)
 TODAY
  MAXIMUM         77    243 PM  81    1944  69      8       52
                                      1939
                                      1929
  MINIMUM         65    959 AM  26    1940  46     19       31
  AVERAGE         71                        58     13       42

PRECIPITATION (IN)
  TODAY            0.59          3.47 1884   0.13   0.46     0.00
  MONTH TO DATE    2.64                      3.56  -0.92     3.46
  SINCE MAR 1      2.64                      3.56  -0.92     3.46
  SINCE JAN 1     11.96                     10.94   1.02     8.92

SNOWFALL (IN)
  TODAY            0.0           0.1  1947   0.0    0.0      0.0
  MONTH TO DATE    0.0                       0.2   -0.2      0.0
  SINCE MAR 1      0.0                       0.2   -0.2      0.0
  SINCE JUL 1      0.3                       1.7   -1.4      1.0
  SNOW DEPTH       0

DEGREE DAYS
 HEATING
  TODAY            0                         8     -8       23
  MONTH TO DATE  240                       285    -45      373
  SINCE MAR 1    240                       285    -45      373
  SINCE JUL 1   2423                      2214    209     2307

 COOLING
  TODAY            6                         1      5        0
  MONTH TO DATE   20                        11      9        0
  SINCE MAR 1     20                        11      9        0
  SINCE JAN 1     26                        16     10        5
..................................................................


WIND (MPH)
  HIGHEST WIND SPEED    24   HIGHEST WIND DIRECTION    SW (230)
  HIGHEST GUST SPEED    30   HIGHEST GUST DIRECTION    SW (230)
  AVERAGE WIND SPEED    12.8


SKY COVER
  POSSIBLE SUNSHINE  MM
  AVERAGE SKY COVER 0.9


WEATHER CONDITIONS
 THE FOLLOWING WEATHER WAS RECORDED TODAY.
  THUNDERSTORM
  HEAVY RAIN
  RAIN
  LIGHT RAIN
  FOG


RELATIVE HUMIDITY (PERCENT)
 HIGHEST    93           100 AM
 LOWEST     46           200 PM
 AVERAGE    70

..........................................................


THE WILMINGTON NC CLIMATE NORMALS FOR TOMORROW
                         NORMAL    RECORD    YEAR
 MAXIMUM TEMPERATURE (F)   69        85      2007
 MINIMUM TEMPERATURE (F)   47        24      1955


SUNRISE AND SUNSET
MARCH 26 2015.........SUNRISE   707 AM EDT   SUNSET   728 PM EDT
MARCH 27 2015.........SUNRISE   706 AM EDT   SUNSET   729 PM EDT


-  INDICATES NEGATIVE NUMBERS.
R  INDICATES RECORD WAS SET OR TIED.
MM INDICATES DATA IS MISSING.
T  INDICATES TRACE AMOUNT.




$$
