000
CDUS42 KILM 270846
CLIILM


CLIMATE REPORT
NATIONAL WEATHER SERVICE WILMINGTON NC
446 AM EDT WED JUL 27 2016


...................................

...THE WILMINGTON NC CLIMATE SUMMARY FOR JULY 26 2016...

CLIMATE NORMAL PERIOD 1981 TO 2010
CLIMATE RECORD PERIOD 1871 TO 2016


WEATHER ITEM   OBSERVED TIME   RECORD YEAR NORMAL DEPARTURE LAST
                VALUE   (LST)  VALUE       VALUE  FROM      YEAR
                                                  NORMAL
..................................................................
TEMPERATURE (F)
 YESTERDAY
  MAXIMUM         94    240 PM  98    2012  90      4       87
                                      1999
                                      1968
  MINIMUM         77    556 AM  63    1895  73      4       67
  AVERAGE         86                        81      5       77

PRECIPITATION (IN)
  YESTERDAY        0.00          3.28 1986   0.27  -0.27     0.00
  MONTH TO DATE    4.60                      6.21  -1.61     3.00
  SINCE JUN 1     11.23                     11.39  -0.16    10.11
  SINCE JAN 1     33.92                     30.29   3.63    30.68

DEGREE DAYS
 HEATING
  YESTERDAY        0                         0      0        0
  MONTH TO DATE    0                         0      0        0
  SINCE JUN 1      0                         2     -2        0
  SINCE JUL 1      0                         0      0        0

 COOLING
  YESTERDAY       21                        16      5       12
  MONTH TO DATE  472                       416     56      469
  SINCE JUN 1    890                       801     89      963
  SINCE JAN 1   1225                      1082    143     1256
..................................................................


WIND (MPH)
  HIGHEST WIND SPEED    16   HIGHEST WIND DIRECTION    SW (230)
  HIGHEST GUST SPEED    23   HIGHEST GUST DIRECTION     W (250)
  AVERAGE WIND SPEED     8.8


SKY COVER
  POSSIBLE SUNSHINE  MM
  AVERAGE SKY COVER 0.0


WEATHER CONDITIONS
 THE FOLLOWING WEATHER WAS RECORDED YESTERDAY.
  NO SIGNIFICANT WEATHER WAS OBSERVED.


RELATIVE HUMIDITY (PERCENT)
 HIGHEST    88           500 AM
 LOWEST     52           200 PM
 AVERAGE    70

..........................................................


THE WILMINGTON NC CLIMATE NORMALS FOR TODAY
                         NORMAL    RECORD    YEAR
 MAXIMUM TEMPERATURE (F)   90       101      2012
 MINIMUM TEMPERATURE (F)   73        60      1920


SUNRISE AND SUNSET
JULY 27 2016..........SUNRISE   619 AM EDT   SUNSET   817 PM EDT
JULY 28 2016..........SUNRISE   620 AM EDT   SUNSET   816 PM EDT


-  INDICATES NEGATIVE NUMBERS.
R  INDICATES RECORD WAS SET OR TIED.
MM INDICATES DATA IS MISSING.
T  INDICATES TRACE AMOUNT.




$$
