000
CDUS42 KILM 200845
CLIILM


CLIMATE REPORT
NATIONAL WEATHER SERVICE WILMINGTON NC
444 AM EDT THU JUL 20 2017


...................................

...THE WILMINGTON NC CLIMATE SUMMARY FOR JULY 19 2017...

CLIMATE NORMAL PERIOD 1981 TO 2010
CLIMATE RECORD PERIOD 1871 TO 2017


WEATHER ITEM   OBSERVED TIME   RECORD YEAR NORMAL DEPARTURE LAST
                VALUE   (LST)  VALUE       VALUE  FROM      YEAR
                                                  NORMAL
..................................................................
TEMPERATURE (F)
 YESTERDAY
  MAXIMUM         87    145 PM 101    1942  90     -3       92
  MINIMUM         70    507 AM  60    1987  73     -3       70
  AVERAGE         79                        81     -2       81

PRECIPITATION (IN)
  YESTERDAY        0.37          3.43 2008   0.26   0.11     1.95
  MONTH TO DATE    5.20                      4.37   0.83     4.57
  SINCE JUN 1     15.31                      9.55   5.76    11.20
  SINCE JAN 1     35.81                     28.45   7.36    33.89

DEGREE DAYS
 HEATING
  YESTERDAY        0                         0      0        0
  MONTH TO DATE    0                         0      0        0
  SINCE JUN 1      2                         2      0        0
  SINCE JUL 1      0                         0      0        0

 COOLING
  YESTERDAY       14                        16     -2       16
  MONTH TO DATE  344                       304     40      347
  SINCE JUN 1    732                       689     43      765
  SINCE JAN 1   1169                       970    199     1100
..................................................................


WIND (MPH)
  HIGHEST WIND SPEED    24   HIGHEST WIND DIRECTION     N (340)
  HIGHEST GUST SPEED    29   HIGHEST GUST DIRECTION    NW (310)
  AVERAGE WIND SPEED     3.3


SKY COVER
  POSSIBLE SUNSHINE  MM
  AVERAGE SKY COVER 0.1


WEATHER CONDITIONS
 THE FOLLOWING WEATHER WAS RECORDED YESTERDAY.
  THUNDERSTORM
  HEAVY RAIN
  RAIN
  LIGHT RAIN
  FOG


RELATIVE HUMIDITY (PERCENT)
 HIGHEST   100          1200 AM
 LOWEST     65           200 PM
 AVERAGE    83

..........................................................


THE WILMINGTON NC CLIMATE NORMALS FOR TODAY
                         NORMAL    RECORD    YEAR
 MAXIMUM TEMPERATURE (F)   90        99      2011
                                             1977
                                             1942
 MINIMUM TEMPERATURE (F)   73        63      1910
                                             1909
                                             1879


SUNRISE AND SUNSET
JULY 20 2017..........SUNRISE   614 AM EDT   SUNSET   821 PM EDT
JULY 21 2017..........SUNRISE   615 AM EDT   SUNSET   821 PM EDT


-  INDICATES NEGATIVE NUMBERS.
R  INDICATES RECORD WAS SET OR TIED.
MM INDICATES DATA IS MISSING.
T  INDICATES TRACE AMOUNT.




$$
