000
CDUS42 KILM 022046
CLIILM


CLIMATE REPORT
NATIONAL WEATHER SERVICE WILMINGTON NC
442 PM EDT TUE JUN 2 2015


...................................

...THE WILMINGTON NC CLIMATE SUMMARY FOR JUNE 2 2015...
VALID TODAY AS OF 0400 PM LOCAL TIME.

CLIMATE NORMAL PERIOD 1981 TO 2010
CLIMATE RECORD PERIOD 1871 TO 2015


WEATHER ITEM   OBSERVED TIME   RECORD YEAR NORMAL DEPARTURE LAST
                VALUE   (LST)  VALUE       VALUE  FROM      YEAR
                                                  NORMAL
..................................................................
TEMPERATURE (F)
 TODAY
  MAXIMUM         84   1016 AM  99    2002  84      0       80
  MINIMUM         70    416 AM  48    1983  65      5       54
  AVERAGE         77                        75      2       67

PRECIPITATION (IN)
  TODAY            0.16          5.22 1883   0.15   0.01     0.00
  MONTH TO DATE    0.16                      0.31  -0.15     0.00
  SINCE JUN 1      0.16                      0.31  -0.15     0.00
  SINCE JAN 1     20.73                     19.21   1.52    19.24

DEGREE DAYS
 HEATING
  TODAY            0                         0      0        0
  MONTH TO DATE    0                         0      0        0
  SINCE JUN 1      0                         0      0        0
  SINCE JUL 1   2597                      2409    188     2432

 COOLING
  TODAY           12                        10      2        2
  MONTH TO DATE   23                        20      3        5
  SINCE JUN 1     23                        20      3        5
  SINCE JAN 1    316                       301     15      412
..................................................................


WIND (MPH)
  HIGHEST WIND SPEED    15   HIGHEST WIND DIRECTION     S (160)
  HIGHEST GUST SPEED    20   HIGHEST GUST DIRECTION     W (270)
  AVERAGE WIND SPEED     4.0


SKY COVER
  POSSIBLE SUNSHINE  MM
  AVERAGE SKY COVER 0.3


WEATHER CONDITIONS
 THE FOLLOWING WEATHER WAS RECORDED TODAY.
  THUNDERSTORM
  HEAVY RAIN
  RAIN
  LIGHT RAIN
  FOG


RELATIVE HUMIDITY (PERCENT)
 HIGHEST    93          1200 AM
 LOWEST     58          1000 AM
 AVERAGE    76

..........................................................


THE WILMINGTON NC CLIMATE NORMALS FOR TOMORROW
                         NORMAL    RECORD    YEAR
 MAXIMUM TEMPERATURE (F)   85       100      1895
 MINIMUM TEMPERATURE (F)   66        49      1983


SUNRISE AND SUNSET
JUNE  2 2015..........SUNRISE   601 AM EDT   SUNSET   819 PM EDT
JUNE  3 2015..........SUNRISE   600 AM EDT   SUNSET   820 PM EDT


-  INDICATES NEGATIVE NUMBERS.
R  INDICATES RECORD WAS SET OR TIED.
MM INDICATES DATA IS MISSING.
T  INDICATES TRACE AMOUNT.




$$
