000
CDUS42 KILM 270840
CLIILM


CLIMATE REPORT
NATIONAL WEATHER SERVICE WILMINGTON NC
440 AM EDT SAT MAY 27 2017


...................................

...THE WILMINGTON NC CLIMATE SUMMARY FOR MAY 26 2017...

CLIMATE NORMAL PERIOD 1981 TO 2010
CLIMATE RECORD PERIOD 1871 TO 2017


WEATHER ITEM   OBSERVED TIME   RECORD YEAR NORMAL DEPARTURE LAST
                VALUE   (LST)  VALUE       VALUE  FROM      YEAR
                                                  NORMAL
..................................................................
TEMPERATURE (F)
 YESTERDAY
  MAXIMUM         84    451 PM  98    1953  83      1       85
  MINIMUM         62    551 AM  48    1877  63     -1       65
  AVERAGE         73                        73      0       75

PRECIPITATION (IN)
  YESTERDAY        0.00          2.17 2009   0.17  -0.17     0.00
  MONTH TO DATE    4.48                      3.64   0.84     4.50
  SINCE MAR 1     14.24                     10.67   3.57     9.24
  SINCE JAN 1     19.79                     18.05   1.74    21.31

DEGREE DAYS
 HEATING
  YESTERDAY        0                         0      0        0
  MONTH TO DATE   12                        25    -13       19
  SINCE MAR 1    429                       478    -49      319
  SINCE JUL 1   1944                      2407   -463     1806

 COOLING
  YESTERDAY        8                         8      0       10
  MONTH TO DATE  197                       149     48      142
  SINCE MAR 1    361                       232    129      285
  SINCE JAN 1    367                       237    130      288
..................................................................


WIND (MPH)
  HIGHEST WIND SPEED    20   HIGHEST WIND DIRECTION     W (280)
  HIGHEST GUST SPEED    24   HIGHEST GUST DIRECTION     W (280)
  AVERAGE WIND SPEED    10.2


SKY COVER
  POSSIBLE SUNSHINE  MM
  AVERAGE SKY COVER 0.0


WEATHER CONDITIONS
 THE FOLLOWING WEATHER WAS RECORDED YESTERDAY.
  NO SIGNIFICANT WEATHER WAS OBSERVED.


RELATIVE HUMIDITY (PERCENT)
 HIGHEST    87          1100 PM
 LOWEST     37           400 PM
 AVERAGE    62

..........................................................


THE WILMINGTON NC CLIMATE NORMALS FOR TODAY
                         NORMAL    RECORD    YEAR
 MAXIMUM TEMPERATURE (F)   83        96      1989
 MINIMUM TEMPERATURE (F)   63        46      1925


SUNRISE AND SUNSET
MAY 27 2017...........SUNRISE   603 AM EDT   SUNSET   816 PM EDT
MAY 28 2017...........SUNRISE   602 AM EDT   SUNSET   816 PM EDT


-  INDICATES NEGATIVE NUMBERS.
R  INDICATES RECORD WAS SET OR TIED.
MM INDICATES DATA IS MISSING.
T  INDICATES TRACE AMOUNT.




$$
