000
CDUS42 KILM 232047
CLIILM


CLIMATE REPORT
NATIONAL WEATHER SERVICE WILMINGTON NC
446 PM EDT SUN APR 23 2017


...................................

...THE WILMINGTON NC CLIMATE SUMMARY FOR APRIL 23 2017...
VALID TODAY AS OF 0400 PM LOCAL TIME.

CLIMATE NORMAL PERIOD 1981 TO 2010
CLIMATE RECORD PERIOD 1871 TO 2017


WEATHER ITEM   OBSERVED TIME   RECORD YEAR NORMAL DEPARTURE LAST
                VALUE   (LST)  VALUE       VALUE  FROM      YEAR
                                                  NORMAL
..................................................................
TEMPERATURE (F)
 TODAY
  MAXIMUM         71   1226 AM  93    1980  76     -5       79
  MINIMUM         59    905 AM  37    1986  54      5       58
  AVERAGE         65                        65      0       69

PRECIPITATION (IN)
  TODAY            0.45          3.24 1928   0.10   0.35     0.06
  MONTH TO DATE    3.28                      2.16   1.12     1.89
  SINCE MAR 1      5.99                      6.37  -0.38     4.72
  SINCE JAN 1     11.54                     13.75  -2.21    16.79

SNOWFALL (IN)
  TODAY            0.0          MM      MM   0.0    0.0      0.0
  MONTH TO DATE    0.0                       0.0    0.0      0.0
  SINCE MAR 1      1.1                       0.2    0.9      0.0
  SINCE JUL 1      1.1                       1.7   -0.6       T
  SNOW DEPTH       0

DEGREE DAYS
 HEATING
  TODAY            0                         3     -3        0
  MONTH TO DATE   44                       113    -69      124
  SINCE MAR 1    417                       436    -19      297
  SINCE JUL 1   1932                      2365   -433     1784

 COOLING
  TODAY            0                         3     -3        4
  MONTH TO DATE   81                        44     37       34
  SINCE MAR 1    105                        60     45      106
  SINCE JAN 1    111                        65     46      109
..................................................................


WIND (MPH)
  HIGHEST WIND SPEED    17   HIGHEST WIND DIRECTION    NE (40)
  HIGHEST GUST SPEED    20   HIGHEST GUST DIRECTION     E (70)
  AVERAGE WIND SPEED     6.9


SKY COVER
  POSSIBLE SUNSHINE  MM
  AVERAGE SKY COVER 0.9


WEATHER CONDITIONS
 THE FOLLOWING WEATHER WAS RECORDED TODAY.
  THUNDERSTORM
  HEAVY RAIN
  RAIN
  LIGHT RAIN
  FOG


RELATIVE HUMIDITY (PERCENT)
 HIGHEST   100           400 AM
 LOWEST     84          1200 AM
 AVERAGE    92

..........................................................


THE WILMINGTON NC CLIMATE NORMALS FOR TOMORROW
                         NORMAL    RECORD    YEAR
 MAXIMUM TEMPERATURE (F)   76        93      1980
                                             1925
 MINIMUM TEMPERATURE (F)   54        37      1982


SUNRISE AND SUNSET
APRIL 23 2017.........SUNRISE   631 AM EDT   SUNSET   750 PM EDT
APRIL 24 2017.........SUNRISE   629 AM EDT   SUNSET   751 PM EDT


-  INDICATES NEGATIVE NUMBERS.
R  INDICATES RECORD WAS SET OR TIED.
MM INDICATES DATA IS MISSING.
T  INDICATES TRACE AMOUNT.




$$
