251
CDUS42 KILM 180943
CLIILM


CLIMATE REPORT
NATIONAL WEATHER SERVICE WILMINGTON NC
441 AM EST WED JAN 18 2017


...................................

...THE WILMINGTON NC CLIMATE SUMMARY FOR JANUARY 17 2017...

CLIMATE NORMAL PERIOD 1981 TO 2010
CLIMATE RECORD PERIOD 1871 TO 2017


WEATHER ITEM   OBSERVED TIME   RECORD YEAR NORMAL DEPARTURE LAST
                VALUE   (LST)  VALUE       VALUE  FROM      YEAR
                                                  NORMAL
..................................................................
TEMPERATURE (F)
 YESTERDAY
  MAXIMUM         72    325 PM  78    2013  56     16       50
  MINIMUM         46    335 AM  11    1977  36     10       33
  AVERAGE         59                        46     13       42

PRECIPITATION (IN)
  YESTERDAY        0.00          1.47 1919   0.13  -0.13     0.31
  MONTH TO DATE    1.74                      2.06  -0.32     2.42
  SINCE DEC 1      7.10                      5.68   1.42     7.92
  SINCE JAN 1      1.74                      2.06  -0.32     2.42

SNOWFALL (IN)
  YESTERDAY        0.0           0.2  1901   0.1   -0.1      0.0
  MONTH TO DATE    T                         0.3   -0.3      0.0
  SINCE DEC 1      T                         1.1   -1.1      0.0
  SINCE JUL 1      T                         1.1   -1.1      0.0
  SNOW DEPTH       0

DEGREE DAYS
 HEATING
  YESTERDAY        6                        19    -13       23
  MONTH TO DATE  253                       323    -70      313
  SINCE DEC 1    723                       838   -115      489
  SINCE JUL 1   1082                      1207   -125      719

 COOLING
  YESTERDAY        0                         0      0        0
  MONTH TO DATE    0                         0      0        0
  SINCE DEC 1      3                         5     -2       76
  SINCE JAN 1      0                         0      0        0
..................................................................


WIND (MPH)
  HIGHEST WIND SPEED    16   HIGHEST WIND DIRECTION     W (260)
  HIGHEST GUST SPEED    22   HIGHEST GUST DIRECTION     W (250)
  AVERAGE WIND SPEED     5.1


SKY COVER
  POSSIBLE SUNSHINE  MM
  AVERAGE SKY COVER 0.4


WEATHER CONDITIONS
 THE FOLLOWING WEATHER WAS RECORDED YESTERDAY.
  NO SIGNIFICANT WEATHER WAS OBSERVED.


RELATIVE HUMIDITY (PERCENT)
 HIGHEST   100           300 AM
 LOWEST     61           300 PM
 AVERAGE    81

..........................................................


THE WILMINGTON NC CLIMATE NORMALS FOR TODAY
                         NORMAL    RECORD    YEAR
 MAXIMUM TEMPERATURE (F)   56        76      1937
                                             1907
 MINIMUM TEMPERATURE (F)   36        17      2005
                                             1982
                                             1977


SUNRISE AND SUNSET
JANUARY 18 2017.......SUNRISE   717 AM EST   SUNSET   528 PM EST
JANUARY 19 2017.......SUNRISE   716 AM EST   SUNSET   529 PM EST


-  INDICATES NEGATIVE NUMBERS.
R  INDICATES RECORD WAS SET OR TIED.
MM INDICATES DATA IS MISSING.
T  INDICATES TRACE AMOUNT.




$$
