000
CDUS42 KILM 210841
CLIILM


CLIMATE REPORT
NATIONAL WEATHER SERVICE WILMINGTON NC
441 AM EDT THU SEP 21 2017


...................................

...THE WILMINGTON NC CLIMATE SUMMARY FOR SEPTEMBER 20 2017...

CLIMATE NORMAL PERIOD 1981 TO 2010
CLIMATE RECORD PERIOD 1871 TO 2017


WEATHER ITEM   OBSERVED TIME   RECORD YEAR NORMAL DEPARTURE LAST
                VALUE   (LST)  VALUE       VALUE  FROM      YEAR
                                                  NORMAL
..................................................................
TEMPERATURE (F)
 YESTERDAY
  MAXIMUM         91    311 PM  95    1942  83      8       77
                                      1893
  MINIMUM         65    558 AM  51    1981  64      1       72
                                      1929
                                      1889
  AVERAGE         78                        74      4       75

PRECIPITATION (IN)
  YESTERDAY        0.00          4.20 1892   0.25  -0.25     0.00
  MONTH TO DATE    3.77                      5.41  -1.64    10.29
  SINCE SEP 1      3.77                      5.41  -1.64    10.29
  SINCE JAN 1     51.15                     44.38   6.77    51.83

DEGREE DAYS
 HEATING
  YESTERDAY        0                         0      0        0
  MONTH TO DATE    0                         0      0        0
  SINCE SEP 1      0                         0      0        0
  SINCE JUL 1      0                         0      0        0

 COOLING
  YESTERDAY       13                         9      4       10
  MONTH TO DATE  218                       223     -5      268
  SINCE SEP 1    218                       223     -5      268
  SINCE JAN 1   2032                      1846    186     2138
..................................................................


WIND (MPH)
  HIGHEST WIND SPEED    14   HIGHEST WIND DIRECTION     W (260)
  HIGHEST GUST SPEED    18   HIGHEST GUST DIRECTION    NW (330)
  AVERAGE WIND SPEED     4.6


SKY COVER
  POSSIBLE SUNSHINE  MM
  AVERAGE SKY COVER 0.0


WEATHER CONDITIONS
 THE FOLLOWING WEATHER WAS RECORDED YESTERDAY.
  NO SIGNIFICANT WEATHER WAS OBSERVED.


RELATIVE HUMIDITY (PERCENT)
 HIGHEST    97          1200 AM
 LOWEST     44           200 PM
 AVERAGE    71

..........................................................


THE WILMINGTON NC CLIMATE NORMALS FOR TODAY
                         NORMAL    RECORD    YEAR
 MAXIMUM TEMPERATURE (F)   83        95      1895
 MINIMUM TEMPERATURE (F)   64        46      1962


SUNRISE AND SUNSET
SEPTEMBER 21 2017.....SUNRISE   659 AM EDT   SUNSET   709 PM EDT
SEPTEMBER 22 2017.....SUNRISE   700 AM EDT   SUNSET   708 PM EDT


-  INDICATES NEGATIVE NUMBERS.
R  INDICATES RECORD WAS SET OR TIED.
MM INDICATES DATA IS MISSING.
T  INDICATES TRACE AMOUNT.




$$
